I20260601 13:28:12.290920 24759 tablet_bootstrap.cc:492] T 14b7e92027364dcd992e34cbe5e7f331 P b0c34bf10e7f4fdaba45fc2303c54a44: Bootstrap starting.
I20260601 13:28:12.291519 24760 tablet_bootstrap.cc:492] T 14b7e92027364dcd992e34cbe5e7f331 P aba35ef3f7f7415f88fe92f349c89dbe: No bootstrap required, opened a new log
I20260601 13:28:12.291625 24762 tablet_bootstrap.cc:492] T 14b7e92027364dcd992e34cbe5e7f331 P ff62c5306a27474d8863657196236561: Bootstrap starting.
I20260601 13:28:12.291658 24760 ts_tablet_manager.cc:1403] T 14b7e92027364dcd992e34cbe5e7f331 P aba35ef3f7f7415f88fe92f349c89dbe: Time spent bootstrapping tablet: real 0.003s	user 0.002s	sys 0.000s
I20260601 13:28:12.291996 24759 tablet_bootstrap.cc:654] T 14b7e92027364dcd992e34cbe5e7f331 P b0c34bf10e7f4fdaba45fc2303c54a44: Neither blocks nor log segments found. Creating new log.
I20260601 13:28:12.292250 24760 raft_consensus.cc:359] T 14b7e92027364dcd992e34cbe5e7f331 P aba35ef3f7f7415f88fe92f349c89dbe [term 0 FOLLOWER]: Replica starting. Triggering 0 pending ops. Active config: opid_index: -1 OBSOLETE_local: false peers { permanent_uuid: "b0c34bf10e7f4fdaba45fc2303c54a44" member_type: VOTER last_known_addr { host: "127.20.91.194" port: 42017 } } peers { permanent_uuid: "ff62c5306a27474d8863657196236561" member_type: VOTER last_known_addr { host: "127.20.91.195" port: 38971 } } peers { permanent_uuid: "aba35ef3f7f7415f88fe92f349c89dbe" member_type: VOTER last_known_addr { host: "127.20.91.196" port: 35249 } }
I20260601 13:28:12.292387 24760 raft_consensus.cc:385] T 14b7e92027364dcd992e34cbe5e7f331 P aba35ef3f7f7415f88fe92f349c89dbe [term 0 FOLLOWER]: Consensus starting up: Expiring failure detector timer to make a prompt election more likely
I20260601 13:28:12.292421 24760 raft_consensus.cc:740] T 14b7e92027364dcd992e34cbe5e7f331 P aba35ef3f7f7415f88fe92f349c89dbe [term 0 FOLLOWER]: Becoming Follower/Learner. State: Replica: aba35ef3f7f7415f88fe92f349c89dbe, State: Initialized, Role: FOLLOWER
I20260601 13:28:12.292582 24762 tablet_bootstrap.cc:654] T 14b7e92027364dcd992e34cbe5e7f331 P ff62c5306a27474d8863657196236561: Neither blocks nor log segments found. Creating new log.
I20260601 13:28:12.292574 24760 consensus_queue.cc:260] T 14b7e92027364dcd992e34cbe5e7f331 P aba35ef3f7f7415f88fe92f349c89dbe [NON_LEADER]: Queue going to NON_LEADER mode. State: All replicated index: 0, Majority replicated index: 0, Committed index: 0, Last appended: 0.0, Last appended by leader: 0, Current term: 0, Majority size: -1, State: 0, Mode: NON_LEADER, active raft config: opid_index: -1 OBSOLETE_local: false peers { permanent_uuid: "b0c34bf10e7f4fdaba45fc2303c54a44" member_type: VOTER last_known_addr { host: "127.20.91.194" port: 42017 } } peers { permanent_uuid: "ff62c5306a27474d8863657196236561" member_type: VOTER last_known_addr { host: "127.20.91.195" port: 38971 } } peers { permanent_uuid: "aba35ef3f7f7415f88fe92f349c89dbe" member_type: VOTER last_known_addr { host: "127.20.91.196" port: 35249 } }
I20260601 13:28:12.292969 24760 ts_tablet_manager.cc:1434] T 14b7e92027364dcd992e34cbe5e7f331 P aba35ef3f7f7415f88fe92f349c89dbe: Time spent starting tablet: real 0.001s	user 0.001s	sys 0.000s
I20260601 13:28:12.293130 24759 tablet_bootstrap.cc:492] T 14b7e92027364dcd992e34cbe5e7f331 P b0c34bf10e7f4fdaba45fc2303c54a44: No bootstrap required, opened a new log
I20260601 13:28:12.293223 24759 ts_tablet_manager.cc:1403] T 14b7e92027364dcd992e34cbe5e7f331 P b0c34bf10e7f4fdaba45fc2303c54a44: Time spent bootstrapping tablet: real 0.002s	user 0.002s	sys 0.000s
I20260601 13:28:12.293655 24759 raft_consensus.cc:359] T 14b7e92027364dcd992e34cbe5e7f331 P b0c34bf10e7f4fdaba45fc2303c54a44 [term 0 FOLLOWER]: Replica starting. Triggering 0 pending ops. Active config: opid_index: -1 OBSOLETE_local: false peers { permanent_uuid: "b0c34bf10e7f4fdaba45fc2303c54a44" member_type: VOTER last_known_addr { host: "127.20.91.194" port: 42017 } } peers { permanent_uuid: "ff62c5306a27474d8863657196236561" member_type: VOTER last_known_addr { host: "127.20.91.195" port: 38971 } } peers { permanent_uuid: "aba35ef3f7f7415f88fe92f349c89dbe" member_type: VOTER last_known_addr { host: "127.20.91.196" port: 35249 } }
I20260601 13:28:12.293732 24762 tablet_bootstrap.cc:492] T 14b7e92027364dcd992e34cbe5e7f331 P ff62c5306a27474d8863657196236561: No bootstrap required, opened a new log
I20260601 13:28:12.293782 24759 raft_consensus.cc:385] T 14b7e92027364dcd992e34cbe5e7f331 P b0c34bf10e7f4fdaba45fc2303c54a44 [term 0 FOLLOWER]: Consensus starting up: Expiring failure detector timer to make a prompt election more likely
I20260601 13:28:12.293816 24759 raft_consensus.cc:740] T 14b7e92027364dcd992e34cbe5e7f331 P b0c34bf10e7f4fdaba45fc2303c54a44 [term 0 FOLLOWER]: Becoming Follower/Learner. State: Replica: b0c34bf10e7f4fdaba45fc2303c54a44, State: Initialized, Role: FOLLOWER
I20260601 13:28:12.293833 24762 ts_tablet_manager.cc:1403] T 14b7e92027364dcd992e34cbe5e7f331 P ff62c5306a27474d8863657196236561: Time spent bootstrapping tablet: real 0.002s	user 0.002s	sys 0.000s
I20260601 13:28:12.293960 24759 consensus_queue.cc:260] T 14b7e92027364dcd992e34cbe5e7f331 P b0c34bf10e7f4fdaba45fc2303c54a44 [NON_LEADER]: Queue going to NON_LEADER mode. State: All replicated index: 0, Majority replicated index: 0, Committed index: 0, Last appended: 0.0, Last appended by leader: 0, Current term: 0, Majority size: -1, State: 0, Mode: NON_LEADER, active raft config: opid_index: -1 OBSOLETE_local: false peers { permanent_uuid: "b0c34bf10e7f4fdaba45fc2303c54a44" member_type: VOTER last_known_addr { host: "127.20.91.194" port: 42017 } } peers { permanent_uuid: "ff62c5306a27474d8863657196236561" member_type: VOTER last_known_addr { host: "127.20.91.195" port: 38971 } } peers { permanent_uuid: "aba35ef3f7f7415f88fe92f349c89dbe" member_type: VOTER last_known_addr { host: "127.20.91.196" port: 35249 } }
I20260601 13:28:12.294289 24759 ts_tablet_manager.cc:1434] T 14b7e92027364dcd992e34cbe5e7f331 P b0c34bf10e7f4fdaba45fc2303c54a44: Time spent starting tablet: real 0.001s	user 0.001s	sys 0.000s
I20260601 13:28:12.294293 24762 raft_consensus.cc:359] T 14b7e92027364dcd992e34cbe5e7f331 P ff62c5306a27474d8863657196236561 [term 0 FOLLOWER]: Replica starting. Triggering 0 pending ops. Active config: opid_index: -1 OBSOLETE_local: false peers { permanent_uuid: "b0c34bf10e7f4fdaba45fc2303c54a44" member_type: VOTER last_known_addr { host: "127.20.91.194" port: 42017 } } peers { permanent_uuid: "ff62c5306a27474d8863657196236561" member_type: VOTER last_known_addr { host: "127.20.91.195" port: 38971 } } peers { permanent_uuid: "aba35ef3f7f7415f88fe92f349c89dbe" member_type: VOTER last_known_addr { host: "127.20.91.196" port: 35249 } }
I20260601 13:28:12.295172 24762 raft_consensus.cc:385] T 14b7e92027364dcd992e34cbe5e7f331 P ff62c5306a27474d8863657196236561 [term 0 FOLLOWER]: Consensus starting up: Expiring failure detector timer to make a prompt election more likely
I20260601 13:28:12.295224 24762 raft_consensus.cc:740] T 14b7e92027364dcd992e34cbe5e7f331 P ff62c5306a27474d8863657196236561 [term 0 FOLLOWER]: Becoming Follower/Learner. State: Replica: ff62c5306a27474d8863657196236561, State: Initialized, Role: FOLLOWER
I20260601 13:28:12.295374 24762 consensus_queue.cc:260] T 14b7e92027364dcd992e34cbe5e7f331 P ff62c5306a27474d8863657196236561 [NON_LEADER]: Queue going to NON_LEADER mode. State: All replicated index: 0, Majority replicated index: 0, Committed index: 0, Last appended: 0.0, Last appended by leader: 0, Current term: 0, Majority size: -1, State: 0, Mode: NON_LEADER, active raft config: opid_index: -1 OBSOLETE_local: false peers { permanent_uuid: "b0c34bf10e7f4fdaba45fc2303c54a44" member_type: VOTER last_known_addr { host: "127.20.91.194" port: 42017 } } peers { permanent_uuid: "ff62c5306a27474d8863657196236561" member_type: VOTER last_known_addr { host: "127.20.91.195" port: 38971 } } peers { permanent_uuid: "aba35ef3f7f7415f88fe92f349c89dbe" member_type: VOTER last_known_addr { host: "127.20.91.196" port: 35249 } }
I20260601 13:28:12.296030 24762 ts_tablet_manager.cc:1434] T 14b7e92027364dcd992e34cbe5e7f331 P ff62c5306a27474d8863657196236561: Time spent starting tablet: real 0.002s	user 0.001s	sys 0.000s
I20260601 13:28:12.425410 24766 raft_consensus.cc:493] T 14b7e92027364dcd992e34cbe5e7f331 P b0c34bf10e7f4fdaba45fc2303c54a44 [term 0 FOLLOWER]: Starting pre-election (no leader contacted us within the election timeout)
I20260601 13:28:12.425566 24766 raft_consensus.cc:515] T 14b7e92027364dcd992e34cbe5e7f331 P b0c34bf10e7f4fdaba45fc2303c54a44 [term 0 FOLLOWER]: Starting pre-election with config: opid_index: -1 OBSOLETE_local: false peers { permanent_uuid: "b0c34bf10e7f4fdaba45fc2303c54a44" member_type: VOTER last_known_addr { host: "127.20.91.194" port: 42017 } } peers { permanent_uuid: "ff62c5306a27474d8863657196236561" member_type: VOTER last_known_addr { host: "127.20.91.195" port: 38971 } } peers { permanent_uuid: "aba35ef3f7f7415f88fe92f349c89dbe" member_type: VOTER last_known_addr { host: "127.20.91.196" port: 35249 } }
I20260601 13:28:12.426229 24766 leader_election.cc:290] T 14b7e92027364dcd992e34cbe5e7f331 P b0c34bf10e7f4fdaba45fc2303c54a44 [CANDIDATE]: Term 1 pre-election: Requested pre-vote from peers ff62c5306a27474d8863657196236561 (127.20.91.195:38971), aba35ef3f7f7415f88fe92f349c89dbe (127.20.91.196:35249)
I20260601 13:28:12.430001 24637 tablet_service.cc:1917] Received RequestConsensusVote() RPC: tablet_id: "14b7e92027364dcd992e34cbe5e7f331" candidate_uuid: "b0c34bf10e7f4fdaba45fc2303c54a44" candidate_term: 1 candidate_status { last_received { term: 0 index: 0 } } ignore_live_leader: false dest_uuid: "ff62c5306a27474d8863657196236561" is_pre_election: true
I20260601 13:28:12.430131 24637 raft_consensus.cc:2468] T 14b7e92027364dcd992e34cbe5e7f331 P ff62c5306a27474d8863657196236561 [term 0 FOLLOWER]: Leader pre-election vote request: Granting yes vote for candidate b0c34bf10e7f4fdaba45fc2303c54a44 in term 0.
I20260601 13:28:12.430542 24526 leader_election.cc:304] T 14b7e92027364dcd992e34cbe5e7f331 P b0c34bf10e7f4fdaba45fc2303c54a44 [CANDIDATE]: Term 1 pre-election: Election decided. Result: candidate won. Election summary: received 2 responses out of 3 voters: 2 yes votes; 0 no votes. yes voters: b0c34bf10e7f4fdaba45fc2303c54a44, ff62c5306a27474d8863657196236561; no voters: 
I20260601 13:28:12.430725 24766 raft_consensus.cc:2804] T 14b7e92027364dcd992e34cbe5e7f331 P b0c34bf10e7f4fdaba45fc2303c54a44 [term 0 FOLLOWER]: Leader pre-election won for term 1
I20260601 13:28:12.430799 24766 raft_consensus.cc:493] T 14b7e92027364dcd992e34cbe5e7f331 P b0c34bf10e7f4fdaba45fc2303c54a44 [term 0 FOLLOWER]: Starting leader election (no leader contacted us within the election timeout)
I20260601 13:28:12.430850 24766 raft_consensus.cc:3060] T 14b7e92027364dcd992e34cbe5e7f331 P b0c34bf10e7f4fdaba45fc2303c54a44 [term 0 FOLLOWER]: Advancing to term 1
I20260601 13:28:12.430816 24712 tablet_service.cc:1917] Received RequestConsensusVote() RPC: tablet_id: "14b7e92027364dcd992e34cbe5e7f331" candidate_uuid: "b0c34bf10e7f4fdaba45fc2303c54a44" candidate_term: 1 candidate_status { last_received { term: 0 index: 0 } } ignore_live_leader: false dest_uuid: "aba35ef3f7f7415f88fe92f349c89dbe" is_pre_election: true
I20260601 13:28:12.430953 24712 raft_consensus.cc:2468] T 14b7e92027364dcd992e34cbe5e7f331 P aba35ef3f7f7415f88fe92f349c89dbe [term 0 FOLLOWER]: Leader pre-election vote request: Granting yes vote for candidate b0c34bf10e7f4fdaba45fc2303c54a44 in term 0.
I20260601 13:28:12.431977 24766 raft_consensus.cc:515] T 14b7e92027364dcd992e34cbe5e7f331 P b0c34bf10e7f4fdaba45fc2303c54a44 [term 1 FOLLOWER]: Starting leader election with config: opid_index: -1 OBSOLETE_local: false peers { permanent_uuid: "b0c34bf10e7f4fdaba45fc2303c54a44" member_type: VOTER last_known_addr { host: "127.20.91.194" port: 42017 } } peers { permanent_uuid: "ff62c5306a27474d8863657196236561" member_type: VOTER last_known_addr { host: "127.20.91.195" port: 38971 } } peers { permanent_uuid: "aba35ef3f7f7415f88fe92f349c89dbe" member_type: VOTER last_known_addr { host: "127.20.91.196" port: 35249 } }
I20260601 13:28:12.432363 24766 leader_election.cc:290] T 14b7e92027364dcd992e34cbe5e7f331 P b0c34bf10e7f4fdaba45fc2303c54a44 [CANDIDATE]: Term 1 election: Requested vote from peers ff62c5306a27474d8863657196236561 (127.20.91.195:38971), aba35ef3f7f7415f88fe92f349c89dbe (127.20.91.196:35249)
I20260601 13:28:12.432643 24637 tablet_service.cc:1917] Received RequestConsensusVote() RPC: tablet_id: "14b7e92027364dcd992e34cbe5e7f331" candidate_uuid: "b0c34bf10e7f4fdaba45fc2303c54a44" candidate_term: 1 candidate_status { last_received { term: 0 index: 0 } } ignore_live_leader: false dest_uuid: "ff62c5306a27474d8863657196236561"
I20260601 13:28:12.432739 24637 raft_consensus.cc:3060] T 14b7e92027364dcd992e34cbe5e7f331 P ff62c5306a27474d8863657196236561 [term 0 FOLLOWER]: Advancing to term 1
I20260601 13:28:12.432687 24712 tablet_service.cc:1917] Received RequestConsensusVote() RPC: tablet_id: "14b7e92027364dcd992e34cbe5e7f331" candidate_uuid: "b0c34bf10e7f4fdaba45fc2303c54a44" candidate_term: 1 candidate_status { last_received { term: 0 index: 0 } } ignore_live_leader: false dest_uuid: "aba35ef3f7f7415f88fe92f349c89dbe"
I20260601 13:28:12.432870 24712 raft_consensus.cc:3060] T 14b7e92027364dcd992e34cbe5e7f331 P aba35ef3f7f7415f88fe92f349c89dbe [term 0 FOLLOWER]: Advancing to term 1
I20260601 13:28:12.433578 24637 raft_consensus.cc:2468] T 14b7e92027364dcd992e34cbe5e7f331 P ff62c5306a27474d8863657196236561 [term 1 FOLLOWER]: Leader election vote request: Granting yes vote for candidate b0c34bf10e7f4fdaba45fc2303c54a44 in term 1.
I20260601 13:28:12.433735 24712 raft_consensus.cc:2468] T 14b7e92027364dcd992e34cbe5e7f331 P aba35ef3f7f7415f88fe92f349c89dbe [term 1 FOLLOWER]: Leader election vote request: Granting yes vote for candidate b0c34bf10e7f4fdaba45fc2303c54a44 in term 1.
I20260601 13:28:12.433863 24526 leader_election.cc:304] T 14b7e92027364dcd992e34cbe5e7f331 P b0c34bf10e7f4fdaba45fc2303c54a44 [CANDIDATE]: Term 1 election: Election decided. Result: candidate won. Election summary: received 2 responses out of 3 voters: 2 yes votes; 0 no votes. yes voters: b0c34bf10e7f4fdaba45fc2303c54a44, ff62c5306a27474d8863657196236561; no voters: 
I20260601 13:28:12.434022 24766 raft_consensus.cc:2804] T 14b7e92027364dcd992e34cbe5e7f331 P b0c34bf10e7f4fdaba45fc2303c54a44 [term 1 FOLLOWER]: Leader election won for term 1
I20260601 13:28:12.434243 24766 raft_consensus.cc:697] T 14b7e92027364dcd992e34cbe5e7f331 P b0c34bf10e7f4fdaba45fc2303c54a44 [term 1 LEADER]: Becoming Leader. State: Replica: b0c34bf10e7f4fdaba45fc2303c54a44, State: Running, Role: LEADER
I20260601 13:28:12.434412 24766 consensus_queue.cc:237] T 14b7e92027364dcd992e34cbe5e7f331 P b0c34bf10e7f4fdaba45fc2303c54a44 [LEADER]: Queue going to LEADER mode. State: All replicated index: 0, Majority replicated index: 0, Committed index: 0, Last appended: 0.0, Last appended by leader: 0, Current term: 1, Majority size: 2, State: 0, Mode: LEADER, active raft config: opid_index: -1 OBSOLETE_local: false peers { permanent_uuid: "b0c34bf10e7f4fdaba45fc2303c54a44" member_type: VOTER last_known_addr { host: "127.20.91.194" port: 42017 } } peers { permanent_uuid: "ff62c5306a27474d8863657196236561" member_type: VOTER last_known_addr { host: "127.20.91.195" port: 38971 } } peers { permanent_uuid: "aba35ef3f7f7415f88fe92f349c89dbe" member_type: VOTER last_known_addr { host: "127.20.91.196" port: 35249 } }
I20260601 13:28:12.435992 24383 catalog_manager.cc:5696] T 14b7e92027364dcd992e34cbe5e7f331 P b0c34bf10e7f4fdaba45fc2303c54a44 reported cstate change: term changed from 0 to 1, leader changed from <none> to b0c34bf10e7f4fdaba45fc2303c54a44 (127.20.91.194). New cstate: current_term: 1 leader_uuid: "b0c34bf10e7f4fdaba45fc2303c54a44" committed_config { opid_index: -1 OBSOLETE_local: false peers { permanent_uuid: "b0c34bf10e7f4fdaba45fc2303c54a44" member_type: VOTER last_known_addr { host: "127.20.91.194" port: 42017 } health_report { overall_health: HEALTHY } } peers { permanent_uuid: "ff62c5306a27474d8863657196236561" member_type: VOTER last_known_addr { host: "127.20.91.195" port: 38971 } health_report { overall_health: UNKNOWN } } peers { permanent_uuid: "aba35ef3f7f7415f88fe92f349c89dbe" member_type: VOTER last_known_addr { host: "127.20.91.196" port: 35249 } health_report { overall_health: UNKNOWN } } }
I20260601 13:28:12.902125 24766 consensus_queue.cc:1048] T 14b7e92027364dcd992e34cbe5e7f331 P b0c34bf10e7f4fdaba45fc2303c54a44 [LEADER]: Connected to new peer: Peer: permanent_uuid: "ff62c5306a27474d8863657196236561" member_type: VOTER last_known_addr { host: "127.20.91.195" port: 38971 }, Status: LMP_MISMATCH, Last received: 0.0, Next index: 1, Last known committed idx: 0, Time since last communication: 0.000s
I20260601 13:28:12.905344 24766 consensus_queue.cc:1048] T 14b7e92027364dcd992e34cbe5e7f331 P b0c34bf10e7f4fdaba45fc2303c54a44 [LEADER]: Connected to new peer: Peer: permanent_uuid: "aba35ef3f7f7415f88fe92f349c89dbe" member_type: VOTER last_known_addr { host: "127.20.91.196" port: 35249 }, Status: LMP_MISMATCH, Last received: 0.0, Next index: 1, Last known committed idx: 0, Time since last communication: 0.000s
I20260601 13:28:13.081176 24437 auto_leader_rebalancer.cc:140] leader rebalance for table test-workload
I20260601 13:28:13.081511 24437 auto_leader_rebalancer.cc:388] table: test-workload, leader rebalance finish, leader transfer count: 0
I20260601 13:28:13.081593 24437 auto_leader_rebalancer.cc:451] All tables' leader rebalancing finished this round
I20260601 13:28:15.081967 24437 auto_leader_rebalancer.cc:140] leader rebalance for table test-workload
I20260601 13:28:15.082391 24437 auto_leader_rebalancer.cc:388] table: test-workload, leader rebalance finish, leader transfer count: 0
I20260601 13:28:15.082468 24437 auto_leader_rebalancer.cc:451] All tables' leader rebalancing finished this round
I20260601 13:28:17.082751 24437 auto_leader_rebalancer.cc:140] leader rebalance for table test-workload
I20260601 13:28:17.083108 24437 auto_leader_rebalancer.cc:388] table: test-workload, leader rebalance finish, leader transfer count: 0
I20260601 13:28:17.083168 24437 auto_leader_rebalancer.cc:451] All tables' leader rebalancing finished this round
I20260601 13:28:19.083572 24437 auto_leader_rebalancer.cc:140] leader rebalance for table test-workload
I20260601 13:28:19.083940 24437 auto_leader_rebalancer.cc:388] table: test-workload, leader rebalance finish, leader transfer count: 0
I20260601 13:28:19.084002 24437 auto_leader_rebalancer.cc:451] All tables' leader rebalancing finished this round
I20260601 13:28:21.084326 24437 auto_leader_rebalancer.cc:140] leader rebalance for table test-workload
I20260601 13:28:21.084718 24437 auto_leader_rebalancer.cc:388] table: test-workload, leader rebalance finish, leader transfer count: 0
I20260601 13:28:21.084813 24437 auto_leader_rebalancer.cc:451] All tables' leader rebalancing finished this round
I20260601 13:28:23.085136 24437 auto_leader_rebalancer.cc:140] leader rebalance for table test-workload
I20260601 13:28:23.085520 24437 auto_leader_rebalancer.cc:388] table: test-workload, leader rebalance finish, leader transfer count: 0
I20260601 13:28:23.085610 24437 auto_leader_rebalancer.cc:451] All tables' leader rebalancing finished this round
I20260601 13:28:23.529949 20847 tablet_server.cc:179] TabletServer@127.20.91.193:0 shutting down...
I20260601 13:28:23.533677 20847 ts_tablet_manager.cc:1507] Shutting down tablet manager...
I20260601 13:28:23.545881 20847 tablet_server.cc:196] TabletServer@127.20.91.193:0 shutdown complete.
I20260601 13:28:23.547896 20847 tablet_server.cc:179] TabletServer@127.20.91.194:0 shutting down...
I20260601 13:28:23.552361 20847 ts_tablet_manager.cc:1507] Shutting down tablet manager...
I20260601 13:28:23.552558 20847 tablet_replica.cc:333] T 14b7e92027364dcd992e34cbe5e7f331 P b0c34bf10e7f4fdaba45fc2303c54a44: stopping tablet replica
I20260601 13:28:23.552677 20847 raft_consensus.cc:2243] T 14b7e92027364dcd992e34cbe5e7f331 P b0c34bf10e7f4fdaba45fc2303c54a44 [term 1 LEADER]: Raft consensus shutting down.
I20260601 13:28:23.552853 20847 raft_consensus.cc:2272] T 14b7e92027364dcd992e34cbe5e7f331 P b0c34bf10e7f4fdaba45fc2303c54a44 [term 1 FOLLOWER]: Raft consensus is shut down!
I20260601 13:28:23.565712 20847 tablet_server.cc:196] TabletServer@127.20.91.194:0 shutdown complete.
I20260601 13:28:23.567910 20847 tablet_server.cc:179] TabletServer@127.20.91.195:0 shutting down...
I20260601 13:28:23.572371 20847 ts_tablet_manager.cc:1507] Shutting down tablet manager...
I20260601 13:28:23.572583 20847 tablet_replica.cc:333] T 14b7e92027364dcd992e34cbe5e7f331 P ff62c5306a27474d8863657196236561: stopping tablet replica
I20260601 13:28:23.572705 20847 raft_consensus.cc:2243] T 14b7e92027364dcd992e34cbe5e7f331 P ff62c5306a27474d8863657196236561 [term 1 FOLLOWER]: Raft consensus shutting down.
I20260601 13:28:23.572810 20847 raft_consensus.cc:2272] T 14b7e92027364dcd992e34cbe5e7f331 P ff62c5306a27474d8863657196236561 [term 1 FOLLOWER]: Raft consensus is shut down!
I20260601 13:28:23.585278 20847 tablet_server.cc:196] TabletServer@127.20.91.195:0 shutdown complete.
I20260601 13:28:23.587625 20847 tablet_server.cc:179] TabletServer@127.20.91.196:0 shutting down...
I20260601 13:28:23.591715 20847 ts_tablet_manager.cc:1507] Shutting down tablet manager...
I20260601 13:28:23.591924 20847 tablet_replica.cc:333] T 14b7e92027364dcd992e34cbe5e7f331 P aba35ef3f7f7415f88fe92f349c89dbe: stopping tablet replica
I20260601 13:28:23.592059 20847 raft_consensus.cc:2243] T 14b7e92027364dcd992e34cbe5e7f331 P aba35ef3f7f7415f88fe92f349c89dbe [term 1 FOLLOWER]: Raft consensus shutting down.
I20260601 13:28:23.592200 20847 raft_consensus.cc:2272] T 14b7e92027364dcd992e34cbe5e7f331 P aba35ef3f7f7415f88fe92f349c89dbe [term 1 FOLLOWER]: Raft consensus is shut down!
I20260601 13:28:23.605754 20847 tablet_server.cc:196] TabletServer@127.20.91.196:0 shutdown complete.
I20260601 13:28:23.607887 20847 master.cc:562] Master@127.20.91.254:41219 shutting down...
I20260601 13:28:23.612113 20847 raft_consensus.cc:2243] T 00000000000000000000000000000000 P fc3df9554dca4be7b773f29872212cfe [term 1 LEADER]: Raft consensus shutting down.
I20260601 13:28:23.612294 20847 raft_consensus.cc:2272] T 00000000000000000000000000000000 P fc3df9554dca4be7b773f29872212cfe [term 1 FOLLOWER]: Raft consensus is shut down!
I20260601 13:28:23.612388 20847 tablet_replica.cc:333] T 00000000000000000000000000000000 P fc3df9554dca4be7b773f29872212cfe: stopping tablet replica
I20260601 13:28:23.625242 20847 master.cc:584] Master@127.20.91.254:41219 shutdown complete.
[       OK ] AutoRebalancerTest.NoReplicaMovesIfLocationLoadSkewedByOne (12596 ms)
[ RUN      ] AutoRebalancerTest.NoReplicaMovesIfCannotFixPlacementPolicy
I20260601 13:28:23.632819 20847 internal_mini_cluster.cc:156] Creating distributed mini masters. Addrs: 127.20.91.254:41079
I20260601 13:28:23.633209 20847 file_cache.cc:492] Constructed file cache file cache with capacity 419430
W20260601 13:28:23.635214 24781 instance_detector.cc:116] could not retrieve AWS instance metadata: Network error: curl error: HTTP response code said error: The requested URL returned error: 404
W20260601 13:28:23.635360 24782 instance_detector.cc:116] could not retrieve Azure instance metadata: Network error: curl error: HTTP response code said error: The requested URL returned error: 404
I20260601 13:28:23.635375 20847 server_base.cc:1061] running on GCE node
W20260601 13:28:23.635468 24784 instance_detector.cc:116] could not retrieve OpenStack instance metadata: Network error: curl error: HTTP response code said error: The requested URL returned error: 404
I20260601 13:28:23.635812 20847 hybrid_clock.cc:584] initializing the hybrid clock with 'system_unsync' time source
W20260601 13:28:23.635859 20847 system_unsync_time.cc:38] NTP support is disabled. Clock error bounds will not be accurate. This configuration is not suitable for distributed clusters.
I20260601 13:28:23.635874 20847 hybrid_clock.cc:648] HybridClock initialized: now 1780320503635873 us; error 0 us; skew 500 ppm
I20260601 13:28:23.636740 20847 webserver.cc:533] Webserver started at http://127.20.91.254:35305/ using document root <none> and password file <none>
I20260601 13:28:23.636864 20847 fs_manager.cc:362] Metadata directory not provided
I20260601 13:28:23.636904 20847 fs_manager.cc:368] Using write-ahead log directory (fs_wal_dir) as metadata directory
I20260601 13:28:23.636960 20847 server_base.cc:909] This appears to be a new deployment of Kudu; creating new FS layout
I20260601 13:28:23.637363 20847 fs_manager.cc:1068] Generated new instance metadata in path /tmp/dist-test-taskGO7RkX/test-tmp/auto_rebalancer-test.0.AutoRebalancerTest.NoReplicaMovesIfCannotFixPlacementPolicy.1780320412353572-20847-0/minicluster-data/master-0-root/instance:
uuid: "c89eb61055814a41876c00489cda501b"
format_stamp: "Formatted at 2026-06-01 13:28:23 on dist-test-slave-rm6c"
I20260601 13:28:23.638789 20847 fs_manager.cc:696] Time spent creating directory manager: real 0.001s	user 0.001s	sys 0.000s
I20260601 13:28:23.639904 24789 log_block_manager.cc:4031] Time spent loading block containers with low live blocks: real 0.000s	user 0.000s	sys 0.000s
I20260601 13:28:23.640201 20847 fs_manager.cc:730] Time spent opening block manager: real 0.001s	user 0.001s	sys 0.000s
I20260601 13:28:23.640286 20847 fs_manager.cc:647] Opened local filesystem: /tmp/dist-test-taskGO7RkX/test-tmp/auto_rebalancer-test.0.AutoRebalancerTest.NoReplicaMovesIfCannotFixPlacementPolicy.1780320412353572-20847-0/minicluster-data/master-0-root
uuid: "c89eb61055814a41876c00489cda501b"
format_stamp: "Formatted at 2026-06-01 13:28:23 on dist-test-slave-rm6c"
I20260601 13:28:23.640372 20847 fs_report.cc:389] FS layout report
--------------------
wal directory: /tmp/dist-test-taskGO7RkX/test-tmp/auto_rebalancer-test.0.AutoRebalancerTest.NoReplicaMovesIfCannotFixPlacementPolicy.1780320412353572-20847-0/minicluster-data/master-0-root
metadata directory: /tmp/dist-test-taskGO7RkX/test-tmp/auto_rebalancer-test.0.AutoRebalancerTest.NoReplicaMovesIfCannotFixPlacementPolicy.1780320412353572-20847-0/minicluster-data/master-0-root
1 data directories: /tmp/dist-test-taskGO7RkX/test-tmp/auto_rebalancer-test.0.AutoRebalancerTest.NoReplicaMovesIfCannotFixPlacementPolicy.1780320412353572-20847-0/minicluster-data/master-0-root/data
Total live blocks: 0
Total live bytes: 0
Total live bytes (after alignment): 0
Total number of LBM containers: 0 (0 full)
Did not check for missing blocks
Did not check for orphaned blocks
Total full LBM containers with extra space: 0 (0 repaired)
Total full LBM container extra space in bytes: 0 (0 repaired)
Total incomplete LBM containers: 0 (0 repaired)
Total LBM partial records: 0 (0 repaired)
Total corrupted LBM metadata records in RocksDB: 0 (0 repaired)
I20260601 13:28:23.649480 20847 rpc_server.cc:225] running with OpenSSL 1.1.1  11 Sep 2018
I20260601 13:28:23.649857 20847 kserver.cc:163] Server-wide thread pool size limit: 3276
I20260601 13:28:23.654021 20847 rpc_server.cc:307] RPC server started. Bound to: 127.20.91.254:41079
I20260601 13:28:23.656479 24841 acceptor_pool.cc:272] collecting diagnostics on the listening RPC socket 127.20.91.254:41079 every 8 connection(s)
I20260601 13:28:23.656962 24842 data_dirs.cc:400] Could only allocate 1 dirs of requested 3 for tablet 00000000000000000000000000000000. 1 dirs total, 0 dirs full, 0 dirs failed
I20260601 13:28:23.658771 24842 tablet_bootstrap.cc:492] T 00000000000000000000000000000000 P c89eb61055814a41876c00489cda501b: Bootstrap starting.
I20260601 13:28:23.659636 24842 tablet_bootstrap.cc:654] T 00000000000000000000000000000000 P c89eb61055814a41876c00489cda501b: Neither blocks nor log segments found. Creating new log.
I20260601 13:28:23.660617 24842 tablet_bootstrap.cc:492] T 00000000000000000000000000000000 P c89eb61055814a41876c00489cda501b: No bootstrap required, opened a new log
I20260601 13:28:23.661005 24842 raft_consensus.cc:359] T 00000000000000000000000000000000 P c89eb61055814a41876c00489cda501b [term 0 FOLLOWER]: Replica starting. Triggering 0 pending ops. Active config: opid_index: -1 OBSOLETE_local: true peers { permanent_uuid: "c89eb61055814a41876c00489cda501b" member_type: VOTER }
I20260601 13:28:23.661091 24842 raft_consensus.cc:385] T 00000000000000000000000000000000 P c89eb61055814a41876c00489cda501b [term 0 FOLLOWER]: Consensus starting up: Expiring failure detector timer to make a prompt election more likely
I20260601 13:28:23.661134 24842 raft_consensus.cc:740] T 00000000000000000000000000000000 P c89eb61055814a41876c00489cda501b [term 0 FOLLOWER]: Becoming Follower/Learner. State: Replica: c89eb61055814a41876c00489cda501b, State: Initialized, Role: FOLLOWER
I20260601 13:28:23.661296 24842 consensus_queue.cc:260] T 00000000000000000000000000000000 P c89eb61055814a41876c00489cda501b [NON_LEADER]: Queue going to NON_LEADER mode. State: All replicated index: 0, Majority replicated index: 0, Committed index: 0, Last appended: 0.0, Last appended by leader: 0, Current term: 0, Majority size: -1, State: 0, Mode: NON_LEADER, active raft config: opid_index: -1 OBSOLETE_local: true peers { permanent_uuid: "c89eb61055814a41876c00489cda501b" member_type: VOTER }
I20260601 13:28:23.661363 24842 raft_consensus.cc:399] T 00000000000000000000000000000000 P c89eb61055814a41876c00489cda501b [term 0 FOLLOWER]: Only one voter in the Raft config. Triggering election immediately
I20260601 13:28:23.661420 24842 raft_consensus.cc:493] T 00000000000000000000000000000000 P c89eb61055814a41876c00489cda501b [term 0 FOLLOWER]: Starting leader election (initial election of a single-replica configuration)
I20260601 13:28:23.661473 24842 raft_consensus.cc:3060] T 00000000000000000000000000000000 P c89eb61055814a41876c00489cda501b [term 0 FOLLOWER]: Advancing to term 1
I20260601 13:28:23.662154 24842 raft_consensus.cc:515] T 00000000000000000000000000000000 P c89eb61055814a41876c00489cda501b [term 1 FOLLOWER]: Starting leader election with config: opid_index: -1 OBSOLETE_local: true peers { permanent_uuid: "c89eb61055814a41876c00489cda501b" member_type: VOTER }
I20260601 13:28:23.662320 24842 leader_election.cc:304] T 00000000000000000000000000000000 P c89eb61055814a41876c00489cda501b [CANDIDATE]: Term 1 election: Election decided. Result: candidate won. Election summary: received 1 responses out of 1 voters: 1 yes votes; 0 no votes. yes voters: c89eb61055814a41876c00489cda501b; no voters: 
I20260601 13:28:23.662513 24842 leader_election.cc:290] T 00000000000000000000000000000000 P c89eb61055814a41876c00489cda501b [CANDIDATE]: Term 1 election: Requested vote from peers 
I20260601 13:28:23.662685 24845 raft_consensus.cc:2804] T 00000000000000000000000000000000 P c89eb61055814a41876c00489cda501b [term 1 FOLLOWER]: Leader election won for term 1
I20260601 13:28:23.662932 24845 raft_consensus.cc:697] T 00000000000000000000000000000000 P c89eb61055814a41876c00489cda501b [term 1 LEADER]: Becoming Leader. State: Replica: c89eb61055814a41876c00489cda501b, State: Running, Role: LEADER
I20260601 13:28:23.663060 24845 consensus_queue.cc:237] T 00000000000000000000000000000000 P c89eb61055814a41876c00489cda501b [LEADER]: Queue going to LEADER mode. State: All replicated index: 0, Majority replicated index: 0, Committed index: 0, Last appended: 0.0, Last appended by leader: 0, Current term: 1, Majority size: 1, State: 0, Mode: LEADER, active raft config: opid_index: -1 OBSOLETE_local: true peers { permanent_uuid: "c89eb61055814a41876c00489cda501b" member_type: VOTER }
I20260601 13:28:23.663096 24842 sys_catalog.cc:565] T 00000000000000000000000000000000 P c89eb61055814a41876c00489cda501b [sys.catalog]: configured and running, proceeding with master startup.
I20260601 13:28:23.663539 24846 sys_catalog.cc:455] T 00000000000000000000000000000000 P c89eb61055814a41876c00489cda501b [sys.catalog]: SysCatalogTable state changed. Reason: RaftConsensus started. Latest consensus state: current_term: 1 leader_uuid: "c89eb61055814a41876c00489cda501b" committed_config { opid_index: -1 OBSOLETE_local: true peers { permanent_uuid: "c89eb61055814a41876c00489cda501b" member_type: VOTER } }
I20260601 13:28:23.663564 24847 sys_catalog.cc:455] T 00000000000000000000000000000000 P c89eb61055814a41876c00489cda501b [sys.catalog]: SysCatalogTable state changed. Reason: New leader c89eb61055814a41876c00489cda501b. Latest consensus state: current_term: 1 leader_uuid: "c89eb61055814a41876c00489cda501b" committed_config { opid_index: -1 OBSOLETE_local: true peers { permanent_uuid: "c89eb61055814a41876c00489cda501b" member_type: VOTER } }
I20260601 13:28:23.663690 24846 sys_catalog.cc:458] T 00000000000000000000000000000000 P c89eb61055814a41876c00489cda501b [sys.catalog]: This master's current role is: LEADER
I20260601 13:28:23.663708 24847 sys_catalog.cc:458] T 00000000000000000000000000000000 P c89eb61055814a41876c00489cda501b [sys.catalog]: This master's current role is: LEADER
I20260601 13:28:23.664227 24850 catalog_manager.cc:1510] Loading table and tablet metadata into memory...
I20260601 13:28:23.665290 24850 catalog_manager.cc:1519] Initializing Kudu cluster ID...
I20260601 13:28:23.665489 20847 internal_mini_cluster.cc:184] Waiting to initialize catalog manager on master 0
I20260601 13:28:23.667127 24850 catalog_manager.cc:1382] Generated new cluster ID: f545e67d18cd44bb8e8ea2df5bc7f6ce
I20260601 13:28:23.667186 24850 catalog_manager.cc:1530] Initializing Kudu internal certificate authority...
I20260601 13:28:23.685838 24850 catalog_manager.cc:1405] Generated new certificate authority record
I20260601 13:28:23.686434 24850 catalog_manager.cc:1539] Loading token signing keys...
I20260601 13:28:23.690392 24850 catalog_manager.cc:6069] T 00000000000000000000000000000000 P c89eb61055814a41876c00489cda501b: Generated new TSK 0
I20260601 13:28:23.690550 24850 catalog_manager.cc:1549] Initializing in-progress tserver states...
I20260601 13:28:23.698081 20847 file_cache.cc:492] Constructed file cache file cache with capacity 419430
W20260601 13:28:23.700253 24863 instance_detector.cc:116] could not retrieve AWS instance metadata: Network error: curl error: HTTP response code said error: The requested URL returned error: 404
W20260601 13:28:23.700255 24866 instance_detector.cc:116] could not retrieve OpenStack instance metadata: Network error: curl error: HTTP response code said error: The requested URL returned error: 404
I20260601 13:28:23.700340 20847 server_base.cc:1061] running on GCE node
W20260601 13:28:23.700255 24864 instance_detector.cc:116] could not retrieve Azure instance metadata: Network error: curl error: HTTP response code said error: The requested URL returned error: 404
I20260601 13:28:23.700700 20847 hybrid_clock.cc:584] initializing the hybrid clock with 'system_unsync' time source
W20260601 13:28:23.700764 20847 system_unsync_time.cc:38] NTP support is disabled. Clock error bounds will not be accurate. This configuration is not suitable for distributed clusters.
I20260601 13:28:23.700800 20847 hybrid_clock.cc:648] HybridClock initialized: now 1780320503700799 us; error 0 us; skew 500 ppm
I20260601 13:28:23.701681 20847 webserver.cc:533] Webserver started at http://127.20.91.193:45445/ using document root <none> and password file <none>
I20260601 13:28:23.701864 20847 fs_manager.cc:362] Metadata directory not provided
I20260601 13:28:23.701932 20847 fs_manager.cc:368] Using write-ahead log directory (fs_wal_dir) as metadata directory
I20260601 13:28:23.702018 20847 server_base.cc:909] This appears to be a new deployment of Kudu; creating new FS layout
I20260601 13:28:23.702487 20847 fs_manager.cc:1068] Generated new instance metadata in path /tmp/dist-test-taskGO7RkX/test-tmp/auto_rebalancer-test.0.AutoRebalancerTest.NoReplicaMovesIfCannotFixPlacementPolicy.1780320412353572-20847-0/minicluster-data/ts-0-root/instance:
uuid: "64c5e8c981a44d27a831756b28c76805"
format_stamp: "Formatted at 2026-06-01 13:28:23 on dist-test-slave-rm6c"
I20260601 13:28:23.704180 20847 fs_manager.cc:696] Time spent creating directory manager: real 0.001s	user 0.002s	sys 0.000s
I20260601 13:28:23.705108 24871 log_block_manager.cc:4031] Time spent loading block containers with low live blocks: real 0.000s	user 0.000s	sys 0.000s
I20260601 13:28:23.705338 20847 fs_manager.cc:730] Time spent opening block manager: real 0.001s	user 0.001s	sys 0.000s
I20260601 13:28:23.705425 20847 fs_manager.cc:647] Opened local filesystem: /tmp/dist-test-taskGO7RkX/test-tmp/auto_rebalancer-test.0.AutoRebalancerTest.NoReplicaMovesIfCannotFixPlacementPolicy.1780320412353572-20847-0/minicluster-data/ts-0-root
uuid: "64c5e8c981a44d27a831756b28c76805"
format_stamp: "Formatted at 2026-06-01 13:28:23 on dist-test-slave-rm6c"
I20260601 13:28:23.705516 20847 fs_report.cc:389] FS layout report
--------------------
wal directory: /tmp/dist-test-taskGO7RkX/test-tmp/auto_rebalancer-test.0.AutoRebalancerTest.NoReplicaMovesIfCannotFixPlacementPolicy.1780320412353572-20847-0/minicluster-data/ts-0-root
metadata directory: /tmp/dist-test-taskGO7RkX/test-tmp/auto_rebalancer-test.0.AutoRebalancerTest.NoReplicaMovesIfCannotFixPlacementPolicy.1780320412353572-20847-0/minicluster-data/ts-0-root
1 data directories: /tmp/dist-test-taskGO7RkX/test-tmp/auto_rebalancer-test.0.AutoRebalancerTest.NoReplicaMovesIfCannotFixPlacementPolicy.1780320412353572-20847-0/minicluster-data/ts-0-root/data
Total live blocks: 0
Total live bytes: 0
Total live bytes (after alignment): 0
Total number of LBM containers: 0 (0 full)
Did not check for missing blocks
Did not check for orphaned blocks
Total full LBM containers with extra space: 0 (0 repaired)
Total full LBM container extra space in bytes: 0 (0 repaired)
Total incomplete LBM containers: 0 (0 repaired)
Total LBM partial records: 0 (0 repaired)
Total corrupted LBM metadata records in RocksDB: 0 (0 repaired)
I20260601 13:28:23.720301 20847 rpc_server.cc:225] running with OpenSSL 1.1.1  11 Sep 2018
I20260601 13:28:23.720754 20847 kserver.cc:163] Server-wide thread pool size limit: 3276
I20260601 13:28:23.721133 20847 txn_system_client.cc:432] TxnSystemClient initialization is disabled...
I20260601 13:28:23.721645 20847 ts_tablet_manager.cc:585] Loaded tablet metadata (0 total tablets, 0 live tablets)
I20260601 13:28:23.721706 20847 ts_tablet_manager.cc:531] Time spent load tablet metadata: real 0.000s	user 0.000s	sys 0.000s
I20260601 13:28:23.721777 20847 ts_tablet_manager.cc:616] Registered 0 tablets
I20260601 13:28:23.721827 20847 ts_tablet_manager.cc:595] Time spent register tablets: real 0.000s	user 0.000s	sys 0.000s
I20260601 13:28:23.726522 20847 rpc_server.cc:307] RPC server started. Bound to: 127.20.91.193:43949
I20260601 13:28:23.726548 24934 acceptor_pool.cc:272] collecting diagnostics on the listening RPC socket 127.20.91.193:43949 every 8 connection(s)
I20260601 13:28:23.727448 20847 file_cache.cc:492] Constructed file cache file cache with capacity 419430
W20260601 13:28:23.729449 24939 instance_detector.cc:116] could not retrieve AWS instance metadata: Network error: curl error: HTTP response code said error: The requested URL returned error: 404
W20260601 13:28:23.729658 24940 instance_detector.cc:116] could not retrieve Azure instance metadata: Network error: curl error: HTTP response code said error: The requested URL returned error: 404
W20260601 13:28:23.729691 24942 instance_detector.cc:116] could not retrieve OpenStack instance metadata: Network error: curl error: HTTP response code said error: The requested URL returned error: 404
I20260601 13:28:23.729775 20847 server_base.cc:1061] running on GCE node
I20260601 13:28:23.729990 20847 hybrid_clock.cc:584] initializing the hybrid clock with 'system_unsync' time source
W20260601 13:28:23.730042 20847 system_unsync_time.cc:38] NTP support is disabled. Clock error bounds will not be accurate. This configuration is not suitable for distributed clusters.
I20260601 13:28:23.730077 20847 hybrid_clock.cc:648] HybridClock initialized: now 1780320503730060 us; error 0 us; skew 500 ppm
I20260601 13:28:23.731020 20847 webserver.cc:533] Webserver started at http://127.20.91.194:41995/ using document root <none> and password file <none>
I20260601 13:28:23.731210 20847 fs_manager.cc:362] Metadata directory not provided
I20260601 13:28:23.731271 20847 fs_manager.cc:368] Using write-ahead log directory (fs_wal_dir) as metadata directory
I20260601 13:28:23.731328 20847 server_base.cc:909] This appears to be a new deployment of Kudu; creating new FS layout
I20260601 13:28:23.731788 20847 fs_manager.cc:1068] Generated new instance metadata in path /tmp/dist-test-taskGO7RkX/test-tmp/auto_rebalancer-test.0.AutoRebalancerTest.NoReplicaMovesIfCannotFixPlacementPolicy.1780320412353572-20847-0/minicluster-data/ts-1-root/instance:
uuid: "fd8bd467557642658022b730a51dac58"
format_stamp: "Formatted at 2026-06-01 13:28:23 on dist-test-slave-rm6c"
I20260601 13:28:23.733186 20847 fs_manager.cc:696] Time spent creating directory manager: real 0.001s	user 0.001s	sys 0.000s
I20260601 13:28:23.734026 24947 log_block_manager.cc:4031] Time spent loading block containers with low live blocks: real 0.000s	user 0.000s	sys 0.000s
I20260601 13:28:23.734288 20847 fs_manager.cc:730] Time spent opening block manager: real 0.001s	user 0.001s	sys 0.000s
I20260601 13:28:23.734359 20847 fs_manager.cc:647] Opened local filesystem: /tmp/dist-test-taskGO7RkX/test-tmp/auto_rebalancer-test.0.AutoRebalancerTest.NoReplicaMovesIfCannotFixPlacementPolicy.1780320412353572-20847-0/minicluster-data/ts-1-root
uuid: "fd8bd467557642658022b730a51dac58"
format_stamp: "Formatted at 2026-06-01 13:28:23 on dist-test-slave-rm6c"
I20260601 13:28:23.734407 20847 fs_report.cc:389] FS layout report
--------------------
wal directory: /tmp/dist-test-taskGO7RkX/test-tmp/auto_rebalancer-test.0.AutoRebalancerTest.NoReplicaMovesIfCannotFixPlacementPolicy.1780320412353572-20847-0/minicluster-data/ts-1-root
metadata directory: /tmp/dist-test-taskGO7RkX/test-tmp/auto_rebalancer-test.0.AutoRebalancerTest.NoReplicaMovesIfCannotFixPlacementPolicy.1780320412353572-20847-0/minicluster-data/ts-1-root
1 data directories: /tmp/dist-test-taskGO7RkX/test-tmp/auto_rebalancer-test.0.AutoRebalancerTest.NoReplicaMovesIfCannotFixPlacementPolicy.1780320412353572-20847-0/minicluster-data/ts-1-root/data
Total live blocks: 0
Total live bytes: 0
Total live bytes (after alignment): 0
Total number of LBM containers: 0 (0 full)
Did not check for missing blocks
Did not check for orphaned blocks
Total full LBM containers with extra space: 0 (0 repaired)
Total full LBM container extra space in bytes: 0 (0 repaired)
Total incomplete LBM containers: 0 (0 repaired)
Total LBM partial records: 0 (0 repaired)
Total corrupted LBM metadata records in RocksDB: 0 (0 repaired)
I20260601 13:28:23.736084 24935 heartbeater.cc:344] Connected to a master server at 127.20.91.254:41079
I20260601 13:28:23.736184 24935 heartbeater.cc:461] Registering TS with master...
I20260601 13:28:23.736397 24935 heartbeater.cc:507] Master 127.20.91.254:41079 requested a full tablet report, sending...
I20260601 13:28:23.736943 24806 ts_manager.cc:194] Registered new tserver with Master: 64c5e8c981a44d27a831756b28c76805 (127.20.91.193:43949)
I20260601 13:28:23.737684 24806 master_service.cc:502] Signed X509 certificate for tserver {username='slave'} at 127.0.0.1:50002
I20260601 13:28:23.744788 20847 rpc_server.cc:225] running with OpenSSL 1.1.1  11 Sep 2018
I20260601 13:28:23.745240 20847 kserver.cc:163] Server-wide thread pool size limit: 3276
I20260601 13:28:23.745585 20847 txn_system_client.cc:432] TxnSystemClient initialization is disabled...
I20260601 13:28:23.746120 20847 ts_tablet_manager.cc:585] Loaded tablet metadata (0 total tablets, 0 live tablets)
I20260601 13:28:23.746183 20847 ts_tablet_manager.cc:531] Time spent load tablet metadata: real 0.000s	user 0.000s	sys 0.000s
I20260601 13:28:23.746243 20847 ts_tablet_manager.cc:616] Registered 0 tablets
I20260601 13:28:23.746294 20847 ts_tablet_manager.cc:595] Time spent register tablets: real 0.000s	user 0.000s	sys 0.000s
I20260601 13:28:23.750651 20847 rpc_server.cc:307] RPC server started. Bound to: 127.20.91.194:35319
I20260601 13:28:23.750721 25010 acceptor_pool.cc:272] collecting diagnostics on the listening RPC socket 127.20.91.194:35319 every 8 connection(s)
I20260601 13:28:23.751572 20847 file_cache.cc:492] Constructed file cache file cache with capacity 419430
W20260601 13:28:23.753685 25014 instance_detector.cc:116] could not retrieve AWS instance metadata: Network error: curl error: HTTP response code said error: The requested URL returned error: 404
W20260601 13:28:23.753731 25015 instance_detector.cc:116] could not retrieve Azure instance metadata: Network error: curl error: HTTP response code said error: The requested URL returned error: 404
W20260601 13:28:23.753757 25017 instance_detector.cc:116] could not retrieve OpenStack instance metadata: Network error: curl error: HTTP response code said error: The requested URL returned error: 404
I20260601 13:28:23.754034 20847 server_base.cc:1061] running on GCE node
I20260601 13:28:23.754230 20847 hybrid_clock.cc:584] initializing the hybrid clock with 'system_unsync' time source
W20260601 13:28:23.754293 20847 system_unsync_time.cc:38] NTP support is disabled. Clock error bounds will not be accurate. This configuration is not suitable for distributed clusters.
I20260601 13:28:23.754312 20847 hybrid_clock.cc:648] HybridClock initialized: now 1780320503754312 us; error 0 us; skew 500 ppm
I20260601 13:28:23.755270 20847 webserver.cc:533] Webserver started at http://127.20.91.195:43715/ using document root <none> and password file <none>
I20260601 13:28:23.755452 20847 fs_manager.cc:362] Metadata directory not provided
I20260601 13:28:23.755566 20847 fs_manager.cc:368] Using write-ahead log directory (fs_wal_dir) as metadata directory
I20260601 13:28:23.755700 20847 server_base.cc:909] This appears to be a new deployment of Kudu; creating new FS layout
I20260601 13:28:23.756070 25011 heartbeater.cc:344] Connected to a master server at 127.20.91.254:41079
I20260601 13:28:23.756172 25011 heartbeater.cc:461] Registering TS with master...
I20260601 13:28:23.756168 20847 fs_manager.cc:1068] Generated new instance metadata in path /tmp/dist-test-taskGO7RkX/test-tmp/auto_rebalancer-test.0.AutoRebalancerTest.NoReplicaMovesIfCannotFixPlacementPolicy.1780320412353572-20847-0/minicluster-data/ts-2-root/instance:
uuid: "319f20eecd094680a78b93bdbe7ac05d"
format_stamp: "Formatted at 2026-06-01 13:28:23 on dist-test-slave-rm6c"
I20260601 13:28:23.756404 25011 heartbeater.cc:507] Master 127.20.91.254:41079 requested a full tablet report, sending...
I20260601 13:28:23.756980 24806 ts_manager.cc:194] Registered new tserver with Master: fd8bd467557642658022b730a51dac58 (127.20.91.194:35319)
I20260601 13:28:23.757486 24806 master_service.cc:502] Signed X509 certificate for tserver {username='slave'} at 127.0.0.1:50008
I20260601 13:28:23.757867 20847 fs_manager.cc:696] Time spent creating directory manager: real 0.001s	user 0.000s	sys 0.001s
I20260601 13:28:23.758875 25022 log_block_manager.cc:4031] Time spent loading block containers with low live blocks: real 0.000s	user 0.000s	sys 0.000s
I20260601 13:28:23.759155 20847 fs_manager.cc:730] Time spent opening block manager: real 0.001s	user 0.000s	sys 0.001s
I20260601 13:28:23.759215 20847 fs_manager.cc:647] Opened local filesystem: /tmp/dist-test-taskGO7RkX/test-tmp/auto_rebalancer-test.0.AutoRebalancerTest.NoReplicaMovesIfCannotFixPlacementPolicy.1780320412353572-20847-0/minicluster-data/ts-2-root
uuid: "319f20eecd094680a78b93bdbe7ac05d"
format_stamp: "Formatted at 2026-06-01 13:28:23 on dist-test-slave-rm6c"
I20260601 13:28:23.759302 20847 fs_report.cc:389] FS layout report
--------------------
wal directory: /tmp/dist-test-taskGO7RkX/test-tmp/auto_rebalancer-test.0.AutoRebalancerTest.NoReplicaMovesIfCannotFixPlacementPolicy.1780320412353572-20847-0/minicluster-data/ts-2-root
metadata directory: /tmp/dist-test-taskGO7RkX/test-tmp/auto_rebalancer-test.0.AutoRebalancerTest.NoReplicaMovesIfCannotFixPlacementPolicy.1780320412353572-20847-0/minicluster-data/ts-2-root
1 data directories: /tmp/dist-test-taskGO7RkX/test-tmp/auto_rebalancer-test.0.AutoRebalancerTest.NoReplicaMovesIfCannotFixPlacementPolicy.1780320412353572-20847-0/minicluster-data/ts-2-root/data
Total live blocks: 0
Total live bytes: 0
Total live bytes (after alignment): 0
Total number of LBM containers: 0 (0 full)
Did not check for missing blocks
Did not check for orphaned blocks
Total full LBM containers with extra space: 0 (0 repaired)
Total full LBM container extra space in bytes: 0 (0 repaired)
Total incomplete LBM containers: 0 (0 repaired)
Total LBM partial records: 0 (0 repaired)
Total corrupted LBM metadata records in RocksDB: 0 (0 repaired)
I20260601 13:28:23.776681 20847 rpc_server.cc:225] running with OpenSSL 1.1.1  11 Sep 2018
I20260601 13:28:23.777165 20847 kserver.cc:163] Server-wide thread pool size limit: 3276
I20260601 13:28:23.777510 20847 txn_system_client.cc:432] TxnSystemClient initialization is disabled...
I20260601 13:28:23.777987 20847 ts_tablet_manager.cc:585] Loaded tablet metadata (0 total tablets, 0 live tablets)
I20260601 13:28:23.778045 20847 ts_tablet_manager.cc:531] Time spent load tablet metadata: real 0.000s	user 0.000s	sys 0.000s
I20260601 13:28:23.778101 20847 ts_tablet_manager.cc:616] Registered 0 tablets
I20260601 13:28:23.778147 20847 ts_tablet_manager.cc:595] Time spent register tablets: real 0.000s	user 0.000s	sys 0.000s
I20260601 13:28:23.782699 20847 rpc_server.cc:307] RPC server started. Bound to: 127.20.91.195:38141
