I20260601 13:28:02.273561 26104 consensus_queue.cc:1059] T 081691d06a0144ca82782c15ee460e7d P 80c63d94378141d79978dc7e8ee6de2f [LEADER]: Peer responded invalid term: Peer: permanent_uuid: "37f9b01c2ca1469891cbdb4549982156" member_type: VOTER last_known_addr { host: "127.22.94.1" port: 36087 }, Status: INVALID_TERM, Last received: 0.0, Next index: 1, Last known committed idx: 0, Time since last communication: 0.000s
I20260601 13:28:02.273689 26104 raft_consensus.cc:3055] T 081691d06a0144ca82782c15ee460e7d P 80c63d94378141d79978dc7e8ee6de2f [term 1 LEADER]: Stepping down as leader of term 1
I20260601 13:28:02.273730 26104 raft_consensus.cc:740] T 081691d06a0144ca82782c15ee460e7d P 80c63d94378141d79978dc7e8ee6de2f [term 1 LEADER]: Becoming Follower/Learner. State: Replica: 80c63d94378141d79978dc7e8ee6de2f, State: Running, Role: LEADER
I20260601 13:28:02.273855 26104 consensus_queue.cc:260] T 081691d06a0144ca82782c15ee460e7d P 80c63d94378141d79978dc7e8ee6de2f [NON_LEADER]: Queue going to NON_LEADER mode. State: All replicated index: 0, Majority replicated index: 1, Committed index: 1, Last appended: 1.1, Last appended by leader: 1, Current term: 1, Majority size: -1, State: 0, Mode: NON_LEADER, active raft config: opid_index: -1 OBSOLETE_local: false peers { permanent_uuid: "37f9b01c2ca1469891cbdb4549982156" member_type: VOTER last_known_addr { host: "127.22.94.1" port: 36087 } } peers { permanent_uuid: "48e43488c90f43eb971cb7c5027f40d6" member_type: VOTER last_known_addr { host: "127.22.94.4" port: 38637 } } peers { permanent_uuid: "80c63d94378141d79978dc7e8ee6de2f" member_type: VOTER last_known_addr { host: "127.22.94.3" port: 43885 } }
I20260601 13:28:02.274057 26104 raft_consensus.cc:3060] T 081691d06a0144ca82782c15ee460e7d P 80c63d94378141d79978dc7e8ee6de2f [term 1 FOLLOWER]: Advancing to term 2
I20260601 13:28:02.274241 25777 catalog_manager.cc:5696] T 081691d06a0144ca82782c15ee460e7d P 48e43488c90f43eb971cb7c5027f40d6 reported cstate change: term changed from 1 to 2, leader changed from 80c63d94378141d79978dc7e8ee6de2f (127.22.94.3) to 48e43488c90f43eb971cb7c5027f40d6 (127.22.94.4). New cstate: current_term: 2 leader_uuid: "48e43488c90f43eb971cb7c5027f40d6" committed_config { opid_index: -1 OBSOLETE_local: false peers { permanent_uuid: "37f9b01c2ca1469891cbdb4549982156" member_type: VOTER last_known_addr { host: "127.22.94.1" port: 36087 } health_report { overall_health: UNKNOWN } } peers { permanent_uuid: "48e43488c90f43eb971cb7c5027f40d6" member_type: VOTER last_known_addr { host: "127.22.94.4" port: 38637 } health_report { overall_health: HEALTHY } } peers { permanent_uuid: "80c63d94378141d79978dc7e8ee6de2f" member_type: VOTER last_known_addr { host: "127.22.94.3" port: 43885 } health_report { overall_health: UNKNOWN } } }
I20260601 13:28:02.274518 26246 raft_consensus.cc:3055] T 550ac4aae78349f39108f004d8f73d3a P 80c63d94378141d79978dc7e8ee6de2f [term 1 LEADER]: Stepping down as leader of term 1
I20260601 13:28:02.274569 26246 raft_consensus.cc:740] T 550ac4aae78349f39108f004d8f73d3a P 80c63d94378141d79978dc7e8ee6de2f [term 1 LEADER]: Becoming Follower/Learner. State: Replica: 80c63d94378141d79978dc7e8ee6de2f, State: Running, Role: LEADER
I20260601 13:28:02.274694 26246 consensus_queue.cc:260] T 550ac4aae78349f39108f004d8f73d3a P 80c63d94378141d79978dc7e8ee6de2f [NON_LEADER]: Queue going to NON_LEADER mode. State: All replicated index: 0, Majority replicated index: 1, Committed index: 1, Last appended: 1.1, Last appended by leader: 1, Current term: 1, Majority size: -1, State: 0, Mode: NON_LEADER, active raft config: opid_index: -1 OBSOLETE_local: false peers { permanent_uuid: "48e43488c90f43eb971cb7c5027f40d6" member_type: VOTER last_known_addr { host: "127.22.94.4" port: 38637 } } peers { permanent_uuid: "80c63d94378141d79978dc7e8ee6de2f" member_type: VOTER last_known_addr { host: "127.22.94.3" port: 43885 } } peers { permanent_uuid: "dbed2f42c1a8454b9faffeb9dc3039f5" member_type: VOTER last_known_addr { host: "127.22.94.2" port: 43333 } }
I20260601 13:28:02.274843 26246 raft_consensus.cc:3060] T 550ac4aae78349f39108f004d8f73d3a P 80c63d94378141d79978dc7e8ee6de2f [term 1 FOLLOWER]: Advancing to term 2
I20260601 13:28:02.277765 26031 tablet_service.cc:1917] Received RequestConsensusVote() RPC: tablet_id: "081691d06a0144ca82782c15ee460e7d" candidate_uuid: "48e43488c90f43eb971cb7c5027f40d6" candidate_term: 2 candidate_status { last_received { term: 1 index: 1 } } ignore_live_leader: true dest_uuid: "80c63d94378141d79978dc7e8ee6de2f"
I20260601 13:28:02.278913 25955 tablet_service.cc:1917] Received RequestConsensusVote() RPC: tablet_id: "550ac4aae78349f39108f004d8f73d3a" candidate_uuid: "48e43488c90f43eb971cb7c5027f40d6" candidate_term: 2 candidate_status { last_received { term: 1 index: 1 } } ignore_live_leader: true dest_uuid: "dbed2f42c1a8454b9faffeb9dc3039f5"
I20260601 13:28:02.279028 25955 raft_consensus.cc:3060] T 550ac4aae78349f39108f004d8f73d3a P dbed2f42c1a8454b9faffeb9dc3039f5 [term 1 FOLLOWER]: Advancing to term 2
I20260601 13:28:02.279284 26031 raft_consensus.cc:2468] T 081691d06a0144ca82782c15ee460e7d P 80c63d94378141d79978dc7e8ee6de2f [term 2 FOLLOWER]: Leader election vote request: Granting yes vote for candidate 48e43488c90f43eb971cb7c5027f40d6 in term 2.
I20260601 13:28:02.279546 26030 tablet_service.cc:1917] Received RequestConsensusVote() RPC: tablet_id: "550ac4aae78349f39108f004d8f73d3a" candidate_uuid: "48e43488c90f43eb971cb7c5027f40d6" candidate_term: 2 candidate_status { last_received { term: 1 index: 1 } } ignore_live_leader: true dest_uuid: "80c63d94378141d79978dc7e8ee6de2f"
I20260601 13:28:02.279971 25955 raft_consensus.cc:2468] T 550ac4aae78349f39108f004d8f73d3a P dbed2f42c1a8454b9faffeb9dc3039f5 [term 2 FOLLOWER]: Leader election vote request: Granting yes vote for candidate 48e43488c90f43eb971cb7c5027f40d6 in term 2.
I20260601 13:28:02.280289 26137 leader_election.cc:304] T 550ac4aae78349f39108f004d8f73d3a P 48e43488c90f43eb971cb7c5027f40d6 [CANDIDATE]: Term 2 election: Election decided. Result: candidate won. Election summary: received 2 responses out of 3 voters: 2 yes votes; 0 no votes. yes voters: 48e43488c90f43eb971cb7c5027f40d6, dbed2f42c1a8454b9faffeb9dc3039f5; no voters: 
I20260601 13:28:02.280462 26271 raft_consensus.cc:2804] T 550ac4aae78349f39108f004d8f73d3a P 48e43488c90f43eb971cb7c5027f40d6 [term 2 FOLLOWER]: Leader election won for term 2
I20260601 13:28:02.280611 26271 raft_consensus.cc:697] T 550ac4aae78349f39108f004d8f73d3a P 48e43488c90f43eb971cb7c5027f40d6 [term 2 LEADER]: Becoming Leader. State: Replica: 48e43488c90f43eb971cb7c5027f40d6, State: Running, Role: LEADER
I20260601 13:28:02.280735 26271 consensus_queue.cc:237] T 550ac4aae78349f39108f004d8f73d3a P 48e43488c90f43eb971cb7c5027f40d6 [LEADER]: Queue going to LEADER mode. State: All replicated index: 0, Majority replicated index: 0, Committed index: 0, Last appended: 1.1, Last appended by leader: 1, Current term: 2, Majority size: 2, State: 0, Mode: LEADER, active raft config: opid_index: -1 OBSOLETE_local: false peers { permanent_uuid: "48e43488c90f43eb971cb7c5027f40d6" member_type: VOTER last_known_addr { host: "127.22.94.4" port: 38637 } } peers { permanent_uuid: "80c63d94378141d79978dc7e8ee6de2f" member_type: VOTER last_known_addr { host: "127.22.94.3" port: 43885 } } peers { permanent_uuid: "dbed2f42c1a8454b9faffeb9dc3039f5" member_type: VOTER last_known_addr { host: "127.22.94.2" port: 43333 } }
I20260601 13:28:02.280973 26030 raft_consensus.cc:2468] T 550ac4aae78349f39108f004d8f73d3a P 80c63d94378141d79978dc7e8ee6de2f [term 2 FOLLOWER]: Leader election vote request: Granting yes vote for candidate 48e43488c90f43eb971cb7c5027f40d6 in term 2.
I20260601 13:28:02.283425 25777 catalog_manager.cc:5696] T 550ac4aae78349f39108f004d8f73d3a P 48e43488c90f43eb971cb7c5027f40d6 reported cstate change: term changed from 1 to 2, leader changed from 80c63d94378141d79978dc7e8ee6de2f (127.22.94.3) to 48e43488c90f43eb971cb7c5027f40d6 (127.22.94.4). New cstate: current_term: 2 leader_uuid: "48e43488c90f43eb971cb7c5027f40d6" committed_config { opid_index: -1 OBSOLETE_local: false peers { permanent_uuid: "48e43488c90f43eb971cb7c5027f40d6" member_type: VOTER last_known_addr { host: "127.22.94.4" port: 38637 } health_report { overall_health: HEALTHY } } peers { permanent_uuid: "80c63d94378141d79978dc7e8ee6de2f" member_type: VOTER last_known_addr { host: "127.22.94.3" port: 43885 } health_report { overall_health: UNKNOWN } } peers { permanent_uuid: "dbed2f42c1a8454b9faffeb9dc3039f5" member_type: VOTER last_known_addr { host: "127.22.94.2" port: 43333 } health_report { overall_health: UNKNOWN } } }
I20260601 13:28:02.293764 26104 consensus_queue.cc:1048] T d3703bc220004a65b6110ed349afbeb3 P 80c63d94378141d79978dc7e8ee6de2f [LEADER]: Connected to new peer: Peer: permanent_uuid: "48e43488c90f43eb971cb7c5027f40d6" member_type: VOTER last_known_addr { host: "127.22.94.4" port: 38637 }, Status: LMP_MISMATCH, Last received: 0.0, Next index: 1, Last known committed idx: 0, Time since last communication: 0.000s
I20260601 13:28:02.295523 26122 consensus_queue.cc:1048] T 5df8e8eea7cf49299285bad10184ac50 P 37f9b01c2ca1469891cbdb4549982156 [LEADER]: Connected to new peer: Peer: permanent_uuid: "dbed2f42c1a8454b9faffeb9dc3039f5" member_type: VOTER last_known_addr { host: "127.22.94.2" port: 43333 }, Status: LMP_MISMATCH, Last received: 0.0, Next index: 1, Last known committed idx: 0, Time since last communication: 0.000s
I20260601 13:28:02.298730 26104 consensus_queue.cc:1048] T d3703bc220004a65b6110ed349afbeb3 P 80c63d94378141d79978dc7e8ee6de2f [LEADER]: Connected to new peer: Peer: permanent_uuid: "dbed2f42c1a8454b9faffeb9dc3039f5" member_type: VOTER last_known_addr { host: "127.22.94.2" port: 43333 }, Status: LMP_MISMATCH, Last received: 0.0, Next index: 1, Last known committed idx: 0, Time since last communication: 0.000s
I20260601 13:28:02.301523 26083 consensus_queue.cc:1048] T 5df8e8eea7cf49299285bad10184ac50 P 37f9b01c2ca1469891cbdb4549982156 [LEADER]: Connected to new peer: Peer: permanent_uuid: "48e43488c90f43eb971cb7c5027f40d6" member_type: VOTER last_known_addr { host: "127.22.94.4" port: 38637 }, Status: LMP_MISMATCH, Last received: 0.0, Next index: 1, Last known committed idx: 0, Time since last communication: 0.000s
I20260601 13:28:02.433959 26095 consensus_queue.cc:1048] T e7cb01fa5aeb4da2a746b7f50e15d36d P dbed2f42c1a8454b9faffeb9dc3039f5 [LEADER]: Connected to new peer: Peer: permanent_uuid: "37f9b01c2ca1469891cbdb4549982156" member_type: VOTER last_known_addr { host: "127.22.94.1" port: 36087 }, Status: LMP_MISMATCH, Last received: 0.0, Next index: 1, Last known committed idx: 0, Time since last communication: 0.000s
I20260601 13:28:02.437841 26260 consensus_queue.cc:1048] T e7cb01fa5aeb4da2a746b7f50e15d36d P dbed2f42c1a8454b9faffeb9dc3039f5 [LEADER]: Connected to new peer: Peer: permanent_uuid: "48e43488c90f43eb971cb7c5027f40d6" member_type: VOTER last_known_addr { host: "127.22.94.4" port: 38637 }, Status: LMP_MISMATCH, Last received: 0.0, Next index: 1, Last known committed idx: 0, Time since last communication: 0.000s
I20260601 13:28:02.470999 26083 consensus_queue.cc:1048] T f0fb35fa98d44809a4c3689358f1a4fe P 37f9b01c2ca1469891cbdb4549982156 [LEADER]: Connected to new peer: Peer: permanent_uuid: "48e43488c90f43eb971cb7c5027f40d6" member_type: VOTER last_known_addr { host: "127.22.94.4" port: 38637 }, Status: LMP_MISMATCH, Last received: 0.0, Next index: 1, Last known committed idx: 0, Time since last communication: 0.000s
I20260601 13:28:02.473482 26254 raft_consensus.cc:993] T f0fb35fa98d44809a4c3689358f1a4fe P 37f9b01c2ca1469891cbdb4549982156: : Instructing follower 48e43488c90f43eb971cb7c5027f40d6 to start an election
I20260601 13:28:02.473587 26254 raft_consensus.cc:1081] T f0fb35fa98d44809a4c3689358f1a4fe P 37f9b01c2ca1469891cbdb4549982156 [term 1 LEADER]: Signalling peer 48e43488c90f43eb971cb7c5027f40d6 to start an election
I20260601 13:28:02.474220 26169 tablet_service.cc:2044] Received Run Leader Election RPC: tablet_id: "f0fb35fa98d44809a4c3689358f1a4fe"
dest_uuid: "48e43488c90f43eb971cb7c5027f40d6"
 from {username='slave'} at 127.0.0.1:48644
I20260601 13:28:02.474370 26169 raft_consensus.cc:493] T f0fb35fa98d44809a4c3689358f1a4fe P 48e43488c90f43eb971cb7c5027f40d6 [term 1 FOLLOWER]: Starting forced leader election (received explicit request)
I20260601 13:28:02.474424 26169 raft_consensus.cc:3060] T f0fb35fa98d44809a4c3689358f1a4fe P 48e43488c90f43eb971cb7c5027f40d6 [term 1 FOLLOWER]: Advancing to term 2
I20260601 13:28:02.475004 26254 consensus_queue.cc:1048] T f0fb35fa98d44809a4c3689358f1a4fe P 37f9b01c2ca1469891cbdb4549982156 [LEADER]: Connected to new peer: Peer: permanent_uuid: "80c63d94378141d79978dc7e8ee6de2f" member_type: VOTER last_known_addr { host: "127.22.94.3" port: 43885 }, Status: LMP_MISMATCH, Last received: 0.0, Next index: 1, Last known committed idx: 0, Time since last communication: 0.000s
I20260601 13:28:02.475562 26169 raft_consensus.cc:515] T f0fb35fa98d44809a4c3689358f1a4fe P 48e43488c90f43eb971cb7c5027f40d6 [term 2 FOLLOWER]: Starting forced leader election with config: opid_index: -1 OBSOLETE_local: false peers { permanent_uuid: "48e43488c90f43eb971cb7c5027f40d6" member_type: VOTER last_known_addr { host: "127.22.94.4" port: 38637 } } peers { permanent_uuid: "80c63d94378141d79978dc7e8ee6de2f" member_type: VOTER last_known_addr { host: "127.22.94.3" port: 43885 } } peers { permanent_uuid: "37f9b01c2ca1469891cbdb4549982156" member_type: VOTER last_known_addr { host: "127.22.94.1" port: 36087 } }
I20260601 13:28:02.475978 26169 leader_election.cc:290] T f0fb35fa98d44809a4c3689358f1a4fe P 48e43488c90f43eb971cb7c5027f40d6 [CANDIDATE]: Term 2 election: Requested vote from peers 80c63d94378141d79978dc7e8ee6de2f (127.22.94.3:43885), 37f9b01c2ca1469891cbdb4549982156 (127.22.94.1:36087)
I20260601 13:28:02.476862 26170 raft_consensus.cc:1240] T f0fb35fa98d44809a4c3689358f1a4fe P 48e43488c90f43eb971cb7c5027f40d6 [term 2 FOLLOWER]: Rejecting Update request from peer 37f9b01c2ca1469891cbdb4549982156 for earlier term 1. Current term is 2. Ops: []
I20260601 13:28:02.476976 26030 tablet_service.cc:1917] Received RequestConsensusVote() RPC: tablet_id: "f0fb35fa98d44809a4c3689358f1a4fe" candidate_uuid: "48e43488c90f43eb971cb7c5027f40d6" candidate_term: 2 candidate_status { last_received { term: 1 index: 1 } } ignore_live_leader: true dest_uuid: "80c63d94378141d79978dc7e8ee6de2f"
I20260601 13:28:02.476974 25879 tablet_service.cc:1917] Received RequestConsensusVote() RPC: tablet_id: "f0fb35fa98d44809a4c3689358f1a4fe" candidate_uuid: "48e43488c90f43eb971cb7c5027f40d6" candidate_term: 2 candidate_status { last_received { term: 1 index: 1 } } ignore_live_leader: true dest_uuid: "37f9b01c2ca1469891cbdb4549982156"
I20260601 13:28:02.477154 26030 raft_consensus.cc:3060] T f0fb35fa98d44809a4c3689358f1a4fe P 80c63d94378141d79978dc7e8ee6de2f [term 1 FOLLOWER]: Advancing to term 2
I20260601 13:28:02.477174 25879 raft_consensus.cc:3055] T f0fb35fa98d44809a4c3689358f1a4fe P 37f9b01c2ca1469891cbdb4549982156 [term 1 LEADER]: Stepping down as leader of term 1
I20260601 13:28:02.477228 25879 raft_consensus.cc:740] T f0fb35fa98d44809a4c3689358f1a4fe P 37f9b01c2ca1469891cbdb4549982156 [term 1 LEADER]: Becoming Follower/Learner. State: Replica: 37f9b01c2ca1469891cbdb4549982156, State: Running, Role: LEADER
I20260601 13:28:02.477380 25879 consensus_queue.cc:260] T f0fb35fa98d44809a4c3689358f1a4fe P 37f9b01c2ca1469891cbdb4549982156 [NON_LEADER]: Queue going to NON_LEADER mode. State: All replicated index: 0, Majority replicated index: 1, Committed index: 1, Last appended: 1.1, Last appended by leader: 1, Current term: 1, Majority size: -1, State: 0, Mode: NON_LEADER, active raft config: opid_index: -1 OBSOLETE_local: false peers { permanent_uuid: "48e43488c90f43eb971cb7c5027f40d6" member_type: VOTER last_known_addr { host: "127.22.94.4" port: 38637 } } peers { permanent_uuid: "80c63d94378141d79978dc7e8ee6de2f" member_type: VOTER last_known_addr { host: "127.22.94.3" port: 43885 } } peers { permanent_uuid: "37f9b01c2ca1469891cbdb4549982156" member_type: VOTER last_known_addr { host: "127.22.94.1" port: 36087 } }
I20260601 13:28:02.477524 25879 raft_consensus.cc:3060] T f0fb35fa98d44809a4c3689358f1a4fe P 37f9b01c2ca1469891cbdb4549982156 [term 1 FOLLOWER]: Advancing to term 2
I20260601 13:28:02.478375 26030 raft_consensus.cc:2468] T f0fb35fa98d44809a4c3689358f1a4fe P 80c63d94378141d79978dc7e8ee6de2f [term 2 FOLLOWER]: Leader election vote request: Granting yes vote for candidate 48e43488c90f43eb971cb7c5027f40d6 in term 2.
I20260601 13:28:02.478514 25879 raft_consensus.cc:2468] T f0fb35fa98d44809a4c3689358f1a4fe P 37f9b01c2ca1469891cbdb4549982156 [term 2 FOLLOWER]: Leader election vote request: Granting yes vote for candidate 48e43488c90f43eb971cb7c5027f40d6 in term 2.
I20260601 13:28:02.478643 26031 raft_consensus.cc:1240] T f0fb35fa98d44809a4c3689358f1a4fe P 80c63d94378141d79978dc7e8ee6de2f [term 2 FOLLOWER]: Rejecting Update request from peer 37f9b01c2ca1469891cbdb4549982156 for earlier term 1. Current term is 2. Ops: [1.1-1.1]
I20260601 13:28:02.478755 26135 leader_election.cc:304] T f0fb35fa98d44809a4c3689358f1a4fe P 48e43488c90f43eb971cb7c5027f40d6 [CANDIDATE]: Term 2 election: Election decided. Result: candidate won. Election summary: received 2 responses out of 3 voters: 2 yes votes; 0 no votes. yes voters: 48e43488c90f43eb971cb7c5027f40d6, 80c63d94378141d79978dc7e8ee6de2f; no voters: 
I20260601 13:28:02.478941 26212 raft_consensus.cc:2804] T f0fb35fa98d44809a4c3689358f1a4fe P 48e43488c90f43eb971cb7c5027f40d6 [term 2 FOLLOWER]: Leader election won for term 2
I20260601 13:28:02.479033 26212 raft_consensus.cc:697] T f0fb35fa98d44809a4c3689358f1a4fe P 48e43488c90f43eb971cb7c5027f40d6 [term 2 LEADER]: Becoming Leader. State: Replica: 48e43488c90f43eb971cb7c5027f40d6, State: Running, Role: LEADER
I20260601 13:28:02.479147 26212 consensus_queue.cc:237] T f0fb35fa98d44809a4c3689358f1a4fe P 48e43488c90f43eb971cb7c5027f40d6 [LEADER]: Queue going to LEADER mode. State: All replicated index: 0, Majority replicated index: 0, Committed index: 0, Last appended: 1.1, Last appended by leader: 1, Current term: 2, Majority size: 2, State: 0, Mode: LEADER, active raft config: opid_index: -1 OBSOLETE_local: false peers { permanent_uuid: "48e43488c90f43eb971cb7c5027f40d6" member_type: VOTER last_known_addr { host: "127.22.94.4" port: 38637 } } peers { permanent_uuid: "80c63d94378141d79978dc7e8ee6de2f" member_type: VOTER last_known_addr { host: "127.22.94.3" port: 43885 } } peers { permanent_uuid: "37f9b01c2ca1469891cbdb4549982156" member_type: VOTER last_known_addr { host: "127.22.94.1" port: 36087 } }
I20260601 13:28:02.480926 25777 catalog_manager.cc:5696] T f0fb35fa98d44809a4c3689358f1a4fe P 48e43488c90f43eb971cb7c5027f40d6 reported cstate change: term changed from 1 to 2, leader changed from 37f9b01c2ca1469891cbdb4549982156 (127.22.94.1) to 48e43488c90f43eb971cb7c5027f40d6 (127.22.94.4). New cstate: current_term: 2 leader_uuid: "48e43488c90f43eb971cb7c5027f40d6" committed_config { opid_index: -1 OBSOLETE_local: false peers { permanent_uuid: "48e43488c90f43eb971cb7c5027f40d6" member_type: VOTER last_known_addr { host: "127.22.94.4" port: 38637 } health_report { overall_health: HEALTHY } } peers { permanent_uuid: "80c63d94378141d79978dc7e8ee6de2f" member_type: VOTER last_known_addr { host: "127.22.94.3" port: 43885 } health_report { overall_health: UNKNOWN } } peers { permanent_uuid: "37f9b01c2ca1469891cbdb4549982156" member_type: VOTER last_known_addr { host: "127.22.94.1" port: 36087 } health_report { overall_health: UNKNOWN } } }
I20260601 13:28:02.561299 26079 raft_consensus.cc:993] T 7082ca2c1fc546f3aa91ba8843179ad6 P 80c63d94378141d79978dc7e8ee6de2f: : Instructing follower 37f9b01c2ca1469891cbdb4549982156 to start an election
I20260601 13:28:02.561527 26079 raft_consensus.cc:1081] T 7082ca2c1fc546f3aa91ba8843179ad6 P 80c63d94378141d79978dc7e8ee6de2f [term 1 LEADER]: Signalling peer 37f9b01c2ca1469891cbdb4549982156 to start an election
I20260601 13:28:02.562067 25879 tablet_service.cc:2044] Received Run Leader Election RPC: tablet_id: "7082ca2c1fc546f3aa91ba8843179ad6"
dest_uuid: "37f9b01c2ca1469891cbdb4549982156"
 from {username='slave'} at 127.0.0.1:40786
I20260601 13:28:02.562249 25879 raft_consensus.cc:493] T 7082ca2c1fc546f3aa91ba8843179ad6 P 37f9b01c2ca1469891cbdb4549982156 [term 1 FOLLOWER]: Starting forced leader election (received explicit request)
I20260601 13:28:02.562314 25879 raft_consensus.cc:3060] T 7082ca2c1fc546f3aa91ba8843179ad6 P 37f9b01c2ca1469891cbdb4549982156 [term 1 FOLLOWER]: Advancing to term 2
I20260601 13:28:02.563372 25879 raft_consensus.cc:515] T 7082ca2c1fc546f3aa91ba8843179ad6 P 37f9b01c2ca1469891cbdb4549982156 [term 2 FOLLOWER]: Starting forced leader election with config: opid_index: -1 OBSOLETE_local: false peers { permanent_uuid: "37f9b01c2ca1469891cbdb4549982156" member_type: VOTER last_known_addr { host: "127.22.94.1" port: 36087 } } peers { permanent_uuid: "dbed2f42c1a8454b9faffeb9dc3039f5" member_type: VOTER last_known_addr { host: "127.22.94.2" port: 43333 } } peers { permanent_uuid: "80c63d94378141d79978dc7e8ee6de2f" member_type: VOTER last_known_addr { host: "127.22.94.3" port: 43885 } }
I20260601 13:28:02.563839 25879 leader_election.cc:290] T 7082ca2c1fc546f3aa91ba8843179ad6 P 37f9b01c2ca1469891cbdb4549982156 [CANDIDATE]: Term 2 election: Requested vote from peers dbed2f42c1a8454b9faffeb9dc3039f5 (127.22.94.2:43333), 80c63d94378141d79978dc7e8ee6de2f (127.22.94.3:43885)
I20260601 13:28:02.564184 25955 tablet_service.cc:1917] Received RequestConsensusVote() RPC: tablet_id: "7082ca2c1fc546f3aa91ba8843179ad6" candidate_uuid: "37f9b01c2ca1469891cbdb4549982156" candidate_term: 2 candidate_status { last_received { term: 1 index: 1 } } ignore_live_leader: true dest_uuid: "dbed2f42c1a8454b9faffeb9dc3039f5"
I20260601 13:28:02.564216 26031 tablet_service.cc:1917] Received RequestConsensusVote() RPC: tablet_id: "7082ca2c1fc546f3aa91ba8843179ad6" candidate_uuid: "37f9b01c2ca1469891cbdb4549982156" candidate_term: 2 candidate_status { last_received { term: 1 index: 1 } } ignore_live_leader: true dest_uuid: "80c63d94378141d79978dc7e8ee6de2f"
I20260601 13:28:02.564322 25955 raft_consensus.cc:3060] T 7082ca2c1fc546f3aa91ba8843179ad6 P dbed2f42c1a8454b9faffeb9dc3039f5 [term 1 FOLLOWER]: Advancing to term 2
I20260601 13:28:02.564360 26031 raft_consensus.cc:3055] T 7082ca2c1fc546f3aa91ba8843179ad6 P 80c63d94378141d79978dc7e8ee6de2f [term 1 LEADER]: Stepping down as leader of term 1
I20260601 13:28:02.564431 26031 raft_consensus.cc:740] T 7082ca2c1fc546f3aa91ba8843179ad6 P 80c63d94378141d79978dc7e8ee6de2f [term 1 LEADER]: Becoming Follower/Learner. State: Replica: 80c63d94378141d79978dc7e8ee6de2f, State: Running, Role: LEADER
I20260601 13:28:02.564605 26031 consensus_queue.cc:260] T 7082ca2c1fc546f3aa91ba8843179ad6 P 80c63d94378141d79978dc7e8ee6de2f [NON_LEADER]: Queue going to NON_LEADER mode. State: All replicated index: 0, Majority replicated index: 1, Committed index: 1, Last appended: 1.1, Last appended by leader: 1, Current term: 1, Majority size: -1, State: 0, Mode: NON_LEADER, active raft config: opid_index: -1 OBSOLETE_local: false peers { permanent_uuid: "37f9b01c2ca1469891cbdb4549982156" member_type: VOTER last_known_addr { host: "127.22.94.1" port: 36087 } } peers { permanent_uuid: "dbed2f42c1a8454b9faffeb9dc3039f5" member_type: VOTER last_known_addr { host: "127.22.94.2" port: 43333 } } peers { permanent_uuid: "80c63d94378141d79978dc7e8ee6de2f" member_type: VOTER last_known_addr { host: "127.22.94.3" port: 43885 } }
I20260601 13:28:02.564785 26031 raft_consensus.cc:3060] T 7082ca2c1fc546f3aa91ba8843179ad6 P 80c63d94378141d79978dc7e8ee6de2f [term 1 FOLLOWER]: Advancing to term 2
I20260601 13:28:02.565490 25955 raft_consensus.cc:2468] T 7082ca2c1fc546f3aa91ba8843179ad6 P dbed2f42c1a8454b9faffeb9dc3039f5 [term 2 FOLLOWER]: Leader election vote request: Granting yes vote for candidate 37f9b01c2ca1469891cbdb4549982156 in term 2.
I20260601 13:28:02.565796 26031 raft_consensus.cc:2468] T 7082ca2c1fc546f3aa91ba8843179ad6 P 80c63d94378141d79978dc7e8ee6de2f [term 2 FOLLOWER]: Leader election vote request: Granting yes vote for candidate 37f9b01c2ca1469891cbdb4549982156 in term 2.
I20260601 13:28:02.565832 25846 leader_election.cc:304] T 7082ca2c1fc546f3aa91ba8843179ad6 P 37f9b01c2ca1469891cbdb4549982156 [CANDIDATE]: Term 2 election: Election decided. Result: candidate won. Election summary: received 2 responses out of 3 voters: 2 yes votes; 0 no votes. yes voters: 37f9b01c2ca1469891cbdb4549982156, dbed2f42c1a8454b9faffeb9dc3039f5; no voters: 
I20260601 13:28:02.566008 26254 raft_consensus.cc:2804] T 7082ca2c1fc546f3aa91ba8843179ad6 P 37f9b01c2ca1469891cbdb4549982156 [term 2 FOLLOWER]: Leader election won for term 2
I20260601 13:28:02.566105 26254 raft_consensus.cc:697] T 7082ca2c1fc546f3aa91ba8843179ad6 P 37f9b01c2ca1469891cbdb4549982156 [term 2 LEADER]: Becoming Leader. State: Replica: 37f9b01c2ca1469891cbdb4549982156, State: Running, Role: LEADER
I20260601 13:28:02.566272 26254 consensus_queue.cc:237] T 7082ca2c1fc546f3aa91ba8843179ad6 P 37f9b01c2ca1469891cbdb4549982156 [LEADER]: Queue going to LEADER mode. State: All replicated index: 0, Majority replicated index: 1, Committed index: 1, Last appended: 1.1, Last appended by leader: 1, Current term: 2, Majority size: 2, State: 0, Mode: LEADER, active raft config: opid_index: -1 OBSOLETE_local: false peers { permanent_uuid: "37f9b01c2ca1469891cbdb4549982156" member_type: VOTER last_known_addr { host: "127.22.94.1" port: 36087 } } peers { permanent_uuid: "dbed2f42c1a8454b9faffeb9dc3039f5" member_type: VOTER last_known_addr { host: "127.22.94.2" port: 43333 } } peers { permanent_uuid: "80c63d94378141d79978dc7e8ee6de2f" member_type: VOTER last_known_addr { host: "127.22.94.3" port: 43885 } }
I20260601 13:28:02.568028 25777 catalog_manager.cc:5696] T 7082ca2c1fc546f3aa91ba8843179ad6 P 37f9b01c2ca1469891cbdb4549982156 reported cstate change: term changed from 1 to 2, leader changed from 80c63d94378141d79978dc7e8ee6de2f (127.22.94.3) to 37f9b01c2ca1469891cbdb4549982156 (127.22.94.1). New cstate: current_term: 2 leader_uuid: "37f9b01c2ca1469891cbdb4549982156" committed_config { opid_index: -1 OBSOLETE_local: false peers { permanent_uuid: "37f9b01c2ca1469891cbdb4549982156" member_type: VOTER last_known_addr { host: "127.22.94.1" port: 36087 } health_report { overall_health: HEALTHY } } peers { permanent_uuid: "dbed2f42c1a8454b9faffeb9dc3039f5" member_type: VOTER last_known_addr { host: "127.22.94.2" port: 43333 } health_report { overall_health: UNKNOWN } } peers { permanent_uuid: "80c63d94378141d79978dc7e8ee6de2f" member_type: VOTER last_known_addr { host: "127.22.94.3" port: 43885 } health_report { overall_health: UNKNOWN } } }
I20260601 13:28:02.587483 26280 ts_tablet_manager.cc:933] T da2d13bfc07b496d876c70a3ef2a4920 P 48e43488c90f43eb971cb7c5027f40d6: Initiating tablet copy from peer 37f9b01c2ca1469891cbdb4549982156 (127.22.94.1:36087)
I20260601 13:28:02.588125 26280 tablet_copy_client.cc:323] T da2d13bfc07b496d876c70a3ef2a4920 P 48e43488c90f43eb971cb7c5027f40d6: tablet copy: Beginning tablet copy session from remote peer at address 127.22.94.1:36087
I20260601 13:28:02.588909 25890 tablet_copy_service.cc:140] P 37f9b01c2ca1469891cbdb4549982156: Received BeginTabletCopySession request for tablet da2d13bfc07b496d876c70a3ef2a4920 from peer 48e43488c90f43eb971cb7c5027f40d6 ({username='slave'} at 127.0.0.1:40812)
I20260601 13:28:02.589082 25890 tablet_copy_service.cc:161] P 37f9b01c2ca1469891cbdb4549982156: Beginning new tablet copy session on tablet da2d13bfc07b496d876c70a3ef2a4920 from peer 48e43488c90f43eb971cb7c5027f40d6 at {username='slave'} at 127.0.0.1:40812: session id = 48e43488c90f43eb971cb7c5027f40d6-da2d13bfc07b496d876c70a3ef2a4920
I20260601 13:28:02.590010 25890 tablet_copy_source_session.cc:215] T da2d13bfc07b496d876c70a3ef2a4920 P 37f9b01c2ca1469891cbdb4549982156: Tablet Copy: opened 0 blocks and 1 log segments
I20260601 13:28:02.591080 26280 data_dirs.cc:400] Could only allocate 1 dirs of requested 3 for tablet da2d13bfc07b496d876c70a3ef2a4920. 1 dirs total, 0 dirs full, 0 dirs failed
I20260601 13:28:02.592998 26280 tablet_copy_client.cc:806] T da2d13bfc07b496d876c70a3ef2a4920 P 48e43488c90f43eb971cb7c5027f40d6: tablet copy: Starting download of 0 data blocks...
I20260601 13:28:02.593182 26280 tablet_copy_client.cc:670] T da2d13bfc07b496d876c70a3ef2a4920 P 48e43488c90f43eb971cb7c5027f40d6: tablet copy: Starting download of 1 WAL segments...
I20260601 13:28:02.594482 26280 tablet_copy_client.cc:538] T da2d13bfc07b496d876c70a3ef2a4920 P 48e43488c90f43eb971cb7c5027f40d6: tablet copy: Tablet Copy complete. Replacing tablet superblock.
I20260601 13:28:02.595685 26280 tablet_bootstrap.cc:492] T da2d13bfc07b496d876c70a3ef2a4920 P 48e43488c90f43eb971cb7c5027f40d6: Bootstrap starting.
I20260601 13:28:02.598994 26280 tablet_bootstrap.cc:492] T da2d13bfc07b496d876c70a3ef2a4920 P 48e43488c90f43eb971cb7c5027f40d6: Bootstrap replayed 1/1 log segments. Stats: ops{read=2 overwritten=0 applied=2 ignored=0} inserts{seen=0 ignored=0} mutations{seen=0 ignored=0} orphaned_commits=0. Pending: 0 replicates
I20260601 13:28:02.599261 26280 tablet_bootstrap.cc:492] T da2d13bfc07b496d876c70a3ef2a4920 P 48e43488c90f43eb971cb7c5027f40d6: Bootstrap complete.
I20260601 13:28:02.599450 26280 ts_tablet_manager.cc:1403] T da2d13bfc07b496d876c70a3ef2a4920 P 48e43488c90f43eb971cb7c5027f40d6: Time spent bootstrapping tablet: real 0.004s	user 0.003s	sys 0.000s
I20260601 13:28:02.599897 26280 raft_consensus.cc:359] T da2d13bfc07b496d876c70a3ef2a4920 P 48e43488c90f43eb971cb7c5027f40d6 [term 1 LEARNER]: Replica starting. Triggering 0 pending ops. Active config: opid_index: 2 OBSOLETE_local: false peers { permanent_uuid: "dbed2f42c1a8454b9faffeb9dc3039f5" member_type: VOTER last_known_addr { host: "127.22.94.2" port: 43333 } } peers { permanent_uuid: "37f9b01c2ca1469891cbdb4549982156" member_type: VOTER last_known_addr { host: "127.22.94.1" port: 36087 } } peers { permanent_uuid: "80c63d94378141d79978dc7e8ee6de2f" member_type: VOTER last_known_addr { host: "127.22.94.3" port: 43885 } attrs { replace: true } } peers { permanent_uuid: "48e43488c90f43eb971cb7c5027f40d6" member_type: NON_VOTER last_known_addr { host: "127.22.94.4" port: 38637 } attrs { promote: true } }
I20260601 13:28:02.600005 26280 raft_consensus.cc:740] T da2d13bfc07b496d876c70a3ef2a4920 P 48e43488c90f43eb971cb7c5027f40d6 [term 1 LEARNER]: Becoming Follower/Learner. State: Replica: 48e43488c90f43eb971cb7c5027f40d6, State: Initialized, Role: LEARNER
I20260601 13:28:02.600217 26280 consensus_queue.cc:260] T da2d13bfc07b496d876c70a3ef2a4920 P 48e43488c90f43eb971cb7c5027f40d6 [NON_LEADER]: Queue going to NON_LEADER mode. State: All replicated index: 0, Majority replicated index: 0, Committed index: 2, Last appended: 1.2, Last appended by leader: 2, Current term: 0, Majority size: -1, State: 0, Mode: NON_LEADER, active raft config: opid_index: 2 OBSOLETE_local: false peers { permanent_uuid: "dbed2f42c1a8454b9faffeb9dc3039f5" member_type: VOTER last_known_addr { host: "127.22.94.2" port: 43333 } } peers { permanent_uuid: "37f9b01c2ca1469891cbdb4549982156" member_type: VOTER last_known_addr { host: "127.22.94.1" port: 36087 } } peers { permanent_uuid: "80c63d94378141d79978dc7e8ee6de2f" member_type: VOTER last_known_addr { host: "127.22.94.3" port: 43885 } attrs { replace: true } } peers { permanent_uuid: "48e43488c90f43eb971cb7c5027f40d6" member_type: NON_VOTER last_known_addr { host: "127.22.94.4" port: 38637 } attrs { promote: true } }
I20260601 13:28:02.600630 26280 ts_tablet_manager.cc:1434] T da2d13bfc07b496d876c70a3ef2a4920 P 48e43488c90f43eb971cb7c5027f40d6: Time spent starting tablet: real 0.001s	user 0.000s	sys 0.002s
I20260601 13:28:02.601276 25890 tablet_copy_service.cc:342] P 37f9b01c2ca1469891cbdb4549982156: Request end of tablet copy session 48e43488c90f43eb971cb7c5027f40d6-da2d13bfc07b496d876c70a3ef2a4920 received from {username='slave'} at 127.0.0.1:40812
I20260601 13:28:02.601442 25890 tablet_copy_service.cc:434] P 37f9b01c2ca1469891cbdb4549982156: ending tablet copy session 48e43488c90f43eb971cb7c5027f40d6-da2d13bfc07b496d876c70a3ef2a4920 on tablet da2d13bfc07b496d876c70a3ef2a4920 with peer 48e43488c90f43eb971cb7c5027f40d6
I20260601 13:28:02.657740 26280 ts_tablet_manager.cc:933] T 45df3e79c25d44cc8f7481da5843d212 P 48e43488c90f43eb971cb7c5027f40d6: Initiating tablet copy from peer dbed2f42c1a8454b9faffeb9dc3039f5 (127.22.94.2:43333)
I20260601 13:28:02.658212 26280 tablet_copy_client.cc:323] T 45df3e79c25d44cc8f7481da5843d212 P 48e43488c90f43eb971cb7c5027f40d6: tablet copy: Beginning tablet copy session from remote peer at address 127.22.94.2:43333
I20260601 13:28:02.658756 25966 tablet_copy_service.cc:140] P dbed2f42c1a8454b9faffeb9dc3039f5: Received BeginTabletCopySession request for tablet 45df3e79c25d44cc8f7481da5843d212 from peer 48e43488c90f43eb971cb7c5027f40d6 ({username='slave'} at 127.0.0.1:57254)
I20260601 13:28:02.658882 25966 tablet_copy_service.cc:161] P dbed2f42c1a8454b9faffeb9dc3039f5: Beginning new tablet copy session on tablet 45df3e79c25d44cc8f7481da5843d212 from peer 48e43488c90f43eb971cb7c5027f40d6 at {username='slave'} at 127.0.0.1:57254: session id = 48e43488c90f43eb971cb7c5027f40d6-45df3e79c25d44cc8f7481da5843d212
I20260601 13:28:02.659746 25966 tablet_copy_source_session.cc:215] T 45df3e79c25d44cc8f7481da5843d212 P dbed2f42c1a8454b9faffeb9dc3039f5: Tablet Copy: opened 0 blocks and 1 log segments
I20260601 13:28:02.660737 26280 data_dirs.cc:400] Could only allocate 1 dirs of requested 3 for tablet 45df3e79c25d44cc8f7481da5843d212. 1 dirs total, 0 dirs full, 0 dirs failed
I20260601 13:28:02.662994 26280 tablet_copy_client.cc:806] T 45df3e79c25d44cc8f7481da5843d212 P 48e43488c90f43eb971cb7c5027f40d6: tablet copy: Starting download of 0 data blocks...
I20260601 13:28:02.663153 26280 tablet_copy_client.cc:670] T 45df3e79c25d44cc8f7481da5843d212 P 48e43488c90f43eb971cb7c5027f40d6: tablet copy: Starting download of 1 WAL segments...
I20260601 13:28:02.664213 26280 tablet_copy_client.cc:538] T 45df3e79c25d44cc8f7481da5843d212 P 48e43488c90f43eb971cb7c5027f40d6: tablet copy: Tablet Copy complete. Replacing tablet superblock.
I20260601 13:28:02.665542 26280 tablet_bootstrap.cc:492] T 45df3e79c25d44cc8f7481da5843d212 P 48e43488c90f43eb971cb7c5027f40d6: Bootstrap starting.
I20260601 13:28:02.669467 26280 tablet_bootstrap.cc:492] T 45df3e79c25d44cc8f7481da5843d212 P 48e43488c90f43eb971cb7c5027f40d6: Bootstrap replayed 1/1 log segments. Stats: ops{read=2 overwritten=0 applied=2 ignored=0} inserts{seen=0 ignored=0} mutations{seen=0 ignored=0} orphaned_commits=0. Pending: 0 replicates
I20260601 13:28:02.669739 26280 tablet_bootstrap.cc:492] T 45df3e79c25d44cc8f7481da5843d212 P 48e43488c90f43eb971cb7c5027f40d6: Bootstrap complete.
I20260601 13:28:02.669920 26280 ts_tablet_manager.cc:1403] T 45df3e79c25d44cc8f7481da5843d212 P 48e43488c90f43eb971cb7c5027f40d6: Time spent bootstrapping tablet: real 0.004s	user 0.000s	sys 0.004s
I20260601 13:28:02.670475 26280 raft_consensus.cc:359] T 45df3e79c25d44cc8f7481da5843d212 P 48e43488c90f43eb971cb7c5027f40d6 [term 1 LEARNER]: Replica starting. Triggering 0 pending ops. Active config: opid_index: 2 OBSOLETE_local: false peers { permanent_uuid: "37f9b01c2ca1469891cbdb4549982156" member_type: VOTER last_known_addr { host: "127.22.94.1" port: 36087 } attrs { replace: true } } peers { permanent_uuid: "dbed2f42c1a8454b9faffeb9dc3039f5" member_type: VOTER last_known_addr { host: "127.22.94.2" port: 43333 } } peers { permanent_uuid: "80c63d94378141d79978dc7e8ee6de2f" member_type: VOTER last_known_addr { host: "127.22.94.3" port: 43885 } } peers { permanent_uuid: "48e43488c90f43eb971cb7c5027f40d6" member_type: NON_VOTER last_known_addr { host: "127.22.94.4" port: 38637 } attrs { promote: true } }
I20260601 13:28:02.670608 26280 raft_consensus.cc:740] T 45df3e79c25d44cc8f7481da5843d212 P 48e43488c90f43eb971cb7c5027f40d6 [term 1 LEARNER]: Becoming Follower/Learner. State: Replica: 48e43488c90f43eb971cb7c5027f40d6, State: Initialized, Role: LEARNER
I20260601 13:28:02.670718 26280 consensus_queue.cc:260] T 45df3e79c25d44cc8f7481da5843d212 P 48e43488c90f43eb971cb7c5027f40d6 [NON_LEADER]: Queue going to NON_LEADER mode. State: All replicated index: 0, Majority replicated index: 0, Committed index: 2, Last appended: 1.2, Last appended by leader: 2, Current term: 0, Majority size: -1, State: 0, Mode: NON_LEADER, active raft config: opid_index: 2 OBSOLETE_local: false peers { permanent_uuid: "37f9b01c2ca1469891cbdb4549982156" member_type: VOTER last_known_addr { host: "127.22.94.1" port: 36087 } attrs { replace: true } } peers { permanent_uuid: "dbed2f42c1a8454b9faffeb9dc3039f5" member_type: VOTER last_known_addr { host: "127.22.94.2" port: 43333 } } peers { permanent_uuid: "80c63d94378141d79978dc7e8ee6de2f" member_type: VOTER last_known_addr { host: "127.22.94.3" port: 43885 } } peers { permanent_uuid: "48e43488c90f43eb971cb7c5027f40d6" member_type: NON_VOTER last_known_addr { host: "127.22.94.4" port: 38637 } attrs { promote: true } }
I20260601 13:28:02.671054 26280 ts_tablet_manager.cc:1434] T 45df3e79c25d44cc8f7481da5843d212 P 48e43488c90f43eb971cb7c5027f40d6: Time spent starting tablet: real 0.001s	user 0.001s	sys 0.001s
I20260601 13:28:02.671627 25966 tablet_copy_service.cc:342] P dbed2f42c1a8454b9faffeb9dc3039f5: Request end of tablet copy session 48e43488c90f43eb971cb7c5027f40d6-45df3e79c25d44cc8f7481da5843d212 received from {username='slave'} at 127.0.0.1:57254
I20260601 13:28:02.671727 25966 tablet_copy_service.cc:434] P dbed2f42c1a8454b9faffeb9dc3039f5: ending tablet copy session 48e43488c90f43eb971cb7c5027f40d6-45df3e79c25d44cc8f7481da5843d212 on tablet 45df3e79c25d44cc8f7481da5843d212 with peer 48e43488c90f43eb971cb7c5027f40d6
I20260601 13:28:02.696517 26031 raft_consensus.cc:1275] T 081691d06a0144ca82782c15ee460e7d P 80c63d94378141d79978dc7e8ee6de2f [term 2 FOLLOWER]: Refusing update from remote peer 48e43488c90f43eb971cb7c5027f40d6: Log matching property violated. Preceding OpId in replica: term: 1 index: 1. Preceding OpId from leader: term: 2 index: 2. (index mismatch)
I20260601 13:28:02.697077 26212 consensus_queue.cc:1048] T 081691d06a0144ca82782c15ee460e7d P 48e43488c90f43eb971cb7c5027f40d6 [LEADER]: Connected to new peer: Peer: permanent_uuid: "80c63d94378141d79978dc7e8ee6de2f" member_type: VOTER last_known_addr { host: "127.22.94.3" port: 43885 }, Status: LMP_MISMATCH, Last received: 0.0, Next index: 2, Last known committed idx: 1, Time since last communication: 0.000s
I20260601 13:28:02.700081 25879 raft_consensus.cc:1275] T 081691d06a0144ca82782c15ee460e7d P 37f9b01c2ca1469891cbdb4549982156 [term 2 FOLLOWER]: Refusing update from remote peer 48e43488c90f43eb971cb7c5027f40d6: Log matching property violated. Preceding OpId in replica: term: 0 index: 0. Preceding OpId from leader: term: 2 index: 2. (index mismatch)
I20260601 13:28:02.700438 26212 consensus_queue.cc:1048] T 081691d06a0144ca82782c15ee460e7d P 48e43488c90f43eb971cb7c5027f40d6 [LEADER]: Connected to new peer: Peer: permanent_uuid: "37f9b01c2ca1469891cbdb4549982156" member_type: VOTER last_known_addr { host: "127.22.94.1" port: 36087 }, Status: LMP_MISMATCH, Last received: 0.0, Next index: 2, Last known committed idx: 0, Time since last communication: 0.000s
I20260601 13:28:02.749619 25955 raft_consensus.cc:1275] T 550ac4aae78349f39108f004d8f73d3a P dbed2f42c1a8454b9faffeb9dc3039f5 [term 2 FOLLOWER]: Refusing update from remote peer 48e43488c90f43eb971cb7c5027f40d6: Log matching property violated. Preceding OpId in replica: term: 1 index: 1. Preceding OpId from leader: term: 2 index: 2. (index mismatch)
I20260601 13:28:02.750305 26212 consensus_queue.cc:1048] T 550ac4aae78349f39108f004d8f73d3a P 48e43488c90f43eb971cb7c5027f40d6 [LEADER]: Connected to new peer: Peer: permanent_uuid: "dbed2f42c1a8454b9faffeb9dc3039f5" member_type: VOTER last_known_addr { host: "127.22.94.2" port: 43333 }, Status: LMP_MISMATCH, Last received: 0.0, Next index: 2, Last known committed idx: 1, Time since last communication: 0.000s
I20260601 13:28:02.753100 26031 raft_consensus.cc:1275] T 550ac4aae78349f39108f004d8f73d3a P 80c63d94378141d79978dc7e8ee6de2f [term 2 FOLLOWER]: Refusing update from remote peer 48e43488c90f43eb971cb7c5027f40d6: Log matching property violated. Preceding OpId in replica: term: 1 index: 1. Preceding OpId from leader: term: 2 index: 2. (index mismatch)
I20260601 13:28:02.753468 26212 consensus_queue.cc:1048] T 550ac4aae78349f39108f004d8f73d3a P 48e43488c90f43eb971cb7c5027f40d6 [LEADER]: Connected to new peer: Peer: permanent_uuid: "80c63d94378141d79978dc7e8ee6de2f" member_type: VOTER last_known_addr { host: "127.22.94.3" port: 43885 }, Status: LMP_MISMATCH, Last received: 0.0, Next index: 2, Last known committed idx: 1, Time since last communication: 0.000s
I20260601 13:28:02.792146 26280 ts_tablet_manager.cc:933] T 7ff8d920c315478aa7073e376ce8d0bc P 48e43488c90f43eb971cb7c5027f40d6: Initiating tablet copy from peer dbed2f42c1a8454b9faffeb9dc3039f5 (127.22.94.2:43333)
I20260601 13:28:02.792589 26280 tablet_copy_client.cc:323] T 7ff8d920c315478aa7073e376ce8d0bc P 48e43488c90f43eb971cb7c5027f40d6: tablet copy: Beginning tablet copy session from remote peer at address 127.22.94.2:43333
I20260601 13:28:02.793097 25966 tablet_copy_service.cc:140] P dbed2f42c1a8454b9faffeb9dc3039f5: Received BeginTabletCopySession request for tablet 7ff8d920c315478aa7073e376ce8d0bc from peer 48e43488c90f43eb971cb7c5027f40d6 ({username='slave'} at 127.0.0.1:57254)
I20260601 13:28:02.793186 25966 tablet_copy_service.cc:161] P dbed2f42c1a8454b9faffeb9dc3039f5: Beginning new tablet copy session on tablet 7ff8d920c315478aa7073e376ce8d0bc from peer 48e43488c90f43eb971cb7c5027f40d6 at {username='slave'} at 127.0.0.1:57254: session id = 48e43488c90f43eb971cb7c5027f40d6-7ff8d920c315478aa7073e376ce8d0bc
I20260601 13:28:02.794072 25966 tablet_copy_source_session.cc:215] T 7ff8d920c315478aa7073e376ce8d0bc P dbed2f42c1a8454b9faffeb9dc3039f5: Tablet Copy: opened 0 blocks and 1 log segments
I20260601 13:28:02.794930 26280 data_dirs.cc:400] Could only allocate 1 dirs of requested 3 for tablet 7ff8d920c315478aa7073e376ce8d0bc. 1 dirs total, 0 dirs full, 0 dirs failed
I20260601 13:28:02.796727 26280 tablet_copy_client.cc:806] T 7ff8d920c315478aa7073e376ce8d0bc P 48e43488c90f43eb971cb7c5027f40d6: tablet copy: Starting download of 0 data blocks...
I20260601 13:28:02.796903 26280 tablet_copy_client.cc:670] T 7ff8d920c315478aa7073e376ce8d0bc P 48e43488c90f43eb971cb7c5027f40d6: tablet copy: Starting download of 1 WAL segments...
I20260601 13:28:02.798099 26280 tablet_copy_client.cc:538] T 7ff8d920c315478aa7073e376ce8d0bc P 48e43488c90f43eb971cb7c5027f40d6: tablet copy: Tablet Copy complete. Replacing tablet superblock.
I20260601 13:28:02.799265 26280 tablet_bootstrap.cc:492] T 7ff8d920c315478aa7073e376ce8d0bc P 48e43488c90f43eb971cb7c5027f40d6: Bootstrap starting.
I20260601 13:28:02.802644 26280 tablet_bootstrap.cc:492] T 7ff8d920c315478aa7073e376ce8d0bc P 48e43488c90f43eb971cb7c5027f40d6: Bootstrap replayed 1/1 log segments. Stats: ops{read=2 overwritten=0 applied=2 ignored=0} inserts{seen=0 ignored=0} mutations{seen=0 ignored=0} orphaned_commits=0. Pending: 0 replicates
I20260601 13:28:02.802904 26280 tablet_bootstrap.cc:492] T 7ff8d920c315478aa7073e376ce8d0bc P 48e43488c90f43eb971cb7c5027f40d6: Bootstrap complete.
I20260601 13:28:02.803089 26280 ts_tablet_manager.cc:1403] T 7ff8d920c315478aa7073e376ce8d0bc P 48e43488c90f43eb971cb7c5027f40d6: Time spent bootstrapping tablet: real 0.004s	user 0.002s	sys 0.001s
I20260601 13:28:02.803472 26280 raft_consensus.cc:359] T 7ff8d920c315478aa7073e376ce8d0bc P 48e43488c90f43eb971cb7c5027f40d6 [term 1 LEARNER]: Replica starting. Triggering 0 pending ops. Active config: opid_index: 2 OBSOLETE_local: false peers { permanent_uuid: "37f9b01c2ca1469891cbdb4549982156" member_type: VOTER last_known_addr { host: "127.22.94.1" port: 36087 } attrs { replace: true } } peers { permanent_uuid: "dbed2f42c1a8454b9faffeb9dc3039f5" member_type: VOTER last_known_addr { host: "127.22.94.2" port: 43333 } } peers { permanent_uuid: "80c63d94378141d79978dc7e8ee6de2f" member_type: VOTER last_known_addr { host: "127.22.94.3" port: 43885 } } peers { permanent_uuid: "48e43488c90f43eb971cb7c5027f40d6" member_type: NON_VOTER last_known_addr { host: "127.22.94.4" port: 38637 } attrs { promote: true } }
I20260601 13:28:02.803601 26280 raft_consensus.cc:740] T 7ff8d920c315478aa7073e376ce8d0bc P 48e43488c90f43eb971cb7c5027f40d6 [term 1 LEARNER]: Becoming Follower/Learner. State: Replica: 48e43488c90f43eb971cb7c5027f40d6, State: Initialized, Role: LEARNER
I20260601 13:28:02.803728 26280 consensus_queue.cc:260] T 7ff8d920c315478aa7073e376ce8d0bc P 48e43488c90f43eb971cb7c5027f40d6 [NON_LEADER]: Queue going to NON_LEADER mode. State: All replicated index: 0, Majority replicated index: 0, Committed index: 2, Last appended: 1.2, Last appended by leader: 2, Current term: 0, Majority size: -1, State: 0, Mode: NON_LEADER, active raft config: opid_index: 2 OBSOLETE_local: false peers { permanent_uuid: "37f9b01c2ca1469891cbdb4549982156" member_type: VOTER last_known_addr { host: "127.22.94.1" port: 36087 } attrs { replace: true } } peers { permanent_uuid: "dbed2f42c1a8454b9faffeb9dc3039f5" member_type: VOTER last_known_addr { host: "127.22.94.2" port: 43333 } } peers { permanent_uuid: "80c63d94378141d79978dc7e8ee6de2f" member_type: VOTER last_known_addr { host: "127.22.94.3" port: 43885 } } peers { permanent_uuid: "48e43488c90f43eb971cb7c5027f40d6" member_type: NON_VOTER last_known_addr { host: "127.22.94.4" port: 38637 } attrs { promote: true } }
I20260601 13:28:02.804023 26280 ts_tablet_manager.cc:1434] T 7ff8d920c315478aa7073e376ce8d0bc P 48e43488c90f43eb971cb7c5027f40d6: Time spent starting tablet: real 0.001s	user 0.000s	sys 0.000s
I20260601 13:28:02.804631 25966 tablet_copy_service.cc:342] P dbed2f42c1a8454b9faffeb9dc3039f5: Request end of tablet copy session 48e43488c90f43eb971cb7c5027f40d6-7ff8d920c315478aa7073e376ce8d0bc received from {username='slave'} at 127.0.0.1:57254
I20260601 13:28:02.804735 25966 tablet_copy_service.cc:434] P dbed2f42c1a8454b9faffeb9dc3039f5: ending tablet copy session 48e43488c90f43eb971cb7c5027f40d6-7ff8d920c315478aa7073e376ce8d0bc on tablet 7ff8d920c315478aa7073e376ce8d0bc with peer 48e43488c90f43eb971cb7c5027f40d6
I20260601 13:28:02.883163 26031 raft_consensus.cc:1275] T f0fb35fa98d44809a4c3689358f1a4fe P 80c63d94378141d79978dc7e8ee6de2f [term 2 FOLLOWER]: Refusing update from remote peer 48e43488c90f43eb971cb7c5027f40d6: Log matching property violated. Preceding OpId in replica: term: 0 index: 0. Preceding OpId from leader: term: 2 index: 2. (index mismatch)
I20260601 13:28:02.883912 26287 consensus_queue.cc:1048] T f0fb35fa98d44809a4c3689358f1a4fe P 48e43488c90f43eb971cb7c5027f40d6 [LEADER]: Connected to new peer: Peer: permanent_uuid: "80c63d94378141d79978dc7e8ee6de2f" member_type: VOTER last_known_addr { host: "127.22.94.3" port: 43885 }, Status: LMP_MISMATCH, Last received: 0.0, Next index: 2, Last known committed idx: 0, Time since last communication: 0.000s
I20260601 13:28:02.887604 25879 raft_consensus.cc:1275] T f0fb35fa98d44809a4c3689358f1a4fe P 37f9b01c2ca1469891cbdb4549982156 [term 2 FOLLOWER]: Refusing update from remote peer 48e43488c90f43eb971cb7c5027f40d6: Log matching property violated. Preceding OpId in replica: term: 1 index: 1. Preceding OpId from leader: term: 2 index: 2. (index mismatch)
I20260601 13:28:02.888039 26271 consensus_queue.cc:1048] T f0fb35fa98d44809a4c3689358f1a4fe P 48e43488c90f43eb971cb7c5027f40d6 [LEADER]: Connected to new peer: Peer: permanent_uuid: "37f9b01c2ca1469891cbdb4549982156" member_type: VOTER last_known_addr { host: "127.22.94.1" port: 36087 }, Status: LMP_MISMATCH, Last received: 0.0, Next index: 2, Last known committed idx: 1, Time since last communication: 0.000s
I20260601 13:28:03.003257 25955 raft_consensus.cc:1275] T 7082ca2c1fc546f3aa91ba8843179ad6 P dbed2f42c1a8454b9faffeb9dc3039f5 [term 2 FOLLOWER]: Refusing update from remote peer 37f9b01c2ca1469891cbdb4549982156: Log matching property violated. Preceding OpId in replica: term: 1 index: 1. Preceding OpId from leader: term: 2 index: 2. (index mismatch)
I20260601 13:28:03.004019 26122 consensus_queue.cc:1048] T 7082ca2c1fc546f3aa91ba8843179ad6 P 37f9b01c2ca1469891cbdb4549982156 [LEADER]: Connected to new peer: Peer: permanent_uuid: "dbed2f42c1a8454b9faffeb9dc3039f5" member_type: VOTER last_known_addr { host: "127.22.94.2" port: 43333 }, Status: LMP_MISMATCH, Last received: 0.0, Next index: 2, Last known committed idx: 1, Time since last communication: 0.000s
I20260601 13:28:03.007470 26031 raft_consensus.cc:1275] T 7082ca2c1fc546f3aa91ba8843179ad6 P 80c63d94378141d79978dc7e8ee6de2f [term 2 FOLLOWER]: Refusing update from remote peer 37f9b01c2ca1469891cbdb4549982156: Log matching property violated. Preceding OpId in replica: term: 1 index: 1. Preceding OpId from leader: term: 2 index: 2. (index mismatch)
I20260601 13:28:03.008420 26286 consensus_queue.cc:1048] T 7082ca2c1fc546f3aa91ba8843179ad6 P 37f9b01c2ca1469891cbdb4549982156 [LEADER]: Connected to new peer: Peer: permanent_uuid: "80c63d94378141d79978dc7e8ee6de2f" member_type: VOTER last_known_addr { host: "127.22.94.3" port: 43885 }, Status: LMP_MISMATCH, Last received: 0.0, Next index: 2, Last known committed idx: 1, Time since last communication: 0.000s
I20260601 13:28:03.049628 26170 raft_consensus.cc:1217] T da2d13bfc07b496d876c70a3ef2a4920 P 48e43488c90f43eb971cb7c5027f40d6 [term 1 LEARNER]: Deduplicated request from leader. Original: 1.1->[1.2-1.2]   Dedup: 1.2->[]
