I20260601 13:26:53.263289 27062 raft_consensus.cc:359] T 5f9b2485385044d2bf74cf557406d29b P e6ec7c7b175144e9a00afdd6e025c44f [term 0 FOLLOWER]: Replica starting. Triggering 0 pending ops. Active config: opid_index: -1 OBSOLETE_local: false peers { permanent_uuid: "396dbff5558641ce9f58f9891f12d0b7" member_type: VOTER last_known_addr { host: "127.25.147.129" port: 41131 } } peers { permanent_uuid: "e6ec7c7b175144e9a00afdd6e025c44f" member_type: VOTER last_known_addr { host: "127.25.147.130" port: 41131 } } peers { permanent_uuid: "960a4ba113ca4b52aed483461d1c03af" member_type: VOTER last_known_addr { host: "127.25.147.131" port: 43713 } }
I20260601 13:26:53.263399 27062 raft_consensus.cc:385] T 5f9b2485385044d2bf74cf557406d29b P e6ec7c7b175144e9a00afdd6e025c44f [term 0 FOLLOWER]: Consensus starting up: Expiring failure detector timer to make a prompt election more likely
I20260601 13:26:53.263350 27059 raft_consensus.cc:359] T 49ff8ad3be674aa38936354f34a019a0 P 960a4ba113ca4b52aed483461d1c03af [term 0 FOLLOWER]: Replica starting. Triggering 0 pending ops. Active config: opid_index: -1 OBSOLETE_local: false peers { permanent_uuid: "396dbff5558641ce9f58f9891f12d0b7" member_type: VOTER last_known_addr { host: "127.25.147.129" port: 41131 } } peers { permanent_uuid: "e6ec7c7b175144e9a00afdd6e025c44f" member_type: VOTER last_known_addr { host: "127.25.147.130" port: 41131 } } peers { permanent_uuid: "960a4ba113ca4b52aed483461d1c03af" member_type: VOTER last_known_addr { host: "127.25.147.131" port: 43713 } }
I20260601 13:26:53.263450 27062 raft_consensus.cc:740] T 5f9b2485385044d2bf74cf557406d29b P e6ec7c7b175144e9a00afdd6e025c44f [term 0 FOLLOWER]: Becoming Follower/Learner. State: Replica: e6ec7c7b175144e9a00afdd6e025c44f, State: Initialized, Role: FOLLOWER
I20260601 13:26:53.263473 27059 raft_consensus.cc:385] T 49ff8ad3be674aa38936354f34a019a0 P 960a4ba113ca4b52aed483461d1c03af [term 0 FOLLOWER]: Consensus starting up: Expiring failure detector timer to make a prompt election more likely
I20260601 13:26:53.263512 27059 raft_consensus.cc:740] T 49ff8ad3be674aa38936354f34a019a0 P 960a4ba113ca4b52aed483461d1c03af [term 0 FOLLOWER]: Becoming Follower/Learner. State: Replica: 960a4ba113ca4b52aed483461d1c03af, State: Initialized, Role: FOLLOWER
I20260601 13:26:53.263567 27062 consensus_queue.cc:260] T 5f9b2485385044d2bf74cf557406d29b P e6ec7c7b175144e9a00afdd6e025c44f [NON_LEADER]: Queue going to NON_LEADER mode. State: All replicated index: 0, Majority replicated index: 0, Committed index: 0, Last appended: 0.0, Last appended by leader: 0, Current term: 0, Majority size: -1, State: 0, Mode: NON_LEADER, active raft config: opid_index: -1 OBSOLETE_local: false peers { permanent_uuid: "396dbff5558641ce9f58f9891f12d0b7" member_type: VOTER last_known_addr { host: "127.25.147.129" port: 41131 } } peers { permanent_uuid: "e6ec7c7b175144e9a00afdd6e025c44f" member_type: VOTER last_known_addr { host: "127.25.147.130" port: 41131 } } peers { permanent_uuid: "960a4ba113ca4b52aed483461d1c03af" member_type: VOTER last_known_addr { host: "127.25.147.131" port: 43713 } }
I20260601 13:26:53.263613 27059 consensus_queue.cc:260] T 49ff8ad3be674aa38936354f34a019a0 P 960a4ba113ca4b52aed483461d1c03af [NON_LEADER]: Queue going to NON_LEADER mode. State: All replicated index: 0, Majority replicated index: 0, Committed index: 0, Last appended: 0.0, Last appended by leader: 0, Current term: 0, Majority size: -1, State: 0, Mode: NON_LEADER, active raft config: opid_index: -1 OBSOLETE_local: false peers { permanent_uuid: "396dbff5558641ce9f58f9891f12d0b7" member_type: VOTER last_known_addr { host: "127.25.147.129" port: 41131 } } peers { permanent_uuid: "e6ec7c7b175144e9a00afdd6e025c44f" member_type: VOTER last_known_addr { host: "127.25.147.130" port: 41131 } } peers { permanent_uuid: "960a4ba113ca4b52aed483461d1c03af" member_type: VOTER last_known_addr { host: "127.25.147.131" port: 43713 } }
I20260601 13:26:53.263619 27060 ts_tablet_manager.cc:1403] T cce742c08ff147a6a33bffb0b04b38cc P 396dbff5558641ce9f58f9891f12d0b7: Time spent bootstrapping tablet: real 0.004s	user 0.002s	sys 0.000s
I20260601 13:26:53.263911 27062 ts_tablet_manager.cc:1434] T 5f9b2485385044d2bf74cf557406d29b P e6ec7c7b175144e9a00afdd6e025c44f: Time spent starting tablet: real 0.001s	user 0.001s	sys 0.000s
I20260601 13:26:53.263944 27059 ts_tablet_manager.cc:1434] T 49ff8ad3be674aa38936354f34a019a0 P 960a4ba113ca4b52aed483461d1c03af: Time spent starting tablet: real 0.001s	user 0.001s	sys 0.000s
I20260601 13:26:53.264075 27059 tablet_bootstrap.cc:492] T e87b868e0fae4538b5df0abe1a29fe2b P 960a4ba113ca4b52aed483461d1c03af: Bootstrap starting.
I20260601 13:26:53.264075 27062 tablet_bootstrap.cc:492] T 04735ff50b3649bfb625d1ed1ee9a695 P e6ec7c7b175144e9a00afdd6e025c44f: Bootstrap starting.
I20260601 13:26:53.264362 27060 raft_consensus.cc:359] T cce742c08ff147a6a33bffb0b04b38cc P 396dbff5558641ce9f58f9891f12d0b7 [term 0 FOLLOWER]: Replica starting. Triggering 0 pending ops. Active config: opid_index: -1 OBSOLETE_local: false peers { permanent_uuid: "396dbff5558641ce9f58f9891f12d0b7" member_type: VOTER last_known_addr { host: "127.25.147.129" port: 41131 } } peers { permanent_uuid: "960a4ba113ca4b52aed483461d1c03af" member_type: VOTER last_known_addr { host: "127.25.147.131" port: 43713 } } peers { permanent_uuid: "e6ec7c7b175144e9a00afdd6e025c44f" member_type: VOTER last_known_addr { host: "127.25.147.130" port: 41131 } }
I20260601 13:26:53.264514 27060 raft_consensus.cc:385] T cce742c08ff147a6a33bffb0b04b38cc P 396dbff5558641ce9f58f9891f12d0b7 [term 0 FOLLOWER]: Consensus starting up: Expiring failure detector timer to make a prompt election more likely
I20260601 13:26:53.264614 27060 raft_consensus.cc:740] T cce742c08ff147a6a33bffb0b04b38cc P 396dbff5558641ce9f58f9891f12d0b7 [term 0 FOLLOWER]: Becoming Follower/Learner. State: Replica: 396dbff5558641ce9f58f9891f12d0b7, State: Initialized, Role: FOLLOWER
I20260601 13:26:53.264837 27060 consensus_queue.cc:260] T cce742c08ff147a6a33bffb0b04b38cc P 396dbff5558641ce9f58f9891f12d0b7 [NON_LEADER]: Queue going to NON_LEADER mode. State: All replicated index: 0, Majority replicated index: 0, Committed index: 0, Last appended: 0.0, Last appended by leader: 0, Current term: 0, Majority size: -1, State: 0, Mode: NON_LEADER, active raft config: opid_index: -1 OBSOLETE_local: false peers { permanent_uuid: "396dbff5558641ce9f58f9891f12d0b7" member_type: VOTER last_known_addr { host: "127.25.147.129" port: 41131 } } peers { permanent_uuid: "960a4ba113ca4b52aed483461d1c03af" member_type: VOTER last_known_addr { host: "127.25.147.131" port: 43713 } } peers { permanent_uuid: "e6ec7c7b175144e9a00afdd6e025c44f" member_type: VOTER last_known_addr { host: "127.25.147.130" port: 41131 } }
I20260601 13:26:53.265071 27059 tablet_bootstrap.cc:654] T e87b868e0fae4538b5df0abe1a29fe2b P 960a4ba113ca4b52aed483461d1c03af: Neither blocks nor log segments found. Creating new log.
I20260601 13:26:53.265071 27062 tablet_bootstrap.cc:654] T 04735ff50b3649bfb625d1ed1ee9a695 P e6ec7c7b175144e9a00afdd6e025c44f: Neither blocks nor log segments found. Creating new log.
I20260601 13:26:53.265341 27060 ts_tablet_manager.cc:1434] T cce742c08ff147a6a33bffb0b04b38cc P 396dbff5558641ce9f58f9891f12d0b7: Time spent starting tablet: real 0.002s	user 0.001s	sys 0.000s
I20260601 13:26:53.265795 27060 tablet_bootstrap.cc:492] T 024726ab51594399a3cdcbdcc1470fe2 P 396dbff5558641ce9f58f9891f12d0b7: Bootstrap starting.
I20260601 13:26:53.266865 27060 tablet_bootstrap.cc:654] T 024726ab51594399a3cdcbdcc1470fe2 P 396dbff5558641ce9f58f9891f12d0b7: Neither blocks nor log segments found. Creating new log.
I20260601 13:26:53.268004 27060 tablet_bootstrap.cc:492] T 024726ab51594399a3cdcbdcc1470fe2 P 396dbff5558641ce9f58f9891f12d0b7: No bootstrap required, opened a new log
I20260601 13:26:53.268098 27060 ts_tablet_manager.cc:1403] T 024726ab51594399a3cdcbdcc1470fe2 P 396dbff5558641ce9f58f9891f12d0b7: Time spent bootstrapping tablet: real 0.002s	user 0.002s	sys 0.000s
I20260601 13:26:53.268504 27062 tablet_bootstrap.cc:492] T 04735ff50b3649bfb625d1ed1ee9a695 P e6ec7c7b175144e9a00afdd6e025c44f: No bootstrap required, opened a new log
I20260601 13:26:53.268595 27062 ts_tablet_manager.cc:1403] T 04735ff50b3649bfb625d1ed1ee9a695 P e6ec7c7b175144e9a00afdd6e025c44f: Time spent bootstrapping tablet: real 0.005s	user 0.002s	sys 0.000s
I20260601 13:26:53.268577 27060 raft_consensus.cc:359] T 024726ab51594399a3cdcbdcc1470fe2 P 396dbff5558641ce9f58f9891f12d0b7 [term 0 FOLLOWER]: Replica starting. Triggering 0 pending ops. Active config: opid_index: -1 OBSOLETE_local: false peers { permanent_uuid: "396dbff5558641ce9f58f9891f12d0b7" member_type: VOTER last_known_addr { host: "127.25.147.129" port: 41131 } } peers { permanent_uuid: "e6ec7c7b175144e9a00afdd6e025c44f" member_type: VOTER last_known_addr { host: "127.25.147.130" port: 41131 } } peers { permanent_uuid: "960a4ba113ca4b52aed483461d1c03af" member_type: VOTER last_known_addr { host: "127.25.147.131" port: 43713 } }
I20260601 13:26:53.268684 27060 raft_consensus.cc:385] T 024726ab51594399a3cdcbdcc1470fe2 P 396dbff5558641ce9f58f9891f12d0b7 [term 0 FOLLOWER]: Consensus starting up: Expiring failure detector timer to make a prompt election more likely
I20260601 13:26:53.268724 27060 raft_consensus.cc:740] T 024726ab51594399a3cdcbdcc1470fe2 P 396dbff5558641ce9f58f9891f12d0b7 [term 0 FOLLOWER]: Becoming Follower/Learner. State: Replica: 396dbff5558641ce9f58f9891f12d0b7, State: Initialized, Role: FOLLOWER
I20260601 13:26:53.268796 27059 tablet_bootstrap.cc:492] T e87b868e0fae4538b5df0abe1a29fe2b P 960a4ba113ca4b52aed483461d1c03af: No bootstrap required, opened a new log
I20260601 13:26:53.268862 27059 ts_tablet_manager.cc:1403] T e87b868e0fae4538b5df0abe1a29fe2b P 960a4ba113ca4b52aed483461d1c03af: Time spent bootstrapping tablet: real 0.005s	user 0.002s	sys 0.000s
I20260601 13:26:53.268827 27060 consensus_queue.cc:260] T 024726ab51594399a3cdcbdcc1470fe2 P 396dbff5558641ce9f58f9891f12d0b7 [NON_LEADER]: Queue going to NON_LEADER mode. State: All replicated index: 0, Majority replicated index: 0, Committed index: 0, Last appended: 0.0, Last appended by leader: 0, Current term: 0, Majority size: -1, State: 0, Mode: NON_LEADER, active raft config: opid_index: -1 OBSOLETE_local: false peers { permanent_uuid: "396dbff5558641ce9f58f9891f12d0b7" member_type: VOTER last_known_addr { host: "127.25.147.129" port: 41131 } } peers { permanent_uuid: "e6ec7c7b175144e9a00afdd6e025c44f" member_type: VOTER last_known_addr { host: "127.25.147.130" port: 41131 } } peers { permanent_uuid: "960a4ba113ca4b52aed483461d1c03af" member_type: VOTER last_known_addr { host: "127.25.147.131" port: 43713 } }
I20260601 13:26:53.269060 27060 ts_tablet_manager.cc:1434] T 024726ab51594399a3cdcbdcc1470fe2 P 396dbff5558641ce9f58f9891f12d0b7: Time spent starting tablet: real 0.001s	user 0.001s	sys 0.000s
I20260601 13:26:53.269037 27062 raft_consensus.cc:359] T 04735ff50b3649bfb625d1ed1ee9a695 P e6ec7c7b175144e9a00afdd6e025c44f [term 0 FOLLOWER]: Replica starting. Triggering 0 pending ops. Active config: opid_index: -1 OBSOLETE_local: false peers { permanent_uuid: "396dbff5558641ce9f58f9891f12d0b7" member_type: VOTER last_known_addr { host: "127.25.147.129" port: 41131 } } peers { permanent_uuid: "e6ec7c7b175144e9a00afdd6e025c44f" member_type: VOTER last_known_addr { host: "127.25.147.130" port: 41131 } } peers { permanent_uuid: "960a4ba113ca4b52aed483461d1c03af" member_type: VOTER last_known_addr { host: "127.25.147.131" port: 43713 } }
I20260601 13:26:53.269133 27062 raft_consensus.cc:385] T 04735ff50b3649bfb625d1ed1ee9a695 P e6ec7c7b175144e9a00afdd6e025c44f [term 0 FOLLOWER]: Consensus starting up: Expiring failure detector timer to make a prompt election more likely
I20260601 13:26:53.269166 27062 raft_consensus.cc:740] T 04735ff50b3649bfb625d1ed1ee9a695 P e6ec7c7b175144e9a00afdd6e025c44f [term 0 FOLLOWER]: Becoming Follower/Learner. State: Replica: e6ec7c7b175144e9a00afdd6e025c44f, State: Initialized, Role: FOLLOWER
I20260601 13:26:53.269232 27060 tablet_bootstrap.cc:492] T e87b868e0fae4538b5df0abe1a29fe2b P 396dbff5558641ce9f58f9891f12d0b7: Bootstrap starting.
I20260601 13:26:53.269274 27062 consensus_queue.cc:260] T 04735ff50b3649bfb625d1ed1ee9a695 P e6ec7c7b175144e9a00afdd6e025c44f [NON_LEADER]: Queue going to NON_LEADER mode. State: All replicated index: 0, Majority replicated index: 0, Committed index: 0, Last appended: 0.0, Last appended by leader: 0, Current term: 0, Majority size: -1, State: 0, Mode: NON_LEADER, active raft config: opid_index: -1 OBSOLETE_local: false peers { permanent_uuid: "396dbff5558641ce9f58f9891f12d0b7" member_type: VOTER last_known_addr { host: "127.25.147.129" port: 41131 } } peers { permanent_uuid: "e6ec7c7b175144e9a00afdd6e025c44f" member_type: VOTER last_known_addr { host: "127.25.147.130" port: 41131 } } peers { permanent_uuid: "960a4ba113ca4b52aed483461d1c03af" member_type: VOTER last_known_addr { host: "127.25.147.131" port: 43713 } }
I20260601 13:26:53.269562 27062 ts_tablet_manager.cc:1434] T 04735ff50b3649bfb625d1ed1ee9a695 P e6ec7c7b175144e9a00afdd6e025c44f: Time spent starting tablet: real 0.001s	user 0.001s	sys 0.000s
I20260601 13:26:53.269892 27062 tablet_bootstrap.cc:492] T 8afcaad4b08e425992611161879887bd P e6ec7c7b175144e9a00afdd6e025c44f: Bootstrap starting.
I20260601 13:26:53.270231 27060 tablet_bootstrap.cc:654] T e87b868e0fae4538b5df0abe1a29fe2b P 396dbff5558641ce9f58f9891f12d0b7: Neither blocks nor log segments found. Creating new log.
I20260601 13:26:53.270823 27062 tablet_bootstrap.cc:654] T 8afcaad4b08e425992611161879887bd P e6ec7c7b175144e9a00afdd6e025c44f: Neither blocks nor log segments found. Creating new log.
I20260601 13:26:53.269243 27059 raft_consensus.cc:359] T e87b868e0fae4538b5df0abe1a29fe2b P 960a4ba113ca4b52aed483461d1c03af [term 0 FOLLOWER]: Replica starting. Triggering 0 pending ops. Active config: opid_index: -1 OBSOLETE_local: false peers { permanent_uuid: "396dbff5558641ce9f58f9891f12d0b7" member_type: VOTER last_known_addr { host: "127.25.147.129" port: 41131 } } peers { permanent_uuid: "e6ec7c7b175144e9a00afdd6e025c44f" member_type: VOTER last_known_addr { host: "127.25.147.130" port: 41131 } } peers { permanent_uuid: "960a4ba113ca4b52aed483461d1c03af" member_type: VOTER last_known_addr { host: "127.25.147.131" port: 43713 } }
I20260601 13:26:53.271248 27059 raft_consensus.cc:385] T e87b868e0fae4538b5df0abe1a29fe2b P 960a4ba113ca4b52aed483461d1c03af [term 0 FOLLOWER]: Consensus starting up: Expiring failure detector timer to make a prompt election more likely
I20260601 13:26:53.271288 27059 raft_consensus.cc:740] T e87b868e0fae4538b5df0abe1a29fe2b P 960a4ba113ca4b52aed483461d1c03af [term 0 FOLLOWER]: Becoming Follower/Learner. State: Replica: 960a4ba113ca4b52aed483461d1c03af, State: Initialized, Role: FOLLOWER
I20260601 13:26:53.271406 27059 consensus_queue.cc:260] T e87b868e0fae4538b5df0abe1a29fe2b P 960a4ba113ca4b52aed483461d1c03af [NON_LEADER]: Queue going to NON_LEADER mode. State: All replicated index: 0, Majority replicated index: 0, Committed index: 0, Last appended: 0.0, Last appended by leader: 0, Current term: 0, Majority size: -1, State: 0, Mode: NON_LEADER, active raft config: opid_index: -1 OBSOLETE_local: false peers { permanent_uuid: "396dbff5558641ce9f58f9891f12d0b7" member_type: VOTER last_known_addr { host: "127.25.147.129" port: 41131 } } peers { permanent_uuid: "e6ec7c7b175144e9a00afdd6e025c44f" member_type: VOTER last_known_addr { host: "127.25.147.130" port: 41131 } } peers { permanent_uuid: "960a4ba113ca4b52aed483461d1c03af" member_type: VOTER last_known_addr { host: "127.25.147.131" port: 43713 } }
I20260601 13:26:53.271677 27059 ts_tablet_manager.cc:1434] T e87b868e0fae4538b5df0abe1a29fe2b P 960a4ba113ca4b52aed483461d1c03af: Time spent starting tablet: real 0.003s	user 0.001s	sys 0.000s
I20260601 13:26:53.271862 27059 tablet_bootstrap.cc:492] T 8afcaad4b08e425992611161879887bd P 960a4ba113ca4b52aed483461d1c03af: Bootstrap starting.
I20260601 13:26:53.271894 27062 tablet_bootstrap.cc:492] T 8afcaad4b08e425992611161879887bd P e6ec7c7b175144e9a00afdd6e025c44f: No bootstrap required, opened a new log
I20260601 13:26:53.272009 27062 ts_tablet_manager.cc:1403] T 8afcaad4b08e425992611161879887bd P e6ec7c7b175144e9a00afdd6e025c44f: Time spent bootstrapping tablet: real 0.002s	user 0.002s	sys 0.000s
I20260601 13:26:53.272436 27062 raft_consensus.cc:359] T 8afcaad4b08e425992611161879887bd P e6ec7c7b175144e9a00afdd6e025c44f [term 0 FOLLOWER]: Replica starting. Triggering 0 pending ops. Active config: opid_index: -1 OBSOLETE_local: false peers { permanent_uuid: "396dbff5558641ce9f58f9891f12d0b7" member_type: VOTER last_known_addr { host: "127.25.147.129" port: 41131 } } peers { permanent_uuid: "e6ec7c7b175144e9a00afdd6e025c44f" member_type: VOTER last_known_addr { host: "127.25.147.130" port: 41131 } } peers { permanent_uuid: "960a4ba113ca4b52aed483461d1c03af" member_type: VOTER last_known_addr { host: "127.25.147.131" port: 43713 } }
I20260601 13:26:53.272555 27062 raft_consensus.cc:385] T 8afcaad4b08e425992611161879887bd P e6ec7c7b175144e9a00afdd6e025c44f [term 0 FOLLOWER]: Consensus starting up: Expiring failure detector timer to make a prompt election more likely
I20260601 13:26:53.272606 27062 raft_consensus.cc:740] T 8afcaad4b08e425992611161879887bd P e6ec7c7b175144e9a00afdd6e025c44f [term 0 FOLLOWER]: Becoming Follower/Learner. State: Replica: e6ec7c7b175144e9a00afdd6e025c44f, State: Initialized, Role: FOLLOWER
I20260601 13:26:53.272723 27062 consensus_queue.cc:260] T 8afcaad4b08e425992611161879887bd P e6ec7c7b175144e9a00afdd6e025c44f [NON_LEADER]: Queue going to NON_LEADER mode. State: All replicated index: 0, Majority replicated index: 0, Committed index: 0, Last appended: 0.0, Last appended by leader: 0, Current term: 0, Majority size: -1, State: 0, Mode: NON_LEADER, active raft config: opid_index: -1 OBSOLETE_local: false peers { permanent_uuid: "396dbff5558641ce9f58f9891f12d0b7" member_type: VOTER last_known_addr { host: "127.25.147.129" port: 41131 } } peers { permanent_uuid: "e6ec7c7b175144e9a00afdd6e025c44f" member_type: VOTER last_known_addr { host: "127.25.147.130" port: 41131 } } peers { permanent_uuid: "960a4ba113ca4b52aed483461d1c03af" member_type: VOTER last_known_addr { host: "127.25.147.131" port: 43713 } }
I20260601 13:26:53.272881 27059 tablet_bootstrap.cc:654] T 8afcaad4b08e425992611161879887bd P 960a4ba113ca4b52aed483461d1c03af: Neither blocks nor log segments found. Creating new log.
I20260601 13:26:53.273002 27062 ts_tablet_manager.cc:1434] T 8afcaad4b08e425992611161879887bd P e6ec7c7b175144e9a00afdd6e025c44f: Time spent starting tablet: real 0.001s	user 0.000s	sys 0.000s
I20260601 13:26:53.273186 27062 tablet_bootstrap.cc:492] T 49ff8ad3be674aa38936354f34a019a0 P e6ec7c7b175144e9a00afdd6e025c44f: Bootstrap starting.
I20260601 13:26:53.273970 27059 tablet_bootstrap.cc:492] T 8afcaad4b08e425992611161879887bd P 960a4ba113ca4b52aed483461d1c03af: No bootstrap required, opened a new log
I20260601 13:26:53.274101 27059 ts_tablet_manager.cc:1403] T 8afcaad4b08e425992611161879887bd P 960a4ba113ca4b52aed483461d1c03af: Time spent bootstrapping tablet: real 0.002s	user 0.002s	sys 0.000s
I20260601 13:26:53.274158 27062 tablet_bootstrap.cc:654] T 49ff8ad3be674aa38936354f34a019a0 P e6ec7c7b175144e9a00afdd6e025c44f: Neither blocks nor log segments found. Creating new log.
I20260601 13:26:53.274559 27059 raft_consensus.cc:359] T 8afcaad4b08e425992611161879887bd P 960a4ba113ca4b52aed483461d1c03af [term 0 FOLLOWER]: Replica starting. Triggering 0 pending ops. Active config: opid_index: -1 OBSOLETE_local: false peers { permanent_uuid: "396dbff5558641ce9f58f9891f12d0b7" member_type: VOTER last_known_addr { host: "127.25.147.129" port: 41131 } } peers { permanent_uuid: "e6ec7c7b175144e9a00afdd6e025c44f" member_type: VOTER last_known_addr { host: "127.25.147.130" port: 41131 } } peers { permanent_uuid: "960a4ba113ca4b52aed483461d1c03af" member_type: VOTER last_known_addr { host: "127.25.147.131" port: 43713 } }
I20260601 13:26:53.274672 27059 raft_consensus.cc:385] T 8afcaad4b08e425992611161879887bd P 960a4ba113ca4b52aed483461d1c03af [term 0 FOLLOWER]: Consensus starting up: Expiring failure detector timer to make a prompt election more likely
I20260601 13:26:53.274706 27059 raft_consensus.cc:740] T 8afcaad4b08e425992611161879887bd P 960a4ba113ca4b52aed483461d1c03af [term 0 FOLLOWER]: Becoming Follower/Learner. State: Replica: 960a4ba113ca4b52aed483461d1c03af, State: Initialized, Role: FOLLOWER
I20260601 13:26:53.274849 27059 consensus_queue.cc:260] T 8afcaad4b08e425992611161879887bd P 960a4ba113ca4b52aed483461d1c03af [NON_LEADER]: Queue going to NON_LEADER mode. State: All replicated index: 0, Majority replicated index: 0, Committed index: 0, Last appended: 0.0, Last appended by leader: 0, Current term: 0, Majority size: -1, State: 0, Mode: NON_LEADER, active raft config: opid_index: -1 OBSOLETE_local: false peers { permanent_uuid: "396dbff5558641ce9f58f9891f12d0b7" member_type: VOTER last_known_addr { host: "127.25.147.129" port: 41131 } } peers { permanent_uuid: "e6ec7c7b175144e9a00afdd6e025c44f" member_type: VOTER last_known_addr { host: "127.25.147.130" port: 41131 } } peers { permanent_uuid: "960a4ba113ca4b52aed483461d1c03af" member_type: VOTER last_known_addr { host: "127.25.147.131" port: 43713 } }
I20260601 13:26:53.275064 27060 tablet_bootstrap.cc:492] T e87b868e0fae4538b5df0abe1a29fe2b P 396dbff5558641ce9f58f9891f12d0b7: No bootstrap required, opened a new log
I20260601 13:26:53.275112 27059 ts_tablet_manager.cc:1434] T 8afcaad4b08e425992611161879887bd P 960a4ba113ca4b52aed483461d1c03af: Time spent starting tablet: real 0.001s	user 0.001s	sys 0.000s
I20260601 13:26:53.275151 27060 ts_tablet_manager.cc:1403] T e87b868e0fae4538b5df0abe1a29fe2b P 396dbff5558641ce9f58f9891f12d0b7: Time spent bootstrapping tablet: real 0.006s	user 0.002s	sys 0.000s
I20260601 13:26:53.275179 27062 tablet_bootstrap.cc:492] T 49ff8ad3be674aa38936354f34a019a0 P e6ec7c7b175144e9a00afdd6e025c44f: No bootstrap required, opened a new log
I20260601 13:26:53.275246 27062 ts_tablet_manager.cc:1403] T 49ff8ad3be674aa38936354f34a019a0 P e6ec7c7b175144e9a00afdd6e025c44f: Time spent bootstrapping tablet: real 0.002s	user 0.000s	sys 0.002s
I20260601 13:26:53.275554 27059 tablet_bootstrap.cc:492] T 4a5d64a9390d4a6d953e78214abb5208 P 960a4ba113ca4b52aed483461d1c03af: Bootstrap starting.
I20260601 13:26:53.275583 27060 raft_consensus.cc:359] T e87b868e0fae4538b5df0abe1a29fe2b P 396dbff5558641ce9f58f9891f12d0b7 [term 0 FOLLOWER]: Replica starting. Triggering 0 pending ops. Active config: opid_index: -1 OBSOLETE_local: false peers { permanent_uuid: "396dbff5558641ce9f58f9891f12d0b7" member_type: VOTER last_known_addr { host: "127.25.147.129" port: 41131 } } peers { permanent_uuid: "e6ec7c7b175144e9a00afdd6e025c44f" member_type: VOTER last_known_addr { host: "127.25.147.130" port: 41131 } } peers { permanent_uuid: "960a4ba113ca4b52aed483461d1c03af" member_type: VOTER last_known_addr { host: "127.25.147.131" port: 43713 } }
I20260601 13:26:53.275676 27060 raft_consensus.cc:385] T e87b868e0fae4538b5df0abe1a29fe2b P 396dbff5558641ce9f58f9891f12d0b7 [term 0 FOLLOWER]: Consensus starting up: Expiring failure detector timer to make a prompt election more likely
I20260601 13:26:53.275734 27060 raft_consensus.cc:740] T e87b868e0fae4538b5df0abe1a29fe2b P 396dbff5558641ce9f58f9891f12d0b7 [term 0 FOLLOWER]: Becoming Follower/Learner. State: Replica: 396dbff5558641ce9f58f9891f12d0b7, State: Initialized, Role: FOLLOWER
I20260601 13:26:53.275686 27062 raft_consensus.cc:359] T 49ff8ad3be674aa38936354f34a019a0 P e6ec7c7b175144e9a00afdd6e025c44f [term 0 FOLLOWER]: Replica starting. Triggering 0 pending ops. Active config: opid_index: -1 OBSOLETE_local: false peers { permanent_uuid: "396dbff5558641ce9f58f9891f12d0b7" member_type: VOTER last_known_addr { host: "127.25.147.129" port: 41131 } } peers { permanent_uuid: "e6ec7c7b175144e9a00afdd6e025c44f" member_type: VOTER last_known_addr { host: "127.25.147.130" port: 41131 } } peers { permanent_uuid: "960a4ba113ca4b52aed483461d1c03af" member_type: VOTER last_known_addr { host: "127.25.147.131" port: 43713 } }
I20260601 13:26:53.276121 27062 raft_consensus.cc:385] T 49ff8ad3be674aa38936354f34a019a0 P e6ec7c7b175144e9a00afdd6e025c44f [term 0 FOLLOWER]: Consensus starting up: Expiring failure detector timer to make a prompt election more likely
I20260601 13:26:53.276161 27062 raft_consensus.cc:740] T 49ff8ad3be674aa38936354f34a019a0 P e6ec7c7b175144e9a00afdd6e025c44f [term 0 FOLLOWER]: Becoming Follower/Learner. State: Replica: e6ec7c7b175144e9a00afdd6e025c44f, State: Initialized, Role: FOLLOWER
I20260601 13:26:53.276275 27062 consensus_queue.cc:260] T 49ff8ad3be674aa38936354f34a019a0 P e6ec7c7b175144e9a00afdd6e025c44f [NON_LEADER]: Queue going to NON_LEADER mode. State: All replicated index: 0, Majority replicated index: 0, Committed index: 0, Last appended: 0.0, Last appended by leader: 0, Current term: 0, Majority size: -1, State: 0, Mode: NON_LEADER, active raft config: opid_index: -1 OBSOLETE_local: false peers { permanent_uuid: "396dbff5558641ce9f58f9891f12d0b7" member_type: VOTER last_known_addr { host: "127.25.147.129" port: 41131 } } peers { permanent_uuid: "e6ec7c7b175144e9a00afdd6e025c44f" member_type: VOTER last_known_addr { host: "127.25.147.130" port: 41131 } } peers { permanent_uuid: "960a4ba113ca4b52aed483461d1c03af" member_type: VOTER last_known_addr { host: "127.25.147.131" port: 43713 } }
I20260601 13:26:53.276562 27062 ts_tablet_manager.cc:1434] T 49ff8ad3be674aa38936354f34a019a0 P e6ec7c7b175144e9a00afdd6e025c44f: Time spent starting tablet: real 0.001s	user 0.000s	sys 0.001s
I20260601 13:26:53.276588 27059 tablet_bootstrap.cc:654] T 4a5d64a9390d4a6d953e78214abb5208 P 960a4ba113ca4b52aed483461d1c03af: Neither blocks nor log segments found. Creating new log.
I20260601 13:26:53.277118 27060 consensus_queue.cc:260] T e87b868e0fae4538b5df0abe1a29fe2b P 396dbff5558641ce9f58f9891f12d0b7 [NON_LEADER]: Queue going to NON_LEADER mode. State: All replicated index: 0, Majority replicated index: 0, Committed index: 0, Last appended: 0.0, Last appended by leader: 0, Current term: 0, Majority size: -1, State: 0, Mode: NON_LEADER, active raft config: opid_index: -1 OBSOLETE_local: false peers { permanent_uuid: "396dbff5558641ce9f58f9891f12d0b7" member_type: VOTER last_known_addr { host: "127.25.147.129" port: 41131 } } peers { permanent_uuid: "e6ec7c7b175144e9a00afdd6e025c44f" member_type: VOTER last_known_addr { host: "127.25.147.130" port: 41131 } } peers { permanent_uuid: "960a4ba113ca4b52aed483461d1c03af" member_type: VOTER last_known_addr { host: "127.25.147.131" port: 43713 } }
I20260601 13:26:53.277482 27060 ts_tablet_manager.cc:1434] T e87b868e0fae4538b5df0abe1a29fe2b P 396dbff5558641ce9f58f9891f12d0b7: Time spent starting tablet: real 0.002s	user 0.001s	sys 0.000s
I20260601 13:26:53.277657 27060 tablet_bootstrap.cc:492] T 4a5d64a9390d4a6d953e78214abb5208 P 396dbff5558641ce9f58f9891f12d0b7: Bootstrap starting.
I20260601 13:26:53.277768 27059 tablet_bootstrap.cc:492] T 4a5d64a9390d4a6d953e78214abb5208 P 960a4ba113ca4b52aed483461d1c03af: No bootstrap required, opened a new log
I20260601 13:26:53.277856 27059 ts_tablet_manager.cc:1403] T 4a5d64a9390d4a6d953e78214abb5208 P 960a4ba113ca4b52aed483461d1c03af: Time spent bootstrapping tablet: real 0.002s	user 0.002s	sys 0.000s
I20260601 13:26:53.278295 27059 raft_consensus.cc:359] T 4a5d64a9390d4a6d953e78214abb5208 P 960a4ba113ca4b52aed483461d1c03af [term 0 FOLLOWER]: Replica starting. Triggering 0 pending ops. Active config: opid_index: -1 OBSOLETE_local: false peers { permanent_uuid: "396dbff5558641ce9f58f9891f12d0b7" member_type: VOTER last_known_addr { host: "127.25.147.129" port: 41131 } } peers { permanent_uuid: "e6ec7c7b175144e9a00afdd6e025c44f" member_type: VOTER last_known_addr { host: "127.25.147.130" port: 41131 } } peers { permanent_uuid: "960a4ba113ca4b52aed483461d1c03af" member_type: VOTER last_known_addr { host: "127.25.147.131" port: 43713 } }
I20260601 13:26:53.278421 27059 raft_consensus.cc:385] T 4a5d64a9390d4a6d953e78214abb5208 P 960a4ba113ca4b52aed483461d1c03af [term 0 FOLLOWER]: Consensus starting up: Expiring failure detector timer to make a prompt election more likely
I20260601 13:26:53.278453 27059 raft_consensus.cc:740] T 4a5d64a9390d4a6d953e78214abb5208 P 960a4ba113ca4b52aed483461d1c03af [term 0 FOLLOWER]: Becoming Follower/Learner. State: Replica: 960a4ba113ca4b52aed483461d1c03af, State: Initialized, Role: FOLLOWER
I20260601 13:26:53.278564 27059 consensus_queue.cc:260] T 4a5d64a9390d4a6d953e78214abb5208 P 960a4ba113ca4b52aed483461d1c03af [NON_LEADER]: Queue going to NON_LEADER mode. State: All replicated index: 0, Majority replicated index: 0, Committed index: 0, Last appended: 0.0, Last appended by leader: 0, Current term: 0, Majority size: -1, State: 0, Mode: NON_LEADER, active raft config: opid_index: -1 OBSOLETE_local: false peers { permanent_uuid: "396dbff5558641ce9f58f9891f12d0b7" member_type: VOTER last_known_addr { host: "127.25.147.129" port: 41131 } } peers { permanent_uuid: "e6ec7c7b175144e9a00afdd6e025c44f" member_type: VOTER last_known_addr { host: "127.25.147.130" port: 41131 } } peers { permanent_uuid: "960a4ba113ca4b52aed483461d1c03af" member_type: VOTER last_known_addr { host: "127.25.147.131" port: 43713 } }
I20260601 13:26:53.278638 27060 tablet_bootstrap.cc:654] T 4a5d64a9390d4a6d953e78214abb5208 P 396dbff5558641ce9f58f9891f12d0b7: Neither blocks nor log segments found. Creating new log.
I20260601 13:26:53.278823 27059 ts_tablet_manager.cc:1434] T 4a5d64a9390d4a6d953e78214abb5208 P 960a4ba113ca4b52aed483461d1c03af: Time spent starting tablet: real 0.001s	user 0.001s	sys 0.000s
I20260601 13:26:53.279001 27059 tablet_bootstrap.cc:492] T 024726ab51594399a3cdcbdcc1470fe2 P 960a4ba113ca4b52aed483461d1c03af: Bootstrap starting.
I20260601 13:26:53.279816 27059 tablet_bootstrap.cc:654] T 024726ab51594399a3cdcbdcc1470fe2 P 960a4ba113ca4b52aed483461d1c03af: Neither blocks nor log segments found. Creating new log.
I20260601 13:26:53.279855 27060 tablet_bootstrap.cc:492] T 4a5d64a9390d4a6d953e78214abb5208 P 396dbff5558641ce9f58f9891f12d0b7: No bootstrap required, opened a new log
I20260601 13:26:53.279945 27060 ts_tablet_manager.cc:1403] T 4a5d64a9390d4a6d953e78214abb5208 P 396dbff5558641ce9f58f9891f12d0b7: Time spent bootstrapping tablet: real 0.002s	user 0.002s	sys 0.000s
I20260601 13:26:53.279006 27064 raft_consensus.cc:493] T cce742c08ff147a6a33bffb0b04b38cc P e6ec7c7b175144e9a00afdd6e025c44f [term 0 FOLLOWER]: Starting pre-election (no leader contacted us within the election timeout)
I20260601 13:26:53.280385 27060 raft_consensus.cc:359] T 4a5d64a9390d4a6d953e78214abb5208 P 396dbff5558641ce9f58f9891f12d0b7 [term 0 FOLLOWER]: Replica starting. Triggering 0 pending ops. Active config: opid_index: -1 OBSOLETE_local: false peers { permanent_uuid: "396dbff5558641ce9f58f9891f12d0b7" member_type: VOTER last_known_addr { host: "127.25.147.129" port: 41131 } } peers { permanent_uuid: "e6ec7c7b175144e9a00afdd6e025c44f" member_type: VOTER last_known_addr { host: "127.25.147.130" port: 41131 } } peers { permanent_uuid: "960a4ba113ca4b52aed483461d1c03af" member_type: VOTER last_known_addr { host: "127.25.147.131" port: 43713 } }
I20260601 13:26:53.280498 27060 raft_consensus.cc:385] T 4a5d64a9390d4a6d953e78214abb5208 P 396dbff5558641ce9f58f9891f12d0b7 [term 0 FOLLOWER]: Consensus starting up: Expiring failure detector timer to make a prompt election more likely
I20260601 13:26:53.280553 27060 raft_consensus.cc:740] T 4a5d64a9390d4a6d953e78214abb5208 P 396dbff5558641ce9f58f9891f12d0b7 [term 0 FOLLOWER]: Becoming Follower/Learner. State: Replica: 396dbff5558641ce9f58f9891f12d0b7, State: Initialized, Role: FOLLOWER
I20260601 13:26:53.280679 27060 consensus_queue.cc:260] T 4a5d64a9390d4a6d953e78214abb5208 P 396dbff5558641ce9f58f9891f12d0b7 [NON_LEADER]: Queue going to NON_LEADER mode. State: All replicated index: 0, Majority replicated index: 0, Committed index: 0, Last appended: 0.0, Last appended by leader: 0, Current term: 0, Majority size: -1, State: 0, Mode: NON_LEADER, active raft config: opid_index: -1 OBSOLETE_local: false peers { permanent_uuid: "396dbff5558641ce9f58f9891f12d0b7" member_type: VOTER last_known_addr { host: "127.25.147.129" port: 41131 } } peers { permanent_uuid: "e6ec7c7b175144e9a00afdd6e025c44f" member_type: VOTER last_known_addr { host: "127.25.147.130" port: 41131 } } peers { permanent_uuid: "960a4ba113ca4b52aed483461d1c03af" member_type: VOTER last_known_addr { host: "127.25.147.131" port: 43713 } }
I20260601 13:26:53.280972 27060 ts_tablet_manager.cc:1434] T 4a5d64a9390d4a6d953e78214abb5208 P 396dbff5558641ce9f58f9891f12d0b7: Time spent starting tablet: real 0.001s	user 0.001s	sys 0.000s
I20260601 13:26:53.281149 27060 tablet_bootstrap.cc:492] T 5f9b2485385044d2bf74cf557406d29b P 396dbff5558641ce9f58f9891f12d0b7: Bootstrap starting.
I20260601 13:26:53.281256 27059 tablet_bootstrap.cc:492] T 024726ab51594399a3cdcbdcc1470fe2 P 960a4ba113ca4b52aed483461d1c03af: No bootstrap required, opened a new log
I20260601 13:26:53.281342 27059 ts_tablet_manager.cc:1403] T 024726ab51594399a3cdcbdcc1470fe2 P 960a4ba113ca4b52aed483461d1c03af: Time spent bootstrapping tablet: real 0.002s	user 0.001s	sys 0.000s
I20260601 13:26:53.281690 27059 raft_consensus.cc:359] T 024726ab51594399a3cdcbdcc1470fe2 P 960a4ba113ca4b52aed483461d1c03af [term 0 FOLLOWER]: Replica starting. Triggering 0 pending ops. Active config: opid_index: -1 OBSOLETE_local: false peers { permanent_uuid: "396dbff5558641ce9f58f9891f12d0b7" member_type: VOTER last_known_addr { host: "127.25.147.129" port: 41131 } } peers { permanent_uuid: "e6ec7c7b175144e9a00afdd6e025c44f" member_type: VOTER last_known_addr { host: "127.25.147.130" port: 41131 } } peers { permanent_uuid: "960a4ba113ca4b52aed483461d1c03af" member_type: VOTER last_known_addr { host: "127.25.147.131" port: 43713 } }
I20260601 13:26:53.281792 27059 raft_consensus.cc:385] T 024726ab51594399a3cdcbdcc1470fe2 P 960a4ba113ca4b52aed483461d1c03af [term 0 FOLLOWER]: Consensus starting up: Expiring failure detector timer to make a prompt election more likely
I20260601 13:26:53.281843 27059 raft_consensus.cc:740] T 024726ab51594399a3cdcbdcc1470fe2 P 960a4ba113ca4b52aed483461d1c03af [term 0 FOLLOWER]: Becoming Follower/Learner. State: Replica: 960a4ba113ca4b52aed483461d1c03af, State: Initialized, Role: FOLLOWER
I20260601 13:26:53.280459 27064 raft_consensus.cc:515] T cce742c08ff147a6a33bffb0b04b38cc P e6ec7c7b175144e9a00afdd6e025c44f [term 0 FOLLOWER]: Starting pre-election with config: opid_index: -1 OBSOLETE_local: false peers { permanent_uuid: "396dbff5558641ce9f58f9891f12d0b7" member_type: VOTER last_known_addr { host: "127.25.147.129" port: 41131 } } peers { permanent_uuid: "960a4ba113ca4b52aed483461d1c03af" member_type: VOTER last_known_addr { host: "127.25.147.131" port: 43713 } } peers { permanent_uuid: "e6ec7c7b175144e9a00afdd6e025c44f" member_type: VOTER last_known_addr { host: "127.25.147.130" port: 41131 } }
I20260601 13:26:53.282004 27059 consensus_queue.cc:260] T 024726ab51594399a3cdcbdcc1470fe2 P 960a4ba113ca4b52aed483461d1c03af [NON_LEADER]: Queue going to NON_LEADER mode. State: All replicated index: 0, Majority replicated index: 0, Committed index: 0, Last appended: 0.0, Last appended by leader: 0, Current term: 0, Majority size: -1, State: 0, Mode: NON_LEADER, active raft config: opid_index: -1 OBSOLETE_local: false peers { permanent_uuid: "396dbff5558641ce9f58f9891f12d0b7" member_type: VOTER last_known_addr { host: "127.25.147.129" port: 41131 } } peers { permanent_uuid: "e6ec7c7b175144e9a00afdd6e025c44f" member_type: VOTER last_known_addr { host: "127.25.147.130" port: 41131 } } peers { permanent_uuid: "960a4ba113ca4b52aed483461d1c03af" member_type: VOTER last_known_addr { host: "127.25.147.131" port: 43713 } }
I20260601 13:26:53.282269 27059 ts_tablet_manager.cc:1434] T 024726ab51594399a3cdcbdcc1470fe2 P 960a4ba113ca4b52aed483461d1c03af: Time spent starting tablet: real 0.001s	user 0.001s	sys 0.000s
I20260601 13:26:53.282436 27059 tablet_bootstrap.cc:492] T 5f9b2485385044d2bf74cf557406d29b P 960a4ba113ca4b52aed483461d1c03af: Bootstrap starting.
I20260601 13:26:53.282577 27064 leader_election.cc:290] T cce742c08ff147a6a33bffb0b04b38cc P e6ec7c7b175144e9a00afdd6e025c44f [CANDIDATE]: Term 1 pre-election: Requested pre-vote from peers 396dbff5558641ce9f58f9891f12d0b7 (127.25.147.129:41131), 960a4ba113ca4b52aed483461d1c03af (127.25.147.131:43713)
I20260601 13:26:53.283535 27059 tablet_bootstrap.cc:654] T 5f9b2485385044d2bf74cf557406d29b P 960a4ba113ca4b52aed483461d1c03af: Neither blocks nor log segments found. Creating new log.
I20260601 13:26:53.284304 27060 tablet_bootstrap.cc:654] T 5f9b2485385044d2bf74cf557406d29b P 396dbff5558641ce9f58f9891f12d0b7: Neither blocks nor log segments found. Creating new log.
I20260601 13:26:53.284611 27059 tablet_bootstrap.cc:492] T 5f9b2485385044d2bf74cf557406d29b P 960a4ba113ca4b52aed483461d1c03af: No bootstrap required, opened a new log
I20260601 13:26:53.284688 27059 ts_tablet_manager.cc:1403] T 5f9b2485385044d2bf74cf557406d29b P 960a4ba113ca4b52aed483461d1c03af: Time spent bootstrapping tablet: real 0.002s	user 0.002s	sys 0.000s
I20260601 13:26:53.285051 27059 raft_consensus.cc:359] T 5f9b2485385044d2bf74cf557406d29b P 960a4ba113ca4b52aed483461d1c03af [term 0 FOLLOWER]: Replica starting. Triggering 0 pending ops. Active config: opid_index: -1 OBSOLETE_local: false peers { permanent_uuid: "396dbff5558641ce9f58f9891f12d0b7" member_type: VOTER last_known_addr { host: "127.25.147.129" port: 41131 } } peers { permanent_uuid: "e6ec7c7b175144e9a00afdd6e025c44f" member_type: VOTER last_known_addr { host: "127.25.147.130" port: 41131 } } peers { permanent_uuid: "960a4ba113ca4b52aed483461d1c03af" member_type: VOTER last_known_addr { host: "127.25.147.131" port: 43713 } }
I20260601 13:26:53.285135 27059 raft_consensus.cc:385] T 5f9b2485385044d2bf74cf557406d29b P 960a4ba113ca4b52aed483461d1c03af [term 0 FOLLOWER]: Consensus starting up: Expiring failure detector timer to make a prompt election more likely
I20260601 13:26:53.285163 27059 raft_consensus.cc:740] T 5f9b2485385044d2bf74cf557406d29b P 960a4ba113ca4b52aed483461d1c03af [term 0 FOLLOWER]: Becoming Follower/Learner. State: Replica: 960a4ba113ca4b52aed483461d1c03af, State: Initialized, Role: FOLLOWER
I20260601 13:26:53.285291 27059 consensus_queue.cc:260] T 5f9b2485385044d2bf74cf557406d29b P 960a4ba113ca4b52aed483461d1c03af [NON_LEADER]: Queue going to NON_LEADER mode. State: All replicated index: 0, Majority replicated index: 0, Committed index: 0, Last appended: 0.0, Last appended by leader: 0, Current term: 0, Majority size: -1, State: 0, Mode: NON_LEADER, active raft config: opid_index: -1 OBSOLETE_local: false peers { permanent_uuid: "396dbff5558641ce9f58f9891f12d0b7" member_type: VOTER last_known_addr { host: "127.25.147.129" port: 41131 } } peers { permanent_uuid: "e6ec7c7b175144e9a00afdd6e025c44f" member_type: VOTER last_known_addr { host: "127.25.147.130" port: 41131 } } peers { permanent_uuid: "960a4ba113ca4b52aed483461d1c03af" member_type: VOTER last_known_addr { host: "127.25.147.131" port: 43713 } }
I20260601 13:26:53.285729 27059 ts_tablet_manager.cc:1434] T 5f9b2485385044d2bf74cf557406d29b P 960a4ba113ca4b52aed483461d1c03af: Time spent starting tablet: real 0.001s	user 0.001s	sys 0.000s
I20260601 13:26:53.285892 27059 tablet_bootstrap.cc:492] T cce742c08ff147a6a33bffb0b04b38cc P 960a4ba113ca4b52aed483461d1c03af: Bootstrap starting.
I20260601 13:26:53.287006 27060 tablet_bootstrap.cc:492] T 5f9b2485385044d2bf74cf557406d29b P 396dbff5558641ce9f58f9891f12d0b7: No bootstrap required, opened a new log
I20260601 13:26:53.287146 27060 ts_tablet_manager.cc:1403] T 5f9b2485385044d2bf74cf557406d29b P 396dbff5558641ce9f58f9891f12d0b7: Time spent bootstrapping tablet: real 0.006s	user 0.000s	sys 0.002s
I20260601 13:26:53.287623 27060 raft_consensus.cc:359] T 5f9b2485385044d2bf74cf557406d29b P 396dbff5558641ce9f58f9891f12d0b7 [term 0 FOLLOWER]: Replica starting. Triggering 0 pending ops. Active config: opid_index: -1 OBSOLETE_local: false peers { permanent_uuid: "396dbff5558641ce9f58f9891f12d0b7" member_type: VOTER last_known_addr { host: "127.25.147.129" port: 41131 } } peers { permanent_uuid: "e6ec7c7b175144e9a00afdd6e025c44f" member_type: VOTER last_known_addr { host: "127.25.147.130" port: 41131 } } peers { permanent_uuid: "960a4ba113ca4b52aed483461d1c03af" member_type: VOTER last_known_addr { host: "127.25.147.131" port: 43713 } }
I20260601 13:26:53.287658 26862 tablet_service.cc:1917] Received RequestConsensusVote() RPC: tablet_id: "cce742c08ff147a6a33bffb0b04b38cc" candidate_uuid: "e6ec7c7b175144e9a00afdd6e025c44f" candidate_term: 1 candidate_status { last_received { term: 0 index: 0 } } ignore_live_leader: false dest_uuid: "396dbff5558641ce9f58f9891f12d0b7" is_pre_election: true
I20260601 13:26:53.287803 27060 raft_consensus.cc:385] T 5f9b2485385044d2bf74cf557406d29b P 396dbff5558641ce9f58f9891f12d0b7 [term 0 FOLLOWER]: Consensus starting up: Expiring failure detector timer to make a prompt election more likely
I20260601 13:26:53.287873 26862 raft_consensus.cc:2468] T cce742c08ff147a6a33bffb0b04b38cc P 396dbff5558641ce9f58f9891f12d0b7 [term 0 FOLLOWER]: Leader pre-election vote request: Granting yes vote for candidate e6ec7c7b175144e9a00afdd6e025c44f in term 0.
I20260601 13:26:53.287928 27060 raft_consensus.cc:740] T 5f9b2485385044d2bf74cf557406d29b P 396dbff5558641ce9f58f9891f12d0b7 [term 0 FOLLOWER]: Becoming Follower/Learner. State: Replica: 396dbff5558641ce9f58f9891f12d0b7, State: Initialized, Role: FOLLOWER
I20260601 13:26:53.288049 27060 consensus_queue.cc:260] T 5f9b2485385044d2bf74cf557406d29b P 396dbff5558641ce9f58f9891f12d0b7 [NON_LEADER]: Queue going to NON_LEADER mode. State: All replicated index: 0, Majority replicated index: 0, Committed index: 0, Last appended: 0.0, Last appended by leader: 0, Current term: 0, Majority size: -1, State: 0, Mode: NON_LEADER, active raft config: opid_index: -1 OBSOLETE_local: false peers { permanent_uuid: "396dbff5558641ce9f58f9891f12d0b7" member_type: VOTER last_known_addr { host: "127.25.147.129" port: 41131 } } peers { permanent_uuid: "e6ec7c7b175144e9a00afdd6e025c44f" member_type: VOTER last_known_addr { host: "127.25.147.130" port: 41131 } } peers { permanent_uuid: "960a4ba113ca4b52aed483461d1c03af" member_type: VOTER last_known_addr { host: "127.25.147.131" port: 43713 } }
I20260601 13:26:53.288216 27059 tablet_bootstrap.cc:654] T cce742c08ff147a6a33bffb0b04b38cc P 960a4ba113ca4b52aed483461d1c03af: Neither blocks nor log segments found. Creating new log.
I20260601 13:26:53.288349 27060 ts_tablet_manager.cc:1434] T 5f9b2485385044d2bf74cf557406d29b P 396dbff5558641ce9f58f9891f12d0b7: Time spent starting tablet: real 0.001s	user 0.000s	sys 0.001s
I20260601 13:26:53.288553 27060 tablet_bootstrap.cc:492] T 49ff8ad3be674aa38936354f34a019a0 P 396dbff5558641ce9f58f9891f12d0b7: Bootstrap starting.
I20260601 13:26:53.288192 26901 leader_election.cc:304] T cce742c08ff147a6a33bffb0b04b38cc P e6ec7c7b175144e9a00afdd6e025c44f [CANDIDATE]: Term 1 pre-election: Election decided. Result: candidate won. Election summary: received 2 responses out of 3 voters: 2 yes votes; 0 no votes. yes voters: 396dbff5558641ce9f58f9891f12d0b7, e6ec7c7b175144e9a00afdd6e025c44f; no voters: 
I20260601 13:26:53.288888 27064 raft_consensus.cc:2804] T cce742c08ff147a6a33bffb0b04b38cc P e6ec7c7b175144e9a00afdd6e025c44f [term 0 FOLLOWER]: Leader pre-election won for term 1
I20260601 13:26:53.288982 27064 raft_consensus.cc:493] T cce742c08ff147a6a33bffb0b04b38cc P e6ec7c7b175144e9a00afdd6e025c44f [term 0 FOLLOWER]: Starting leader election (no leader contacted us within the election timeout)
I20260601 13:26:53.289036 27064 raft_consensus.cc:3060] T cce742c08ff147a6a33bffb0b04b38cc P e6ec7c7b175144e9a00afdd6e025c44f [term 0 FOLLOWER]: Advancing to term 1
I20260601 13:26:53.289500 27060 tablet_bootstrap.cc:654] T 49ff8ad3be674aa38936354f34a019a0 P 396dbff5558641ce9f58f9891f12d0b7: Neither blocks nor log segments found. Creating new log.
I20260601 13:26:53.290060 27064 raft_consensus.cc:515] T cce742c08ff147a6a33bffb0b04b38cc P e6ec7c7b175144e9a00afdd6e025c44f [term 1 FOLLOWER]: Starting leader election with config: opid_index: -1 OBSOLETE_local: false peers { permanent_uuid: "396dbff5558641ce9f58f9891f12d0b7" member_type: VOTER last_known_addr { host: "127.25.147.129" port: 41131 } } peers { permanent_uuid: "960a4ba113ca4b52aed483461d1c03af" member_type: VOTER last_known_addr { host: "127.25.147.131" port: 43713 } } peers { permanent_uuid: "e6ec7c7b175144e9a00afdd6e025c44f" member_type: VOTER last_known_addr { host: "127.25.147.130" port: 41131 } }
I20260601 13:26:53.290447 27064 leader_election.cc:290] T cce742c08ff147a6a33bffb0b04b38cc P e6ec7c7b175144e9a00afdd6e025c44f [CANDIDATE]: Term 1 election: Requested vote from peers 396dbff5558641ce9f58f9891f12d0b7 (127.25.147.129:41131), 960a4ba113ca4b52aed483461d1c03af (127.25.147.131:43713)
I20260601 13:26:53.290690 27060 tablet_bootstrap.cc:492] T 49ff8ad3be674aa38936354f34a019a0 P 396dbff5558641ce9f58f9891f12d0b7: No bootstrap required, opened a new log
I20260601 13:26:53.290848 27060 ts_tablet_manager.cc:1403] T 49ff8ad3be674aa38936354f34a019a0 P 396dbff5558641ce9f58f9891f12d0b7: Time spent bootstrapping tablet: real 0.002s	user 0.002s	sys 0.000s
I20260601 13:26:53.290803 26862 tablet_service.cc:1917] Received RequestConsensusVote() RPC: tablet_id: "cce742c08ff147a6a33bffb0b04b38cc" candidate_uuid: "e6ec7c7b175144e9a00afdd6e025c44f" candidate_term: 1 candidate_status { last_received { term: 0 index: 0 } } ignore_live_leader: false dest_uuid: "396dbff5558641ce9f58f9891f12d0b7"
I20260601 13:26:53.290982 26862 raft_consensus.cc:3060] T cce742c08ff147a6a33bffb0b04b38cc P 396dbff5558641ce9f58f9891f12d0b7 [term 0 FOLLOWER]: Advancing to term 1
I20260601 13:26:53.291411 27059 tablet_bootstrap.cc:492] T cce742c08ff147a6a33bffb0b04b38cc P 960a4ba113ca4b52aed483461d1c03af: No bootstrap required, opened a new log
I20260601 13:26:53.291471 27059 ts_tablet_manager.cc:1403] T cce742c08ff147a6a33bffb0b04b38cc P 960a4ba113ca4b52aed483461d1c03af: Time spent bootstrapping tablet: real 0.006s	user 0.002s	sys 0.000s
I20260601 13:26:53.291754 27059 raft_consensus.cc:359] T cce742c08ff147a6a33bffb0b04b38cc P 960a4ba113ca4b52aed483461d1c03af [term 0 FOLLOWER]: Replica starting. Triggering 0 pending ops. Active config: opid_index: -1 OBSOLETE_local: false peers { permanent_uuid: "396dbff5558641ce9f58f9891f12d0b7" member_type: VOTER last_known_addr { host: "127.25.147.129" port: 41131 } } peers { permanent_uuid: "960a4ba113ca4b52aed483461d1c03af" member_type: VOTER last_known_addr { host: "127.25.147.131" port: 43713 } } peers { permanent_uuid: "e6ec7c7b175144e9a00afdd6e025c44f" member_type: VOTER last_known_addr { host: "127.25.147.130" port: 41131 } }
I20260601 13:26:53.291813 27059 raft_consensus.cc:385] T cce742c08ff147a6a33bffb0b04b38cc P 960a4ba113ca4b52aed483461d1c03af [term 0 FOLLOWER]: Consensus starting up: Expiring failure detector timer to make a prompt election more likely
I20260601 13:26:53.291832 27059 raft_consensus.cc:740] T cce742c08ff147a6a33bffb0b04b38cc P 960a4ba113ca4b52aed483461d1c03af [term 0 FOLLOWER]: Becoming Follower/Learner. State: Replica: 960a4ba113ca4b52aed483461d1c03af, State: Initialized, Role: FOLLOWER
I20260601 13:26:53.291966 27059 consensus_queue.cc:260] T cce742c08ff147a6a33bffb0b04b38cc P 960a4ba113ca4b52aed483461d1c03af [NON_LEADER]: Queue going to NON_LEADER mode. State: All replicated index: 0, Majority replicated index: 0, Committed index: 0, Last appended: 0.0, Last appended by leader: 0, Current term: 0, Majority size: -1, State: 0, Mode: NON_LEADER, active raft config: opid_index: -1 OBSOLETE_local: false peers { permanent_uuid: "396dbff5558641ce9f58f9891f12d0b7" member_type: VOTER last_known_addr { host: "127.25.147.129" port: 41131 } } peers { permanent_uuid: "960a4ba113ca4b52aed483461d1c03af" member_type: VOTER last_known_addr { host: "127.25.147.131" port: 43713 } } peers { permanent_uuid: "e6ec7c7b175144e9a00afdd6e025c44f" member_type: VOTER last_known_addr { host: "127.25.147.130" port: 41131 } }
I20260601 13:26:53.291993 26862 raft_consensus.cc:2468] T cce742c08ff147a6a33bffb0b04b38cc P 396dbff5558641ce9f58f9891f12d0b7 [term 1 FOLLOWER]: Leader election vote request: Granting yes vote for candidate e6ec7c7b175144e9a00afdd6e025c44f in term 1.
I20260601 13:26:53.292021 27013 tablet_service.cc:1917] Received RequestConsensusVote() RPC: tablet_id: "cce742c08ff147a6a33bffb0b04b38cc" candidate_uuid: "e6ec7c7b175144e9a00afdd6e025c44f" candidate_term: 1 candidate_status { last_received { term: 0 index: 0 } } ignore_live_leader: false dest_uuid: "960a4ba113ca4b52aed483461d1c03af" is_pre_election: true
I20260601 13:26:53.292109 27013 raft_consensus.cc:2468] T cce742c08ff147a6a33bffb0b04b38cc P 960a4ba113ca4b52aed483461d1c03af [term 0 FOLLOWER]: Leader pre-election vote request: Granting yes vote for candidate e6ec7c7b175144e9a00afdd6e025c44f in term 0.
I20260601 13:26:53.292227 27059 ts_tablet_manager.cc:1434] T cce742c08ff147a6a33bffb0b04b38cc P 960a4ba113ca4b52aed483461d1c03af: Time spent starting tablet: real 0.001s	user 0.000s	sys 0.000s
I20260601 13:26:53.292268 26901 leader_election.cc:304] T cce742c08ff147a6a33bffb0b04b38cc P e6ec7c7b175144e9a00afdd6e025c44f [CANDIDATE]: Term 1 election: Election decided. Result: candidate won. Election summary: received 2 responses out of 3 voters: 2 yes votes; 0 no votes. yes voters: 396dbff5558641ce9f58f9891f12d0b7, e6ec7c7b175144e9a00afdd6e025c44f; no voters: 
