W20260601 13:26:59.268937 26978 consensus_peers.cc:597] T e87b868e0fae4538b5df0abe1a29fe2b P 960a4ba113ca4b52aed483461d1c03af -> Peer e6ec7c7b175144e9a00afdd6e025c44f (127.25.147.130:41131): Couldn't send request to peer e6ec7c7b175144e9a00afdd6e025c44f. Status: Remote error: Service unavailable: service kudu.consensus.ConsensusService not registered on TabletServer. This is attempt 1: this message will repeat every 5th retry.
I20260601 13:26:59.280977 26190 tablet_server.cc:196] TabletServer@127.25.147.130:0 shutdown complete.
I20260601 13:26:59.283715 26190 tablet_server.cc:179] TabletServer@127.25.147.131:0 shutting down...
I20260601 13:26:59.290015 26190 ts_tablet_manager.cc:1507] Shutting down tablet manager...
I20260601 13:26:59.290274 26190 tablet_replica.cc:333] T cce742c08ff147a6a33bffb0b04b38cc P 960a4ba113ca4b52aed483461d1c03af: stopping tablet replica
I20260601 13:26:59.290411 26190 raft_consensus.cc:2243] T cce742c08ff147a6a33bffb0b04b38cc P 960a4ba113ca4b52aed483461d1c03af [term 1 FOLLOWER]: Raft consensus shutting down.
I20260601 13:26:59.290537 26190 raft_consensus.cc:2272] T cce742c08ff147a6a33bffb0b04b38cc P 960a4ba113ca4b52aed483461d1c03af [term 1 FOLLOWER]: Raft consensus is shut down!
I20260601 13:26:59.291036 26190 tablet_replica.cc:333] T 04735ff50b3649bfb625d1ed1ee9a695 P 960a4ba113ca4b52aed483461d1c03af: stopping tablet replica
I20260601 13:26:59.291142 26190 raft_consensus.cc:2243] T 04735ff50b3649bfb625d1ed1ee9a695 P 960a4ba113ca4b52aed483461d1c03af [term 1 LEADER]: Raft consensus shutting down.
I20260601 13:26:59.291361 26190 raft_consensus.cc:2272] T 04735ff50b3649bfb625d1ed1ee9a695 P 960a4ba113ca4b52aed483461d1c03af [term 1 FOLLOWER]: Raft consensus is shut down!
I20260601 13:26:59.291872 26190 tablet_replica.cc:333] T e87b868e0fae4538b5df0abe1a29fe2b P 960a4ba113ca4b52aed483461d1c03af: stopping tablet replica
I20260601 13:26:59.291981 26190 raft_consensus.cc:2243] T e87b868e0fae4538b5df0abe1a29fe2b P 960a4ba113ca4b52aed483461d1c03af [term 1 LEADER]: Raft consensus shutting down.
I20260601 13:26:59.292137 26190 raft_consensus.cc:2272] T e87b868e0fae4538b5df0abe1a29fe2b P 960a4ba113ca4b52aed483461d1c03af [term 1 FOLLOWER]: Raft consensus is shut down!
I20260601 13:26:59.292479 26190 tablet_replica.cc:333] T 49ff8ad3be674aa38936354f34a019a0 P 960a4ba113ca4b52aed483461d1c03af: stopping tablet replica
I20260601 13:26:59.292579 26190 raft_consensus.cc:2243] T 49ff8ad3be674aa38936354f34a019a0 P 960a4ba113ca4b52aed483461d1c03af [term 3 FOLLOWER]: Raft consensus shutting down.
I20260601 13:26:59.292675 26190 raft_consensus.cc:2272] T 49ff8ad3be674aa38936354f34a019a0 P 960a4ba113ca4b52aed483461d1c03af [term 3 FOLLOWER]: Raft consensus is shut down!
I20260601 13:26:59.293170 26190 tablet_replica.cc:333] T 8afcaad4b08e425992611161879887bd P 960a4ba113ca4b52aed483461d1c03af: stopping tablet replica
I20260601 13:26:59.293267 26190 raft_consensus.cc:2243] T 8afcaad4b08e425992611161879887bd P 960a4ba113ca4b52aed483461d1c03af [term 2 FOLLOWER]: Raft consensus shutting down.
I20260601 13:26:59.293359 26190 raft_consensus.cc:2272] T 8afcaad4b08e425992611161879887bd P 960a4ba113ca4b52aed483461d1c03af [term 2 FOLLOWER]: Raft consensus is shut down!
I20260601 13:26:59.293696 26190 tablet_replica.cc:333] T 024726ab51594399a3cdcbdcc1470fe2 P 960a4ba113ca4b52aed483461d1c03af: stopping tablet replica
I20260601 13:26:59.293788 26190 raft_consensus.cc:2243] T 024726ab51594399a3cdcbdcc1470fe2 P 960a4ba113ca4b52aed483461d1c03af [term 1 FOLLOWER]: Raft consensus shutting down.
I20260601 13:26:59.293896 26190 raft_consensus.cc:2272] T 024726ab51594399a3cdcbdcc1470fe2 P 960a4ba113ca4b52aed483461d1c03af [term 1 FOLLOWER]: Raft consensus is shut down!
I20260601 13:26:59.294404 26190 tablet_replica.cc:333] T 5f9b2485385044d2bf74cf557406d29b P 960a4ba113ca4b52aed483461d1c03af: stopping tablet replica
I20260601 13:26:59.294497 26190 raft_consensus.cc:2243] T 5f9b2485385044d2bf74cf557406d29b P 960a4ba113ca4b52aed483461d1c03af [term 1 FOLLOWER]: Raft consensus shutting down.
I20260601 13:26:59.294580 26190 raft_consensus.cc:2272] T 5f9b2485385044d2bf74cf557406d29b P 960a4ba113ca4b52aed483461d1c03af [term 1 FOLLOWER]: Raft consensus is shut down!
I20260601 13:26:59.294921 26190 tablet_replica.cc:333] T 4a5d64a9390d4a6d953e78214abb5208 P 960a4ba113ca4b52aed483461d1c03af: stopping tablet replica
I20260601 13:26:59.295010 26190 raft_consensus.cc:2243] T 4a5d64a9390d4a6d953e78214abb5208 P 960a4ba113ca4b52aed483461d1c03af [term 1 FOLLOWER]: Raft consensus shutting down.
I20260601 13:26:59.295105 26190 raft_consensus.cc:2272] T 4a5d64a9390d4a6d953e78214abb5208 P 960a4ba113ca4b52aed483461d1c03af [term 1 FOLLOWER]: Raft consensus is shut down!
I20260601 13:26:59.309350 26190 tablet_server.cc:196] TabletServer@127.25.147.131:0 shutdown complete.
I20260601 13:26:59.311919 26190 tablet_server.cc:179] TabletServer@127.25.147.132:0 shutting down...
I20260601 13:26:59.315796 26190 ts_tablet_manager.cc:1507] Shutting down tablet manager...
I20260601 13:26:59.327775 26190 tablet_server.cc:196] TabletServer@127.25.147.132:0 shutdown complete.
I20260601 13:26:59.329530 26190 master.cc:562] Master@127.25.147.190:41711 shutting down...
W20260601 13:26:59.333989 26807 auto_rebalancer.cc:835] Removing replace marker failed: Catalog manager is not initialized. State: Closing
W20260601 13:26:59.334111 26807 auto_rebalancer.cc:863] Could not move replica: Service unavailable: Catalog manager is not initialized. State: Closing
W20260601 13:26:59.334161 26807 auto_rebalancer.cc:300] scheduled replica move failed to complete: Service unavailable: Catalog manager is not initialized. State: Closing
I20260601 13:26:59.334601 26190 raft_consensus.cc:2243] T 00000000000000000000000000000000 P 8d740dd8031e431c97acb8078a59e7f0 [term 1 LEADER]: Raft consensus shutting down.
I20260601 13:26:59.334781 26190 raft_consensus.cc:2272] T 00000000000000000000000000000000 P 8d740dd8031e431c97acb8078a59e7f0 [term 1 FOLLOWER]: Raft consensus is shut down!
I20260601 13:26:59.334870 26190 tablet_replica.cc:333] T 00000000000000000000000000000000 P 8d740dd8031e431c97acb8078a59e7f0: stopping tablet replica
I20260601 13:26:59.347592 26190 master.cc:584] Master@127.25.147.190:41711 shutdown complete.
[       OK ] AutoRebalancerTest.AutoRebalancingTurnOffAndOn (7323 ms)
[ RUN      ] AutoRebalancerTest.NextLeaderResumesAutoRebalancing
I20260601 13:26:59.357858 26190 internal_mini_cluster.cc:156] Creating distributed mini masters. Addrs: 127.25.147.190:40397,127.25.147.189:36137,127.25.147.188:39103
I20260601 13:26:59.358325 26190 file_cache.cc:492] Constructed file cache file cache with capacity 419430
W20260601 13:26:59.360316 27269 instance_detector.cc:116] could not retrieve OpenStack instance metadata: Network error: curl error: HTTP response code said error: The requested URL returned error: 404
W20260601 13:26:59.360345 27266 instance_detector.cc:116] could not retrieve AWS instance metadata: Network error: curl error: HTTP response code said error: The requested URL returned error: 404
I20260601 13:26:59.360301 26190 server_base.cc:1061] running on GCE node
W20260601 13:26:59.360281 27267 instance_detector.cc:116] could not retrieve Azure instance metadata: Network error: curl error: HTTP response code said error: The requested URL returned error: 404
I20260601 13:26:59.360778 26190 hybrid_clock.cc:584] initializing the hybrid clock with 'system_unsync' time source
W20260601 13:26:59.360836 26190 system_unsync_time.cc:38] NTP support is disabled. Clock error bounds will not be accurate. This configuration is not suitable for distributed clusters.
I20260601 13:26:59.360877 26190 hybrid_clock.cc:648] HybridClock initialized: now 1780320419360875 us; error 0 us; skew 500 ppm
I20260601 13:26:59.361651 26190 webserver.cc:533] Webserver started at http://127.25.147.190:36001/ using document root <none> and password file <none>
I20260601 13:26:59.361836 26190 fs_manager.cc:362] Metadata directory not provided
I20260601 13:26:59.361901 26190 fs_manager.cc:368] Using write-ahead log directory (fs_wal_dir) as metadata directory
I20260601 13:26:59.361976 26190 server_base.cc:909] This appears to be a new deployment of Kudu; creating new FS layout
I20260601 13:26:59.362430 26190 fs_manager.cc:1068] Generated new instance metadata in path /tmp/dist-test-task3TnclC/test-tmp/auto_rebalancer-test.0.AutoRebalancerTest.NextLeaderResumesAutoRebalancing.1780320409401547-26190-0/minicluster-data/master-0-root/instance:
uuid: "40b8c77ac6084d82915e9437de073798"
format_stamp: "Formatted at 2026-06-01 13:26:59 on dist-test-slave-pcgt"
I20260601 13:26:59.363840 26190 fs_manager.cc:696] Time spent creating directory manager: real 0.001s	user 0.002s	sys 0.000s
I20260601 13:26:59.364662 27274 log_block_manager.cc:4031] Time spent loading block containers with low live blocks: real 0.000s	user 0.000s	sys 0.000s
I20260601 13:26:59.364894 26190 fs_manager.cc:730] Time spent opening block manager: real 0.001s	user 0.001s	sys 0.000s
I20260601 13:26:59.364974 26190 fs_manager.cc:647] Opened local filesystem: /tmp/dist-test-task3TnclC/test-tmp/auto_rebalancer-test.0.AutoRebalancerTest.NextLeaderResumesAutoRebalancing.1780320409401547-26190-0/minicluster-data/master-0-root
uuid: "40b8c77ac6084d82915e9437de073798"
format_stamp: "Formatted at 2026-06-01 13:26:59 on dist-test-slave-pcgt"
I20260601 13:26:59.365061 26190 fs_report.cc:389] FS layout report
--------------------
wal directory: /tmp/dist-test-task3TnclC/test-tmp/auto_rebalancer-test.0.AutoRebalancerTest.NextLeaderResumesAutoRebalancing.1780320409401547-26190-0/minicluster-data/master-0-root
metadata directory: /tmp/dist-test-task3TnclC/test-tmp/auto_rebalancer-test.0.AutoRebalancerTest.NextLeaderResumesAutoRebalancing.1780320409401547-26190-0/minicluster-data/master-0-root
1 data directories: /tmp/dist-test-task3TnclC/test-tmp/auto_rebalancer-test.0.AutoRebalancerTest.NextLeaderResumesAutoRebalancing.1780320409401547-26190-0/minicluster-data/master-0-root/data
Total live blocks: 0
Total live bytes: 0
Total live bytes (after alignment): 0
Total number of LBM containers: 0 (0 full)
Did not check for missing blocks
Did not check for orphaned blocks
Total full LBM containers with extra space: 0 (0 repaired)
Total full LBM container extra space in bytes: 0 (0 repaired)
Total incomplete LBM containers: 0 (0 repaired)
Total LBM partial records: 0 (0 repaired)
Total corrupted LBM metadata records in RocksDB: 0 (0 repaired)
I20260601 13:26:59.379833 26190 rpc_server.cc:225] running with OpenSSL 1.1.1  11 Sep 2018
I20260601 13:26:59.380216 26190 kserver.cc:163] Server-wide thread pool size limit: 3276
I20260601 13:26:59.384371 26190 rpc_server.cc:307] RPC server started. Bound to: 127.25.147.190:40397
I20260601 13:26:59.385730 26190 file_cache.cc:492] Constructed file cache file cache with capacity 419430
I20260601 13:26:59.390290 27326 acceptor_pool.cc:272] collecting diagnostics on the listening RPC socket 127.25.147.190:40397 every 8 connection(s)
I20260601 13:26:59.391294 27327 data_dirs.cc:400] Could only allocate 1 dirs of requested 3 for tablet 00000000000000000000000000000000. 1 dirs total, 0 dirs full, 0 dirs failed
W20260601 13:26:59.391287 27332 instance_detector.cc:116] could not retrieve OpenStack instance metadata: Network error: curl error: HTTP response code said error: The requested URL returned error: 404
W20260601 13:26:59.391287 27329 instance_detector.cc:116] could not retrieve AWS instance metadata: Network error: curl error: HTTP response code said error: The requested URL returned error: 404
I20260601 13:26:59.391538 26190 server_base.cc:1061] running on GCE node
I20260601 13:26:59.392498 27327 sys_catalog.cc:422] member_type: VOTER last_known_addr { host: "127.25.147.190" port: 40397 } has no permanent_uuid. Determining permanent_uuid...
W20260601 13:26:59.392809 27330 instance_detector.cc:116] could not retrieve Azure instance metadata: Network error: curl error: HTTP response code said error: The requested URL returned error: 404
I20260601 13:26:59.393064 26190 hybrid_clock.cc:584] initializing the hybrid clock with 'system_unsync' time source
W20260601 13:26:59.393129 26190 system_unsync_time.cc:38] NTP support is disabled. Clock error bounds will not be accurate. This configuration is not suitable for distributed clusters.
I20260601 13:26:59.393151 26190 hybrid_clock.cc:648] HybridClock initialized: now 1780320419393151 us; error 0 us; skew 500 ppm
I20260601 13:26:59.394089 26190 webserver.cc:533] Webserver started at http://127.25.147.189:35251/ using document root <none> and password file <none>
I20260601 13:26:59.394243 26190 fs_manager.cc:362] Metadata directory not provided
I20260601 13:26:59.394299 26190 fs_manager.cc:368] Using write-ahead log directory (fs_wal_dir) as metadata directory
I20260601 13:26:59.394367 26190 server_base.cc:909] This appears to be a new deployment of Kudu; creating new FS layout
I20260601 13:26:59.394712 26190 fs_manager.cc:1068] Generated new instance metadata in path /tmp/dist-test-task3TnclC/test-tmp/auto_rebalancer-test.0.AutoRebalancerTest.NextLeaderResumesAutoRebalancing.1780320409401547-26190-0/minicluster-data/master-1-root/instance:
uuid: "3b97e2007fb04ccd90195edac298e58b"
format_stamp: "Formatted at 2026-06-01 13:26:59 on dist-test-slave-pcgt"
I20260601 13:26:59.396517 26190 fs_manager.cc:696] Time spent creating directory manager: real 0.002s	user 0.002s	sys 0.000s
I20260601 13:26:59.397486 27327 sys_catalog.cc:422] member_type: VOTER last_known_addr { host: "127.25.147.189" port: 36137 } has no permanent_uuid. Determining permanent_uuid...
I20260601 13:26:59.397617 27339 log_block_manager.cc:4031] Time spent loading block containers with low live blocks: real 0.000s	user 0.000s	sys 0.000s
I20260601 13:26:59.398308 26190 fs_manager.cc:730] Time spent opening block manager: real 0.001s	user 0.001s	sys 0.000s
I20260601 13:26:59.398365 26190 fs_manager.cc:647] Opened local filesystem: /tmp/dist-test-task3TnclC/test-tmp/auto_rebalancer-test.0.AutoRebalancerTest.NextLeaderResumesAutoRebalancing.1780320409401547-26190-0/minicluster-data/master-1-root
uuid: "3b97e2007fb04ccd90195edac298e58b"
format_stamp: "Formatted at 2026-06-01 13:26:59 on dist-test-slave-pcgt"
I20260601 13:26:59.398453 26190 fs_report.cc:389] FS layout report
--------------------
wal directory: /tmp/dist-test-task3TnclC/test-tmp/auto_rebalancer-test.0.AutoRebalancerTest.NextLeaderResumesAutoRebalancing.1780320409401547-26190-0/minicluster-data/master-1-root
metadata directory: /tmp/dist-test-task3TnclC/test-tmp/auto_rebalancer-test.0.AutoRebalancerTest.NextLeaderResumesAutoRebalancing.1780320409401547-26190-0/minicluster-data/master-1-root
1 data directories: /tmp/dist-test-task3TnclC/test-tmp/auto_rebalancer-test.0.AutoRebalancerTest.NextLeaderResumesAutoRebalancing.1780320409401547-26190-0/minicluster-data/master-1-root/data
Total live blocks: 0
Total live bytes: 0
Total live bytes (after alignment): 0
Total number of LBM containers: 0 (0 full)
Did not check for missing blocks
Did not check for orphaned blocks
Total full LBM containers with extra space: 0 (0 repaired)
Total full LBM container extra space in bytes: 0 (0 repaired)
Total incomplete LBM containers: 0 (0 repaired)
Total LBM partial records: 0 (0 repaired)
Total corrupted LBM metadata records in RocksDB: 0 (0 repaired)
W20260601 13:26:59.398803 27327 consensus_peers.cc:760] Error getting permanent uuid from config peer 127.25.147.189:36137: Network error: Client connection negotiation failed: client connection to 127.25.147.189:36137: connect: Connection refused (error 111)
I20260601 13:26:59.406343 26190 rpc_server.cc:225] running with OpenSSL 1.1.1  11 Sep 2018
I20260601 13:26:59.406598 26190 kserver.cc:163] Server-wide thread pool size limit: 3276
I20260601 13:26:59.410439 26190 rpc_server.cc:307] RPC server started. Bound to: 127.25.147.189:36137
I20260601 13:26:59.410459 27392 acceptor_pool.cc:272] collecting diagnostics on the listening RPC socket 127.25.147.189:36137 every 8 connection(s)
I20260601 13:26:59.411142 26190 file_cache.cc:492] Constructed file cache file cache with capacity 419430
I20260601 13:26:59.411269 27393 data_dirs.cc:400] Could only allocate 1 dirs of requested 3 for tablet 00000000000000000000000000000000. 1 dirs total, 0 dirs full, 0 dirs failed
W20260601 13:26:59.412729 27395 instance_detector.cc:116] could not retrieve AWS instance metadata: Network error: curl error: HTTP response code said error: The requested URL returned error: 404
W20260601 13:26:59.412797 27398 instance_detector.cc:116] could not retrieve OpenStack instance metadata: Network error: curl error: HTTP response code said error: The requested URL returned error: 404
W20260601 13:26:59.412804 27396 instance_detector.cc:116] could not retrieve Azure instance metadata: Network error: curl error: HTTP response code said error: The requested URL returned error: 404
I20260601 13:26:59.412986 27393 sys_catalog.cc:422] member_type: VOTER last_known_addr { host: "127.25.147.190" port: 40397 } has no permanent_uuid. Determining permanent_uuid...
I20260601 13:26:59.413417 26190 server_base.cc:1061] running on GCE node
I20260601 13:26:59.413628 26190 hybrid_clock.cc:584] initializing the hybrid clock with 'system_unsync' time source
W20260601 13:26:59.413681 26190 system_unsync_time.cc:38] NTP support is disabled. Clock error bounds will not be accurate. This configuration is not suitable for distributed clusters.
I20260601 13:26:59.413702 26190 hybrid_clock.cc:648] HybridClock initialized: now 1780320419413701 us; error 0 us; skew 500 ppm
I20260601 13:26:59.414646 26190 webserver.cc:533] Webserver started at http://127.25.147.188:34013/ using document root <none> and password file <none>
I20260601 13:26:59.414801 26190 fs_manager.cc:362] Metadata directory not provided
I20260601 13:26:59.414852 26190 fs_manager.cc:368] Using write-ahead log directory (fs_wal_dir) as metadata directory
I20260601 13:26:59.414916 26190 server_base.cc:909] This appears to be a new deployment of Kudu; creating new FS layout
I20260601 13:26:59.415309 26190 fs_manager.cc:1068] Generated new instance metadata in path /tmp/dist-test-task3TnclC/test-tmp/auto_rebalancer-test.0.AutoRebalancerTest.NextLeaderResumesAutoRebalancing.1780320409401547-26190-0/minicluster-data/master-2-root/instance:
uuid: "6a8c7f0f4f1e45eaa4783450f7da5aab"
format_stamp: "Formatted at 2026-06-01 13:26:59 on dist-test-slave-pcgt"
I20260601 13:26:59.417037 26190 fs_manager.cc:696] Time spent creating directory manager: real 0.001s	user 0.002s	sys 0.000s
I20260601 13:26:59.417410 27393 sys_catalog.cc:422] member_type: VOTER last_known_addr { host: "127.25.147.189" port: 36137 } has no permanent_uuid. Determining permanent_uuid...
I20260601 13:26:59.418202 27405 log_block_manager.cc:4031] Time spent loading block containers with low live blocks: real 0.000s	user 0.000s	sys 0.000s
I20260601 13:26:59.418475 26190 fs_manager.cc:730] Time spent opening block manager: real 0.001s	user 0.001s	sys 0.000s
I20260601 13:26:59.418550 26190 fs_manager.cc:647] Opened local filesystem: /tmp/dist-test-task3TnclC/test-tmp/auto_rebalancer-test.0.AutoRebalancerTest.NextLeaderResumesAutoRebalancing.1780320409401547-26190-0/minicluster-data/master-2-root
uuid: "6a8c7f0f4f1e45eaa4783450f7da5aab"
format_stamp: "Formatted at 2026-06-01 13:26:59 on dist-test-slave-pcgt"
I20260601 13:26:59.418627 26190 fs_report.cc:389] FS layout report
--------------------
wal directory: /tmp/dist-test-task3TnclC/test-tmp/auto_rebalancer-test.0.AutoRebalancerTest.NextLeaderResumesAutoRebalancing.1780320409401547-26190-0/minicluster-data/master-2-root
metadata directory: /tmp/dist-test-task3TnclC/test-tmp/auto_rebalancer-test.0.AutoRebalancerTest.NextLeaderResumesAutoRebalancing.1780320409401547-26190-0/minicluster-data/master-2-root
1 data directories: /tmp/dist-test-task3TnclC/test-tmp/auto_rebalancer-test.0.AutoRebalancerTest.NextLeaderResumesAutoRebalancing.1780320409401547-26190-0/minicluster-data/master-2-root/data
Total live blocks: 0
Total live bytes: 0
Total live bytes (after alignment): 0
Total number of LBM containers: 0 (0 full)
Did not check for missing blocks
Did not check for orphaned blocks
Total full LBM containers with extra space: 0 (0 repaired)
Total full LBM container extra space in bytes: 0 (0 repaired)
Total incomplete LBM containers: 0 (0 repaired)
Total LBM partial records: 0 (0 repaired)
Total corrupted LBM metadata records in RocksDB: 0 (0 repaired)
I20260601 13:26:59.421948 27393 sys_catalog.cc:422] member_type: VOTER last_known_addr { host: "127.25.147.188" port: 39103 } has no permanent_uuid. Determining permanent_uuid...
W20260601 13:26:59.423074 27393 consensus_peers.cc:760] Error getting permanent uuid from config peer 127.25.147.188:39103: Network error: Client connection negotiation failed: client connection to 127.25.147.188:39103: connect: Connection refused (error 111)
I20260601 13:26:59.428663 26190 rpc_server.cc:225] running with OpenSSL 1.1.1  11 Sep 2018
I20260601 13:26:59.428979 26190 kserver.cc:163] Server-wide thread pool size limit: 3276
I20260601 13:26:59.432864 26190 rpc_server.cc:307] RPC server started. Bound to: 127.25.147.188:39103
I20260601 13:26:59.432924 27458 acceptor_pool.cc:272] collecting diagnostics on the listening RPC socket 127.25.147.188:39103 every 8 connection(s)
I20260601 13:26:59.433347 26190 internal_mini_cluster.cc:184] Waiting to initialize catalog manager on master 0
I20260601 13:26:59.433758 27459 data_dirs.cc:400] Could only allocate 1 dirs of requested 3 for tablet 00000000000000000000000000000000. 1 dirs total, 0 dirs full, 0 dirs failed
I20260601 13:26:59.434835 27459 sys_catalog.cc:422] member_type: VOTER last_known_addr { host: "127.25.147.190" port: 40397 } has no permanent_uuid. Determining permanent_uuid...
I20260601 13:26:59.438573 27459 sys_catalog.cc:422] member_type: VOTER last_known_addr { host: "127.25.147.189" port: 36137 } has no permanent_uuid. Determining permanent_uuid...
I20260601 13:26:59.442935 27327 consensus_peers.cc:770] Retrying to get permanent uuid for remote peer: member_type: VOTER last_known_addr { host: "127.25.147.189" port: 36137 } attempt: 1
I20260601 13:26:59.443854 27459 sys_catalog.cc:422] member_type: VOTER last_known_addr { host: "127.25.147.188" port: 39103 } has no permanent_uuid. Determining permanent_uuid...
I20260601 13:26:59.446715 27327 sys_catalog.cc:422] member_type: VOTER last_known_addr { host: "127.25.147.188" port: 39103 } has no permanent_uuid. Determining permanent_uuid...
I20260601 13:26:59.448977 27459 tablet_bootstrap.cc:492] T 00000000000000000000000000000000 P 6a8c7f0f4f1e45eaa4783450f7da5aab: Bootstrap starting.
I20260601 13:26:59.450001 27459 tablet_bootstrap.cc:654] T 00000000000000000000000000000000 P 6a8c7f0f4f1e45eaa4783450f7da5aab: Neither blocks nor log segments found. Creating new log.
I20260601 13:26:59.451150 27459 tablet_bootstrap.cc:492] T 00000000000000000000000000000000 P 6a8c7f0f4f1e45eaa4783450f7da5aab: No bootstrap required, opened a new log
I20260601 13:26:59.451335 27327 tablet_bootstrap.cc:492] T 00000000000000000000000000000000 P 40b8c77ac6084d82915e9437de073798: Bootstrap starting.
I20260601 13:26:59.451588 27459 raft_consensus.cc:359] T 00000000000000000000000000000000 P 6a8c7f0f4f1e45eaa4783450f7da5aab [term 0 FOLLOWER]: Replica starting. Triggering 0 pending ops. Active config: opid_index: -1 OBSOLETE_local: false peers { permanent_uuid: "40b8c77ac6084d82915e9437de073798" member_type: VOTER last_known_addr { host: "127.25.147.190" port: 40397 } } peers { permanent_uuid: "3b97e2007fb04ccd90195edac298e58b" member_type: VOTER last_known_addr { host: "127.25.147.189" port: 36137 } } peers { permanent_uuid: "6a8c7f0f4f1e45eaa4783450f7da5aab" member_type: VOTER last_known_addr { host: "127.25.147.188" port: 39103 } }
I20260601 13:26:59.451694 27459 raft_consensus.cc:385] T 00000000000000000000000000000000 P 6a8c7f0f4f1e45eaa4783450f7da5aab [term 0 FOLLOWER]: Consensus starting up: Expiring failure detector timer to make a prompt election more likely
I20260601 13:26:59.451725 27459 raft_consensus.cc:740] T 00000000000000000000000000000000 P 6a8c7f0f4f1e45eaa4783450f7da5aab [term 0 FOLLOWER]: Becoming Follower/Learner. State: Replica: 6a8c7f0f4f1e45eaa4783450f7da5aab, State: Initialized, Role: FOLLOWER
I20260601 13:26:59.451861 27459 consensus_queue.cc:260] T 00000000000000000000000000000000 P 6a8c7f0f4f1e45eaa4783450f7da5aab [NON_LEADER]: Queue going to NON_LEADER mode. State: All replicated index: 0, Majority replicated index: 0, Committed index: 0, Last appended: 0.0, Last appended by leader: 0, Current term: 0, Majority size: -1, State: 0, Mode: NON_LEADER, active raft config: opid_index: -1 OBSOLETE_local: false peers { permanent_uuid: "40b8c77ac6084d82915e9437de073798" member_type: VOTER last_known_addr { host: "127.25.147.190" port: 40397 } } peers { permanent_uuid: "3b97e2007fb04ccd90195edac298e58b" member_type: VOTER last_known_addr { host: "127.25.147.189" port: 36137 } } peers { permanent_uuid: "6a8c7f0f4f1e45eaa4783450f7da5aab" member_type: VOTER last_known_addr { host: "127.25.147.188" port: 39103 } }
I20260601 13:26:59.452155 27465 sys_catalog.cc:455] T 00000000000000000000000000000000 P 6a8c7f0f4f1e45eaa4783450f7da5aab [sys.catalog]: SysCatalogTable state changed. Reason: RaftConsensus started. Latest consensus state: current_term: 0 committed_config { opid_index: -1 OBSOLETE_local: false peers { permanent_uuid: "40b8c77ac6084d82915e9437de073798" member_type: VOTER last_known_addr { host: "127.25.147.190" port: 40397 } } peers { permanent_uuid: "3b97e2007fb04ccd90195edac298e58b" member_type: VOTER last_known_addr { host: "127.25.147.189" port: 36137 } } peers { permanent_uuid: "6a8c7f0f4f1e45eaa4783450f7da5aab" member_type: VOTER last_known_addr { host: "127.25.147.188" port: 39103 } } }
I20260601 13:26:59.452258 27465 sys_catalog.cc:458] T 00000000000000000000000000000000 P 6a8c7f0f4f1e45eaa4783450f7da5aab [sys.catalog]: This master's current role is: FOLLOWER
I20260601 13:26:59.452260 27327 tablet_bootstrap.cc:654] T 00000000000000000000000000000000 P 40b8c77ac6084d82915e9437de073798: Neither blocks nor log segments found. Creating new log.
I20260601 13:26:59.452396 27459 sys_catalog.cc:565] T 00000000000000000000000000000000 P 6a8c7f0f4f1e45eaa4783450f7da5aab [sys.catalog]: configured and running, proceeding with master startup.
I20260601 13:26:59.453344 27327 tablet_bootstrap.cc:492] T 00000000000000000000000000000000 P 40b8c77ac6084d82915e9437de073798: No bootstrap required, opened a new log
I20260601 13:26:59.453747 27327 raft_consensus.cc:359] T 00000000000000000000000000000000 P 40b8c77ac6084d82915e9437de073798 [term 0 FOLLOWER]: Replica starting. Triggering 0 pending ops. Active config: opid_index: -1 OBSOLETE_local: false peers { permanent_uuid: "40b8c77ac6084d82915e9437de073798" member_type: VOTER last_known_addr { host: "127.25.147.190" port: 40397 } } peers { permanent_uuid: "3b97e2007fb04ccd90195edac298e58b" member_type: VOTER last_known_addr { host: "127.25.147.189" port: 36137 } } peers { permanent_uuid: "6a8c7f0f4f1e45eaa4783450f7da5aab" member_type: VOTER last_known_addr { host: "127.25.147.188" port: 39103 } }
I20260601 13:26:59.453826 27327 raft_consensus.cc:385] T 00000000000000000000000000000000 P 40b8c77ac6084d82915e9437de073798 [term 0 FOLLOWER]: Consensus starting up: Expiring failure detector timer to make a prompt election more likely
I20260601 13:26:59.453922 27327 raft_consensus.cc:740] T 00000000000000000000000000000000 P 40b8c77ac6084d82915e9437de073798 [term 0 FOLLOWER]: Becoming Follower/Learner. State: Replica: 40b8c77ac6084d82915e9437de073798, State: Initialized, Role: FOLLOWER
I20260601 13:26:59.454107 27327 consensus_queue.cc:260] T 00000000000000000000000000000000 P 40b8c77ac6084d82915e9437de073798 [NON_LEADER]: Queue going to NON_LEADER mode. State: All replicated index: 0, Majority replicated index: 0, Committed index: 0, Last appended: 0.0, Last appended by leader: 0, Current term: 0, Majority size: -1, State: 0, Mode: NON_LEADER, active raft config: opid_index: -1 OBSOLETE_local: false peers { permanent_uuid: "40b8c77ac6084d82915e9437de073798" member_type: VOTER last_known_addr { host: "127.25.147.190" port: 40397 } } peers { permanent_uuid: "3b97e2007fb04ccd90195edac298e58b" member_type: VOTER last_known_addr { host: "127.25.147.189" port: 36137 } } peers { permanent_uuid: "6a8c7f0f4f1e45eaa4783450f7da5aab" member_type: VOTER last_known_addr { host: "127.25.147.188" port: 39103 } }
I20260601 13:26:59.454412 27478 sys_catalog.cc:455] T 00000000000000000000000000000000 P 40b8c77ac6084d82915e9437de073798 [sys.catalog]: SysCatalogTable state changed. Reason: RaftConsensus started. Latest consensus state: current_term: 0 committed_config { opid_index: -1 OBSOLETE_local: false peers { permanent_uuid: "40b8c77ac6084d82915e9437de073798" member_type: VOTER last_known_addr { host: "127.25.147.190" port: 40397 } } peers { permanent_uuid: "3b97e2007fb04ccd90195edac298e58b" member_type: VOTER last_known_addr { host: "127.25.147.189" port: 36137 } } peers { permanent_uuid: "6a8c7f0f4f1e45eaa4783450f7da5aab" member_type: VOTER last_known_addr { host: "127.25.147.188" port: 39103 } } }
I20260601 13:26:59.454514 27478 sys_catalog.cc:458] T 00000000000000000000000000000000 P 40b8c77ac6084d82915e9437de073798 [sys.catalog]: This master's current role is: FOLLOWER
I20260601 13:26:59.454567 27327 sys_catalog.cc:565] T 00000000000000000000000000000000 P 40b8c77ac6084d82915e9437de073798 [sys.catalog]: configured and running, proceeding with master startup.
W20260601 13:26:59.454877 27477 catalog_manager.cc:1593] T 00000000000000000000000000000000 P 6a8c7f0f4f1e45eaa4783450f7da5aab: loading cluster ID for follower catalog manager: Not found: cluster ID entry not found
W20260601 13:26:59.454946 27477 catalog_manager.cc:883] Not found: cluster ID entry not found: failed to prepare follower catalog manager, will retry
I20260601 13:26:59.456102 26190 internal_mini_cluster.cc:184] Waiting to initialize catalog manager on master 1
W20260601 13:26:59.456550 27489 catalog_manager.cc:1593] T 00000000000000000000000000000000 P 40b8c77ac6084d82915e9437de073798: loading cluster ID for follower catalog manager: Not found: cluster ID entry not found
W20260601 13:26:59.456605 27489 catalog_manager.cc:883] Not found: cluster ID entry not found: failed to prepare follower catalog manager, will retry
I20260601 13:26:59.480255 27393 consensus_peers.cc:770] Retrying to get permanent uuid for remote peer: member_type: VOTER last_known_addr { host: "127.25.147.188" port: 39103 } attempt: 1
I20260601 13:26:59.484998 27393 tablet_bootstrap.cc:492] T 00000000000000000000000000000000 P 3b97e2007fb04ccd90195edac298e58b: Bootstrap starting.
I20260601 13:26:59.485911 27393 tablet_bootstrap.cc:654] T 00000000000000000000000000000000 P 3b97e2007fb04ccd90195edac298e58b: Neither blocks nor log segments found. Creating new log.
I20260601 13:26:59.486999 27393 tablet_bootstrap.cc:492] T 00000000000000000000000000000000 P 3b97e2007fb04ccd90195edac298e58b: No bootstrap required, opened a new log
I20260601 13:26:59.487365 27393 raft_consensus.cc:359] T 00000000000000000000000000000000 P 3b97e2007fb04ccd90195edac298e58b [term 0 FOLLOWER]: Replica starting. Triggering 0 pending ops. Active config: opid_index: -1 OBSOLETE_local: false peers { permanent_uuid: "40b8c77ac6084d82915e9437de073798" member_type: VOTER last_known_addr { host: "127.25.147.190" port: 40397 } } peers { permanent_uuid: "3b97e2007fb04ccd90195edac298e58b" member_type: VOTER last_known_addr { host: "127.25.147.189" port: 36137 } } peers { permanent_uuid: "6a8c7f0f4f1e45eaa4783450f7da5aab" member_type: VOTER last_known_addr { host: "127.25.147.188" port: 39103 } }
I20260601 13:26:59.487483 27393 raft_consensus.cc:385] T 00000000000000000000000000000000 P 3b97e2007fb04ccd90195edac298e58b [term 0 FOLLOWER]: Consensus starting up: Expiring failure detector timer to make a prompt election more likely
I20260601 13:26:59.487504 27393 raft_consensus.cc:740] T 00000000000000000000000000000000 P 3b97e2007fb04ccd90195edac298e58b [term 0 FOLLOWER]: Becoming Follower/Learner. State: Replica: 3b97e2007fb04ccd90195edac298e58b, State: Initialized, Role: FOLLOWER
I20260601 13:26:59.487640 27393 consensus_queue.cc:260] T 00000000000000000000000000000000 P 3b97e2007fb04ccd90195edac298e58b [NON_LEADER]: Queue going to NON_LEADER mode. State: All replicated index: 0, Majority replicated index: 0, Committed index: 0, Last appended: 0.0, Last appended by leader: 0, Current term: 0, Majority size: -1, State: 0, Mode: NON_LEADER, active raft config: opid_index: -1 OBSOLETE_local: false peers { permanent_uuid: "40b8c77ac6084d82915e9437de073798" member_type: VOTER last_known_addr { host: "127.25.147.190" port: 40397 } } peers { permanent_uuid: "3b97e2007fb04ccd90195edac298e58b" member_type: VOTER last_known_addr { host: "127.25.147.189" port: 36137 } } peers { permanent_uuid: "6a8c7f0f4f1e45eaa4783450f7da5aab" member_type: VOTER last_known_addr { host: "127.25.147.188" port: 39103 } }
I20260601 13:26:59.487949 27491 sys_catalog.cc:455] T 00000000000000000000000000000000 P 3b97e2007fb04ccd90195edac298e58b [sys.catalog]: SysCatalogTable state changed. Reason: RaftConsensus started. Latest consensus state: current_term: 0 committed_config { opid_index: -1 OBSOLETE_local: false peers { permanent_uuid: "40b8c77ac6084d82915e9437de073798" member_type: VOTER last_known_addr { host: "127.25.147.190" port: 40397 } } peers { permanent_uuid: "3b97e2007fb04ccd90195edac298e58b" member_type: VOTER last_known_addr { host: "127.25.147.189" port: 36137 } } peers { permanent_uuid: "6a8c7f0f4f1e45eaa4783450f7da5aab" member_type: VOTER last_known_addr { host: "127.25.147.188" port: 39103 } } }
I20260601 13:26:59.488059 27491 sys_catalog.cc:458] T 00000000000000000000000000000000 P 3b97e2007fb04ccd90195edac298e58b [sys.catalog]: This master's current role is: FOLLOWER
I20260601 13:26:59.488045 27393 sys_catalog.cc:565] T 00000000000000000000000000000000 P 3b97e2007fb04ccd90195edac298e58b [sys.catalog]: configured and running, proceeding with master startup.
I20260601 13:26:59.489662 26190 internal_mini_cluster.cc:184] Waiting to initialize catalog manager on master 2
I20260601 13:26:59.490197 26190 file_cache.cc:492] Constructed file cache file cache with capacity 419430
W20260601 13:26:59.490219 27502 catalog_manager.cc:1593] T 00000000000000000000000000000000 P 3b97e2007fb04ccd90195edac298e58b: loading cluster ID for follower catalog manager: Not found: cluster ID entry not found
W20260601 13:26:59.490301 27502 catalog_manager.cc:883] Not found: cluster ID entry not found: failed to prepare follower catalog manager, will retry
W20260601 13:26:59.492069 27503 instance_detector.cc:116] could not retrieve AWS instance metadata: Network error: curl error: HTTP response code said error: The requested URL returned error: 404
W20260601 13:26:59.492131 27504 instance_detector.cc:116] could not retrieve Azure instance metadata: Network error: curl error: HTTP response code said error: The requested URL returned error: 404
W20260601 13:26:59.492141 27506 instance_detector.cc:116] could not retrieve OpenStack instance metadata: Network error: curl error: HTTP response code said error: The requested URL returned error: 404
I20260601 13:26:59.492340 26190 server_base.cc:1061] running on GCE node
I20260601 13:26:59.492479 26190 hybrid_clock.cc:584] initializing the hybrid clock with 'system_unsync' time source
W20260601 13:26:59.492512 26190 system_unsync_time.cc:38] NTP support is disabled. Clock error bounds will not be accurate. This configuration is not suitable for distributed clusters.
I20260601 13:26:59.492527 26190 hybrid_clock.cc:648] HybridClock initialized: now 1780320419492527 us; error 0 us; skew 500 ppm
I20260601 13:26:59.493398 26190 webserver.cc:533] Webserver started at http://127.25.147.129:36477/ using document root <none> and password file <none>
I20260601 13:26:59.493523 26190 fs_manager.cc:362] Metadata directory not provided
I20260601 13:26:59.493557 26190 fs_manager.cc:368] Using write-ahead log directory (fs_wal_dir) as metadata directory
I20260601 13:26:59.493605 26190 server_base.cc:909] This appears to be a new deployment of Kudu; creating new FS layout
I20260601 13:26:59.493955 26190 fs_manager.cc:1068] Generated new instance metadata in path /tmp/dist-test-task3TnclC/test-tmp/auto_rebalancer-test.0.AutoRebalancerTest.NextLeaderResumesAutoRebalancing.1780320409401547-26190-0/minicluster-data/ts-0-root/instance:
uuid: "85231bcff01944efaa1ccb138166ffe9"
format_stamp: "Formatted at 2026-06-01 13:26:59 on dist-test-slave-pcgt"
I20260601 13:26:59.495342 26190 fs_manager.cc:696] Time spent creating directory manager: real 0.001s	user 0.000s	sys 0.001s
I20260601 13:26:59.496130 27511 log_block_manager.cc:4031] Time spent loading block containers with low live blocks: real 0.000s	user 0.000s	sys 0.000s
I20260601 13:26:59.496351 26190 fs_manager.cc:730] Time spent opening block manager: real 0.001s	user 0.000s	sys 0.001s
I20260601 13:26:59.496407 26190 fs_manager.cc:647] Opened local filesystem: /tmp/dist-test-task3TnclC/test-tmp/auto_rebalancer-test.0.AutoRebalancerTest.NextLeaderResumesAutoRebalancing.1780320409401547-26190-0/minicluster-data/ts-0-root
uuid: "85231bcff01944efaa1ccb138166ffe9"
format_stamp: "Formatted at 2026-06-01 13:26:59 on dist-test-slave-pcgt"
I20260601 13:26:59.496455 26190 fs_report.cc:389] FS layout report
--------------------
wal directory: /tmp/dist-test-task3TnclC/test-tmp/auto_rebalancer-test.0.AutoRebalancerTest.NextLeaderResumesAutoRebalancing.1780320409401547-26190-0/minicluster-data/ts-0-root
metadata directory: /tmp/dist-test-task3TnclC/test-tmp/auto_rebalancer-test.0.AutoRebalancerTest.NextLeaderResumesAutoRebalancing.1780320409401547-26190-0/minicluster-data/ts-0-root
1 data directories: /tmp/dist-test-task3TnclC/test-tmp/auto_rebalancer-test.0.AutoRebalancerTest.NextLeaderResumesAutoRebalancing.1780320409401547-26190-0/minicluster-data/ts-0-root/data
Total live blocks: 0
Total live bytes: 0
Total live bytes (after alignment): 0
Total number of LBM containers: 0 (0 full)
Did not check for missing blocks
Did not check for orphaned blocks
Total full LBM containers with extra space: 0 (0 repaired)
Total full LBM container extra space in bytes: 0 (0 repaired)
Total incomplete LBM containers: 0 (0 repaired)
Total LBM partial records: 0 (0 repaired)
Total corrupted LBM metadata records in RocksDB: 0 (0 repaired)
I20260601 13:26:59.514528 26190 rpc_server.cc:225] running with OpenSSL 1.1.1  11 Sep 2018
I20260601 13:26:59.514910 26190 kserver.cc:163] Server-wide thread pool size limit: 3276
I20260601 13:26:59.515167 26190 txn_system_client.cc:432] TxnSystemClient initialization is disabled...
I20260601 13:26:59.515682 26190 ts_tablet_manager.cc:585] Loaded tablet metadata (0 total tablets, 0 live tablets)
I20260601 13:26:59.515722 26190 ts_tablet_manager.cc:531] Time spent load tablet metadata: real 0.000s	user 0.000s	sys 0.000s
I20260601 13:26:59.515784 26190 ts_tablet_manager.cc:616] Registered 0 tablets
I20260601 13:26:59.515821 26190 ts_tablet_manager.cc:595] Time spent register tablets: real 0.000s	user 0.000s	sys 0.000s
I20260601 13:26:59.520493 26190 rpc_server.cc:307] RPC server started. Bound to: 127.25.147.129:41531
I20260601 13:26:59.520571 27574 acceptor_pool.cc:272] collecting diagnostics on the listening RPC socket 127.25.147.129:41531 every 8 connection(s)
I20260601 13:26:59.521530 26190 file_cache.cc:492] Constructed file cache file cache with capacity 419430
W20260601 13:26:59.523613 27583 instance_detector.cc:116] could not retrieve Azure instance metadata: Network error: curl error: HTTP response code said error: The requested URL returned error: 404
W20260601 13:26:59.524299 27585 instance_detector.cc:116] could not retrieve OpenStack instance metadata: Network error: curl error: HTTP response code said error: The requested URL returned error: 404
I20260601 13:26:59.524361 26190 server_base.cc:1061] running on GCE node
W20260601 13:26:59.524564 27582 instance_detector.cc:116] could not retrieve AWS instance metadata: Network error: curl error: HTTP response code said error: The requested URL returned error: 404
I20260601 13:26:59.525580 26190 hybrid_clock.cc:584] initializing the hybrid clock with 'system_unsync' time source
W20260601 13:26:59.525645 26190 system_unsync_time.cc:38] NTP support is disabled. Clock error bounds will not be accurate. This configuration is not suitable for distributed clusters.
I20260601 13:26:59.525672 26190 hybrid_clock.cc:648] HybridClock initialized: now 1780320419525671 us; error 0 us; skew 500 ppm
I20260601 13:26:59.526412 27577 heartbeater.cc:344] Connected to a master server at 127.25.147.189:36137
I20260601 13:26:59.526510 27577 heartbeater.cc:461] Registering TS with master...
I20260601 13:26:59.526558 26190 webserver.cc:533] Webserver started at http://127.25.147.130:38609/ using document root <none> and password file <none>
I20260601 13:26:59.526746 26190 fs_manager.cc:362] Metadata directory not provided
I20260601 13:26:59.526755 27577 heartbeater.cc:507] Master 127.25.147.189:36137 requested a full tablet report, sending...
I20260601 13:26:59.526815 26190 fs_manager.cc:368] Using write-ahead log directory (fs_wal_dir) as metadata directory
I20260601 13:26:59.527097 26190 server_base.cc:909] This appears to be a new deployment of Kudu; creating new FS layout
I20260601 13:26:59.527545 26190 fs_manager.cc:1068] Generated new instance metadata in path /tmp/dist-test-task3TnclC/test-tmp/auto_rebalancer-test.0.AutoRebalancerTest.NextLeaderResumesAutoRebalancing.1780320409401547-26190-0/minicluster-data/ts-1-root/instance:
uuid: "f99c9c8f7dd547dcaa83f6a6b2c4050a"
format_stamp: "Formatted at 2026-06-01 13:26:59 on dist-test-slave-pcgt"
I20260601 13:26:59.527590 27357 ts_manager.cc:194] Registered new tserver with Master: 85231bcff01944efaa1ccb138166ffe9 (127.25.147.129:41531)
I20260601 13:26:59.527731 27575 heartbeater.cc:344] Connected to a master server at 127.25.147.188:39103
I20260601 13:26:59.527810 27575 heartbeater.cc:461] Registering TS with master...
I20260601 13:26:59.528024 27575 heartbeater.cc:507] Master 127.25.147.188:39103 requested a full tablet report, sending...
I20260601 13:26:59.528445 27576 heartbeater.cc:344] Connected to a master server at 127.25.147.190:40397
I20260601 13:26:59.528530 27576 heartbeater.cc:461] Registering TS with master...
I20260601 13:26:59.528673 27423 ts_manager.cc:194] Registered new tserver with Master: 85231bcff01944efaa1ccb138166ffe9 (127.25.147.129:41531)
I20260601 13:26:59.528736 27576 heartbeater.cc:507] Master 127.25.147.190:40397 requested a full tablet report, sending...
I20260601 13:26:59.529333 27291 ts_manager.cc:194] Registered new tserver with Master: 85231bcff01944efaa1ccb138166ffe9 (127.25.147.129:41531)
I20260601 13:26:59.529501 26190 fs_manager.cc:696] Time spent creating directory manager: real 0.002s	user 0.001s	sys 0.000s
I20260601 13:26:59.530447 27590 log_block_manager.cc:4031] Time spent loading block containers with low live blocks: real 0.000s	user 0.000s	sys 0.000s
I20260601 13:26:59.530702 26190 fs_manager.cc:730] Time spent opening block manager: real 0.001s	user 0.000s	sys 0.000s
I20260601 13:26:59.530769 26190 fs_manager.cc:647] Opened local filesystem: /tmp/dist-test-task3TnclC/test-tmp/auto_rebalancer-test.0.AutoRebalancerTest.NextLeaderResumesAutoRebalancing.1780320409401547-26190-0/minicluster-data/ts-1-root
uuid: "f99c9c8f7dd547dcaa83f6a6b2c4050a"
format_stamp: "Formatted at 2026-06-01 13:26:59 on dist-test-slave-pcgt"
I20260601 13:26:59.530813 26190 fs_report.cc:389] FS layout report
--------------------
wal directory: /tmp/dist-test-task3TnclC/test-tmp/auto_rebalancer-test.0.AutoRebalancerTest.NextLeaderResumesAutoRebalancing.1780320409401547-26190-0/minicluster-data/ts-1-root
metadata directory: /tmp/dist-test-task3TnclC/test-tmp/auto_rebalancer-test.0.AutoRebalancerTest.NextLeaderResumesAutoRebalancing.1780320409401547-26190-0/minicluster-data/ts-1-root
1 data directories: /tmp/dist-test-task3TnclC/test-tmp/auto_rebalancer-test.0.AutoRebalancerTest.NextLeaderResumesAutoRebalancing.1780320409401547-26190-0/minicluster-data/ts-1-root/data
Total live blocks: 0
Total live bytes: 0
Total live bytes (after alignment): 0
Total number of LBM containers: 0 (0 full)
Did not check for missing blocks
Did not check for orphaned blocks
Total full LBM containers with extra space: 0 (0 repaired)
Total full LBM container extra space in bytes: 0 (0 repaired)
Total incomplete LBM containers: 0 (0 repaired)
Total LBM partial records: 0 (0 repaired)
Total corrupted LBM metadata records in RocksDB: 0 (0 repaired)
I20260601 13:26:59.556223 26190 rpc_server.cc:225] running with OpenSSL 1.1.1  11 Sep 2018
I20260601 13:26:59.556602 26190 kserver.cc:163] Server-wide thread pool size limit: 3276
I20260601 13:26:59.556841 26190 txn_system_client.cc:432] TxnSystemClient initialization is disabled...
I20260601 13:26:59.557293 26190 ts_tablet_manager.cc:585] Loaded tablet metadata (0 total tablets, 0 live tablets)
I20260601 13:26:59.557331 26190 ts_tablet_manager.cc:531] Time spent load tablet metadata: real 0.000s	user 0.000s	sys 0.000s
I20260601 13:26:59.557389 26190 ts_tablet_manager.cc:616] Registered 0 tablets
I20260601 13:26:59.557430 26190 ts_tablet_manager.cc:595] Time spent register tablets: real 0.000s	user 0.000s	sys 0.000s
I20260601 13:26:59.561971 26190 rpc_server.cc:307] RPC server started. Bound to: 127.25.147.130:38697
I20260601 13:26:59.562072 27653 acceptor_pool.cc:272] collecting diagnostics on the listening RPC socket 127.25.147.130:38697 every 8 connection(s)
I20260601 13:26:59.563016 26190 file_cache.cc:492] Constructed file cache file cache with capacity 419430
W20260601 13:26:59.565624 27664 instance_detector.cc:116] could not retrieve OpenStack instance metadata: Network error: curl error: HTTP response code said error: The requested URL returned error: 404
I20260601 13:26:59.565801 26190 server_base.cc:1061] running on GCE node
W20260601 13:26:59.566233 27661 instance_detector.cc:116] could not retrieve AWS instance metadata: Network error: curl error: HTTP response code said error: The requested URL returned error: 404
W20260601 13:26:59.566556 27662 instance_detector.cc:116] could not retrieve Azure instance metadata: Network error: curl error: HTTP response code said error: The requested URL returned error: 404
I20260601 13:26:59.567044 26190 hybrid_clock.cc:584] initializing the hybrid clock with 'system_unsync' time source
W20260601 13:26:59.567126 26190 system_unsync_time.cc:38] NTP support is disabled. Clock error bounds will not be accurate. This configuration is not suitable for distributed clusters.
I20260601 13:26:59.567188 26190 hybrid_clock.cc:648] HybridClock initialized: now 1780320419567186 us; error 0 us; skew 500 ppm
I20260601 13:26:59.567495 27655 heartbeater.cc:344] Connected to a master server at 127.25.147.190:40397
I20260601 13:26:59.567593 27655 heartbeater.cc:461] Registering TS with master...
I20260601 13:26:59.567850 27655 heartbeater.cc:507] Master 127.25.147.190:40397 requested a full tablet report, sending...
I20260601 13:26:59.568193 26190 webserver.cc:533] Webserver started at http://127.25.147.131:40029/ using document root <none> and password file <none>
I20260601 13:26:59.568387 26190 fs_manager.cc:362] Metadata directory not provided
I20260601 13:26:59.568465 26190 fs_manager.cc:368] Using write-ahead log directory (fs_wal_dir) as metadata directory
I20260601 13:26:59.568558 26190 server_base.cc:909] This appears to be a new deployment of Kudu; creating new FS layout
I20260601 13:26:59.568632 27291 ts_manager.cc:194] Registered new tserver with Master: f99c9c8f7dd547dcaa83f6a6b2c4050a (127.25.147.130:38697)
I20260601 13:26:59.568652 27654 heartbeater.cc:344] Connected to a master server at 127.25.147.188:39103
I20260601 13:26:59.568727 27654 heartbeater.cc:461] Registering TS with master...
I20260601 13:26:59.568853 27656 heartbeater.cc:344] Connected to a master server at 127.25.147.189:36137
I20260601 13:26:59.568921 27656 heartbeater.cc:461] Registering TS with master...
I20260601 13:26:59.568933 27654 heartbeater.cc:507] Master 127.25.147.188:39103 requested a full tablet report, sending...
I20260601 13:26:59.569023 26190 fs_manager.cc:1068] Generated new instance metadata in path /tmp/dist-test-task3TnclC/test-tmp/auto_rebalancer-test.0.AutoRebalancerTest.NextLeaderResumesAutoRebalancing.1780320409401547-26190-0/minicluster-data/ts-2-root/instance:
uuid: "9dc184f73ae943a2b91ae88ff327b8d7"
format_stamp: "Formatted at 2026-06-01 13:26:59 on dist-test-slave-pcgt"
I20260601 13:26:59.569070 27656 heartbeater.cc:507] Master 127.25.147.189:36137 requested a full tablet report, sending...
I20260601 13:26:59.569566 27423 ts_manager.cc:194] Registered new tserver with Master: f99c9c8f7dd547dcaa83f6a6b2c4050a (127.25.147.130:38697)
I20260601 13:26:59.569649 27357 ts_manager.cc:194] Registered new tserver with Master: f99c9c8f7dd547dcaa83f6a6b2c4050a (127.25.147.130:38697)
I20260601 13:26:59.570855 26190 fs_manager.cc:696] Time spent creating directory manager: real 0.002s	user 0.002s	sys 0.000s
I20260601 13:26:59.571755 27669 log_block_manager.cc:4031] Time spent loading block containers with low live blocks: real 0.000s	user 0.000s	sys 0.000s
I20260601 13:26:59.572032 26190 fs_manager.cc:730] Time spent opening block manager: real 0.001s	user 0.001s	sys 0.000s
I20260601 13:26:59.572093 26190 fs_manager.cc:647] Opened local filesystem: /tmp/dist-test-task3TnclC/test-tmp/auto_rebalancer-test.0.AutoRebalancerTest.NextLeaderResumesAutoRebalancing.1780320409401547-26190-0/minicluster-data/ts-2-root
uuid: "9dc184f73ae943a2b91ae88ff327b8d7"
format_stamp: "Formatted at 2026-06-01 13:26:59 on dist-test-slave-pcgt"
