I20260601 13:26:49.645983 30062 raft_consensus.cc:493] T 25a5687e26794c8a9da4b5d4c68513ee P 3eae572ca3c9411a863f1561e74c09aa [term 0 FOLLOWER]: Starting leader election (initial election of a single-replica configuration)
I20260601 13:26:49.645942 30061 consensus_queue.cc:260] T 811958d2a46d494ead40c28d3f78d9f9 P 3f7e1d8a7e0c4213bcb8ef5f5173feed [NON_LEADER]: Queue going to NON_LEADER mode. State: All replicated index: 0, Majority replicated index: 0, Committed index: 0, Last appended: 0.0, Last appended by leader: 0, Current term: 0, Majority size: -1, State: 0, Mode: NON_LEADER, active raft config: opid_index: -1 OBSOLETE_local: true peers { permanent_uuid: "3f7e1d8a7e0c4213bcb8ef5f5173feed" member_type: VOTER last_known_addr { host: "127.27.211.65" port: 45861 } }
I20260601 13:26:49.646116 30062 raft_consensus.cc:3060] T 25a5687e26794c8a9da4b5d4c68513ee P 3eae572ca3c9411a863f1561e74c09aa [term 0 FOLLOWER]: Advancing to term 1
I20260601 13:26:49.646142 30061 raft_consensus.cc:399] T 811958d2a46d494ead40c28d3f78d9f9 P 3f7e1d8a7e0c4213bcb8ef5f5173feed [term 0 FOLLOWER]: Only one voter in the Raft config. Triggering election immediately
I20260601 13:26:49.646201 30061 raft_consensus.cc:493] T 811958d2a46d494ead40c28d3f78d9f9 P 3f7e1d8a7e0c4213bcb8ef5f5173feed [term 0 FOLLOWER]: Starting leader election (initial election of a single-replica configuration)
I20260601 13:26:49.646250 30061 raft_consensus.cc:3060] T 811958d2a46d494ead40c28d3f78d9f9 P 3f7e1d8a7e0c4213bcb8ef5f5173feed [term 0 FOLLOWER]: Advancing to term 1
I20260601 13:26:49.647346 30062 raft_consensus.cc:515] T 25a5687e26794c8a9da4b5d4c68513ee P 3eae572ca3c9411a863f1561e74c09aa [term 1 FOLLOWER]: Starting leader election with config: opid_index: -1 OBSOLETE_local: true peers { permanent_uuid: "3eae572ca3c9411a863f1561e74c09aa" member_type: VOTER last_known_addr { host: "127.27.211.67" port: 34965 } }
I20260601 13:26:49.647351 30061 raft_consensus.cc:515] T 811958d2a46d494ead40c28d3f78d9f9 P 3f7e1d8a7e0c4213bcb8ef5f5173feed [term 1 FOLLOWER]: Starting leader election with config: opid_index: -1 OBSOLETE_local: true peers { permanent_uuid: "3f7e1d8a7e0c4213bcb8ef5f5173feed" member_type: VOTER last_known_addr { host: "127.27.211.65" port: 45861 } }
I20260601 13:26:49.647516 30062 leader_election.cc:304] T 25a5687e26794c8a9da4b5d4c68513ee P 3eae572ca3c9411a863f1561e74c09aa [CANDIDATE]: Term 1 election: Election decided. Result: candidate won. Election summary: received 1 responses out of 1 voters: 1 yes votes; 0 no votes. yes voters: 3eae572ca3c9411a863f1561e74c09aa; no voters: 
I20260601 13:26:49.647532 30061 leader_election.cc:304] T 811958d2a46d494ead40c28d3f78d9f9 P 3f7e1d8a7e0c4213bcb8ef5f5173feed [CANDIDATE]: Term 1 election: Election decided. Result: candidate won. Election summary: received 1 responses out of 1 voters: 1 yes votes; 0 no votes. yes voters: 3f7e1d8a7e0c4213bcb8ef5f5173feed; no voters: 
I20260601 13:26:49.647773 30062 leader_election.cc:290] T 25a5687e26794c8a9da4b5d4c68513ee P 3eae572ca3c9411a863f1561e74c09aa [CANDIDATE]: Term 1 election: Requested vote from peers 
I20260601 13:26:49.647794 30060 tablet_bootstrap.cc:492] T b9b0e06681b7464ba132f6b8a168712e P 643a366c78ee419c923193f6baee6811: No bootstrap required, opened a new log
I20260601 13:26:49.647841 30061 leader_election.cc:290] T 811958d2a46d494ead40c28d3f78d9f9 P 3f7e1d8a7e0c4213bcb8ef5f5173feed [CANDIDATE]: Term 1 election: Requested vote from peers 
I20260601 13:26:49.647879 30060 ts_tablet_manager.cc:1403] T b9b0e06681b7464ba132f6b8a168712e P 643a366c78ee419c923193f6baee6811: Time spent bootstrapping tablet: real 0.004s	user 0.002s	sys 0.000s
I20260601 13:26:49.648104 30062 ts_tablet_manager.cc:1434] T 25a5687e26794c8a9da4b5d4c68513ee P 3eae572ca3c9411a863f1561e74c09aa: Time spent starting tablet: real 0.003s	user 0.000s	sys 0.003s
I20260601 13:26:49.648193 30061 ts_tablet_manager.cc:1434] T 811958d2a46d494ead40c28d3f78d9f9 P 3f7e1d8a7e0c4213bcb8ef5f5173feed: Time spent starting tablet: real 0.003s	user 0.003s	sys 0.000s
I20260601 13:26:49.648420 30060 raft_consensus.cc:359] T b9b0e06681b7464ba132f6b8a168712e P 643a366c78ee419c923193f6baee6811 [term 0 FOLLOWER]: Replica starting. Triggering 0 pending ops. Active config: opid_index: -1 OBSOLETE_local: true peers { permanent_uuid: "643a366c78ee419c923193f6baee6811" member_type: VOTER last_known_addr { host: "127.27.211.66" port: 39625 } }
I20260601 13:26:49.648499 30060 raft_consensus.cc:385] T b9b0e06681b7464ba132f6b8a168712e P 643a366c78ee419c923193f6baee6811 [term 0 FOLLOWER]: Consensus starting up: Expiring failure detector timer to make a prompt election more likely
I20260601 13:26:49.648526 30060 raft_consensus.cc:740] T b9b0e06681b7464ba132f6b8a168712e P 643a366c78ee419c923193f6baee6811 [term 0 FOLLOWER]: Becoming Follower/Learner. State: Replica: 643a366c78ee419c923193f6baee6811, State: Initialized, Role: FOLLOWER
I20260601 13:26:49.648701 30060 consensus_queue.cc:260] T b9b0e06681b7464ba132f6b8a168712e P 643a366c78ee419c923193f6baee6811 [NON_LEADER]: Queue going to NON_LEADER mode. State: All replicated index: 0, Majority replicated index: 0, Committed index: 0, Last appended: 0.0, Last appended by leader: 0, Current term: 0, Majority size: -1, State: 0, Mode: NON_LEADER, active raft config: opid_index: -1 OBSOLETE_local: true peers { permanent_uuid: "643a366c78ee419c923193f6baee6811" member_type: VOTER last_known_addr { host: "127.27.211.66" port: 39625 } }
I20260601 13:26:49.648792 30060 raft_consensus.cc:399] T b9b0e06681b7464ba132f6b8a168712e P 643a366c78ee419c923193f6baee6811 [term 0 FOLLOWER]: Only one voter in the Raft config. Triggering election immediately
I20260601 13:26:49.648824 30060 raft_consensus.cc:493] T b9b0e06681b7464ba132f6b8a168712e P 643a366c78ee419c923193f6baee6811 [term 0 FOLLOWER]: Starting leader election (initial election of a single-replica configuration)
I20260601 13:26:49.648864 30060 raft_consensus.cc:3060] T b9b0e06681b7464ba132f6b8a168712e P 643a366c78ee419c923193f6baee6811 [term 0 FOLLOWER]: Advancing to term 1
I20260601 13:26:49.650063 30060 raft_consensus.cc:515] T b9b0e06681b7464ba132f6b8a168712e P 643a366c78ee419c923193f6baee6811 [term 1 FOLLOWER]: Starting leader election with config: opid_index: -1 OBSOLETE_local: true peers { permanent_uuid: "643a366c78ee419c923193f6baee6811" member_type: VOTER last_known_addr { host: "127.27.211.66" port: 39625 } }
I20260601 13:26:49.650206 30060 leader_election.cc:304] T b9b0e06681b7464ba132f6b8a168712e P 643a366c78ee419c923193f6baee6811 [CANDIDATE]: Term 1 election: Election decided. Result: candidate won. Election summary: received 1 responses out of 1 voters: 1 yes votes; 0 no votes. yes voters: 643a366c78ee419c923193f6baee6811; no voters: 
I20260601 13:26:49.650434 30060 leader_election.cc:290] T b9b0e06681b7464ba132f6b8a168712e P 643a366c78ee419c923193f6baee6811 [CANDIDATE]: Term 1 election: Requested vote from peers 
I20260601 13:26:49.650763 30071 raft_consensus.cc:2804] T b9b0e06681b7464ba132f6b8a168712e P 643a366c78ee419c923193f6baee6811 [term 1 FOLLOWER]: Leader election won for term 1
I20260601 13:26:49.650838 30060 ts_tablet_manager.cc:1434] T b9b0e06681b7464ba132f6b8a168712e P 643a366c78ee419c923193f6baee6811: Time spent starting tablet: real 0.003s	user 0.003s	sys 0.000s
I20260601 13:26:49.651535 30071 raft_consensus.cc:697] T b9b0e06681b7464ba132f6b8a168712e P 643a366c78ee419c923193f6baee6811 [term 1 LEADER]: Becoming Leader. State: Replica: 643a366c78ee419c923193f6baee6811, State: Running, Role: LEADER
I20260601 13:26:49.651714 30071 consensus_queue.cc:237] T b9b0e06681b7464ba132f6b8a168712e P 643a366c78ee419c923193f6baee6811 [LEADER]: Queue going to LEADER mode. State: All replicated index: 0, Majority replicated index: 0, Committed index: 0, Last appended: 0.0, Last appended by leader: 0, Current term: 1, Majority size: 1, State: 0, Mode: LEADER, active raft config: opid_index: -1 OBSOLETE_local: true peers { permanent_uuid: "643a366c78ee419c923193f6baee6811" member_type: VOTER last_known_addr { host: "127.27.211.66" port: 39625 } }
I20260601 13:26:49.652029 30069 raft_consensus.cc:2804] T 811958d2a46d494ead40c28d3f78d9f9 P 3f7e1d8a7e0c4213bcb8ef5f5173feed [term 1 FOLLOWER]: Leader election won for term 1
I20260601 13:26:49.652253 30069 raft_consensus.cc:697] T 811958d2a46d494ead40c28d3f78d9f9 P 3f7e1d8a7e0c4213bcb8ef5f5173feed [term 1 LEADER]: Becoming Leader. State: Replica: 3f7e1d8a7e0c4213bcb8ef5f5173feed, State: Running, Role: LEADER
I20260601 13:26:49.652391 30069 consensus_queue.cc:237] T 811958d2a46d494ead40c28d3f78d9f9 P 3f7e1d8a7e0c4213bcb8ef5f5173feed [LEADER]: Queue going to LEADER mode. State: All replicated index: 0, Majority replicated index: 0, Committed index: 0, Last appended: 0.0, Last appended by leader: 0, Current term: 1, Majority size: 1, State: 0, Mode: LEADER, active raft config: opid_index: -1 OBSOLETE_local: true peers { permanent_uuid: "3f7e1d8a7e0c4213bcb8ef5f5173feed" member_type: VOTER last_known_addr { host: "127.27.211.65" port: 45861 } }
I20260601 13:26:49.653187 29699 catalog_manager.cc:5696] T b9b0e06681b7464ba132f6b8a168712e P 643a366c78ee419c923193f6baee6811 reported cstate change: term changed from 0 to 1, leader changed from <none> to 643a366c78ee419c923193f6baee6811 (127.27.211.66). New cstate: current_term: 1 leader_uuid: "643a366c78ee419c923193f6baee6811" committed_config { opid_index: -1 OBSOLETE_local: true peers { permanent_uuid: "643a366c78ee419c923193f6baee6811" member_type: VOTER last_known_addr { host: "127.27.211.66" port: 39625 } health_report { overall_health: HEALTHY } } }
I20260601 13:26:49.654234 29700 catalog_manager.cc:5696] T 811958d2a46d494ead40c28d3f78d9f9 P 3f7e1d8a7e0c4213bcb8ef5f5173feed reported cstate change: term changed from 0 to 1, leader changed from <none> to 3f7e1d8a7e0c4213bcb8ef5f5173feed (127.27.211.65). New cstate: current_term: 1 leader_uuid: "3f7e1d8a7e0c4213bcb8ef5f5173feed" committed_config { opid_index: -1 OBSOLETE_local: true peers { permanent_uuid: "3f7e1d8a7e0c4213bcb8ef5f5173feed" member_type: VOTER last_known_addr { host: "127.27.211.65" port: 45861 } health_report { overall_health: HEALTHY } } }
I20260601 13:26:49.660668 30066 raft_consensus.cc:2804] T 25a5687e26794c8a9da4b5d4c68513ee P 3eae572ca3c9411a863f1561e74c09aa [term 1 FOLLOWER]: Leader election won for term 1
I20260601 13:26:49.660948 30066 raft_consensus.cc:697] T 25a5687e26794c8a9da4b5d4c68513ee P 3eae572ca3c9411a863f1561e74c09aa [term 1 LEADER]: Becoming Leader. State: Replica: 3eae572ca3c9411a863f1561e74c09aa, State: Running, Role: LEADER
I20260601 13:26:49.661093 30066 consensus_queue.cc:237] T 25a5687e26794c8a9da4b5d4c68513ee P 3eae572ca3c9411a863f1561e74c09aa [LEADER]: Queue going to LEADER mode. State: All replicated index: 0, Majority replicated index: 0, Committed index: 0, Last appended: 0.0, Last appended by leader: 0, Current term: 1, Majority size: 1, State: 0, Mode: LEADER, active raft config: opid_index: -1 OBSOLETE_local: true peers { permanent_uuid: "3eae572ca3c9411a863f1561e74c09aa" member_type: VOTER last_known_addr { host: "127.27.211.67" port: 34965 } }
I20260601 13:26:49.662766 29699 catalog_manager.cc:5696] T 25a5687e26794c8a9da4b5d4c68513ee P 3eae572ca3c9411a863f1561e74c09aa reported cstate change: term changed from 0 to 1, leader changed from <none> to 3eae572ca3c9411a863f1561e74c09aa (127.27.211.67). New cstate: current_term: 1 leader_uuid: "3eae572ca3c9411a863f1561e74c09aa" committed_config { opid_index: -1 OBSOLETE_local: true peers { permanent_uuid: "3eae572ca3c9411a863f1561e74c09aa" member_type: VOTER last_known_addr { host: "127.27.211.67" port: 34965 } health_report { overall_health: HEALTHY } } }
I20260601 13:26:49.674263 28493 master.cc:562] Master@127.27.211.124:36527 shutting down...
I20260601 13:26:49.677963 28493 raft_consensus.cc:2243] T 00000000000000000000000000000000 P 3f9b8babb9614a769daa82a638822367 [term 1 LEADER]: Raft consensus shutting down.
I20260601 13:26:49.678241 28493 raft_consensus.cc:2272] T 00000000000000000000000000000000 P 3f9b8babb9614a769daa82a638822367 [term 1 FOLLOWER]: Raft consensus is shut down!
I20260601 13:26:49.678310 28493 tablet_replica.cc:333] T 00000000000000000000000000000000 P 3f9b8babb9614a769daa82a638822367: stopping tablet replica
I20260601 13:26:49.692482 28493 master.cc:584] Master@127.27.211.124:36527 shutdown complete.
W20260601 13:26:50.662777 29933 heartbeater.cc:646] Failed to heartbeat to 127.27.211.124:36527 (0 consecutive failures): Network error: Failed to send heartbeat to master: Client connection negotiation failed: client connection to 127.27.211.124:36527: connect: Connection refused (error 111)
I20260601 13:26:51.166653 30084 raft_consensus.cc:493] T 00000000000000000000000000000000 P cc7caf92a78541b08de6cd013a31ab75 [term 1 FOLLOWER]: Starting pre-election (detected failure of leader 3f9b8babb9614a769daa82a638822367)
I20260601 13:26:51.166822 30084 raft_consensus.cc:515] T 00000000000000000000000000000000 P cc7caf92a78541b08de6cd013a31ab75 [term 1 FOLLOWER]: Starting pre-election with config: opid_index: -1 OBSOLETE_local: false peers { permanent_uuid: "cc7caf92a78541b08de6cd013a31ab75" member_type: VOTER last_known_addr { host: "127.27.211.126" port: 43597 } } peers { permanent_uuid: "bde70c1ce4144ab6b7557118186e3dd6" member_type: VOTER last_known_addr { host: "127.27.211.125" port: 33507 } } peers { permanent_uuid: "3f9b8babb9614a769daa82a638822367" member_type: VOTER last_known_addr { host: "127.27.211.124" port: 36527 } }
I20260601 13:26:51.167295 30085 raft_consensus.cc:493] T 00000000000000000000000000000000 P bde70c1ce4144ab6b7557118186e3dd6 [term 1 FOLLOWER]: Starting pre-election (detected failure of leader 3f9b8babb9614a769daa82a638822367)
I20260601 13:26:51.167542 30085 raft_consensus.cc:515] T 00000000000000000000000000000000 P bde70c1ce4144ab6b7557118186e3dd6 [term 1 FOLLOWER]: Starting pre-election with config: opid_index: -1 OBSOLETE_local: false peers { permanent_uuid: "cc7caf92a78541b08de6cd013a31ab75" member_type: VOTER last_known_addr { host: "127.27.211.126" port: 43597 } } peers { permanent_uuid: "bde70c1ce4144ab6b7557118186e3dd6" member_type: VOTER last_known_addr { host: "127.27.211.125" port: 33507 } } peers { permanent_uuid: "3f9b8babb9614a769daa82a638822367" member_type: VOTER last_known_addr { host: "127.27.211.124" port: 36527 } }
I20260601 13:26:51.167376 30084 leader_election.cc:290] T 00000000000000000000000000000000 P cc7caf92a78541b08de6cd013a31ab75 [CANDIDATE]: Term 2 pre-election: Requested pre-vote from peers bde70c1ce4144ab6b7557118186e3dd6 (127.27.211.125:33507), 3f9b8babb9614a769daa82a638822367 (127.27.211.124:36527)
I20260601 13:26:51.167845 29644 tablet_service.cc:1917] Received RequestConsensusVote() RPC: tablet_id: "00000000000000000000000000000000" candidate_uuid: "cc7caf92a78541b08de6cd013a31ab75" candidate_term: 2 candidate_status { last_received { term: 1 index: 9 } } ignore_live_leader: false dest_uuid: "bde70c1ce4144ab6b7557118186e3dd6" is_pre_election: true
I20260601 13:26:51.167965 29644 raft_consensus.cc:2468] T 00000000000000000000000000000000 P bde70c1ce4144ab6b7557118186e3dd6 [term 1 FOLLOWER]: Leader pre-election vote request: Granting yes vote for candidate cc7caf92a78541b08de6cd013a31ab75 in term 1.
I20260601 13:26:51.168222 30085 leader_election.cc:290] T 00000000000000000000000000000000 P bde70c1ce4144ab6b7557118186e3dd6 [CANDIDATE]: Term 2 pre-election: Requested pre-vote from peers cc7caf92a78541b08de6cd013a31ab75 (127.27.211.126:43597), 3f9b8babb9614a769daa82a638822367 (127.27.211.124:36527)
I20260601 13:26:51.168306 29555 leader_election.cc:304] T 00000000000000000000000000000000 P cc7caf92a78541b08de6cd013a31ab75 [CANDIDATE]: Term 2 pre-election: Election decided. Result: candidate won. Election summary: received 2 responses out of 3 voters: 2 yes votes; 0 no votes. yes voters: bde70c1ce4144ab6b7557118186e3dd6, cc7caf92a78541b08de6cd013a31ab75; no voters: 
I20260601 13:26:51.168339 29578 tablet_service.cc:1917] Received RequestConsensusVote() RPC: tablet_id: "00000000000000000000000000000000" candidate_uuid: "bde70c1ce4144ab6b7557118186e3dd6" candidate_term: 2 candidate_status { last_received { term: 1 index: 9 } } ignore_live_leader: false dest_uuid: "cc7caf92a78541b08de6cd013a31ab75" is_pre_election: true
I20260601 13:26:51.168460 29578 raft_consensus.cc:2468] T 00000000000000000000000000000000 P cc7caf92a78541b08de6cd013a31ab75 [term 1 FOLLOWER]: Leader pre-election vote request: Granting yes vote for candidate bde70c1ce4144ab6b7557118186e3dd6 in term 1.
I20260601 13:26:51.168540 30084 raft_consensus.cc:2804] T 00000000000000000000000000000000 P cc7caf92a78541b08de6cd013a31ab75 [term 1 FOLLOWER]: Leader pre-election won for term 2
I20260601 13:26:51.168602 30084 raft_consensus.cc:493] T 00000000000000000000000000000000 P cc7caf92a78541b08de6cd013a31ab75 [term 1 FOLLOWER]: Starting leader election (detected failure of leader 3f9b8babb9614a769daa82a638822367)
I20260601 13:26:51.168644 30084 raft_consensus.cc:3060] T 00000000000000000000000000000000 P cc7caf92a78541b08de6cd013a31ab75 [term 1 FOLLOWER]: Advancing to term 2
I20260601 13:26:51.168854 29618 leader_election.cc:304] T 00000000000000000000000000000000 P bde70c1ce4144ab6b7557118186e3dd6 [CANDIDATE]: Term 2 pre-election: Election decided. Result: candidate won. Election summary: received 2 responses out of 3 voters: 2 yes votes; 0 no votes. yes voters: bde70c1ce4144ab6b7557118186e3dd6, cc7caf92a78541b08de6cd013a31ab75; no voters: 
I20260601 13:26:51.169073 30085 raft_consensus.cc:2804] T 00000000000000000000000000000000 P bde70c1ce4144ab6b7557118186e3dd6 [term 1 FOLLOWER]: Leader pre-election won for term 2
I20260601 13:26:51.169142 30085 raft_consensus.cc:493] T 00000000000000000000000000000000 P bde70c1ce4144ab6b7557118186e3dd6 [term 1 FOLLOWER]: Starting leader election (detected failure of leader 3f9b8babb9614a769daa82a638822367)
I20260601 13:26:51.169204 30085 raft_consensus.cc:3060] T 00000000000000000000000000000000 P bde70c1ce4144ab6b7557118186e3dd6 [term 1 FOLLOWER]: Advancing to term 2
W20260601 13:26:51.169481 29553 leader_election.cc:336] T 00000000000000000000000000000000 P cc7caf92a78541b08de6cd013a31ab75 [CANDIDATE]: Term 2 pre-election: RPC error from VoteRequest() call to peer 3f9b8babb9614a769daa82a638822367 (127.27.211.124:36527): Network error: Client connection negotiation failed: client connection to 127.27.211.124:36527: connect: Connection refused (error 111)
I20260601 13:26:51.169916 30084 raft_consensus.cc:515] T 00000000000000000000000000000000 P cc7caf92a78541b08de6cd013a31ab75 [term 2 FOLLOWER]: Starting leader election with config: opid_index: -1 OBSOLETE_local: false peers { permanent_uuid: "cc7caf92a78541b08de6cd013a31ab75" member_type: VOTER last_known_addr { host: "127.27.211.126" port: 43597 } } peers { permanent_uuid: "bde70c1ce4144ab6b7557118186e3dd6" member_type: VOTER last_known_addr { host: "127.27.211.125" port: 33507 } } peers { permanent_uuid: "3f9b8babb9614a769daa82a638822367" member_type: VOTER last_known_addr { host: "127.27.211.124" port: 36527 } }
W20260601 13:26:51.170239 29619 leader_election.cc:336] T 00000000000000000000000000000000 P bde70c1ce4144ab6b7557118186e3dd6 [CANDIDATE]: Term 2 pre-election: RPC error from VoteRequest() call to peer 3f9b8babb9614a769daa82a638822367 (127.27.211.124:36527): Network error: Client connection negotiation failed: client connection to 127.27.211.124:36527: connect: Connection refused (error 111)
I20260601 13:26:51.170262 30084 leader_election.cc:290] T 00000000000000000000000000000000 P cc7caf92a78541b08de6cd013a31ab75 [CANDIDATE]: Term 2 election: Requested vote from peers bde70c1ce4144ab6b7557118186e3dd6 (127.27.211.125:33507), 3f9b8babb9614a769daa82a638822367 (127.27.211.124:36527)
I20260601 13:26:51.170596 30085 raft_consensus.cc:515] T 00000000000000000000000000000000 P bde70c1ce4144ab6b7557118186e3dd6 [term 2 FOLLOWER]: Starting leader election with config: opid_index: -1 OBSOLETE_local: false peers { permanent_uuid: "cc7caf92a78541b08de6cd013a31ab75" member_type: VOTER last_known_addr { host: "127.27.211.126" port: 43597 } } peers { permanent_uuid: "bde70c1ce4144ab6b7557118186e3dd6" member_type: VOTER last_known_addr { host: "127.27.211.125" port: 33507 } } peers { permanent_uuid: "3f9b8babb9614a769daa82a638822367" member_type: VOTER last_known_addr { host: "127.27.211.124" port: 36527 } }
I20260601 13:26:51.170594 29644 tablet_service.cc:1917] Received RequestConsensusVote() RPC: tablet_id: "00000000000000000000000000000000" candidate_uuid: "cc7caf92a78541b08de6cd013a31ab75" candidate_term: 2 candidate_status { last_received { term: 1 index: 9 } } ignore_live_leader: false dest_uuid: "bde70c1ce4144ab6b7557118186e3dd6"
I20260601 13:26:51.170993 29644 raft_consensus.cc:2393] T 00000000000000000000000000000000 P bde70c1ce4144ab6b7557118186e3dd6 [term 2 FOLLOWER]: Leader election vote request: Denying vote to candidate cc7caf92a78541b08de6cd013a31ab75 in current term 2: Already voted for candidate bde70c1ce4144ab6b7557118186e3dd6 in this term.
I20260601 13:26:51.171227 30085 leader_election.cc:290] T 00000000000000000000000000000000 P bde70c1ce4144ab6b7557118186e3dd6 [CANDIDATE]: Term 2 election: Requested vote from peers cc7caf92a78541b08de6cd013a31ab75 (127.27.211.126:43597), 3f9b8babb9614a769daa82a638822367 (127.27.211.124:36527)
I20260601 13:26:51.171533 29578 tablet_service.cc:1917] Received RequestConsensusVote() RPC: tablet_id: "00000000000000000000000000000000" candidate_uuid: "bde70c1ce4144ab6b7557118186e3dd6" candidate_term: 2 candidate_status { last_received { term: 1 index: 9 } } ignore_live_leader: false dest_uuid: "cc7caf92a78541b08de6cd013a31ab75"
W20260601 13:26:51.171627 29553 leader_election.cc:336] T 00000000000000000000000000000000 P cc7caf92a78541b08de6cd013a31ab75 [CANDIDATE]: Term 2 election: RPC error from VoteRequest() call to peer 3f9b8babb9614a769daa82a638822367 (127.27.211.124:36527): Network error: Client connection negotiation failed: client connection to 127.27.211.124:36527: connect: Connection refused (error 111)
I20260601 13:26:51.171679 29578 raft_consensus.cc:2393] T 00000000000000000000000000000000 P cc7caf92a78541b08de6cd013a31ab75 [term 2 FOLLOWER]: Leader election vote request: Denying vote to candidate bde70c1ce4144ab6b7557118186e3dd6 in current term 2: Already voted for candidate cc7caf92a78541b08de6cd013a31ab75 in this term.
I20260601 13:26:51.171690 29553 leader_election.cc:304] T 00000000000000000000000000000000 P cc7caf92a78541b08de6cd013a31ab75 [CANDIDATE]: Term 2 election: Election decided. Result: candidate lost. Election summary: received 3 responses out of 3 voters: 1 yes votes; 2 no votes. yes voters: cc7caf92a78541b08de6cd013a31ab75; no voters: 3f9b8babb9614a769daa82a638822367, bde70c1ce4144ab6b7557118186e3dd6
I20260601 13:26:51.171983 30084 raft_consensus.cc:2749] T 00000000000000000000000000000000 P cc7caf92a78541b08de6cd013a31ab75 [term 2 FOLLOWER]: Leader election lost for term 2. Reason: could not achieve majority
W20260601 13:26:51.172435 29619 leader_election.cc:336] T 00000000000000000000000000000000 P bde70c1ce4144ab6b7557118186e3dd6 [CANDIDATE]: Term 2 election: RPC error from VoteRequest() call to peer 3f9b8babb9614a769daa82a638822367 (127.27.211.124:36527): Network error: Client connection negotiation failed: client connection to 127.27.211.124:36527: connect: Connection refused (error 111)
I20260601 13:26:51.172523 29619 leader_election.cc:304] T 00000000000000000000000000000000 P bde70c1ce4144ab6b7557118186e3dd6 [CANDIDATE]: Term 2 election: Election decided. Result: candidate lost. Election summary: received 3 responses out of 3 voters: 1 yes votes; 2 no votes. yes voters: bde70c1ce4144ab6b7557118186e3dd6; no voters: 3f9b8babb9614a769daa82a638822367, cc7caf92a78541b08de6cd013a31ab75
I20260601 13:26:51.172672 30085 raft_consensus.cc:2749] T 00000000000000000000000000000000 P bde70c1ce4144ab6b7557118186e3dd6 [term 2 FOLLOWER]: Leader election lost for term 2. Reason: could not achieve majority
I20260601 13:26:52.885710 30096 raft_consensus.cc:493] T 00000000000000000000000000000000 P bde70c1ce4144ab6b7557118186e3dd6 [term 2 FOLLOWER]: Starting pre-election (no leader contacted us within the election timeout)
I20260601 13:26:52.885931 30096 raft_consensus.cc:515] T 00000000000000000000000000000000 P bde70c1ce4144ab6b7557118186e3dd6 [term 2 FOLLOWER]: Starting pre-election with config: opid_index: -1 OBSOLETE_local: false peers { permanent_uuid: "cc7caf92a78541b08de6cd013a31ab75" member_type: VOTER last_known_addr { host: "127.27.211.126" port: 43597 } } peers { permanent_uuid: "bde70c1ce4144ab6b7557118186e3dd6" member_type: VOTER last_known_addr { host: "127.27.211.125" port: 33507 } } peers { permanent_uuid: "3f9b8babb9614a769daa82a638822367" member_type: VOTER last_known_addr { host: "127.27.211.124" port: 36527 } }
I20260601 13:26:52.886569 30096 leader_election.cc:290] T 00000000000000000000000000000000 P bde70c1ce4144ab6b7557118186e3dd6 [CANDIDATE]: Term 3 pre-election: Requested pre-vote from peers cc7caf92a78541b08de6cd013a31ab75 (127.27.211.126:43597), 3f9b8babb9614a769daa82a638822367 (127.27.211.124:36527)
I20260601 13:26:52.887019 29578 tablet_service.cc:1917] Received RequestConsensusVote() RPC: tablet_id: "00000000000000000000000000000000" candidate_uuid: "bde70c1ce4144ab6b7557118186e3dd6" candidate_term: 3 candidate_status { last_received { term: 1 index: 9 } } ignore_live_leader: false dest_uuid: "cc7caf92a78541b08de6cd013a31ab75" is_pre_election: true
I20260601 13:26:52.887218 29578 raft_consensus.cc:2468] T 00000000000000000000000000000000 P cc7caf92a78541b08de6cd013a31ab75 [term 2 FOLLOWER]: Leader pre-election vote request: Granting yes vote for candidate bde70c1ce4144ab6b7557118186e3dd6 in term 2.
W20260601 13:26:52.887408 29619 proxy.cc:239] Call had error, refreshing address and retrying: Network error: Client connection negotiation failed: client connection to 127.27.211.124:36527: connect: Connection refused (error 111) [suppressed 6 similar messages]
I20260601 13:26:52.887578 29618 leader_election.cc:304] T 00000000000000000000000000000000 P bde70c1ce4144ab6b7557118186e3dd6 [CANDIDATE]: Term 3 pre-election: Election decided. Result: candidate won. Election summary: received 2 responses out of 3 voters: 2 yes votes; 0 no votes. yes voters: bde70c1ce4144ab6b7557118186e3dd6, cc7caf92a78541b08de6cd013a31ab75; no voters: 
I20260601 13:26:52.887814 30096 raft_consensus.cc:2804] T 00000000000000000000000000000000 P bde70c1ce4144ab6b7557118186e3dd6 [term 2 FOLLOWER]: Leader pre-election won for term 3
I20260601 13:26:52.887913 30096 raft_consensus.cc:493] T 00000000000000000000000000000000 P bde70c1ce4144ab6b7557118186e3dd6 [term 2 FOLLOWER]: Starting leader election (no leader contacted us within the election timeout)
I20260601 13:26:52.887960 30096 raft_consensus.cc:3060] T 00000000000000000000000000000000 P bde70c1ce4144ab6b7557118186e3dd6 [term 2 FOLLOWER]: Advancing to term 3
W20260601 13:26:52.888486 29619 leader_election.cc:336] T 00000000000000000000000000000000 P bde70c1ce4144ab6b7557118186e3dd6 [CANDIDATE]: Term 3 pre-election: RPC error from VoteRequest() call to peer 3f9b8babb9614a769daa82a638822367 (127.27.211.124:36527): Network error: Client connection negotiation failed: client connection to 127.27.211.124:36527: connect: Connection refused (error 111)
I20260601 13:26:52.889047 30096 raft_consensus.cc:515] T 00000000000000000000000000000000 P bde70c1ce4144ab6b7557118186e3dd6 [term 3 FOLLOWER]: Starting leader election with config: opid_index: -1 OBSOLETE_local: false peers { permanent_uuid: "cc7caf92a78541b08de6cd013a31ab75" member_type: VOTER last_known_addr { host: "127.27.211.126" port: 43597 } } peers { permanent_uuid: "bde70c1ce4144ab6b7557118186e3dd6" member_type: VOTER last_known_addr { host: "127.27.211.125" port: 33507 } } peers { permanent_uuid: "3f9b8babb9614a769daa82a638822367" member_type: VOTER last_known_addr { host: "127.27.211.124" port: 36527 } }
I20260601 13:26:52.889425 30096 leader_election.cc:290] T 00000000000000000000000000000000 P bde70c1ce4144ab6b7557118186e3dd6 [CANDIDATE]: Term 3 election: Requested vote from peers cc7caf92a78541b08de6cd013a31ab75 (127.27.211.126:43597), 3f9b8babb9614a769daa82a638822367 (127.27.211.124:36527)
I20260601 13:26:52.889825 29578 tablet_service.cc:1917] Received RequestConsensusVote() RPC: tablet_id: "00000000000000000000000000000000" candidate_uuid: "bde70c1ce4144ab6b7557118186e3dd6" candidate_term: 3 candidate_status { last_received { term: 1 index: 9 } } ignore_live_leader: false dest_uuid: "cc7caf92a78541b08de6cd013a31ab75"
I20260601 13:26:52.889963 29578 raft_consensus.cc:3060] T 00000000000000000000000000000000 P cc7caf92a78541b08de6cd013a31ab75 [term 2 FOLLOWER]: Advancing to term 3
W20260601 13:26:52.890869 29619 leader_election.cc:336] T 00000000000000000000000000000000 P bde70c1ce4144ab6b7557118186e3dd6 [CANDIDATE]: Term 3 election: RPC error from VoteRequest() call to peer 3f9b8babb9614a769daa82a638822367 (127.27.211.124:36527): Network error: Client connection negotiation failed: client connection to 127.27.211.124:36527: connect: Connection refused (error 111)
I20260601 13:26:52.890872 29578 raft_consensus.cc:2468] T 00000000000000000000000000000000 P cc7caf92a78541b08de6cd013a31ab75 [term 3 FOLLOWER]: Leader election vote request: Granting yes vote for candidate bde70c1ce4144ab6b7557118186e3dd6 in term 3.
I20260601 13:26:52.891274 29618 leader_election.cc:304] T 00000000000000000000000000000000 P bde70c1ce4144ab6b7557118186e3dd6 [CANDIDATE]: Term 3 election: Election decided. Result: candidate won. Election summary: received 3 responses out of 3 voters: 2 yes votes; 1 no votes. yes voters: bde70c1ce4144ab6b7557118186e3dd6, cc7caf92a78541b08de6cd013a31ab75; no voters: 3f9b8babb9614a769daa82a638822367
I20260601 13:26:52.891479 30096 raft_consensus.cc:2804] T 00000000000000000000000000000000 P bde70c1ce4144ab6b7557118186e3dd6 [term 3 FOLLOWER]: Leader election won for term 3
I20260601 13:26:52.891724 30096 raft_consensus.cc:697] T 00000000000000000000000000000000 P bde70c1ce4144ab6b7557118186e3dd6 [term 3 LEADER]: Becoming Leader. State: Replica: bde70c1ce4144ab6b7557118186e3dd6, State: Running, Role: LEADER
I20260601 13:26:52.891940 30096 consensus_queue.cc:237] T 00000000000000000000000000000000 P bde70c1ce4144ab6b7557118186e3dd6 [LEADER]: Queue going to LEADER mode. State: All replicated index: 0, Majority replicated index: 9, Committed index: 9, Last appended: 1.9, Last appended by leader: 9, Current term: 3, Majority size: 2, State: 0, Mode: LEADER, active raft config: opid_index: -1 OBSOLETE_local: false peers { permanent_uuid: "cc7caf92a78541b08de6cd013a31ab75" member_type: VOTER last_known_addr { host: "127.27.211.126" port: 43597 } } peers { permanent_uuid: "bde70c1ce4144ab6b7557118186e3dd6" member_type: VOTER last_known_addr { host: "127.27.211.125" port: 33507 } } peers { permanent_uuid: "3f9b8babb9614a769daa82a638822367" member_type: VOTER last_known_addr { host: "127.27.211.124" port: 36527 } }
I20260601 13:26:52.892705 30099 sys_catalog.cc:455] T 00000000000000000000000000000000 P bde70c1ce4144ab6b7557118186e3dd6 [sys.catalog]: SysCatalogTable state changed. Reason: New leader bde70c1ce4144ab6b7557118186e3dd6. Latest consensus state: current_term: 3 leader_uuid: "bde70c1ce4144ab6b7557118186e3dd6" committed_config { opid_index: -1 OBSOLETE_local: false peers { permanent_uuid: "cc7caf92a78541b08de6cd013a31ab75" member_type: VOTER last_known_addr { host: "127.27.211.126" port: 43597 } } peers { permanent_uuid: "bde70c1ce4144ab6b7557118186e3dd6" member_type: VOTER last_known_addr { host: "127.27.211.125" port: 33507 } } peers { permanent_uuid: "3f9b8babb9614a769daa82a638822367" member_type: VOTER last_known_addr { host: "127.27.211.124" port: 36527 } } }
I20260601 13:26:52.892836 30099 sys_catalog.cc:458] T 00000000000000000000000000000000 P bde70c1ce4144ab6b7557118186e3dd6 [sys.catalog]: This master's current role is: LEADER
I20260601 13:26:52.893187 30101 catalog_manager.cc:1510] Loading table and tablet metadata into memory...
I20260601 13:26:52.894598 30101 catalog_manager.cc:679] Loaded metadata for table test-workload [id=4da55bbb03324f12ae5aa9a906bb5996]
I20260601 13:26:52.895481 30101 tablet_loader.cc:96] loaded metadata for tablet 25a5687e26794c8a9da4b5d4c68513ee (table test-workload [id=4da55bbb03324f12ae5aa9a906bb5996])
I20260601 13:26:52.895697 30101 tablet_loader.cc:96] loaded metadata for tablet 811958d2a46d494ead40c28d3f78d9f9 (table test-workload [id=4da55bbb03324f12ae5aa9a906bb5996])
I20260601 13:26:52.895869 30101 tablet_loader.cc:96] loaded metadata for tablet b9b0e06681b7464ba132f6b8a168712e (table test-workload [id=4da55bbb03324f12ae5aa9a906bb5996])
I20260601 13:26:52.895970 30101 catalog_manager.cc:1519] Initializing Kudu cluster ID...
I20260601 13:26:52.896422 30101 catalog_manager.cc:1294] Loaded cluster ID: bace379ffcb9498385e3f77efbefe5d4
I20260601 13:26:52.896472 30101 catalog_manager.cc:1530] Initializing Kudu internal certificate authority...
I20260601 13:26:52.897068 30101 catalog_manager.cc:1539] Loading token signing keys...
I20260601 13:26:52.897491 30101 catalog_manager.cc:6080] T 00000000000000000000000000000000 P bde70c1ce4144ab6b7557118186e3dd6: Loaded TSK: 0
I20260601 13:26:52.898028 30101 catalog_manager.cc:1549] Initializing in-progress tserver states...
W20260601 13:26:53.332521 29619 consensus_peers.cc:597] T 00000000000000000000000000000000 P bde70c1ce4144ab6b7557118186e3dd6 -> Peer 3f9b8babb9614a769daa82a638822367 (127.27.211.124:36527): Couldn't send request to peer 3f9b8babb9614a769daa82a638822367. Status: Network error: Client connection negotiation failed: client connection to 127.27.211.124:36527: connect: Connection refused (error 111). This is attempt 1: this message will repeat every 5th retry.
I20260601 13:26:53.425175 29578 raft_consensus.cc:1275] T 00000000000000000000000000000000 P cc7caf92a78541b08de6cd013a31ab75 [term 3 FOLLOWER]: Refusing update from remote peer bde70c1ce4144ab6b7557118186e3dd6: Log matching property violated. Preceding OpId in replica: term: 1 index: 9. Preceding OpId from leader: term: 3 index: 10. (index mismatch)
I20260601 13:26:53.425918 30099 consensus_queue.cc:1048] T 00000000000000000000000000000000 P bde70c1ce4144ab6b7557118186e3dd6 [LEADER]: Connected to new peer: Peer: permanent_uuid: "cc7caf92a78541b08de6cd013a31ab75" member_type: VOTER last_known_addr { host: "127.27.211.126" port: 43597 }, Status: LMP_MISMATCH, Last received: 0.0, Next index: 10, Last known committed idx: 9, Time since last communication: 0.000s
I20260601 13:26:53.427672 30102 sys_catalog.cc:455] T 00000000000000000000000000000000 P cc7caf92a78541b08de6cd013a31ab75 [sys.catalog]: SysCatalogTable state changed. Reason: New leader bde70c1ce4144ab6b7557118186e3dd6. Latest consensus state: current_term: 3 leader_uuid: "bde70c1ce4144ab6b7557118186e3dd6" committed_config { opid_index: -1 OBSOLETE_local: false peers { permanent_uuid: "cc7caf92a78541b08de6cd013a31ab75" member_type: VOTER last_known_addr { host: "127.27.211.126" port: 43597 } } peers { permanent_uuid: "bde70c1ce4144ab6b7557118186e3dd6" member_type: VOTER last_known_addr { host: "127.27.211.125" port: 33507 } } peers { permanent_uuid: "3f9b8babb9614a769daa82a638822367" member_type: VOTER last_known_addr { host: "127.27.211.124" port: 36527 } } }
I20260601 13:26:53.427917 30102 sys_catalog.cc:458] T 00000000000000000000000000000000 P cc7caf92a78541b08de6cd013a31ab75 [sys.catalog]: This master's current role is: FOLLOWER
I20260601 13:26:53.429003 30104 sys_catalog.cc:455] T 00000000000000000000000000000000 P bde70c1ce4144ab6b7557118186e3dd6 [sys.catalog]: SysCatalogTable state changed. Reason: Peer health change. Latest consensus state: current_term: 3 leader_uuid: "bde70c1ce4144ab6b7557118186e3dd6" committed_config { opid_index: -1 OBSOLETE_local: false peers { permanent_uuid: "cc7caf92a78541b08de6cd013a31ab75" member_type: VOTER last_known_addr { host: "127.27.211.126" port: 43597 } } peers { permanent_uuid: "bde70c1ce4144ab6b7557118186e3dd6" member_type: VOTER last_known_addr { host: "127.27.211.125" port: 33507 } } peers { permanent_uuid: "3f9b8babb9614a769daa82a638822367" member_type: VOTER last_known_addr { host: "127.27.211.124" port: 36527 } } }
I20260601 13:26:53.429147 30104 sys_catalog.cc:458] T 00000000000000000000000000000000 P bde70c1ce4144ab6b7557118186e3dd6 [sys.catalog]: This master's current role is: LEADER
I20260601 13:26:53.429399 30102 sys_catalog.cc:455] T 00000000000000000000000000000000 P cc7caf92a78541b08de6cd013a31ab75 [sys.catalog]: SysCatalogTable state changed. Reason: Replicated consensus-only round. Latest consensus state: current_term: 3 leader_uuid: "bde70c1ce4144ab6b7557118186e3dd6" committed_config { opid_index: -1 OBSOLETE_local: false peers { permanent_uuid: "cc7caf92a78541b08de6cd013a31ab75" member_type: VOTER last_known_addr { host: "127.27.211.126" port: 43597 } } peers { permanent_uuid: "bde70c1ce4144ab6b7557118186e3dd6" member_type: VOTER last_known_addr { host: "127.27.211.125" port: 33507 } } peers { permanent_uuid: "3f9b8babb9614a769daa82a638822367" member_type: VOTER last_known_addr { host: "127.27.211.124" port: 36527 } } }
I20260601 13:26:53.429631 30102 sys_catalog.cc:458] T 00000000000000000000000000000000 P cc7caf92a78541b08de6cd013a31ab75 [sys.catalog]: This master's current role is: FOLLOWER
I20260601 13:26:53.439545 29757 auto_leader_rebalancer.cc:140] leader rebalance for table test-workload
I20260601 13:26:53.439778 29757 auto_leader_rebalancer.cc:451] All tables' leader rebalancing finished this round
I20260601 13:26:53.945897 28493 tablet_server.cc:179] TabletServer@127.27.211.65:0 shutting down...
I20260601 13:26:53.951097 28493 ts_tablet_manager.cc:1507] Shutting down tablet manager...
I20260601 13:26:53.951352 28493 tablet_replica.cc:333] T 811958d2a46d494ead40c28d3f78d9f9 P 3f7e1d8a7e0c4213bcb8ef5f5173feed: stopping tablet replica
I20260601 13:26:53.951476 28493 raft_consensus.cc:2243] T 811958d2a46d494ead40c28d3f78d9f9 P 3f7e1d8a7e0c4213bcb8ef5f5173feed [term 1 LEADER]: Raft consensus shutting down.
I20260601 13:26:53.951593 28493 raft_consensus.cc:2272] T 811958d2a46d494ead40c28d3f78d9f9 P 3f7e1d8a7e0c4213bcb8ef5f5173feed [term 1 FOLLOWER]: Raft consensus is shut down!
I20260601 13:26:53.964790 28493 tablet_server.cc:196] TabletServer@127.27.211.65:0 shutdown complete.
I20260601 13:26:53.967900 28493 tablet_server.cc:179] TabletServer@127.27.211.66:0 shutting down...
I20260601 13:26:53.973242 28493 ts_tablet_manager.cc:1507] Shutting down tablet manager...
I20260601 13:26:53.973520 28493 tablet_replica.cc:333] T b9b0e06681b7464ba132f6b8a168712e P 643a366c78ee419c923193f6baee6811: stopping tablet replica
I20260601 13:26:53.973639 28493 raft_consensus.cc:2243] T b9b0e06681b7464ba132f6b8a168712e P 643a366c78ee419c923193f6baee6811 [term 1 LEADER]: Raft consensus shutting down.
I20260601 13:26:53.973752 28493 raft_consensus.cc:2272] T b9b0e06681b7464ba132f6b8a168712e P 643a366c78ee419c923193f6baee6811 [term 1 FOLLOWER]: Raft consensus is shut down!
I20260601 13:26:53.987895 28493 tablet_server.cc:196] TabletServer@127.27.211.66:0 shutdown complete.
I20260601 13:26:53.990026 28493 tablet_server.cc:179] TabletServer@127.27.211.67:0 shutting down...
I20260601 13:26:53.995693 28493 ts_tablet_manager.cc:1507] Shutting down tablet manager...
I20260601 13:26:53.995977 28493 tablet_replica.cc:333] T 25a5687e26794c8a9da4b5d4c68513ee P 3eae572ca3c9411a863f1561e74c09aa: stopping tablet replica
I20260601 13:26:53.996122 28493 raft_consensus.cc:2243] T 25a5687e26794c8a9da4b5d4c68513ee P 3eae572ca3c9411a863f1561e74c09aa [term 1 LEADER]: Raft consensus shutting down.
I20260601 13:26:53.996333 28493 raft_consensus.cc:2272] T 25a5687e26794c8a9da4b5d4c68513ee P 3eae572ca3c9411a863f1561e74c09aa [term 1 FOLLOWER]: Raft consensus is shut down!
I20260601 13:26:54.009404 28493 tablet_server.cc:196] TabletServer@127.27.211.67:0 shutdown complete.
I20260601 13:26:54.011590 28493 master.cc:562] Master@127.27.211.126:43597 shutting down...
I20260601 13:26:54.015777 28493 raft_consensus.cc:2243] T 00000000000000000000000000000000 P cc7caf92a78541b08de6cd013a31ab75 [term 3 FOLLOWER]: Raft consensus shutting down.
I20260601 13:26:54.016012 28493 raft_consensus.cc:2272] T 00000000000000000000000000000000 P cc7caf92a78541b08de6cd013a31ab75 [term 3 FOLLOWER]: Raft consensus is shut down!
I20260601 13:26:54.016077 28493 tablet_replica.cc:333] T 00000000000000000000000000000000 P cc7caf92a78541b08de6cd013a31ab75: stopping tablet replica
I20260601 13:26:54.029656 28493 master.cc:584] Master@127.27.211.126:43597 shutdown complete.
I20260601 13:26:54.033252 28493 master.cc:562] Master@127.27.211.125:33507 shutting down...
I20260601 13:26:54.037277 28493 raft_consensus.cc:2243] T 00000000000000000000000000000000 P bde70c1ce4144ab6b7557118186e3dd6 [term 3 LEADER]: Raft consensus shutting down.
I20260601 13:26:54.037654 28493 raft_consensus.cc:2272] T 00000000000000000000000000000000 P bde70c1ce4144ab6b7557118186e3dd6 [term 3 FOLLOWER]: Raft consensus is shut down!
I20260601 13:26:54.037730 28493 tablet_replica.cc:333] T 00000000000000000000000000000000 P bde70c1ce4144ab6b7557118186e3dd6: stopping tablet replica
I20260601 13:26:54.051690 28493 master.cc:584] Master@127.27.211.125:33507 shutdown complete.
[       OK ] AutoRebalancerTest.NextLeaderResumesAutoRebalancing (6715 ms)
[ RUN      ] AutoRebalancerTest.MovesScheduledIfAddTserver
I20260601 13:26:54.060549 28493 internal_mini_cluster.cc:156] Creating distributed mini masters. Addrs: 127.27.211.126:44041
I20260601 13:26:54.060987 28493 file_cache.cc:492] Constructed file cache file cache with capacity 419430
W20260601 13:26:54.063102 30116 instance_detector.cc:116] could not retrieve OpenStack instance metadata: Network error: curl error: HTTP response code said error: The requested URL returned error: 404
W20260601 13:26:54.063123 30113 instance_detector.cc:116] could not retrieve AWS instance metadata: Network error: curl error: HTTP response code said error: The requested URL returned error: 404
I20260601 13:26:54.063464 28493 server_base.cc:1061] running on GCE node
W20260601 13:26:54.063282 30114 instance_detector.cc:116] could not retrieve Azure instance metadata: Network error: curl error: HTTP response code said error: The requested URL returned error: 404
I20260601 13:26:54.063715 28493 hybrid_clock.cc:584] initializing the hybrid clock with 'system_unsync' time source
W20260601 13:26:54.063787 28493 system_unsync_time.cc:38] NTP support is disabled. Clock error bounds will not be accurate. This configuration is not suitable for distributed clusters.
I20260601 13:26:54.063805 28493 hybrid_clock.cc:648] HybridClock initialized: now 1780320414063805 us; error 0 us; skew 500 ppm
I20260601 13:26:54.064762 28493 webserver.cc:533] Webserver started at http://127.27.211.126:37897/ using document root <none> and password file <none>
I20260601 13:26:54.064954 28493 fs_manager.cc:362] Metadata directory not provided
I20260601 13:26:54.065011 28493 fs_manager.cc:368] Using write-ahead log directory (fs_wal_dir) as metadata directory
I20260601 13:26:54.065079 28493 server_base.cc:909] This appears to be a new deployment of Kudu; creating new FS layout
I20260601 13:26:54.065515 28493 fs_manager.cc:1068] Generated new instance metadata in path /tmp/dist-test-taskHQ8GcN/test-tmp/auto_rebalancer-test.0.AutoRebalancerTest.MovesScheduledIfAddTserver.1780320397280065-28493-0/minicluster-data/master-0-root/instance:
uuid: "f408b03d758c498b957022d5866f9edf"
format_stamp: "Formatted at 2026-06-01 13:26:54 on dist-test-slave-whj6"
I20260601 13:26:54.067068 28493 fs_manager.cc:696] Time spent creating directory manager: real 0.001s	user 0.002s	sys 0.000s
I20260601 13:26:54.068197 30121 log_block_manager.cc:4031] Time spent loading block containers with low live blocks: real 0.000s	user 0.000s	sys 0.000s
I20260601 13:26:54.068487 28493 fs_manager.cc:730] Time spent opening block manager: real 0.001s	user 0.001s	sys 0.000s
I20260601 13:26:54.068557 28493 fs_manager.cc:647] Opened local filesystem: /tmp/dist-test-taskHQ8GcN/test-tmp/auto_rebalancer-test.0.AutoRebalancerTest.MovesScheduledIfAddTserver.1780320397280065-28493-0/minicluster-data/master-0-root
uuid: "f408b03d758c498b957022d5866f9edf"
format_stamp: "Formatted at 2026-06-01 13:26:54 on dist-test-slave-whj6"
I20260601 13:26:54.068626 28493 fs_report.cc:389] FS layout report
--------------------
wal directory: /tmp/dist-test-taskHQ8GcN/test-tmp/auto_rebalancer-test.0.AutoRebalancerTest.MovesScheduledIfAddTserver.1780320397280065-28493-0/minicluster-data/master-0-root
metadata directory: /tmp/dist-test-taskHQ8GcN/test-tmp/auto_rebalancer-test.0.AutoRebalancerTest.MovesScheduledIfAddTserver.1780320397280065-28493-0/minicluster-data/master-0-root
1 data directories: /tmp/dist-test-taskHQ8GcN/test-tmp/auto_rebalancer-test.0.AutoRebalancerTest.MovesScheduledIfAddTserver.1780320397280065-28493-0/minicluster-data/master-0-root/data
Total live blocks: 0
Total live bytes: 0
Total live bytes (after alignment): 0
Total number of LBM containers: 0 (0 full)
Did not check for missing blocks
Did not check for orphaned blocks
Total full LBM containers with extra space: 0 (0 repaired)
Total full LBM container extra space in bytes: 0 (0 repaired)
Total incomplete LBM containers: 0 (0 repaired)
Total LBM partial records: 0 (0 repaired)
Total corrupted LBM metadata records in RocksDB: 0 (0 repaired)
I20260601 13:26:54.074900 28493 rpc_server.cc:225] running with OpenSSL 1.1.1  11 Sep 2018
I20260601 13:26:54.075407 28493 kserver.cc:163] Server-wide thread pool size limit: 3276
I20260601 13:26:54.080417 28493 rpc_server.cc:307] RPC server started. Bound to: 127.27.211.126:44041
I20260601 13:26:54.083685 30173 acceptor_pool.cc:272] collecting diagnostics on the listening RPC socket 127.27.211.126:44041 every 8 connection(s)
I20260601 13:26:54.084235 30174 data_dirs.cc:400] Could only allocate 1 dirs of requested 3 for tablet 00000000000000000000000000000000. 1 dirs total, 0 dirs full, 0 dirs failed
I20260601 13:26:54.086330 30174 tablet_bootstrap.cc:492] T 00000000000000000000000000000000 P f408b03d758c498b957022d5866f9edf: Bootstrap starting.
I20260601 13:26:54.087296 30174 tablet_bootstrap.cc:654] T 00000000000000000000000000000000 P f408b03d758c498b957022d5866f9edf: Neither blocks nor log segments found. Creating new log.
I20260601 13:26:54.088435 30174 tablet_bootstrap.cc:492] T 00000000000000000000000000000000 P f408b03d758c498b957022d5866f9edf: No bootstrap required, opened a new log
I20260601 13:26:54.088855 30174 raft_consensus.cc:359] T 00000000000000000000000000000000 P f408b03d758c498b957022d5866f9edf [term 0 FOLLOWER]: Replica starting. Triggering 0 pending ops. Active config: opid_index: -1 OBSOLETE_local: true peers { permanent_uuid: "f408b03d758c498b957022d5866f9edf" member_type: VOTER }
I20260601 13:26:54.088956 30174 raft_consensus.cc:385] T 00000000000000000000000000000000 P f408b03d758c498b957022d5866f9edf [term 0 FOLLOWER]: Consensus starting up: Expiring failure detector timer to make a prompt election more likely
I20260601 13:26:54.088979 30174 raft_consensus.cc:740] T 00000000000000000000000000000000 P f408b03d758c498b957022d5866f9edf [term 0 FOLLOWER]: Becoming Follower/Learner. State: Replica: f408b03d758c498b957022d5866f9edf, State: Initialized, Role: FOLLOWER
I20260601 13:26:54.089108 30174 consensus_queue.cc:260] T 00000000000000000000000000000000 P f408b03d758c498b957022d5866f9edf [NON_LEADER]: Queue going to NON_LEADER mode. State: All replicated index: 0, Majority replicated index: 0, Committed index: 0, Last appended: 0.0, Last appended by leader: 0, Current term: 0, Majority size: -1, State: 0, Mode: NON_LEADER, active raft config: opid_index: -1 OBSOLETE_local: true peers { permanent_uuid: "f408b03d758c498b957022d5866f9edf" member_type: VOTER }
I20260601 13:26:54.089172 30174 raft_consensus.cc:399] T 00000000000000000000000000000000 P f408b03d758c498b957022d5866f9edf [term 0 FOLLOWER]: Only one voter in the Raft config. Triggering election immediately
I20260601 13:26:54.089202 30174 raft_consensus.cc:493] T 00000000000000000000000000000000 P f408b03d758c498b957022d5866f9edf [term 0 FOLLOWER]: Starting leader election (initial election of a single-replica configuration)
I20260601 13:26:54.089237 30174 raft_consensus.cc:3060] T 00000000000000000000000000000000 P f408b03d758c498b957022d5866f9edf [term 0 FOLLOWER]: Advancing to term 1
I20260601 13:26:54.090013 30174 raft_consensus.cc:515] T 00000000000000000000000000000000 P f408b03d758c498b957022d5866f9edf [term 1 FOLLOWER]: Starting leader election with config: opid_index: -1 OBSOLETE_local: true peers { permanent_uuid: "f408b03d758c498b957022d5866f9edf" member_type: VOTER }
I20260601 13:26:54.090142 30174 leader_election.cc:304] T 00000000000000000000000000000000 P f408b03d758c498b957022d5866f9edf [CANDIDATE]: Term 1 election: Election decided. Result: candidate won. Election summary: received 1 responses out of 1 voters: 1 yes votes; 0 no votes. yes voters: f408b03d758c498b957022d5866f9edf; no voters: 
I20260601 13:26:54.090343 30174 leader_election.cc:290] T 00000000000000000000000000000000 P f408b03d758c498b957022d5866f9edf [CANDIDATE]: Term 1 election: Requested vote from peers 
I20260601 13:26:54.090497 30177 raft_consensus.cc:2804] T 00000000000000000000000000000000 P f408b03d758c498b957022d5866f9edf [term 1 FOLLOWER]: Leader election won for term 1
I20260601 13:26:54.090772 30177 raft_consensus.cc:697] T 00000000000000000000000000000000 P f408b03d758c498b957022d5866f9edf [term 1 LEADER]: Becoming Leader. State: Replica: f408b03d758c498b957022d5866f9edf, State: Running, Role: LEADER
