I20260601 13:27:48.290932 31614 raft_consensus.cc:2468] T 6c12ec8b724d4a1fb04ff303e7c05bfe P d964c77a6f8d43208fc394f83ebedcfe [term 1 FOLLOWER]: Leader election vote request: Granting yes vote for candidate fe677ae4f0c44c46a30b49405b8e49d1 in term 1.
I20260601 13:27:48.290944 31539 raft_consensus.cc:2468] T 6c12ec8b724d4a1fb04ff303e7c05bfe P 8acd750aad194546ac0c9f6fb795d159 [term 1 FOLLOWER]: Leader election vote request: Granting yes vote for candidate fe677ae4f0c44c46a30b49405b8e49d1 in term 1.
I20260601 13:27:48.291337 31426 leader_election.cc:304] T 6c12ec8b724d4a1fb04ff303e7c05bfe P fe677ae4f0c44c46a30b49405b8e49d1 [CANDIDATE]: Term 1 election: Election decided. Result: candidate won. Election summary: received 2 responses out of 3 voters: 2 yes votes; 0 no votes. yes voters: d964c77a6f8d43208fc394f83ebedcfe, fe677ae4f0c44c46a30b49405b8e49d1; no voters: 
I20260601 13:27:48.291519 31668 raft_consensus.cc:2804] T 6c12ec8b724d4a1fb04ff303e7c05bfe P fe677ae4f0c44c46a30b49405b8e49d1 [term 1 FOLLOWER]: Leader election won for term 1
I20260601 13:27:48.291611 31668 raft_consensus.cc:697] T 6c12ec8b724d4a1fb04ff303e7c05bfe P fe677ae4f0c44c46a30b49405b8e49d1 [term 1 LEADER]: Becoming Leader. State: Replica: fe677ae4f0c44c46a30b49405b8e49d1, State: Running, Role: LEADER
I20260601 13:27:48.291743 31668 consensus_queue.cc:237] T 6c12ec8b724d4a1fb04ff303e7c05bfe P fe677ae4f0c44c46a30b49405b8e49d1 [LEADER]: Queue going to LEADER mode. State: All replicated index: 0, Majority replicated index: 0, Committed index: 0, Last appended: 0.0, Last appended by leader: 0, Current term: 1, Majority size: 2, State: 0, Mode: LEADER, active raft config: opid_index: -1 OBSOLETE_local: false peers { permanent_uuid: "8acd750aad194546ac0c9f6fb795d159" member_type: VOTER last_known_addr { host: "127.27.211.66" port: 45245 } } peers { permanent_uuid: "fe677ae4f0c44c46a30b49405b8e49d1" member_type: VOTER last_known_addr { host: "127.27.211.65" port: 38313 } } peers { permanent_uuid: "d964c77a6f8d43208fc394f83ebedcfe" member_type: VOTER last_known_addr { host: "127.27.211.67" port: 45727 } }
I20260601 13:27:48.293257 31358 catalog_manager.cc:5696] T 6c12ec8b724d4a1fb04ff303e7c05bfe P fe677ae4f0c44c46a30b49405b8e49d1 reported cstate change: term changed from 0 to 1, leader changed from <none> to fe677ae4f0c44c46a30b49405b8e49d1 (127.27.211.65). New cstate: current_term: 1 leader_uuid: "fe677ae4f0c44c46a30b49405b8e49d1" committed_config { opid_index: -1 OBSOLETE_local: false peers { permanent_uuid: "8acd750aad194546ac0c9f6fb795d159" member_type: VOTER last_known_addr { host: "127.27.211.66" port: 45245 } health_report { overall_health: UNKNOWN } } peers { permanent_uuid: "fe677ae4f0c44c46a30b49405b8e49d1" member_type: VOTER last_known_addr { host: "127.27.211.65" port: 38313 } health_report { overall_health: HEALTHY } } peers { permanent_uuid: "d964c77a6f8d43208fc394f83ebedcfe" member_type: VOTER last_known_addr { host: "127.27.211.67" port: 45727 } health_report { overall_health: UNKNOWN } } }
I20260601 13:27:48.300971 31668 raft_consensus.cc:493] T 393fc38333b14480b2ea12cf8c68dc3f P fe677ae4f0c44c46a30b49405b8e49d1 [term 0 FOLLOWER]: Starting pre-election (no leader contacted us within the election timeout)
I20260601 13:27:48.301159 31668 raft_consensus.cc:515] T 393fc38333b14480b2ea12cf8c68dc3f P fe677ae4f0c44c46a30b49405b8e49d1 [term 0 FOLLOWER]: Starting pre-election with config: opid_index: -1 OBSOLETE_local: false peers { permanent_uuid: "fe677ae4f0c44c46a30b49405b8e49d1" member_type: VOTER last_known_addr { host: "127.27.211.65" port: 38313 } } peers { permanent_uuid: "8acd750aad194546ac0c9f6fb795d159" member_type: VOTER last_known_addr { host: "127.27.211.66" port: 45245 } } peers { permanent_uuid: "d964c77a6f8d43208fc394f83ebedcfe" member_type: VOTER last_known_addr { host: "127.27.211.67" port: 45727 } }
I20260601 13:27:48.301834 31668 leader_election.cc:290] T 393fc38333b14480b2ea12cf8c68dc3f P fe677ae4f0c44c46a30b49405b8e49d1 [CANDIDATE]: Term 1 pre-election: Requested pre-vote from peers 8acd750aad194546ac0c9f6fb795d159 (127.27.211.66:45245), d964c77a6f8d43208fc394f83ebedcfe (127.27.211.67:45727)
I20260601 13:27:48.302207 31539 tablet_service.cc:1917] Received RequestConsensusVote() RPC: tablet_id: "393fc38333b14480b2ea12cf8c68dc3f" candidate_uuid: "fe677ae4f0c44c46a30b49405b8e49d1" candidate_term: 1 candidate_status { last_received { term: 0 index: 0 } } ignore_live_leader: false dest_uuid: "8acd750aad194546ac0c9f6fb795d159" is_pre_election: true
I20260601 13:27:48.302333 31614 tablet_service.cc:1917] Received RequestConsensusVote() RPC: tablet_id: "393fc38333b14480b2ea12cf8c68dc3f" candidate_uuid: "fe677ae4f0c44c46a30b49405b8e49d1" candidate_term: 1 candidate_status { last_received { term: 0 index: 0 } } ignore_live_leader: false dest_uuid: "d964c77a6f8d43208fc394f83ebedcfe" is_pre_election: true
I20260601 13:27:48.302362 31539 raft_consensus.cc:2468] T 393fc38333b14480b2ea12cf8c68dc3f P 8acd750aad194546ac0c9f6fb795d159 [term 0 FOLLOWER]: Leader pre-election vote request: Granting yes vote for candidate fe677ae4f0c44c46a30b49405b8e49d1 in term 0.
I20260601 13:27:48.302440 31614 raft_consensus.cc:2468] T 393fc38333b14480b2ea12cf8c68dc3f P d964c77a6f8d43208fc394f83ebedcfe [term 0 FOLLOWER]: Leader pre-election vote request: Granting yes vote for candidate fe677ae4f0c44c46a30b49405b8e49d1 in term 0.
I20260601 13:27:48.302726 31426 leader_election.cc:304] T 393fc38333b14480b2ea12cf8c68dc3f P fe677ae4f0c44c46a30b49405b8e49d1 [CANDIDATE]: Term 1 pre-election: Election decided. Result: candidate won. Election summary: received 2 responses out of 3 voters: 2 yes votes; 0 no votes. yes voters: d964c77a6f8d43208fc394f83ebedcfe, fe677ae4f0c44c46a30b49405b8e49d1; no voters: 
I20260601 13:27:48.302983 31668 raft_consensus.cc:2804] T 393fc38333b14480b2ea12cf8c68dc3f P fe677ae4f0c44c46a30b49405b8e49d1 [term 0 FOLLOWER]: Leader pre-election won for term 1
I20260601 13:27:48.303066 31668 raft_consensus.cc:493] T 393fc38333b14480b2ea12cf8c68dc3f P fe677ae4f0c44c46a30b49405b8e49d1 [term 0 FOLLOWER]: Starting leader election (no leader contacted us within the election timeout)
I20260601 13:27:48.303112 31668 raft_consensus.cc:3060] T 393fc38333b14480b2ea12cf8c68dc3f P fe677ae4f0c44c46a30b49405b8e49d1 [term 0 FOLLOWER]: Advancing to term 1
I20260601 13:27:48.304102 31668 raft_consensus.cc:515] T 393fc38333b14480b2ea12cf8c68dc3f P fe677ae4f0c44c46a30b49405b8e49d1 [term 1 FOLLOWER]: Starting leader election with config: opid_index: -1 OBSOLETE_local: false peers { permanent_uuid: "fe677ae4f0c44c46a30b49405b8e49d1" member_type: VOTER last_known_addr { host: "127.27.211.65" port: 38313 } } peers { permanent_uuid: "8acd750aad194546ac0c9f6fb795d159" member_type: VOTER last_known_addr { host: "127.27.211.66" port: 45245 } } peers { permanent_uuid: "d964c77a6f8d43208fc394f83ebedcfe" member_type: VOTER last_known_addr { host: "127.27.211.67" port: 45727 } }
I20260601 13:27:48.304518 31668 leader_election.cc:290] T 393fc38333b14480b2ea12cf8c68dc3f P fe677ae4f0c44c46a30b49405b8e49d1 [CANDIDATE]: Term 1 election: Requested vote from peers 8acd750aad194546ac0c9f6fb795d159 (127.27.211.66:45245), d964c77a6f8d43208fc394f83ebedcfe (127.27.211.67:45727)
I20260601 13:27:48.304858 31614 tablet_service.cc:1917] Received RequestConsensusVote() RPC: tablet_id: "393fc38333b14480b2ea12cf8c68dc3f" candidate_uuid: "fe677ae4f0c44c46a30b49405b8e49d1" candidate_term: 1 candidate_status { last_received { term: 0 index: 0 } } ignore_live_leader: false dest_uuid: "d964c77a6f8d43208fc394f83ebedcfe"
I20260601 13:27:48.304858 31539 tablet_service.cc:1917] Received RequestConsensusVote() RPC: tablet_id: "393fc38333b14480b2ea12cf8c68dc3f" candidate_uuid: "fe677ae4f0c44c46a30b49405b8e49d1" candidate_term: 1 candidate_status { last_received { term: 0 index: 0 } } ignore_live_leader: false dest_uuid: "8acd750aad194546ac0c9f6fb795d159"
I20260601 13:27:48.305013 31614 raft_consensus.cc:3060] T 393fc38333b14480b2ea12cf8c68dc3f P d964c77a6f8d43208fc394f83ebedcfe [term 0 FOLLOWER]: Advancing to term 1
I20260601 13:27:48.305068 31539 raft_consensus.cc:3060] T 393fc38333b14480b2ea12cf8c68dc3f P 8acd750aad194546ac0c9f6fb795d159 [term 0 FOLLOWER]: Advancing to term 1
I20260601 13:27:48.306011 31539 raft_consensus.cc:2468] T 393fc38333b14480b2ea12cf8c68dc3f P 8acd750aad194546ac0c9f6fb795d159 [term 1 FOLLOWER]: Leader election vote request: Granting yes vote for candidate fe677ae4f0c44c46a30b49405b8e49d1 in term 1.
I20260601 13:27:48.306007 31614 raft_consensus.cc:2468] T 393fc38333b14480b2ea12cf8c68dc3f P d964c77a6f8d43208fc394f83ebedcfe [term 1 FOLLOWER]: Leader election vote request: Granting yes vote for candidate fe677ae4f0c44c46a30b49405b8e49d1 in term 1.
I20260601 13:27:48.306345 31428 leader_election.cc:304] T 393fc38333b14480b2ea12cf8c68dc3f P fe677ae4f0c44c46a30b49405b8e49d1 [CANDIDATE]: Term 1 election: Election decided. Result: candidate won. Election summary: received 2 responses out of 3 voters: 2 yes votes; 0 no votes. yes voters: 8acd750aad194546ac0c9f6fb795d159, fe677ae4f0c44c46a30b49405b8e49d1; no voters: 
I20260601 13:27:48.306558 31668 raft_consensus.cc:2804] T 393fc38333b14480b2ea12cf8c68dc3f P fe677ae4f0c44c46a30b49405b8e49d1 [term 1 FOLLOWER]: Leader election won for term 1
I20260601 13:27:48.306648 31668 raft_consensus.cc:697] T 393fc38333b14480b2ea12cf8c68dc3f P fe677ae4f0c44c46a30b49405b8e49d1 [term 1 LEADER]: Becoming Leader. State: Replica: fe677ae4f0c44c46a30b49405b8e49d1, State: Running, Role: LEADER
I20260601 13:27:48.306802 31668 consensus_queue.cc:237] T 393fc38333b14480b2ea12cf8c68dc3f P fe677ae4f0c44c46a30b49405b8e49d1 [LEADER]: Queue going to LEADER mode. State: All replicated index: 0, Majority replicated index: 0, Committed index: 0, Last appended: 0.0, Last appended by leader: 0, Current term: 1, Majority size: 2, State: 0, Mode: LEADER, active raft config: opid_index: -1 OBSOLETE_local: false peers { permanent_uuid: "fe677ae4f0c44c46a30b49405b8e49d1" member_type: VOTER last_known_addr { host: "127.27.211.65" port: 38313 } } peers { permanent_uuid: "8acd750aad194546ac0c9f6fb795d159" member_type: VOTER last_known_addr { host: "127.27.211.66" port: 45245 } } peers { permanent_uuid: "d964c77a6f8d43208fc394f83ebedcfe" member_type: VOTER last_known_addr { host: "127.27.211.67" port: 45727 } }
I20260601 13:27:48.308815 31358 catalog_manager.cc:5696] T 393fc38333b14480b2ea12cf8c68dc3f P fe677ae4f0c44c46a30b49405b8e49d1 reported cstate change: term changed from 0 to 1, leader changed from <none> to fe677ae4f0c44c46a30b49405b8e49d1 (127.27.211.65). New cstate: current_term: 1 leader_uuid: "fe677ae4f0c44c46a30b49405b8e49d1" committed_config { opid_index: -1 OBSOLETE_local: false peers { permanent_uuid: "fe677ae4f0c44c46a30b49405b8e49d1" member_type: VOTER last_known_addr { host: "127.27.211.65" port: 38313 } health_report { overall_health: HEALTHY } } peers { permanent_uuid: "8acd750aad194546ac0c9f6fb795d159" member_type: VOTER last_known_addr { host: "127.27.211.66" port: 45245 } health_report { overall_health: UNKNOWN } } peers { permanent_uuid: "d964c77a6f8d43208fc394f83ebedcfe" member_type: VOTER last_known_addr { host: "127.27.211.67" port: 45727 } health_report { overall_health: UNKNOWN } } }
I20260601 13:27:48.319545 31668 raft_consensus.cc:493] T f59bffaebd5d41fe9092bc9d016b7d31 P fe677ae4f0c44c46a30b49405b8e49d1 [term 0 FOLLOWER]: Starting pre-election (no leader contacted us within the election timeout)
I20260601 13:27:48.319725 31668 raft_consensus.cc:515] T f59bffaebd5d41fe9092bc9d016b7d31 P fe677ae4f0c44c46a30b49405b8e49d1 [term 0 FOLLOWER]: Starting pre-election with config: opid_index: -1 OBSOLETE_local: false peers { permanent_uuid: "8acd750aad194546ac0c9f6fb795d159" member_type: VOTER last_known_addr { host: "127.27.211.66" port: 45245 } } peers { permanent_uuid: "fe677ae4f0c44c46a30b49405b8e49d1" member_type: VOTER last_known_addr { host: "127.27.211.65" port: 38313 } } peers { permanent_uuid: "d964c77a6f8d43208fc394f83ebedcfe" member_type: VOTER last_known_addr { host: "127.27.211.67" port: 45727 } }
I20260601 13:27:48.320222 31668 leader_election.cc:290] T f59bffaebd5d41fe9092bc9d016b7d31 P fe677ae4f0c44c46a30b49405b8e49d1 [CANDIDATE]: Term 1 pre-election: Requested pre-vote from peers 8acd750aad194546ac0c9f6fb795d159 (127.27.211.66:45245), d964c77a6f8d43208fc394f83ebedcfe (127.27.211.67:45727)
I20260601 13:27:48.320605 31539 tablet_service.cc:1917] Received RequestConsensusVote() RPC: tablet_id: "f59bffaebd5d41fe9092bc9d016b7d31" candidate_uuid: "fe677ae4f0c44c46a30b49405b8e49d1" candidate_term: 1 candidate_status { last_received { term: 0 index: 0 } } ignore_live_leader: false dest_uuid: "8acd750aad194546ac0c9f6fb795d159" is_pre_election: true
I20260601 13:27:48.320688 31614 tablet_service.cc:1917] Received RequestConsensusVote() RPC: tablet_id: "f59bffaebd5d41fe9092bc9d016b7d31" candidate_uuid: "fe677ae4f0c44c46a30b49405b8e49d1" candidate_term: 1 candidate_status { last_received { term: 0 index: 0 } } ignore_live_leader: false dest_uuid: "d964c77a6f8d43208fc394f83ebedcfe" is_pre_election: true
I20260601 13:27:48.320799 31614 raft_consensus.cc:2468] T f59bffaebd5d41fe9092bc9d016b7d31 P d964c77a6f8d43208fc394f83ebedcfe [term 0 FOLLOWER]: Leader pre-election vote request: Granting yes vote for candidate fe677ae4f0c44c46a30b49405b8e49d1 in term 0.
I20260601 13:27:48.320803 31539 raft_consensus.cc:2468] T f59bffaebd5d41fe9092bc9d016b7d31 P 8acd750aad194546ac0c9f6fb795d159 [term 0 FOLLOWER]: Leader pre-election vote request: Granting yes vote for candidate fe677ae4f0c44c46a30b49405b8e49d1 in term 0.
I20260601 13:27:48.321092 31426 leader_election.cc:304] T f59bffaebd5d41fe9092bc9d016b7d31 P fe677ae4f0c44c46a30b49405b8e49d1 [CANDIDATE]: Term 1 pre-election: Election decided. Result: candidate won. Election summary: received 2 responses out of 3 voters: 2 yes votes; 0 no votes. yes voters: d964c77a6f8d43208fc394f83ebedcfe, fe677ae4f0c44c46a30b49405b8e49d1; no voters: 
I20260601 13:27:48.321273 31668 raft_consensus.cc:2804] T f59bffaebd5d41fe9092bc9d016b7d31 P fe677ae4f0c44c46a30b49405b8e49d1 [term 0 FOLLOWER]: Leader pre-election won for term 1
I20260601 13:27:48.321347 31668 raft_consensus.cc:493] T f59bffaebd5d41fe9092bc9d016b7d31 P fe677ae4f0c44c46a30b49405b8e49d1 [term 0 FOLLOWER]: Starting leader election (no leader contacted us within the election timeout)
I20260601 13:27:48.321393 31668 raft_consensus.cc:3060] T f59bffaebd5d41fe9092bc9d016b7d31 P fe677ae4f0c44c46a30b49405b8e49d1 [term 0 FOLLOWER]: Advancing to term 1
I20260601 13:27:48.322178 31668 raft_consensus.cc:515] T f59bffaebd5d41fe9092bc9d016b7d31 P fe677ae4f0c44c46a30b49405b8e49d1 [term 1 FOLLOWER]: Starting leader election with config: opid_index: -1 OBSOLETE_local: false peers { permanent_uuid: "8acd750aad194546ac0c9f6fb795d159" member_type: VOTER last_known_addr { host: "127.27.211.66" port: 45245 } } peers { permanent_uuid: "fe677ae4f0c44c46a30b49405b8e49d1" member_type: VOTER last_known_addr { host: "127.27.211.65" port: 38313 } } peers { permanent_uuid: "d964c77a6f8d43208fc394f83ebedcfe" member_type: VOTER last_known_addr { host: "127.27.211.67" port: 45727 } }
I20260601 13:27:48.322535 31668 leader_election.cc:290] T f59bffaebd5d41fe9092bc9d016b7d31 P fe677ae4f0c44c46a30b49405b8e49d1 [CANDIDATE]: Term 1 election: Requested vote from peers 8acd750aad194546ac0c9f6fb795d159 (127.27.211.66:45245), d964c77a6f8d43208fc394f83ebedcfe (127.27.211.67:45727)
I20260601 13:27:48.322891 31614 tablet_service.cc:1917] Received RequestConsensusVote() RPC: tablet_id: "f59bffaebd5d41fe9092bc9d016b7d31" candidate_uuid: "fe677ae4f0c44c46a30b49405b8e49d1" candidate_term: 1 candidate_status { last_received { term: 0 index: 0 } } ignore_live_leader: false dest_uuid: "d964c77a6f8d43208fc394f83ebedcfe"
I20260601 13:27:48.322983 31539 tablet_service.cc:1917] Received RequestConsensusVote() RPC: tablet_id: "f59bffaebd5d41fe9092bc9d016b7d31" candidate_uuid: "fe677ae4f0c44c46a30b49405b8e49d1" candidate_term: 1 candidate_status { last_received { term: 0 index: 0 } } ignore_live_leader: false dest_uuid: "8acd750aad194546ac0c9f6fb795d159"
I20260601 13:27:48.322988 31614 raft_consensus.cc:3060] T f59bffaebd5d41fe9092bc9d016b7d31 P d964c77a6f8d43208fc394f83ebedcfe [term 0 FOLLOWER]: Advancing to term 1
I20260601 13:27:48.323169 31539 raft_consensus.cc:3060] T f59bffaebd5d41fe9092bc9d016b7d31 P 8acd750aad194546ac0c9f6fb795d159 [term 0 FOLLOWER]: Advancing to term 1
I20260601 13:27:48.323778 31614 raft_consensus.cc:2468] T f59bffaebd5d41fe9092bc9d016b7d31 P d964c77a6f8d43208fc394f83ebedcfe [term 1 FOLLOWER]: Leader election vote request: Granting yes vote for candidate fe677ae4f0c44c46a30b49405b8e49d1 in term 1.
I20260601 13:27:48.324056 31426 leader_election.cc:304] T f59bffaebd5d41fe9092bc9d016b7d31 P fe677ae4f0c44c46a30b49405b8e49d1 [CANDIDATE]: Term 1 election: Election decided. Result: candidate won. Election summary: received 2 responses out of 3 voters: 2 yes votes; 0 no votes. yes voters: d964c77a6f8d43208fc394f83ebedcfe, fe677ae4f0c44c46a30b49405b8e49d1; no voters: 
I20260601 13:27:48.324167 31539 raft_consensus.cc:2468] T f59bffaebd5d41fe9092bc9d016b7d31 P 8acd750aad194546ac0c9f6fb795d159 [term 1 FOLLOWER]: Leader election vote request: Granting yes vote for candidate fe677ae4f0c44c46a30b49405b8e49d1 in term 1.
I20260601 13:27:48.324322 31668 raft_consensus.cc:2804] T f59bffaebd5d41fe9092bc9d016b7d31 P fe677ae4f0c44c46a30b49405b8e49d1 [term 1 FOLLOWER]: Leader election won for term 1
I20260601 13:27:48.324477 31668 raft_consensus.cc:697] T f59bffaebd5d41fe9092bc9d016b7d31 P fe677ae4f0c44c46a30b49405b8e49d1 [term 1 LEADER]: Becoming Leader. State: Replica: fe677ae4f0c44c46a30b49405b8e49d1, State: Running, Role: LEADER
I20260601 13:27:48.324622 31668 consensus_queue.cc:237] T f59bffaebd5d41fe9092bc9d016b7d31 P fe677ae4f0c44c46a30b49405b8e49d1 [LEADER]: Queue going to LEADER mode. State: All replicated index: 0, Majority replicated index: 0, Committed index: 0, Last appended: 0.0, Last appended by leader: 0, Current term: 1, Majority size: 2, State: 0, Mode: LEADER, active raft config: opid_index: -1 OBSOLETE_local: false peers { permanent_uuid: "8acd750aad194546ac0c9f6fb795d159" member_type: VOTER last_known_addr { host: "127.27.211.66" port: 45245 } } peers { permanent_uuid: "fe677ae4f0c44c46a30b49405b8e49d1" member_type: VOTER last_known_addr { host: "127.27.211.65" port: 38313 } } peers { permanent_uuid: "d964c77a6f8d43208fc394f83ebedcfe" member_type: VOTER last_known_addr { host: "127.27.211.67" port: 45727 } }
I20260601 13:27:48.326503 31358 catalog_manager.cc:5696] T f59bffaebd5d41fe9092bc9d016b7d31 P fe677ae4f0c44c46a30b49405b8e49d1 reported cstate change: term changed from 0 to 1, leader changed from <none> to fe677ae4f0c44c46a30b49405b8e49d1 (127.27.211.65). New cstate: current_term: 1 leader_uuid: "fe677ae4f0c44c46a30b49405b8e49d1" committed_config { opid_index: -1 OBSOLETE_local: false peers { permanent_uuid: "8acd750aad194546ac0c9f6fb795d159" member_type: VOTER last_known_addr { host: "127.27.211.66" port: 45245 } health_report { overall_health: UNKNOWN } } peers { permanent_uuid: "fe677ae4f0c44c46a30b49405b8e49d1" member_type: VOTER last_known_addr { host: "127.27.211.65" port: 38313 } health_report { overall_health: HEALTHY } } peers { permanent_uuid: "d964c77a6f8d43208fc394f83ebedcfe" member_type: VOTER last_known_addr { host: "127.27.211.67" port: 45727 } health_report { overall_health: UNKNOWN } } }
I20260601 13:27:48.360836 31668 raft_consensus.cc:493] T 35e36eff1f6c43ef92961a4e5165ec2a P fe677ae4f0c44c46a30b49405b8e49d1 [term 0 FOLLOWER]: Starting pre-election (no leader contacted us within the election timeout)
I20260601 13:27:48.360988 31668 raft_consensus.cc:515] T 35e36eff1f6c43ef92961a4e5165ec2a P fe677ae4f0c44c46a30b49405b8e49d1 [term 0 FOLLOWER]: Starting pre-election with config: opid_index: -1 OBSOLETE_local: false peers { permanent_uuid: "fe677ae4f0c44c46a30b49405b8e49d1" member_type: VOTER last_known_addr { host: "127.27.211.65" port: 38313 } } peers { permanent_uuid: "8acd750aad194546ac0c9f6fb795d159" member_type: VOTER last_known_addr { host: "127.27.211.66" port: 45245 } } peers { permanent_uuid: "d964c77a6f8d43208fc394f83ebedcfe" member_type: VOTER last_known_addr { host: "127.27.211.67" port: 45727 } }
I20260601 13:27:48.361426 31668 leader_election.cc:290] T 35e36eff1f6c43ef92961a4e5165ec2a P fe677ae4f0c44c46a30b49405b8e49d1 [CANDIDATE]: Term 1 pre-election: Requested pre-vote from peers 8acd750aad194546ac0c9f6fb795d159 (127.27.211.66:45245), d964c77a6f8d43208fc394f83ebedcfe (127.27.211.67:45727)
I20260601 13:27:48.361941 31539 tablet_service.cc:1917] Received RequestConsensusVote() RPC: tablet_id: "35e36eff1f6c43ef92961a4e5165ec2a" candidate_uuid: "fe677ae4f0c44c46a30b49405b8e49d1" candidate_term: 1 candidate_status { last_received { term: 0 index: 0 } } ignore_live_leader: false dest_uuid: "8acd750aad194546ac0c9f6fb795d159" is_pre_election: true
I20260601 13:27:48.362057 31614 tablet_service.cc:1917] Received RequestConsensusVote() RPC: tablet_id: "35e36eff1f6c43ef92961a4e5165ec2a" candidate_uuid: "fe677ae4f0c44c46a30b49405b8e49d1" candidate_term: 1 candidate_status { last_received { term: 0 index: 0 } } ignore_live_leader: false dest_uuid: "d964c77a6f8d43208fc394f83ebedcfe" is_pre_election: true
I20260601 13:27:48.362149 31539 raft_consensus.cc:2468] T 35e36eff1f6c43ef92961a4e5165ec2a P 8acd750aad194546ac0c9f6fb795d159 [term 0 FOLLOWER]: Leader pre-election vote request: Granting yes vote for candidate fe677ae4f0c44c46a30b49405b8e49d1 in term 0.
I20260601 13:27:48.362165 31614 raft_consensus.cc:2468] T 35e36eff1f6c43ef92961a4e5165ec2a P d964c77a6f8d43208fc394f83ebedcfe [term 0 FOLLOWER]: Leader pre-election vote request: Granting yes vote for candidate fe677ae4f0c44c46a30b49405b8e49d1 in term 0.
I20260601 13:27:48.362470 31428 leader_election.cc:304] T 35e36eff1f6c43ef92961a4e5165ec2a P fe677ae4f0c44c46a30b49405b8e49d1 [CANDIDATE]: Term 1 pre-election: Election decided. Result: candidate won. Election summary: received 2 responses out of 3 voters: 2 yes votes; 0 no votes. yes voters: 8acd750aad194546ac0c9f6fb795d159, fe677ae4f0c44c46a30b49405b8e49d1; no voters: 
I20260601 13:27:48.362672 31668 raft_consensus.cc:2804] T 35e36eff1f6c43ef92961a4e5165ec2a P fe677ae4f0c44c46a30b49405b8e49d1 [term 0 FOLLOWER]: Leader pre-election won for term 1
I20260601 13:27:48.362746 31668 raft_consensus.cc:493] T 35e36eff1f6c43ef92961a4e5165ec2a P fe677ae4f0c44c46a30b49405b8e49d1 [term 0 FOLLOWER]: Starting leader election (no leader contacted us within the election timeout)
I20260601 13:27:48.362782 31668 raft_consensus.cc:3060] T 35e36eff1f6c43ef92961a4e5165ec2a P fe677ae4f0c44c46a30b49405b8e49d1 [term 0 FOLLOWER]: Advancing to term 1
I20260601 13:27:48.363749 31668 raft_consensus.cc:515] T 35e36eff1f6c43ef92961a4e5165ec2a P fe677ae4f0c44c46a30b49405b8e49d1 [term 1 FOLLOWER]: Starting leader election with config: opid_index: -1 OBSOLETE_local: false peers { permanent_uuid: "fe677ae4f0c44c46a30b49405b8e49d1" member_type: VOTER last_known_addr { host: "127.27.211.65" port: 38313 } } peers { permanent_uuid: "8acd750aad194546ac0c9f6fb795d159" member_type: VOTER last_known_addr { host: "127.27.211.66" port: 45245 } } peers { permanent_uuid: "d964c77a6f8d43208fc394f83ebedcfe" member_type: VOTER last_known_addr { host: "127.27.211.67" port: 45727 } }
I20260601 13:27:48.364137 31668 leader_election.cc:290] T 35e36eff1f6c43ef92961a4e5165ec2a P fe677ae4f0c44c46a30b49405b8e49d1 [CANDIDATE]: Term 1 election: Requested vote from peers 8acd750aad194546ac0c9f6fb795d159 (127.27.211.66:45245), d964c77a6f8d43208fc394f83ebedcfe (127.27.211.67:45727)
I20260601 13:27:48.364573 31614 tablet_service.cc:1917] Received RequestConsensusVote() RPC: tablet_id: "35e36eff1f6c43ef92961a4e5165ec2a" candidate_uuid: "fe677ae4f0c44c46a30b49405b8e49d1" candidate_term: 1 candidate_status { last_received { term: 0 index: 0 } } ignore_live_leader: false dest_uuid: "d964c77a6f8d43208fc394f83ebedcfe"
I20260601 13:27:48.364614 31539 tablet_service.cc:1917] Received RequestConsensusVote() RPC: tablet_id: "35e36eff1f6c43ef92961a4e5165ec2a" candidate_uuid: "fe677ae4f0c44c46a30b49405b8e49d1" candidate_term: 1 candidate_status { last_received { term: 0 index: 0 } } ignore_live_leader: false dest_uuid: "8acd750aad194546ac0c9f6fb795d159"
I20260601 13:27:48.364672 31614 raft_consensus.cc:3060] T 35e36eff1f6c43ef92961a4e5165ec2a P d964c77a6f8d43208fc394f83ebedcfe [term 0 FOLLOWER]: Advancing to term 1
I20260601 13:27:48.364720 31539 raft_consensus.cc:3060] T 35e36eff1f6c43ef92961a4e5165ec2a P 8acd750aad194546ac0c9f6fb795d159 [term 0 FOLLOWER]: Advancing to term 1
I20260601 13:27:48.365571 31539 raft_consensus.cc:2468] T 35e36eff1f6c43ef92961a4e5165ec2a P 8acd750aad194546ac0c9f6fb795d159 [term 1 FOLLOWER]: Leader election vote request: Granting yes vote for candidate fe677ae4f0c44c46a30b49405b8e49d1 in term 1.
I20260601 13:27:48.365583 31614 raft_consensus.cc:2468] T 35e36eff1f6c43ef92961a4e5165ec2a P d964c77a6f8d43208fc394f83ebedcfe [term 1 FOLLOWER]: Leader election vote request: Granting yes vote for candidate fe677ae4f0c44c46a30b49405b8e49d1 in term 1.
I20260601 13:27:48.365885 31426 leader_election.cc:304] T 35e36eff1f6c43ef92961a4e5165ec2a P fe677ae4f0c44c46a30b49405b8e49d1 [CANDIDATE]: Term 1 election: Election decided. Result: candidate won. Election summary: received 2 responses out of 3 voters: 2 yes votes; 0 no votes. yes voters: d964c77a6f8d43208fc394f83ebedcfe, fe677ae4f0c44c46a30b49405b8e49d1; no voters: 
I20260601 13:27:48.366070 31668 raft_consensus.cc:2804] T 35e36eff1f6c43ef92961a4e5165ec2a P fe677ae4f0c44c46a30b49405b8e49d1 [term 1 FOLLOWER]: Leader election won for term 1
I20260601 13:27:48.366171 31668 raft_consensus.cc:697] T 35e36eff1f6c43ef92961a4e5165ec2a P fe677ae4f0c44c46a30b49405b8e49d1 [term 1 LEADER]: Becoming Leader. State: Replica: fe677ae4f0c44c46a30b49405b8e49d1, State: Running, Role: LEADER
I20260601 13:27:48.366326 31668 consensus_queue.cc:237] T 35e36eff1f6c43ef92961a4e5165ec2a P fe677ae4f0c44c46a30b49405b8e49d1 [LEADER]: Queue going to LEADER mode. State: All replicated index: 0, Majority replicated index: 0, Committed index: 0, Last appended: 0.0, Last appended by leader: 0, Current term: 1, Majority size: 2, State: 0, Mode: LEADER, active raft config: opid_index: -1 OBSOLETE_local: false peers { permanent_uuid: "fe677ae4f0c44c46a30b49405b8e49d1" member_type: VOTER last_known_addr { host: "127.27.211.65" port: 38313 } } peers { permanent_uuid: "8acd750aad194546ac0c9f6fb795d159" member_type: VOTER last_known_addr { host: "127.27.211.66" port: 45245 } } peers { permanent_uuid: "d964c77a6f8d43208fc394f83ebedcfe" member_type: VOTER last_known_addr { host: "127.27.211.67" port: 45727 } }
I20260601 13:27:48.368250 31358 catalog_manager.cc:5696] T 35e36eff1f6c43ef92961a4e5165ec2a P fe677ae4f0c44c46a30b49405b8e49d1 reported cstate change: term changed from 0 to 1, leader changed from <none> to fe677ae4f0c44c46a30b49405b8e49d1 (127.27.211.65). New cstate: current_term: 1 leader_uuid: "fe677ae4f0c44c46a30b49405b8e49d1" committed_config { opid_index: -1 OBSOLETE_local: false peers { permanent_uuid: "fe677ae4f0c44c46a30b49405b8e49d1" member_type: VOTER last_known_addr { host: "127.27.211.65" port: 38313 } health_report { overall_health: HEALTHY } } peers { permanent_uuid: "8acd750aad194546ac0c9f6fb795d159" member_type: VOTER last_known_addr { host: "127.27.211.66" port: 45245 } health_report { overall_health: UNKNOWN } } peers { permanent_uuid: "d964c77a6f8d43208fc394f83ebedcfe" member_type: VOTER last_known_addr { host: "127.27.211.67" port: 45727 } health_report { overall_health: UNKNOWN } } }
I20260601 13:27:48.482340 31692 raft_consensus.cc:493] T 4f4cc34096bd41febedb1c12bad39f1b P d964c77a6f8d43208fc394f83ebedcfe [term 0 FOLLOWER]: Starting pre-election (no leader contacted us within the election timeout)
I20260601 13:27:48.482527 31692 raft_consensus.cc:515] T 4f4cc34096bd41febedb1c12bad39f1b P d964c77a6f8d43208fc394f83ebedcfe [term 0 FOLLOWER]: Starting pre-election with config: opid_index: -1 OBSOLETE_local: false peers { permanent_uuid: "fe677ae4f0c44c46a30b49405b8e49d1" member_type: VOTER last_known_addr { host: "127.27.211.65" port: 38313 } } peers { permanent_uuid: "8acd750aad194546ac0c9f6fb795d159" member_type: VOTER last_known_addr { host: "127.27.211.66" port: 45245 } } peers { permanent_uuid: "d964c77a6f8d43208fc394f83ebedcfe" member_type: VOTER last_known_addr { host: "127.27.211.67" port: 45727 } }
I20260601 13:27:48.483096 31692 leader_election.cc:290] T 4f4cc34096bd41febedb1c12bad39f1b P d964c77a6f8d43208fc394f83ebedcfe [CANDIDATE]: Term 1 pre-election: Requested pre-vote from peers fe677ae4f0c44c46a30b49405b8e49d1 (127.27.211.65:38313), 8acd750aad194546ac0c9f6fb795d159 (127.27.211.66:45245)
I20260601 13:27:48.483914 31539 tablet_service.cc:1917] Received RequestConsensusVote() RPC: tablet_id: "4f4cc34096bd41febedb1c12bad39f1b" candidate_uuid: "d964c77a6f8d43208fc394f83ebedcfe" candidate_term: 1 candidate_status { last_received { term: 0 index: 0 } } ignore_live_leader: false dest_uuid: "8acd750aad194546ac0c9f6fb795d159" is_pre_election: true
I20260601 13:27:48.484033 31463 tablet_service.cc:1917] Received RequestConsensusVote() RPC: tablet_id: "4f4cc34096bd41febedb1c12bad39f1b" candidate_uuid: "d964c77a6f8d43208fc394f83ebedcfe" candidate_term: 1 candidate_status { last_received { term: 0 index: 0 } } ignore_live_leader: false dest_uuid: "fe677ae4f0c44c46a30b49405b8e49d1" is_pre_election: true
I20260601 13:27:48.484252 31539 raft_consensus.cc:2468] T 4f4cc34096bd41febedb1c12bad39f1b P 8acd750aad194546ac0c9f6fb795d159 [term 0 FOLLOWER]: Leader pre-election vote request: Granting yes vote for candidate d964c77a6f8d43208fc394f83ebedcfe in term 0.
I20260601 13:27:48.484256 31463 raft_consensus.cc:2468] T 4f4cc34096bd41febedb1c12bad39f1b P fe677ae4f0c44c46a30b49405b8e49d1 [term 0 FOLLOWER]: Leader pre-election vote request: Granting yes vote for candidate d964c77a6f8d43208fc394f83ebedcfe in term 0.
I20260601 13:27:48.484606 31579 leader_election.cc:304] T 4f4cc34096bd41febedb1c12bad39f1b P d964c77a6f8d43208fc394f83ebedcfe [CANDIDATE]: Term 1 pre-election: Election decided. Result: candidate won. Election summary: received 2 responses out of 3 voters: 2 yes votes; 0 no votes. yes voters: d964c77a6f8d43208fc394f83ebedcfe, fe677ae4f0c44c46a30b49405b8e49d1; no voters: 
I20260601 13:27:48.484805 31692 raft_consensus.cc:2804] T 4f4cc34096bd41febedb1c12bad39f1b P d964c77a6f8d43208fc394f83ebedcfe [term 0 FOLLOWER]: Leader pre-election won for term 1
I20260601 13:27:48.484879 31692 raft_consensus.cc:493] T 4f4cc34096bd41febedb1c12bad39f1b P d964c77a6f8d43208fc394f83ebedcfe [term 0 FOLLOWER]: Starting leader election (no leader contacted us within the election timeout)
I20260601 13:27:48.484907 31692 raft_consensus.cc:3060] T 4f4cc34096bd41febedb1c12bad39f1b P d964c77a6f8d43208fc394f83ebedcfe [term 0 FOLLOWER]: Advancing to term 1
I20260601 13:27:48.485795 31692 raft_consensus.cc:515] T 4f4cc34096bd41febedb1c12bad39f1b P d964c77a6f8d43208fc394f83ebedcfe [term 1 FOLLOWER]: Starting leader election with config: opid_index: -1 OBSOLETE_local: false peers { permanent_uuid: "fe677ae4f0c44c46a30b49405b8e49d1" member_type: VOTER last_known_addr { host: "127.27.211.65" port: 38313 } } peers { permanent_uuid: "8acd750aad194546ac0c9f6fb795d159" member_type: VOTER last_known_addr { host: "127.27.211.66" port: 45245 } } peers { permanent_uuid: "d964c77a6f8d43208fc394f83ebedcfe" member_type: VOTER last_known_addr { host: "127.27.211.67" port: 45727 } }
I20260601 13:27:48.486153 31692 leader_election.cc:290] T 4f4cc34096bd41febedb1c12bad39f1b P d964c77a6f8d43208fc394f83ebedcfe [CANDIDATE]: Term 1 election: Requested vote from peers fe677ae4f0c44c46a30b49405b8e49d1 (127.27.211.65:38313), 8acd750aad194546ac0c9f6fb795d159 (127.27.211.66:45245)
I20260601 13:27:48.486624 31463 tablet_service.cc:1917] Received RequestConsensusVote() RPC: tablet_id: "4f4cc34096bd41febedb1c12bad39f1b" candidate_uuid: "d964c77a6f8d43208fc394f83ebedcfe" candidate_term: 1 candidate_status { last_received { term: 0 index: 0 } } ignore_live_leader: false dest_uuid: "fe677ae4f0c44c46a30b49405b8e49d1"
I20260601 13:27:48.486725 31463 raft_consensus.cc:3060] T 4f4cc34096bd41febedb1c12bad39f1b P fe677ae4f0c44c46a30b49405b8e49d1 [term 0 FOLLOWER]: Advancing to term 1
I20260601 13:27:48.486750 31539 tablet_service.cc:1917] Received RequestConsensusVote() RPC: tablet_id: "4f4cc34096bd41febedb1c12bad39f1b" candidate_uuid: "d964c77a6f8d43208fc394f83ebedcfe" candidate_term: 1 candidate_status { last_received { term: 0 index: 0 } } ignore_live_leader: false dest_uuid: "8acd750aad194546ac0c9f6fb795d159"
I20260601 13:27:48.486928 31539 raft_consensus.cc:3060] T 4f4cc34096bd41febedb1c12bad39f1b P 8acd750aad194546ac0c9f6fb795d159 [term 0 FOLLOWER]: Advancing to term 1
I20260601 13:27:48.487457 31463 raft_consensus.cc:2468] T 4f4cc34096bd41febedb1c12bad39f1b P fe677ae4f0c44c46a30b49405b8e49d1 [term 1 FOLLOWER]: Leader election vote request: Granting yes vote for candidate d964c77a6f8d43208fc394f83ebedcfe in term 1.
I20260601 13:27:48.487813 31579 leader_election.cc:304] T 4f4cc34096bd41febedb1c12bad39f1b P d964c77a6f8d43208fc394f83ebedcfe [CANDIDATE]: Term 1 election: Election decided. Result: candidate won. Election summary: received 2 responses out of 3 voters: 2 yes votes; 0 no votes. yes voters: d964c77a6f8d43208fc394f83ebedcfe, fe677ae4f0c44c46a30b49405b8e49d1; no voters: 
I20260601 13:27:48.487962 31539 raft_consensus.cc:2468] T 4f4cc34096bd41febedb1c12bad39f1b P 8acd750aad194546ac0c9f6fb795d159 [term 1 FOLLOWER]: Leader election vote request: Granting yes vote for candidate d964c77a6f8d43208fc394f83ebedcfe in term 1.
I20260601 13:27:48.488037 31692 raft_consensus.cc:2804] T 4f4cc34096bd41febedb1c12bad39f1b P d964c77a6f8d43208fc394f83ebedcfe [term 1 FOLLOWER]: Leader election won for term 1
I20260601 13:27:48.488149 31692 raft_consensus.cc:697] T 4f4cc34096bd41febedb1c12bad39f1b P d964c77a6f8d43208fc394f83ebedcfe [term 1 LEADER]: Becoming Leader. State: Replica: d964c77a6f8d43208fc394f83ebedcfe, State: Running, Role: LEADER
I20260601 13:27:48.488282 31692 consensus_queue.cc:237] T 4f4cc34096bd41febedb1c12bad39f1b P d964c77a6f8d43208fc394f83ebedcfe [LEADER]: Queue going to LEADER mode. State: All replicated index: 0, Majority replicated index: 0, Committed index: 0, Last appended: 0.0, Last appended by leader: 0, Current term: 1, Majority size: 2, State: 0, Mode: LEADER, active raft config: opid_index: -1 OBSOLETE_local: false peers { permanent_uuid: "fe677ae4f0c44c46a30b49405b8e49d1" member_type: VOTER last_known_addr { host: "127.27.211.65" port: 38313 } } peers { permanent_uuid: "8acd750aad194546ac0c9f6fb795d159" member_type: VOTER last_known_addr { host: "127.27.211.66" port: 45245 } } peers { permanent_uuid: "d964c77a6f8d43208fc394f83ebedcfe" member_type: VOTER last_known_addr { host: "127.27.211.67" port: 45727 } }
I20260601 13:27:48.489928 31358 catalog_manager.cc:5696] T 4f4cc34096bd41febedb1c12bad39f1b P d964c77a6f8d43208fc394f83ebedcfe reported cstate change: term changed from 0 to 1, leader changed from <none> to d964c77a6f8d43208fc394f83ebedcfe (127.27.211.67). New cstate: current_term: 1 leader_uuid: "d964c77a6f8d43208fc394f83ebedcfe" committed_config { opid_index: -1 OBSOLETE_local: false peers { permanent_uuid: "fe677ae4f0c44c46a30b49405b8e49d1" member_type: VOTER last_known_addr { host: "127.27.211.65" port: 38313 } health_report { overall_health: UNKNOWN } } peers { permanent_uuid: "8acd750aad194546ac0c9f6fb795d159" member_type: VOTER last_known_addr { host: "127.27.211.66" port: 45245 } health_report { overall_health: UNKNOWN } } peers { permanent_uuid: "d964c77a6f8d43208fc394f83ebedcfe" member_type: VOTER last_known_addr { host: "127.27.211.67" port: 45727 } health_report { overall_health: HEALTHY } } }
I20260601 13:27:48.529017 28493 file_cache.cc:492] Constructed file cache file cache with capacity 419430
W20260601 13:27:48.531312 31708 instance_detector.cc:116] could not retrieve AWS instance metadata: Network error: curl error: HTTP response code said error: The requested URL returned error: 404
W20260601 13:27:48.531312 31711 instance_detector.cc:116] could not retrieve OpenStack instance metadata: Network error: curl error: HTTP response code said error: The requested URL returned error: 404
W20260601 13:27:48.531350 31709 instance_detector.cc:116] could not retrieve Azure instance metadata: Network error: curl error: HTTP response code said error: The requested URL returned error: 404
I20260601 13:27:48.531723 28493 server_base.cc:1061] running on GCE node
I20260601 13:27:48.531908 28493 hybrid_clock.cc:584] initializing the hybrid clock with 'system_unsync' time source
W20260601 13:27:48.531952 28493 system_unsync_time.cc:38] NTP support is disabled. Clock error bounds will not be accurate. This configuration is not suitable for distributed clusters.
I20260601 13:27:48.531968 28493 hybrid_clock.cc:648] HybridClock initialized: now 1780320468531968 us; error 0 us; skew 500 ppm
I20260601 13:27:48.534109 28493 webserver.cc:533] Webserver started at http://127.27.211.68:40519/ using document root <none> and password file <none>
I20260601 13:27:48.534260 28493 fs_manager.cc:362] Metadata directory not provided
I20260601 13:27:48.534322 28493 fs_manager.cc:368] Using write-ahead log directory (fs_wal_dir) as metadata directory
I20260601 13:27:48.534407 28493 server_base.cc:909] This appears to be a new deployment of Kudu; creating new FS layout
I20260601 13:27:48.534803 28493 fs_manager.cc:1068] Generated new instance metadata in path /tmp/dist-test-taskHQ8GcN/test-tmp/auto_rebalancer-test.0.AutoRebalancerTest.RangeAwareRebalancesNewRangeReplicas.1780320397280065-28493-0/minicluster-data/ts-3-root/instance:
uuid: "52383ff446234350a95cf56cbeafaca3"
format_stamp: "Formatted at 2026-06-01 13:27:48 on dist-test-slave-whj6"
I20260601 13:27:48.536500 28493 fs_manager.cc:696] Time spent creating directory manager: real 0.001s	user 0.002s	sys 0.000s
I20260601 13:27:48.537685 31716 log_block_manager.cc:4031] Time spent loading block containers with low live blocks: real 0.000s	user 0.000s	sys 0.000s
I20260601 13:27:48.538030 28493 fs_manager.cc:730] Time spent opening block manager: real 0.001s	user 0.001s	sys 0.000s
I20260601 13:27:48.538107 28493 fs_manager.cc:647] Opened local filesystem: /tmp/dist-test-taskHQ8GcN/test-tmp/auto_rebalancer-test.0.AutoRebalancerTest.RangeAwareRebalancesNewRangeReplicas.1780320397280065-28493-0/minicluster-data/ts-3-root
uuid: "52383ff446234350a95cf56cbeafaca3"
format_stamp: "Formatted at 2026-06-01 13:27:48 on dist-test-slave-whj6"
I20260601 13:27:48.538161 28493 fs_report.cc:389] FS layout report
--------------------
wal directory: /tmp/dist-test-taskHQ8GcN/test-tmp/auto_rebalancer-test.0.AutoRebalancerTest.RangeAwareRebalancesNewRangeReplicas.1780320397280065-28493-0/minicluster-data/ts-3-root
metadata directory: /tmp/dist-test-taskHQ8GcN/test-tmp/auto_rebalancer-test.0.AutoRebalancerTest.RangeAwareRebalancesNewRangeReplicas.1780320397280065-28493-0/minicluster-data/ts-3-root
1 data directories: /tmp/dist-test-taskHQ8GcN/test-tmp/auto_rebalancer-test.0.AutoRebalancerTest.RangeAwareRebalancesNewRangeReplicas.1780320397280065-28493-0/minicluster-data/ts-3-root/data
Total live blocks: 0
Total live bytes: 0
Total live bytes (after alignment): 0
Total number of LBM containers: 0 (0 full)
Did not check for missing blocks
Did not check for orphaned blocks
Total full LBM containers with extra space: 0 (0 repaired)
Total full LBM container extra space in bytes: 0 (0 repaired)
Total incomplete LBM containers: 0 (0 repaired)
Total LBM partial records: 0 (0 repaired)
Total corrupted LBM metadata records in RocksDB: 0 (0 repaired)
I20260601 13:27:48.547885 28493 rpc_server.cc:225] running with OpenSSL 1.1.1  11 Sep 2018
I20260601 13:27:48.548290 28493 kserver.cc:163] Server-wide thread pool size limit: 3276
I20260601 13:27:48.548568 28493 txn_system_client.cc:432] TxnSystemClient initialization is disabled...
I20260601 13:27:48.549038 28493 ts_tablet_manager.cc:585] Loaded tablet metadata (0 total tablets, 0 live tablets)
I20260601 13:27:48.549080 28493 ts_tablet_manager.cc:531] Time spent load tablet metadata: real 0.000s	user 0.000s	sys 0.000s
I20260601 13:27:48.549109 28493 ts_tablet_manager.cc:616] Registered 0 tablets
I20260601 13:27:48.549124 28493 ts_tablet_manager.cc:595] Time spent register tablets: real 0.000s	user 0.000s	sys 0.000s
I20260601 13:27:48.554289 28493 rpc_server.cc:307] RPC server started. Bound to: 127.27.211.68:38943
I20260601 13:27:48.554471 31779 acceptor_pool.cc:272] collecting diagnostics on the listening RPC socket 127.27.211.68:38943 every 8 connection(s)
I20260601 13:27:48.555972 31358 catalog_manager.cc:3569] Servicing AlterTable request from {username='slave'} at 127.0.0.1:36472:
table { table_name: "range_aware_rebalance_new_range" } alter_schema_steps { type: ADD_RANGE_PARTITION add_range_partition { range_bounds { rows: "\006\001\n\000\000\000\007\001\024\000\000\000""\006\001\n\000\000\000\007\001\024\000\000\000" indirect_data: """" } } } schema { columns { name: "key" type: INT32 is_key: true is_nullable: false encoding: AUTO_ENCODING compression: DEFAULT_COMPRESSION cfile_block_size: 0 immutable: false } } modify_external_catalogs: true
I20260601 13:27:48.560027 31780 heartbeater.cc:344] Connected to a master server at 127.27.211.126:34839
I20260601 13:27:48.560176 31780 heartbeater.cc:461] Registering TS with master...
I20260601 13:27:48.560441 31780 heartbeater.cc:507] Master 127.27.211.126:34839 requested a full tablet report, sending...
W20260601 13:27:48.560710 31358 catalog_manager.cc:5956] Failed to send alter table request: Not found: failed to reset TS proxy: No leader found: Tablet 6a48868d2af6457dbfedf6a219dc390d has no consensus state
W20260601 13:27:48.560992 31358 catalog_manager.cc:5956] Failed to send alter table request: Not found: failed to reset TS proxy: No leader found: Tablet d7afa485d3e34367833cfe35f9d1adaa has no consensus state
I20260601 13:27:48.561264 31359 ts_manager.cc:194] Registered new tserver with Master: 52383ff446234350a95cf56cbeafaca3 (127.27.211.68:38943)
W20260601 13:27:48.561522 31358 catalog_manager.cc:5956] Failed to send alter table request: Not found: failed to reset TS proxy: No leader found: Tablet 5113fb6b7927494782698588772aa34b has no consensus state
W20260601 13:27:48.561795 31358 catalog_manager.cc:5956] Failed to send alter table request: Not found: failed to reset TS proxy: No leader found: Tablet 270072958d0445db86037385d75077cc has no consensus state
I20260601 13:27:48.562023 31359 master_service.cc:502] Signed X509 certificate for tserver {username='slave'} at 127.0.0.1:36474
W20260601 13:27:48.562052 31358 catalog_manager.cc:5956] Failed to send alter table request: Not found: failed to reset TS proxy: No leader found: Tablet 7f0e7d88584742f68cc3b86691421986 has no consensus state
W20260601 13:27:48.562479 31358 catalog_manager.cc:5956] Failed to send alter table request: Not found: failed to reset TS proxy: No leader found: Tablet c3714650e9834b428fb6636cb2c9f200 has no consensus state
W20260601 13:27:48.562829 31358 catalog_manager.cc:5956] Failed to send alter table request: Not found: failed to reset TS proxy: No leader found: Tablet d05a01a252144b45a5656e2859a9c356 has no consensus state
W20260601 13:27:48.563091 31358 catalog_manager.cc:5956] Failed to send alter table request: Not found: failed to reset TS proxy: No leader found: Tablet 8f5592c6c5264d84b2883938aee6a49e has no consensus state
I20260601 13:27:48.567018 31525 tablet_service.cc:1511] Processing CreateTablet for tablet 6a48868d2af6457dbfedf6a219dc390d (DEFAULT_TABLE table=range_aware_rebalance_new_range [id=4cbbf690362e45d58ee04b593003ff8f]), partition=HASH (key) PARTITION 0, RANGE (key) PARTITION 10 <= VALUES < 20
I20260601 13:27:48.567361 31525 data_dirs.cc:400] Could only allocate 1 dirs of requested 3 for tablet 6a48868d2af6457dbfedf6a219dc390d. 1 dirs total, 0 dirs full, 0 dirs failed
I20260601 13:27:48.569536 31662 tablet_bootstrap.cc:492] T 6a48868d2af6457dbfedf6a219dc390d P 8acd750aad194546ac0c9f6fb795d159: Bootstrap starting.
I20260601 13:27:48.569761 31602 tablet_service.cc:1511] Processing CreateTablet for tablet 5113fb6b7927494782698588772aa34b (DEFAULT_TABLE table=range_aware_rebalance_new_range [id=4cbbf690362e45d58ee04b593003ff8f]), partition=HASH (key) PARTITION 2, RANGE (key) PARTITION 10 <= VALUES < 20
I20260601 13:27:48.570012 31602 data_dirs.cc:400] Could only allocate 1 dirs of requested 3 for tablet 5113fb6b7927494782698588772aa34b. 1 dirs total, 0 dirs full, 0 dirs failed
I20260601 13:27:48.569881 31603 tablet_service.cc:1511] Processing CreateTablet for tablet d7afa485d3e34367833cfe35f9d1adaa (DEFAULT_TABLE table=range_aware_rebalance_new_range [id=4cbbf690362e45d58ee04b593003ff8f]), partition=HASH (key) PARTITION 1, RANGE (key) PARTITION 10 <= VALUES < 20
I20260601 13:27:48.570281 31603 data_dirs.cc:400] Could only allocate 1 dirs of requested 3 for tablet d7afa485d3e34367833cfe35f9d1adaa. 1 dirs total, 0 dirs full, 0 dirs failed
I20260601 13:27:48.570561 31662 tablet_bootstrap.cc:654] T 6a48868d2af6457dbfedf6a219dc390d P 8acd750aad194546ac0c9f6fb795d159: Neither blocks nor log segments found. Creating new log.
I20260601 13:27:48.571827 31662 tablet_bootstrap.cc:492] T 6a48868d2af6457dbfedf6a219dc390d P 8acd750aad194546ac0c9f6fb795d159: No bootstrap required, opened a new log
I20260601 13:27:48.571923 31662 ts_tablet_manager.cc:1403] T 6a48868d2af6457dbfedf6a219dc390d P 8acd750aad194546ac0c9f6fb795d159: Time spent bootstrapping tablet: real 0.002s	user 0.000s	sys 0.002s
I20260601 13:27:48.572082 31660 tablet_bootstrap.cc:492] T 5113fb6b7927494782698588772aa34b P d964c77a6f8d43208fc394f83ebedcfe: Bootstrap starting.
I20260601 13:27:48.572468 31662 raft_consensus.cc:359] T 6a48868d2af6457dbfedf6a219dc390d P 8acd750aad194546ac0c9f6fb795d159 [term 0 FOLLOWER]: Replica starting. Triggering 0 pending ops. Active config: opid_index: -1 OBSOLETE_local: false peers { permanent_uuid: "52383ff446234350a95cf56cbeafaca3" member_type: VOTER last_known_addr { host: "127.27.211.68" port: 38943 } } peers { permanent_uuid: "8acd750aad194546ac0c9f6fb795d159" member_type: VOTER last_known_addr { host: "127.27.211.66" port: 45245 } } peers { permanent_uuid: "fe677ae4f0c44c46a30b49405b8e49d1" member_type: VOTER last_known_addr { host: "127.27.211.65" port: 38313 } }
I20260601 13:27:48.572609 31662 raft_consensus.cc:385] T 6a48868d2af6457dbfedf6a219dc390d P 8acd750aad194546ac0c9f6fb795d159 [term 0 FOLLOWER]: Consensus starting up: Expiring failure detector timer to make a prompt election more likely
I20260601 13:27:48.572642 31662 raft_consensus.cc:740] T 6a48868d2af6457dbfedf6a219dc390d P 8acd750aad194546ac0c9f6fb795d159 [term 0 FOLLOWER]: Becoming Follower/Learner. State: Replica: 8acd750aad194546ac0c9f6fb795d159, State: Initialized, Role: FOLLOWER
I20260601 13:27:48.572623 31599 tablet_service.cc:1511] Processing CreateTablet for tablet 7f0e7d88584742f68cc3b86691421986 (DEFAULT_TABLE table=range_aware_rebalance_new_range [id=4cbbf690362e45d58ee04b593003ff8f]), partition=HASH (key) PARTITION 4, RANGE (key) PARTITION 10 <= VALUES < 20
I20260601 13:27:48.572849 31662 consensus_queue.cc:260] T 6a48868d2af6457dbfedf6a219dc390d P 8acd750aad194546ac0c9f6fb795d159 [NON_LEADER]: Queue going to NON_LEADER mode. State: All replicated index: 0, Majority replicated index: 0, Committed index: 0, Last appended: 0.0, Last appended by leader: 0, Current term: 0, Majority size: -1, State: 0, Mode: NON_LEADER, active raft config: opid_index: -1 OBSOLETE_local: false peers { permanent_uuid: "52383ff446234350a95cf56cbeafaca3" member_type: VOTER last_known_addr { host: "127.27.211.68" port: 38943 } } peers { permanent_uuid: "8acd750aad194546ac0c9f6fb795d159" member_type: VOTER last_known_addr { host: "127.27.211.66" port: 45245 } } peers { permanent_uuid: "fe677ae4f0c44c46a30b49405b8e49d1" member_type: VOTER last_known_addr { host: "127.27.211.65" port: 38313 } }
I20260601 13:27:48.572923 31599 data_dirs.cc:400] Could only allocate 1 dirs of requested 3 for tablet 7f0e7d88584742f68cc3b86691421986. 1 dirs total, 0 dirs full, 0 dirs failed
I20260601 13:27:48.573068 31660 tablet_bootstrap.cc:654] T 5113fb6b7927494782698588772aa34b P d964c77a6f8d43208fc394f83ebedcfe: Neither blocks nor log segments found. Creating new log.
I20260601 13:27:48.573171 31662 ts_tablet_manager.cc:1434] T 6a48868d2af6457dbfedf6a219dc390d P 8acd750aad194546ac0c9f6fb795d159: Time spent starting tablet: real 0.001s	user 0.000s	sys 0.001s
I20260601 13:27:48.574339 31525 tablet_service.cc:1511] Processing CreateTablet for tablet 5113fb6b7927494782698588772aa34b (DEFAULT_TABLE table=range_aware_rebalance_new_range [id=4cbbf690362e45d58ee04b593003ff8f]), partition=HASH (key) PARTITION 2, RANGE (key) PARTITION 10 <= VALUES < 20
I20260601 13:27:48.574389 31524 tablet_service.cc:1511] Processing CreateTablet for tablet 270072958d0445db86037385d75077cc (DEFAULT_TABLE table=range_aware_rebalance_new_range [id=4cbbf690362e45d58ee04b593003ff8f]), partition=HASH (key) PARTITION 3, RANGE (key) PARTITION 10 <= VALUES < 20
I20260601 13:27:48.574604 31525 data_dirs.cc:400] Could only allocate 1 dirs of requested 3 for tablet 5113fb6b7927494782698588772aa34b. 1 dirs total, 0 dirs full, 0 dirs failed
I20260601 13:27:48.575104 31452 tablet_service.cc:1511] Processing CreateTablet for tablet 6a48868d2af6457dbfedf6a219dc390d (DEFAULT_TABLE table=range_aware_rebalance_new_range [id=4cbbf690362e45d58ee04b593003ff8f]), partition=HASH (key) PARTITION 0, RANGE (key) PARTITION 10 <= VALUES < 20
