I20260601 13:27:17.916879 26775 tablet_service.cc:1917] Received RequestConsensusVote() RPC: tablet_id: "466d0ce31d4b48c1b2980a72f6e8a078" candidate_uuid: "b7875a8081924d2791e67da8874aadea" candidate_term: 1 candidate_status { last_received { term: 0 index: 0 } } ignore_live_leader: false dest_uuid: "3dec2ee0f27f4a14a668a26b7636f951"
I20260601 13:27:17.917049 26850 raft_consensus.cc:3060] T 466d0ce31d4b48c1b2980a72f6e8a078 P 2ab3447a383d4098aca658a77c0d5e74 [term 0 FOLLOWER]: Advancing to term 1
I20260601 13:27:17.917104 26775 raft_consensus.cc:3060] T 466d0ce31d4b48c1b2980a72f6e8a078 P 3dec2ee0f27f4a14a668a26b7636f951 [term 0 FOLLOWER]: Advancing to term 1
I20260601 13:27:17.918184 26775 raft_consensus.cc:2468] T 466d0ce31d4b48c1b2980a72f6e8a078 P 3dec2ee0f27f4a14a668a26b7636f951 [term 1 FOLLOWER]: Leader election vote request: Granting yes vote for candidate b7875a8081924d2791e67da8874aadea in term 1.
I20260601 13:27:17.918646 26850 raft_consensus.cc:2468] T 466d0ce31d4b48c1b2980a72f6e8a078 P 2ab3447a383d4098aca658a77c0d5e74 [term 1 FOLLOWER]: Leader election vote request: Granting yes vote for candidate b7875a8081924d2791e67da8874aadea in term 1.
I20260601 13:27:17.918606 26664 leader_election.cc:304] T 466d0ce31d4b48c1b2980a72f6e8a078 P b7875a8081924d2791e67da8874aadea [CANDIDATE]: Term 1 election: Election decided. Result: candidate won. Election summary: received 2 responses out of 3 voters: 2 yes votes; 0 no votes. yes voters: 3dec2ee0f27f4a14a668a26b7636f951, b7875a8081924d2791e67da8874aadea; no voters: 
I20260601 13:27:17.918988 26907 raft_consensus.cc:2804] T 466d0ce31d4b48c1b2980a72f6e8a078 P b7875a8081924d2791e67da8874aadea [term 1 FOLLOWER]: Leader election won for term 1
I20260601 13:27:17.919113 26907 raft_consensus.cc:697] T 466d0ce31d4b48c1b2980a72f6e8a078 P b7875a8081924d2791e67da8874aadea [term 1 LEADER]: Becoming Leader. State: Replica: b7875a8081924d2791e67da8874aadea, State: Running, Role: LEADER
I20260601 13:27:17.919276 26907 consensus_queue.cc:237] T 466d0ce31d4b48c1b2980a72f6e8a078 P b7875a8081924d2791e67da8874aadea [LEADER]: Queue going to LEADER mode. State: All replicated index: 0, Majority replicated index: 0, Committed index: 0, Last appended: 0.0, Last appended by leader: 0, Current term: 1, Majority size: 2, State: 0, Mode: LEADER, active raft config: opid_index: -1 OBSOLETE_local: false peers { permanent_uuid: "b7875a8081924d2791e67da8874aadea" member_type: VOTER last_known_addr { host: "127.23.131.65" port: 40073 } } peers { permanent_uuid: "3dec2ee0f27f4a14a668a26b7636f951" member_type: VOTER last_known_addr { host: "127.23.131.66" port: 44971 } } peers { permanent_uuid: "2ab3447a383d4098aca658a77c0d5e74" member_type: VOTER last_known_addr { host: "127.23.131.67" port: 42263 } }
I20260601 13:27:17.921424 26596 catalog_manager.cc:5696] T 466d0ce31d4b48c1b2980a72f6e8a078 P b7875a8081924d2791e67da8874aadea reported cstate change: term changed from 0 to 1, leader changed from <none> to b7875a8081924d2791e67da8874aadea (127.23.131.65). New cstate: current_term: 1 leader_uuid: "b7875a8081924d2791e67da8874aadea" committed_config { opid_index: -1 OBSOLETE_local: false peers { permanent_uuid: "b7875a8081924d2791e67da8874aadea" member_type: VOTER last_known_addr { host: "127.23.131.65" port: 40073 } health_report { overall_health: HEALTHY } } peers { permanent_uuid: "3dec2ee0f27f4a14a668a26b7636f951" member_type: VOTER last_known_addr { host: "127.23.131.66" port: 44971 } health_report { overall_health: UNKNOWN } } peers { permanent_uuid: "2ab3447a383d4098aca658a77c0d5e74" member_type: VOTER last_known_addr { host: "127.23.131.67" port: 42263 } health_report { overall_health: UNKNOWN } } }
I20260601 13:27:17.931120 26907 raft_consensus.cc:493] T 1601e0254d8d4115a5067ef9bf01d5f3 P b7875a8081924d2791e67da8874aadea [term 0 FOLLOWER]: Starting pre-election (no leader contacted us within the election timeout)
I20260601 13:27:17.931299 26907 raft_consensus.cc:515] T 1601e0254d8d4115a5067ef9bf01d5f3 P b7875a8081924d2791e67da8874aadea [term 0 FOLLOWER]: Starting pre-election with config: opid_index: -1 OBSOLETE_local: false peers { permanent_uuid: "2ab3447a383d4098aca658a77c0d5e74" member_type: VOTER last_known_addr { host: "127.23.131.67" port: 42263 } } peers { permanent_uuid: "b7875a8081924d2791e67da8874aadea" member_type: VOTER last_known_addr { host: "127.23.131.65" port: 40073 } } peers { permanent_uuid: "3dec2ee0f27f4a14a668a26b7636f951" member_type: VOTER last_known_addr { host: "127.23.131.66" port: 44971 } }
I20260601 13:27:17.931846 26907 leader_election.cc:290] T 1601e0254d8d4115a5067ef9bf01d5f3 P b7875a8081924d2791e67da8874aadea [CANDIDATE]: Term 1 pre-election: Requested pre-vote from peers 2ab3447a383d4098aca658a77c0d5e74 (127.23.131.67:42263), 3dec2ee0f27f4a14a668a26b7636f951 (127.23.131.66:44971)
I20260601 13:27:17.932504 26775 tablet_service.cc:1917] Received RequestConsensusVote() RPC: tablet_id: "1601e0254d8d4115a5067ef9bf01d5f3" candidate_uuid: "b7875a8081924d2791e67da8874aadea" candidate_term: 1 candidate_status { last_received { term: 0 index: 0 } } ignore_live_leader: false dest_uuid: "3dec2ee0f27f4a14a668a26b7636f951" is_pre_election: true
I20260601 13:27:17.932659 26850 tablet_service.cc:1917] Received RequestConsensusVote() RPC: tablet_id: "1601e0254d8d4115a5067ef9bf01d5f3" candidate_uuid: "b7875a8081924d2791e67da8874aadea" candidate_term: 1 candidate_status { last_received { term: 0 index: 0 } } ignore_live_leader: false dest_uuid: "2ab3447a383d4098aca658a77c0d5e74" is_pre_election: true
I20260601 13:27:17.932735 26775 raft_consensus.cc:2468] T 1601e0254d8d4115a5067ef9bf01d5f3 P 3dec2ee0f27f4a14a668a26b7636f951 [term 0 FOLLOWER]: Leader pre-election vote request: Granting yes vote for candidate b7875a8081924d2791e67da8874aadea in term 0.
I20260601 13:27:17.932878 26850 raft_consensus.cc:2468] T 1601e0254d8d4115a5067ef9bf01d5f3 P 2ab3447a383d4098aca658a77c0d5e74 [term 0 FOLLOWER]: Leader pre-election vote request: Granting yes vote for candidate b7875a8081924d2791e67da8874aadea in term 0.
I20260601 13:27:17.933133 26664 leader_election.cc:304] T 1601e0254d8d4115a5067ef9bf01d5f3 P b7875a8081924d2791e67da8874aadea [CANDIDATE]: Term 1 pre-election: Election decided. Result: candidate won. Election summary: received 2 responses out of 3 voters: 2 yes votes; 0 no votes. yes voters: 3dec2ee0f27f4a14a668a26b7636f951, b7875a8081924d2791e67da8874aadea; no voters: 
I20260601 13:27:17.933446 26907 raft_consensus.cc:2804] T 1601e0254d8d4115a5067ef9bf01d5f3 P b7875a8081924d2791e67da8874aadea [term 0 FOLLOWER]: Leader pre-election won for term 1
I20260601 13:27:17.933575 26907 raft_consensus.cc:493] T 1601e0254d8d4115a5067ef9bf01d5f3 P b7875a8081924d2791e67da8874aadea [term 0 FOLLOWER]: Starting leader election (no leader contacted us within the election timeout)
I20260601 13:27:17.933645 26907 raft_consensus.cc:3060] T 1601e0254d8d4115a5067ef9bf01d5f3 P b7875a8081924d2791e67da8874aadea [term 0 FOLLOWER]: Advancing to term 1
I20260601 13:27:17.934883 26907 raft_consensus.cc:515] T 1601e0254d8d4115a5067ef9bf01d5f3 P b7875a8081924d2791e67da8874aadea [term 1 FOLLOWER]: Starting leader election with config: opid_index: -1 OBSOLETE_local: false peers { permanent_uuid: "2ab3447a383d4098aca658a77c0d5e74" member_type: VOTER last_known_addr { host: "127.23.131.67" port: 42263 } } peers { permanent_uuid: "b7875a8081924d2791e67da8874aadea" member_type: VOTER last_known_addr { host: "127.23.131.65" port: 40073 } } peers { permanent_uuid: "3dec2ee0f27f4a14a668a26b7636f951" member_type: VOTER last_known_addr { host: "127.23.131.66" port: 44971 } }
I20260601 13:27:17.935433 26907 leader_election.cc:290] T 1601e0254d8d4115a5067ef9bf01d5f3 P b7875a8081924d2791e67da8874aadea [CANDIDATE]: Term 1 election: Requested vote from peers 2ab3447a383d4098aca658a77c0d5e74 (127.23.131.67:42263), 3dec2ee0f27f4a14a668a26b7636f951 (127.23.131.66:44971)
I20260601 13:27:17.936247 26850 tablet_service.cc:1917] Received RequestConsensusVote() RPC: tablet_id: "1601e0254d8d4115a5067ef9bf01d5f3" candidate_uuid: "b7875a8081924d2791e67da8874aadea" candidate_term: 1 candidate_status { last_received { term: 0 index: 0 } } ignore_live_leader: false dest_uuid: "2ab3447a383d4098aca658a77c0d5e74"
I20260601 13:27:17.936338 26775 tablet_service.cc:1917] Received RequestConsensusVote() RPC: tablet_id: "1601e0254d8d4115a5067ef9bf01d5f3" candidate_uuid: "b7875a8081924d2791e67da8874aadea" candidate_term: 1 candidate_status { last_received { term: 0 index: 0 } } ignore_live_leader: false dest_uuid: "3dec2ee0f27f4a14a668a26b7636f951"
I20260601 13:27:17.936445 26850 raft_consensus.cc:3060] T 1601e0254d8d4115a5067ef9bf01d5f3 P 2ab3447a383d4098aca658a77c0d5e74 [term 0 FOLLOWER]: Advancing to term 1
I20260601 13:27:17.936542 26775 raft_consensus.cc:3060] T 1601e0254d8d4115a5067ef9bf01d5f3 P 3dec2ee0f27f4a14a668a26b7636f951 [term 0 FOLLOWER]: Advancing to term 1
I20260601 13:27:17.937548 26775 raft_consensus.cc:2468] T 1601e0254d8d4115a5067ef9bf01d5f3 P 3dec2ee0f27f4a14a668a26b7636f951 [term 1 FOLLOWER]: Leader election vote request: Granting yes vote for candidate b7875a8081924d2791e67da8874aadea in term 1.
I20260601 13:27:17.937554 26850 raft_consensus.cc:2468] T 1601e0254d8d4115a5067ef9bf01d5f3 P 2ab3447a383d4098aca658a77c0d5e74 [term 1 FOLLOWER]: Leader election vote request: Granting yes vote for candidate b7875a8081924d2791e67da8874aadea in term 1.
I20260601 13:27:17.938024 26662 leader_election.cc:304] T 1601e0254d8d4115a5067ef9bf01d5f3 P b7875a8081924d2791e67da8874aadea [CANDIDATE]: Term 1 election: Election decided. Result: candidate won. Election summary: received 2 responses out of 3 voters: 2 yes votes; 0 no votes. yes voters: 2ab3447a383d4098aca658a77c0d5e74, b7875a8081924d2791e67da8874aadea; no voters: 
I20260601 13:27:17.938241 26907 raft_consensus.cc:2804] T 1601e0254d8d4115a5067ef9bf01d5f3 P b7875a8081924d2791e67da8874aadea [term 1 FOLLOWER]: Leader election won for term 1
I20260601 13:27:17.938390 26907 raft_consensus.cc:697] T 1601e0254d8d4115a5067ef9bf01d5f3 P b7875a8081924d2791e67da8874aadea [term 1 LEADER]: Becoming Leader. State: Replica: b7875a8081924d2791e67da8874aadea, State: Running, Role: LEADER
I20260601 13:27:17.938575 26907 consensus_queue.cc:237] T 1601e0254d8d4115a5067ef9bf01d5f3 P b7875a8081924d2791e67da8874aadea [LEADER]: Queue going to LEADER mode. State: All replicated index: 0, Majority replicated index: 0, Committed index: 0, Last appended: 0.0, Last appended by leader: 0, Current term: 1, Majority size: 2, State: 0, Mode: LEADER, active raft config: opid_index: -1 OBSOLETE_local: false peers { permanent_uuid: "2ab3447a383d4098aca658a77c0d5e74" member_type: VOTER last_known_addr { host: "127.23.131.67" port: 42263 } } peers { permanent_uuid: "b7875a8081924d2791e67da8874aadea" member_type: VOTER last_known_addr { host: "127.23.131.65" port: 40073 } } peers { permanent_uuid: "3dec2ee0f27f4a14a668a26b7636f951" member_type: VOTER last_known_addr { host: "127.23.131.66" port: 44971 } }
I20260601 13:27:17.941071 26596 catalog_manager.cc:5696] T 1601e0254d8d4115a5067ef9bf01d5f3 P b7875a8081924d2791e67da8874aadea reported cstate change: term changed from 0 to 1, leader changed from <none> to b7875a8081924d2791e67da8874aadea (127.23.131.65). New cstate: current_term: 1 leader_uuid: "b7875a8081924d2791e67da8874aadea" committed_config { opid_index: -1 OBSOLETE_local: false peers { permanent_uuid: "2ab3447a383d4098aca658a77c0d5e74" member_type: VOTER last_known_addr { host: "127.23.131.67" port: 42263 } health_report { overall_health: UNKNOWN } } peers { permanent_uuid: "b7875a8081924d2791e67da8874aadea" member_type: VOTER last_known_addr { host: "127.23.131.65" port: 40073 } health_report { overall_health: HEALTHY } } peers { permanent_uuid: "3dec2ee0f27f4a14a668a26b7636f951" member_type: VOTER last_known_addr { host: "127.23.131.66" port: 44971 } health_report { overall_health: UNKNOWN } } }
W20260601 13:27:17.949764 26726 tablet.cc:2404] T 1336330e1a2d4f538a87f41a4f11f181 P b7875a8081924d2791e67da8874aadea: Can't schedule compaction. Clean time has not been advanced past its initial value.
I20260601 13:27:18.036487 26899 raft_consensus.cc:493] T 506e7bf060044829873d454310db727f P 2ab3447a383d4098aca658a77c0d5e74 [term 0 FOLLOWER]: Starting pre-election (no leader contacted us within the election timeout)
I20260601 13:27:18.036643 26899 raft_consensus.cc:515] T 506e7bf060044829873d454310db727f P 2ab3447a383d4098aca658a77c0d5e74 [term 0 FOLLOWER]: Starting pre-election with config: opid_index: -1 OBSOLETE_local: false peers { permanent_uuid: "b7875a8081924d2791e67da8874aadea" member_type: VOTER last_known_addr { host: "127.23.131.65" port: 40073 } } peers { permanent_uuid: "3dec2ee0f27f4a14a668a26b7636f951" member_type: VOTER last_known_addr { host: "127.23.131.66" port: 44971 } } peers { permanent_uuid: "2ab3447a383d4098aca658a77c0d5e74" member_type: VOTER last_known_addr { host: "127.23.131.67" port: 42263 } }
I20260601 13:27:18.037305 26899 leader_election.cc:290] T 506e7bf060044829873d454310db727f P 2ab3447a383d4098aca658a77c0d5e74 [CANDIDATE]: Term 1 pre-election: Requested pre-vote from peers b7875a8081924d2791e67da8874aadea (127.23.131.65:40073), 3dec2ee0f27f4a14a668a26b7636f951 (127.23.131.66:44971)
I20260601 13:27:18.041286 26775 tablet_service.cc:1917] Received RequestConsensusVote() RPC: tablet_id: "506e7bf060044829873d454310db727f" candidate_uuid: "2ab3447a383d4098aca658a77c0d5e74" candidate_term: 1 candidate_status { last_received { term: 0 index: 0 } } ignore_live_leader: false dest_uuid: "3dec2ee0f27f4a14a668a26b7636f951" is_pre_election: true
I20260601 13:27:18.041457 26775 raft_consensus.cc:2468] T 506e7bf060044829873d454310db727f P 3dec2ee0f27f4a14a668a26b7636f951 [term 0 FOLLOWER]: Leader pre-election vote request: Granting yes vote for candidate 2ab3447a383d4098aca658a77c0d5e74 in term 0.
I20260601 13:27:18.041463 26699 tablet_service.cc:1917] Received RequestConsensusVote() RPC: tablet_id: "506e7bf060044829873d454310db727f" candidate_uuid: "2ab3447a383d4098aca658a77c0d5e74" candidate_term: 1 candidate_status { last_received { term: 0 index: 0 } } ignore_live_leader: false dest_uuid: "b7875a8081924d2791e67da8874aadea" is_pre_election: true
I20260601 13:27:18.041677 26699 raft_consensus.cc:2468] T 506e7bf060044829873d454310db727f P b7875a8081924d2791e67da8874aadea [term 0 FOLLOWER]: Leader pre-election vote request: Granting yes vote for candidate 2ab3447a383d4098aca658a77c0d5e74 in term 0.
I20260601 13:27:18.041828 26815 leader_election.cc:304] T 506e7bf060044829873d454310db727f P 2ab3447a383d4098aca658a77c0d5e74 [CANDIDATE]: Term 1 pre-election: Election decided. Result: candidate won. Election summary: received 2 responses out of 3 voters: 2 yes votes; 0 no votes. yes voters: 2ab3447a383d4098aca658a77c0d5e74, 3dec2ee0f27f4a14a668a26b7636f951; no voters: 
I20260601 13:27:18.042073 26899 raft_consensus.cc:2804] T 506e7bf060044829873d454310db727f P 2ab3447a383d4098aca658a77c0d5e74 [term 0 FOLLOWER]: Leader pre-election won for term 1
I20260601 13:27:18.042138 26899 raft_consensus.cc:493] T 506e7bf060044829873d454310db727f P 2ab3447a383d4098aca658a77c0d5e74 [term 0 FOLLOWER]: Starting leader election (no leader contacted us within the election timeout)
I20260601 13:27:18.042197 26899 raft_consensus.cc:3060] T 506e7bf060044829873d454310db727f P 2ab3447a383d4098aca658a77c0d5e74 [term 0 FOLLOWER]: Advancing to term 1
I20260601 13:27:18.043089 26899 raft_consensus.cc:515] T 506e7bf060044829873d454310db727f P 2ab3447a383d4098aca658a77c0d5e74 [term 1 FOLLOWER]: Starting leader election with config: opid_index: -1 OBSOLETE_local: false peers { permanent_uuid: "b7875a8081924d2791e67da8874aadea" member_type: VOTER last_known_addr { host: "127.23.131.65" port: 40073 } } peers { permanent_uuid: "3dec2ee0f27f4a14a668a26b7636f951" member_type: VOTER last_known_addr { host: "127.23.131.66" port: 44971 } } peers { permanent_uuid: "2ab3447a383d4098aca658a77c0d5e74" member_type: VOTER last_known_addr { host: "127.23.131.67" port: 42263 } }
I20260601 13:27:18.043458 26899 leader_election.cc:290] T 506e7bf060044829873d454310db727f P 2ab3447a383d4098aca658a77c0d5e74 [CANDIDATE]: Term 1 election: Requested vote from peers b7875a8081924d2791e67da8874aadea (127.23.131.65:40073), 3dec2ee0f27f4a14a668a26b7636f951 (127.23.131.66:44971)
I20260601 13:27:18.043824 26775 tablet_service.cc:1917] Received RequestConsensusVote() RPC: tablet_id: "506e7bf060044829873d454310db727f" candidate_uuid: "2ab3447a383d4098aca658a77c0d5e74" candidate_term: 1 candidate_status { last_received { term: 0 index: 0 } } ignore_live_leader: false dest_uuid: "3dec2ee0f27f4a14a668a26b7636f951"
I20260601 13:27:18.043848 26699 tablet_service.cc:1917] Received RequestConsensusVote() RPC: tablet_id: "506e7bf060044829873d454310db727f" candidate_uuid: "2ab3447a383d4098aca658a77c0d5e74" candidate_term: 1 candidate_status { last_received { term: 0 index: 0 } } ignore_live_leader: false dest_uuid: "b7875a8081924d2791e67da8874aadea"
I20260601 13:27:18.043931 26775 raft_consensus.cc:3060] T 506e7bf060044829873d454310db727f P 3dec2ee0f27f4a14a668a26b7636f951 [term 0 FOLLOWER]: Advancing to term 1
I20260601 13:27:18.043996 26699 raft_consensus.cc:3060] T 506e7bf060044829873d454310db727f P b7875a8081924d2791e67da8874aadea [term 0 FOLLOWER]: Advancing to term 1
I20260601 13:27:18.044703 26699 raft_consensus.cc:2468] T 506e7bf060044829873d454310db727f P b7875a8081924d2791e67da8874aadea [term 1 FOLLOWER]: Leader election vote request: Granting yes vote for candidate 2ab3447a383d4098aca658a77c0d5e74 in term 1.
I20260601 13:27:18.044704 26775 raft_consensus.cc:2468] T 506e7bf060044829873d454310db727f P 3dec2ee0f27f4a14a668a26b7636f951 [term 1 FOLLOWER]: Leader election vote request: Granting yes vote for candidate 2ab3447a383d4098aca658a77c0d5e74 in term 1.
I20260601 13:27:18.045035 26813 leader_election.cc:304] T 506e7bf060044829873d454310db727f P 2ab3447a383d4098aca658a77c0d5e74 [CANDIDATE]: Term 1 election: Election decided. Result: candidate won. Election summary: received 2 responses out of 3 voters: 2 yes votes; 0 no votes. yes voters: 2ab3447a383d4098aca658a77c0d5e74, b7875a8081924d2791e67da8874aadea; no voters: 
I20260601 13:27:18.045226 26899 raft_consensus.cc:2804] T 506e7bf060044829873d454310db727f P 2ab3447a383d4098aca658a77c0d5e74 [term 1 FOLLOWER]: Leader election won for term 1
I20260601 13:27:18.045565 26899 raft_consensus.cc:697] T 506e7bf060044829873d454310db727f P 2ab3447a383d4098aca658a77c0d5e74 [term 1 LEADER]: Becoming Leader. State: Replica: 2ab3447a383d4098aca658a77c0d5e74, State: Running, Role: LEADER
I20260601 13:27:18.045742 26899 consensus_queue.cc:237] T 506e7bf060044829873d454310db727f P 2ab3447a383d4098aca658a77c0d5e74 [LEADER]: Queue going to LEADER mode. State: All replicated index: 0, Majority replicated index: 0, Committed index: 0, Last appended: 0.0, Last appended by leader: 0, Current term: 1, Majority size: 2, State: 0, Mode: LEADER, active raft config: opid_index: -1 OBSOLETE_local: false peers { permanent_uuid: "b7875a8081924d2791e67da8874aadea" member_type: VOTER last_known_addr { host: "127.23.131.65" port: 40073 } } peers { permanent_uuid: "3dec2ee0f27f4a14a668a26b7636f951" member_type: VOTER last_known_addr { host: "127.23.131.66" port: 44971 } } peers { permanent_uuid: "2ab3447a383d4098aca658a77c0d5e74" member_type: VOTER last_known_addr { host: "127.23.131.67" port: 42263 } }
I20260601 13:27:18.047549 26596 catalog_manager.cc:5696] T 506e7bf060044829873d454310db727f P 2ab3447a383d4098aca658a77c0d5e74 reported cstate change: term changed from 0 to 1, leader changed from <none> to 2ab3447a383d4098aca658a77c0d5e74 (127.23.131.67). New cstate: current_term: 1 leader_uuid: "2ab3447a383d4098aca658a77c0d5e74" committed_config { opid_index: -1 OBSOLETE_local: false peers { permanent_uuid: "b7875a8081924d2791e67da8874aadea" member_type: VOTER last_known_addr { host: "127.23.131.65" port: 40073 } health_report { overall_health: UNKNOWN } } peers { permanent_uuid: "3dec2ee0f27f4a14a668a26b7636f951" member_type: VOTER last_known_addr { host: "127.23.131.66" port: 44971 } health_report { overall_health: UNKNOWN } } peers { permanent_uuid: "2ab3447a383d4098aca658a77c0d5e74" member_type: VOTER last_known_addr { host: "127.23.131.67" port: 42263 } health_report { overall_health: HEALTHY } } }
I20260601 13:27:18.100247 24077 tablet_server.cc:179] TabletServer@127.23.131.65:0 shutting down...
I20260601 13:27:18.104790 24077 ts_tablet_manager.cc:1507] Shutting down tablet manager...
I20260601 13:27:18.105221 24077 tablet_replica.cc:333] T 1336330e1a2d4f538a87f41a4f11f181 P b7875a8081924d2791e67da8874aadea: stopping tablet replica
I20260601 13:27:18.105372 24077 raft_consensus.cc:2243] T 1336330e1a2d4f538a87f41a4f11f181 P b7875a8081924d2791e67da8874aadea [term 1 LEADER]: Raft consensus shutting down.
I20260601 13:27:18.105618 24077 pending_rounds.cc:70] T 1336330e1a2d4f538a87f41a4f11f181 P b7875a8081924d2791e67da8874aadea: Trying to abort 1 pending ops.
I20260601 13:27:18.105674 24077 pending_rounds.cc:77] T 1336330e1a2d4f538a87f41a4f11f181 P b7875a8081924d2791e67da8874aadea: Aborting op as it isn't in flight: id { term: 1 index: 1 } timestamp: 7292192513573818368 op_type: NO_OP noop_request { }
I20260601 13:27:18.105759 24077 raft_consensus.cc:2889] T 1336330e1a2d4f538a87f41a4f11f181 P b7875a8081924d2791e67da8874aadea [term 1 LEADER]: NO_OP replication failed: Aborted: Op aborted
I20260601 13:27:18.105821 24077 raft_consensus.cc:2272] T 1336330e1a2d4f538a87f41a4f11f181 P b7875a8081924d2791e67da8874aadea [term 1 FOLLOWER]: Raft consensus is shut down!
I20260601 13:27:18.106495 24077 tablet_replica.cc:333] T 466d0ce31d4b48c1b2980a72f6e8a078 P b7875a8081924d2791e67da8874aadea: stopping tablet replica
I20260601 13:27:18.106619 24077 raft_consensus.cc:2243] T 466d0ce31d4b48c1b2980a72f6e8a078 P b7875a8081924d2791e67da8874aadea [term 1 LEADER]: Raft consensus shutting down.
I20260601 13:27:18.106774 24077 pending_rounds.cc:70] T 466d0ce31d4b48c1b2980a72f6e8a078 P b7875a8081924d2791e67da8874aadea: Trying to abort 1 pending ops.
I20260601 13:27:18.106819 24077 pending_rounds.cc:77] T 466d0ce31d4b48c1b2980a72f6e8a078 P b7875a8081924d2791e67da8874aadea: Aborting op as it isn't in flight: id { term: 1 index: 1 } timestamp: 7292192513719558144 op_type: NO_OP noop_request { }
I20260601 13:27:18.106884 24077 raft_consensus.cc:2889] T 466d0ce31d4b48c1b2980a72f6e8a078 P b7875a8081924d2791e67da8874aadea [term 1 LEADER]: NO_OP replication failed: Aborted: Op aborted
I20260601 13:27:18.106949 24077 raft_consensus.cc:2272] T 466d0ce31d4b48c1b2980a72f6e8a078 P b7875a8081924d2791e67da8874aadea [term 1 FOLLOWER]: Raft consensus is shut down!
I20260601 13:27:18.107533 24077 tablet_replica.cc:333] T 1601e0254d8d4115a5067ef9bf01d5f3 P b7875a8081924d2791e67da8874aadea: stopping tablet replica
I20260601 13:27:18.107648 24077 raft_consensus.cc:2243] T 1601e0254d8d4115a5067ef9bf01d5f3 P b7875a8081924d2791e67da8874aadea [term 1 LEADER]: Raft consensus shutting down.
I20260601 13:27:18.107786 24077 pending_rounds.cc:70] T 1601e0254d8d4115a5067ef9bf01d5f3 P b7875a8081924d2791e67da8874aadea: Trying to abort 1 pending ops.
I20260601 13:27:18.107838 24077 pending_rounds.cc:77] T 1601e0254d8d4115a5067ef9bf01d5f3 P b7875a8081924d2791e67da8874aadea: Aborting op as it isn't in flight: id { term: 1 index: 1 } timestamp: 7292192513798332416 op_type: NO_OP noop_request { }
I20260601 13:27:18.107895 24077 raft_consensus.cc:2889] T 1601e0254d8d4115a5067ef9bf01d5f3 P b7875a8081924d2791e67da8874aadea [term 1 LEADER]: NO_OP replication failed: Aborted: Op aborted
I20260601 13:27:18.107961 24077 raft_consensus.cc:2272] T 1601e0254d8d4115a5067ef9bf01d5f3 P b7875a8081924d2791e67da8874aadea [term 1 FOLLOWER]: Raft consensus is shut down!
I20260601 13:27:18.108481 24077 tablet_replica.cc:333] T 506e7bf060044829873d454310db727f P b7875a8081924d2791e67da8874aadea: stopping tablet replica
I20260601 13:27:18.108587 24077 raft_consensus.cc:2243] T 506e7bf060044829873d454310db727f P b7875a8081924d2791e67da8874aadea [term 1 FOLLOWER]: Raft consensus shutting down.
I20260601 13:27:18.108678 24077 raft_consensus.cc:2272] T 506e7bf060044829873d454310db727f P b7875a8081924d2791e67da8874aadea [term 1 FOLLOWER]: Raft consensus is shut down!
I20260601 13:27:18.122797 24077 tablet_server.cc:196] TabletServer@127.23.131.65:0 shutdown complete.
I20260601 13:27:18.125156 24077 tablet_server.cc:179] TabletServer@127.23.131.66:0 shutting down...
I20260601 13:27:18.130303 24077 ts_tablet_manager.cc:1507] Shutting down tablet manager...
I20260601 13:27:18.130632 24077 tablet_replica.cc:333] T 1336330e1a2d4f538a87f41a4f11f181 P 3dec2ee0f27f4a14a668a26b7636f951: stopping tablet replica
I20260601 13:27:18.130806 24077 raft_consensus.cc:2243] T 1336330e1a2d4f538a87f41a4f11f181 P 3dec2ee0f27f4a14a668a26b7636f951 [term 1 FOLLOWER]: Raft consensus shutting down.
I20260601 13:27:18.130955 24077 raft_consensus.cc:2272] T 1336330e1a2d4f538a87f41a4f11f181 P 3dec2ee0f27f4a14a668a26b7636f951 [term 1 FOLLOWER]: Raft consensus is shut down!
I20260601 13:27:18.131464 24077 tablet_replica.cc:333] T 506e7bf060044829873d454310db727f P 3dec2ee0f27f4a14a668a26b7636f951: stopping tablet replica
I20260601 13:27:18.131549 24077 raft_consensus.cc:2243] T 506e7bf060044829873d454310db727f P 3dec2ee0f27f4a14a668a26b7636f951 [term 1 FOLLOWER]: Raft consensus shutting down.
I20260601 13:27:18.131611 24077 raft_consensus.cc:2272] T 506e7bf060044829873d454310db727f P 3dec2ee0f27f4a14a668a26b7636f951 [term 1 FOLLOWER]: Raft consensus is shut down!
I20260601 13:27:18.132004 24077 tablet_replica.cc:333] T 466d0ce31d4b48c1b2980a72f6e8a078 P 3dec2ee0f27f4a14a668a26b7636f951: stopping tablet replica
I20260601 13:27:18.132160 24077 raft_consensus.cc:2243] T 466d0ce31d4b48c1b2980a72f6e8a078 P 3dec2ee0f27f4a14a668a26b7636f951 [term 1 FOLLOWER]: Raft consensus shutting down.
I20260601 13:27:18.132252 24077 raft_consensus.cc:2272] T 466d0ce31d4b48c1b2980a72f6e8a078 P 3dec2ee0f27f4a14a668a26b7636f951 [term 1 FOLLOWER]: Raft consensus is shut down!
I20260601 13:27:18.132647 24077 tablet_replica.cc:333] T 1601e0254d8d4115a5067ef9bf01d5f3 P 3dec2ee0f27f4a14a668a26b7636f951: stopping tablet replica
I20260601 13:27:18.132714 24077 raft_consensus.cc:2243] T 1601e0254d8d4115a5067ef9bf01d5f3 P 3dec2ee0f27f4a14a668a26b7636f951 [term 1 FOLLOWER]: Raft consensus shutting down.
I20260601 13:27:18.132827 24077 raft_consensus.cc:2272] T 1601e0254d8d4115a5067ef9bf01d5f3 P 3dec2ee0f27f4a14a668a26b7636f951 [term 1 FOLLOWER]: Raft consensus is shut down!
I20260601 13:27:18.146245 24077 tablet_server.cc:196] TabletServer@127.23.131.66:0 shutdown complete.
I20260601 13:27:18.148849 24077 tablet_server.cc:179] TabletServer@127.23.131.67:0 shutting down...
I20260601 13:27:18.153713 24077 ts_tablet_manager.cc:1507] Shutting down tablet manager...
I20260601 13:27:18.154014 24077 tablet_replica.cc:333] T 1336330e1a2d4f538a87f41a4f11f181 P 2ab3447a383d4098aca658a77c0d5e74: stopping tablet replica
I20260601 13:27:18.154172 24077 raft_consensus.cc:2243] T 1336330e1a2d4f538a87f41a4f11f181 P 2ab3447a383d4098aca658a77c0d5e74 [term 1 FOLLOWER]: Raft consensus shutting down.
I20260601 13:27:18.154318 24077 raft_consensus.cc:2272] T 1336330e1a2d4f538a87f41a4f11f181 P 2ab3447a383d4098aca658a77c0d5e74 [term 1 FOLLOWER]: Raft consensus is shut down!
I20260601 13:27:18.154891 24077 tablet_replica.cc:333] T 466d0ce31d4b48c1b2980a72f6e8a078 P 2ab3447a383d4098aca658a77c0d5e74: stopping tablet replica
I20260601 13:27:18.155020 24077 raft_consensus.cc:2243] T 466d0ce31d4b48c1b2980a72f6e8a078 P 2ab3447a383d4098aca658a77c0d5e74 [term 1 FOLLOWER]: Raft consensus shutting down.
I20260601 13:27:18.155115 24077 raft_consensus.cc:2272] T 466d0ce31d4b48c1b2980a72f6e8a078 P 2ab3447a383d4098aca658a77c0d5e74 [term 1 FOLLOWER]: Raft consensus is shut down!
I20260601 13:27:18.155543 24077 tablet_replica.cc:333] T 1601e0254d8d4115a5067ef9bf01d5f3 P 2ab3447a383d4098aca658a77c0d5e74: stopping tablet replica
I20260601 13:27:18.155613 24077 raft_consensus.cc:2243] T 1601e0254d8d4115a5067ef9bf01d5f3 P 2ab3447a383d4098aca658a77c0d5e74 [term 1 FOLLOWER]: Raft consensus shutting down.
I20260601 13:27:18.155728 24077 raft_consensus.cc:2272] T 1601e0254d8d4115a5067ef9bf01d5f3 P 2ab3447a383d4098aca658a77c0d5e74 [term 1 FOLLOWER]: Raft consensus is shut down!
I20260601 13:27:18.156122 24077 tablet_replica.cc:333] T 506e7bf060044829873d454310db727f P 2ab3447a383d4098aca658a77c0d5e74: stopping tablet replica
I20260601 13:27:18.156193 24077 raft_consensus.cc:2243] T 506e7bf060044829873d454310db727f P 2ab3447a383d4098aca658a77c0d5e74 [term 1 LEADER]: Raft consensus shutting down.
I20260601 13:27:18.156354 24077 pending_rounds.cc:70] T 506e7bf060044829873d454310db727f P 2ab3447a383d4098aca658a77c0d5e74: Trying to abort 1 pending ops.
I20260601 13:27:18.156384 24077 pending_rounds.cc:77] T 506e7bf060044829873d454310db727f P 2ab3447a383d4098aca658a77c0d5e74: Aborting op as it isn't in flight: id { term: 1 index: 1 } timestamp: 7292192514237050880 op_type: NO_OP noop_request { }
I20260601 13:27:18.156489 24077 raft_consensus.cc:2889] T 506e7bf060044829873d454310db727f P 2ab3447a383d4098aca658a77c0d5e74 [term 1 LEADER]: NO_OP replication failed: Aborted: Op aborted
I20260601 13:27:18.156544 24077 raft_consensus.cc:2272] T 506e7bf060044829873d454310db727f P 2ab3447a383d4098aca658a77c0d5e74 [term 1 FOLLOWER]: Raft consensus is shut down!
I20260601 13:27:18.169962 24077 tablet_server.cc:196] TabletServer@127.23.131.67:0 shutdown complete.
I20260601 13:27:18.172380 24077 master.cc:562] Master@127.23.131.126:43051 shutting down...
I20260601 13:27:18.176497 24077 raft_consensus.cc:2243] T 00000000000000000000000000000000 P c78490f6f3c14790b4a87783c2053812 [term 1 LEADER]: Raft consensus shutting down.
I20260601 13:27:18.176649 24077 raft_consensus.cc:2272] T 00000000000000000000000000000000 P c78490f6f3c14790b4a87783c2053812 [term 1 FOLLOWER]: Raft consensus is shut down!
I20260601 13:27:18.176698 24077 tablet_replica.cc:333] T 00000000000000000000000000000000 P c78490f6f3c14790b4a87783c2053812: stopping tablet replica
I20260601 13:27:18.189882 24077 master.cc:584] Master@127.23.131.126:43051 shutdown complete.
[       OK ] AutoRebalancerTest.RangeAwareBuildClusterInfoGroupsByRange (1636 ms)
[ RUN      ] AutoRebalancerTest.RangeAwareRebalancesNewRangeReplicas
I20260601 13:27:18.198148 24077 internal_mini_cluster.cc:156] Creating distributed mini masters. Addrs: 127.23.131.126:41565
I20260601 13:27:18.198547 24077 file_cache.cc:492] Constructed file cache file cache with capacity 419430
W20260601 13:27:18.200451 26924 instance_detector.cc:116] could not retrieve AWS instance metadata: Network error: curl error: HTTP response code said error: The requested URL returned error: 404
W20260601 13:27:18.200477 26925 instance_detector.cc:116] could not retrieve Azure instance metadata: Network error: curl error: HTTP response code said error: The requested URL returned error: 404
W20260601 13:27:18.200601 26927 instance_detector.cc:116] could not retrieve OpenStack instance metadata: Network error: curl error: HTTP response code said error: The requested URL returned error: 404
I20260601 13:27:18.200793 24077 server_base.cc:1061] running on GCE node
I20260601 13:27:18.201015 24077 hybrid_clock.cc:584] initializing the hybrid clock with 'system_unsync' time source
W20260601 13:27:18.201072 24077 system_unsync_time.cc:38] NTP support is disabled. Clock error bounds will not be accurate. This configuration is not suitable for distributed clusters.
I20260601 13:27:18.201107 24077 hybrid_clock.cc:648] HybridClock initialized: now 1780320438201106 us; error 0 us; skew 500 ppm
I20260601 13:27:18.202275 24077 webserver.cc:533] Webserver started at http://127.23.131.126:45355/ using document root <none> and password file <none>
I20260601 13:27:18.202464 24077 fs_manager.cc:362] Metadata directory not provided
I20260601 13:27:18.202543 24077 fs_manager.cc:368] Using write-ahead log directory (fs_wal_dir) as metadata directory
I20260601 13:27:18.202651 24077 server_base.cc:909] This appears to be a new deployment of Kudu; creating new FS layout
I20260601 13:27:18.203068 24077 fs_manager.cc:1068] Generated new instance metadata in path /tmp/dist-test-taskOEmcaH/test-tmp/auto_rebalancer-test.0.AutoRebalancerTest.RangeAwareRebalancesNewRangeReplicas.1780320368824299-24077-0/minicluster-data/master-0-root/instance:
uuid: "7ad0774c920e42ec965fb6c1a31391c1"
format_stamp: "Formatted at 2026-06-01 13:27:18 on dist-test-slave-dxfc"
I20260601 13:27:18.204970 24077 fs_manager.cc:696] Time spent creating directory manager: real 0.002s	user 0.002s	sys 0.001s
I20260601 13:27:18.206199 26932 log_block_manager.cc:4031] Time spent loading block containers with low live blocks: real 0.000s	user 0.000s	sys 0.000s
I20260601 13:27:18.206743 24077 fs_manager.cc:730] Time spent opening block manager: real 0.001s	user 0.001s	sys 0.000s
I20260601 13:27:18.206825 24077 fs_manager.cc:647] Opened local filesystem: /tmp/dist-test-taskOEmcaH/test-tmp/auto_rebalancer-test.0.AutoRebalancerTest.RangeAwareRebalancesNewRangeReplicas.1780320368824299-24077-0/minicluster-data/master-0-root
uuid: "7ad0774c920e42ec965fb6c1a31391c1"
format_stamp: "Formatted at 2026-06-01 13:27:18 on dist-test-slave-dxfc"
I20260601 13:27:18.206940 24077 fs_report.cc:389] FS layout report
--------------------
wal directory: /tmp/dist-test-taskOEmcaH/test-tmp/auto_rebalancer-test.0.AutoRebalancerTest.RangeAwareRebalancesNewRangeReplicas.1780320368824299-24077-0/minicluster-data/master-0-root
metadata directory: /tmp/dist-test-taskOEmcaH/test-tmp/auto_rebalancer-test.0.AutoRebalancerTest.RangeAwareRebalancesNewRangeReplicas.1780320368824299-24077-0/minicluster-data/master-0-root
1 data directories: /tmp/dist-test-taskOEmcaH/test-tmp/auto_rebalancer-test.0.AutoRebalancerTest.RangeAwareRebalancesNewRangeReplicas.1780320368824299-24077-0/minicluster-data/master-0-root/data
Total live blocks: 0
Total live bytes: 0
Total live bytes (after alignment): 0
Total number of LBM containers: 0 (0 full)
Did not check for missing blocks
Did not check for orphaned blocks
Total full LBM containers with extra space: 0 (0 repaired)
Total full LBM container extra space in bytes: 0 (0 repaired)
Total incomplete LBM containers: 0 (0 repaired)
Total LBM partial records: 0 (0 repaired)
Total corrupted LBM metadata records in RocksDB: 0 (0 repaired)
I20260601 13:27:18.220336 24077 rpc_server.cc:225] running with OpenSSL 1.1.1  11 Sep 2018
I20260601 13:27:18.220789 24077 kserver.cc:163] Server-wide thread pool size limit: 3276
I20260601 13:27:18.225472 24077 rpc_server.cc:307] RPC server started. Bound to: 127.23.131.126:41565
I20260601 13:27:18.229192 26984 acceptor_pool.cc:272] collecting diagnostics on the listening RPC socket 127.23.131.126:41565 every 8 connection(s)
I20260601 13:27:18.230062 26985 data_dirs.cc:400] Could only allocate 1 dirs of requested 3 for tablet 00000000000000000000000000000000. 1 dirs total, 0 dirs full, 0 dirs failed
I20260601 13:27:18.232009 26985 tablet_bootstrap.cc:492] T 00000000000000000000000000000000 P 7ad0774c920e42ec965fb6c1a31391c1: Bootstrap starting.
I20260601 13:27:18.232887 26985 tablet_bootstrap.cc:654] T 00000000000000000000000000000000 P 7ad0774c920e42ec965fb6c1a31391c1: Neither blocks nor log segments found. Creating new log.
I20260601 13:27:18.234297 26985 tablet_bootstrap.cc:492] T 00000000000000000000000000000000 P 7ad0774c920e42ec965fb6c1a31391c1: No bootstrap required, opened a new log
I20260601 13:27:18.234735 26985 raft_consensus.cc:359] T 00000000000000000000000000000000 P 7ad0774c920e42ec965fb6c1a31391c1 [term 0 FOLLOWER]: Replica starting. Triggering 0 pending ops. Active config: opid_index: -1 OBSOLETE_local: true peers { permanent_uuid: "7ad0774c920e42ec965fb6c1a31391c1" member_type: VOTER }
I20260601 13:27:18.234853 26985 raft_consensus.cc:385] T 00000000000000000000000000000000 P 7ad0774c920e42ec965fb6c1a31391c1 [term 0 FOLLOWER]: Consensus starting up: Expiring failure detector timer to make a prompt election more likely
I20260601 13:27:18.234901 26985 raft_consensus.cc:740] T 00000000000000000000000000000000 P 7ad0774c920e42ec965fb6c1a31391c1 [term 0 FOLLOWER]: Becoming Follower/Learner. State: Replica: 7ad0774c920e42ec965fb6c1a31391c1, State: Initialized, Role: FOLLOWER
I20260601 13:27:18.235059 26985 consensus_queue.cc:260] T 00000000000000000000000000000000 P 7ad0774c920e42ec965fb6c1a31391c1 [NON_LEADER]: Queue going to NON_LEADER mode. State: All replicated index: 0, Majority replicated index: 0, Committed index: 0, Last appended: 0.0, Last appended by leader: 0, Current term: 0, Majority size: -1, State: 0, Mode: NON_LEADER, active raft config: opid_index: -1 OBSOLETE_local: true peers { permanent_uuid: "7ad0774c920e42ec965fb6c1a31391c1" member_type: VOTER }
I20260601 13:27:18.235160 26985 raft_consensus.cc:399] T 00000000000000000000000000000000 P 7ad0774c920e42ec965fb6c1a31391c1 [term 0 FOLLOWER]: Only one voter in the Raft config. Triggering election immediately
I20260601 13:27:18.235224 26985 raft_consensus.cc:493] T 00000000000000000000000000000000 P 7ad0774c920e42ec965fb6c1a31391c1 [term 0 FOLLOWER]: Starting leader election (initial election of a single-replica configuration)
I20260601 13:27:18.235281 26985 raft_consensus.cc:3060] T 00000000000000000000000000000000 P 7ad0774c920e42ec965fb6c1a31391c1 [term 0 FOLLOWER]: Advancing to term 1
I20260601 13:27:18.236183 26985 raft_consensus.cc:515] T 00000000000000000000000000000000 P 7ad0774c920e42ec965fb6c1a31391c1 [term 1 FOLLOWER]: Starting leader election with config: opid_index: -1 OBSOLETE_local: true peers { permanent_uuid: "7ad0774c920e42ec965fb6c1a31391c1" member_type: VOTER }
I20260601 13:27:18.236472 26985 leader_election.cc:304] T 00000000000000000000000000000000 P 7ad0774c920e42ec965fb6c1a31391c1 [CANDIDATE]: Term 1 election: Election decided. Result: candidate won. Election summary: received 1 responses out of 1 voters: 1 yes votes; 0 no votes. yes voters: 7ad0774c920e42ec965fb6c1a31391c1; no voters: 
I20260601 13:27:18.236706 26985 leader_election.cc:290] T 00000000000000000000000000000000 P 7ad0774c920e42ec965fb6c1a31391c1 [CANDIDATE]: Term 1 election: Requested vote from peers 
I20260601 13:27:18.236874 26988 raft_consensus.cc:2804] T 00000000000000000000000000000000 P 7ad0774c920e42ec965fb6c1a31391c1 [term 1 FOLLOWER]: Leader election won for term 1
I20260601 13:27:18.237113 26988 raft_consensus.cc:697] T 00000000000000000000000000000000 P 7ad0774c920e42ec965fb6c1a31391c1 [term 1 LEADER]: Becoming Leader. State: Replica: 7ad0774c920e42ec965fb6c1a31391c1, State: Running, Role: LEADER
I20260601 13:27:18.237208 26985 sys_catalog.cc:565] T 00000000000000000000000000000000 P 7ad0774c920e42ec965fb6c1a31391c1 [sys.catalog]: configured and running, proceeding with master startup.
I20260601 13:27:18.237574 26988 consensus_queue.cc:237] T 00000000000000000000000000000000 P 7ad0774c920e42ec965fb6c1a31391c1 [LEADER]: Queue going to LEADER mode. State: All replicated index: 0, Majority replicated index: 0, Committed index: 0, Last appended: 0.0, Last appended by leader: 0, Current term: 1, Majority size: 1, State: 0, Mode: LEADER, active raft config: opid_index: -1 OBSOLETE_local: true peers { permanent_uuid: "7ad0774c920e42ec965fb6c1a31391c1" member_type: VOTER }
I20260601 13:27:18.238421 26989 sys_catalog.cc:455] T 00000000000000000000000000000000 P 7ad0774c920e42ec965fb6c1a31391c1 [sys.catalog]: SysCatalogTable state changed. Reason: RaftConsensus started. Latest consensus state: current_term: 1 leader_uuid: "7ad0774c920e42ec965fb6c1a31391c1" committed_config { opid_index: -1 OBSOLETE_local: true peers { permanent_uuid: "7ad0774c920e42ec965fb6c1a31391c1" member_type: VOTER } }
I20260601 13:27:18.238451 26990 sys_catalog.cc:455] T 00000000000000000000000000000000 P 7ad0774c920e42ec965fb6c1a31391c1 [sys.catalog]: SysCatalogTable state changed. Reason: New leader 7ad0774c920e42ec965fb6c1a31391c1. Latest consensus state: current_term: 1 leader_uuid: "7ad0774c920e42ec965fb6c1a31391c1" committed_config { opid_index: -1 OBSOLETE_local: true peers { permanent_uuid: "7ad0774c920e42ec965fb6c1a31391c1" member_type: VOTER } }
I20260601 13:27:18.238560 26989 sys_catalog.cc:458] T 00000000000000000000000000000000 P 7ad0774c920e42ec965fb6c1a31391c1 [sys.catalog]: This master's current role is: LEADER
I20260601 13:27:18.238571 26990 sys_catalog.cc:458] T 00000000000000000000000000000000 P 7ad0774c920e42ec965fb6c1a31391c1 [sys.catalog]: This master's current role is: LEADER
I20260601 13:27:18.239111 26997 catalog_manager.cc:1510] Loading table and tablet metadata into memory...
I20260601 13:27:18.240447 26997 catalog_manager.cc:1519] Initializing Kudu cluster ID...
I20260601 13:27:18.240657 24077 internal_mini_cluster.cc:184] Waiting to initialize catalog manager on master 0
I20260601 13:27:18.242697 26997 catalog_manager.cc:1382] Generated new cluster ID: 7defdd1939cd4d978a0a305212596111
I20260601 13:27:18.242763 26997 catalog_manager.cc:1530] Initializing Kudu internal certificate authority...
I20260601 13:27:18.276243 26997 catalog_manager.cc:1405] Generated new certificate authority record
I20260601 13:27:18.277052 26997 catalog_manager.cc:1539] Loading token signing keys...
I20260601 13:27:18.284050 26997 catalog_manager.cc:6069] T 00000000000000000000000000000000 P 7ad0774c920e42ec965fb6c1a31391c1: Generated new TSK 0
I20260601 13:27:18.284302 26997 catalog_manager.cc:1549] Initializing in-progress tserver states...
I20260601 13:27:18.305684 24077 file_cache.cc:492] Constructed file cache file cache with capacity 419430
W20260601 13:27:18.307961 27007 instance_detector.cc:116] could not retrieve Azure instance metadata: Network error: curl error: HTTP response code said error: The requested URL returned error: 404
W20260601 13:27:18.308024 27009 instance_detector.cc:116] could not retrieve OpenStack instance metadata: Network error: curl error: HTTP response code said error: The requested URL returned error: 404
W20260601 13:27:18.308041 27006 instance_detector.cc:116] could not retrieve AWS instance metadata: Network error: curl error: HTTP response code said error: The requested URL returned error: 404
I20260601 13:27:18.308260 24077 server_base.cc:1061] running on GCE node
I20260601 13:27:18.308454 24077 hybrid_clock.cc:584] initializing the hybrid clock with 'system_unsync' time source
W20260601 13:27:18.308493 24077 system_unsync_time.cc:38] NTP support is disabled. Clock error bounds will not be accurate. This configuration is not suitable for distributed clusters.
I20260601 13:27:18.308509 24077 hybrid_clock.cc:648] HybridClock initialized: now 1780320438308510 us; error 0 us; skew 500 ppm
I20260601 13:27:18.309617 24077 webserver.cc:533] Webserver started at http://127.23.131.65:35921/ using document root <none> and password file <none>
I20260601 13:27:18.309854 24077 fs_manager.cc:362] Metadata directory not provided
I20260601 13:27:18.309916 24077 fs_manager.cc:368] Using write-ahead log directory (fs_wal_dir) as metadata directory
I20260601 13:27:18.310007 24077 server_base.cc:909] This appears to be a new deployment of Kudu; creating new FS layout
I20260601 13:27:18.310658 24077 fs_manager.cc:1068] Generated new instance metadata in path /tmp/dist-test-taskOEmcaH/test-tmp/auto_rebalancer-test.0.AutoRebalancerTest.RangeAwareRebalancesNewRangeReplicas.1780320368824299-24077-0/minicluster-data/ts-0-root/instance:
uuid: "4c940de93ee646a18898e2ff559af2df"
format_stamp: "Formatted at 2026-06-01 13:27:18 on dist-test-slave-dxfc"
I20260601 13:27:18.312456 24077 fs_manager.cc:696] Time spent creating directory manager: real 0.002s	user 0.000s	sys 0.003s
I20260601 13:27:18.313800 27014 log_block_manager.cc:4031] Time spent loading block containers with low live blocks: real 0.000s	user 0.000s	sys 0.000s
I20260601 13:27:18.314133 24077 fs_manager.cc:730] Time spent opening block manager: real 0.001s	user 0.001s	sys 0.000s
I20260601 13:27:18.314230 24077 fs_manager.cc:647] Opened local filesystem: /tmp/dist-test-taskOEmcaH/test-tmp/auto_rebalancer-test.0.AutoRebalancerTest.RangeAwareRebalancesNewRangeReplicas.1780320368824299-24077-0/minicluster-data/ts-0-root
uuid: "4c940de93ee646a18898e2ff559af2df"
format_stamp: "Formatted at 2026-06-01 13:27:18 on dist-test-slave-dxfc"
I20260601 13:27:18.314333 24077 fs_report.cc:389] FS layout report
--------------------
wal directory: /tmp/dist-test-taskOEmcaH/test-tmp/auto_rebalancer-test.0.AutoRebalancerTest.RangeAwareRebalancesNewRangeReplicas.1780320368824299-24077-0/minicluster-data/ts-0-root
metadata directory: /tmp/dist-test-taskOEmcaH/test-tmp/auto_rebalancer-test.0.AutoRebalancerTest.RangeAwareRebalancesNewRangeReplicas.1780320368824299-24077-0/minicluster-data/ts-0-root
1 data directories: /tmp/dist-test-taskOEmcaH/test-tmp/auto_rebalancer-test.0.AutoRebalancerTest.RangeAwareRebalancesNewRangeReplicas.1780320368824299-24077-0/minicluster-data/ts-0-root/data
Total live blocks: 0
Total live bytes: 0
Total live bytes (after alignment): 0
Total number of LBM containers: 0 (0 full)
Did not check for missing blocks
Did not check for orphaned blocks
Total full LBM containers with extra space: 0 (0 repaired)
Total full LBM container extra space in bytes: 0 (0 repaired)
Total incomplete LBM containers: 0 (0 repaired)
Total LBM partial records: 0 (0 repaired)
Total corrupted LBM metadata records in RocksDB: 0 (0 repaired)
I20260601 13:27:18.326876 24077 rpc_server.cc:225] running with OpenSSL 1.1.1  11 Sep 2018
I20260601 13:27:18.327330 24077 kserver.cc:163] Server-wide thread pool size limit: 3276
I20260601 13:27:18.327673 24077 txn_system_client.cc:432] TxnSystemClient initialization is disabled...
I20260601 13:27:18.328718 24077 ts_tablet_manager.cc:585] Loaded tablet metadata (0 total tablets, 0 live tablets)
I20260601 13:27:18.328840 24077 ts_tablet_manager.cc:531] Time spent load tablet metadata: real 0.000s	user 0.000s	sys 0.000s
I20260601 13:27:18.328904 24077 ts_tablet_manager.cc:616] Registered 0 tablets
I20260601 13:27:18.328965 24077 ts_tablet_manager.cc:595] Time spent register tablets: real 0.000s	user 0.000s	sys 0.000s
I20260601 13:27:18.334252 24077 rpc_server.cc:307] RPC server started. Bound to: 127.23.131.65:42877
I20260601 13:27:18.334278 27077 acceptor_pool.cc:272] collecting diagnostics on the listening RPC socket 127.23.131.65:42877 every 8 connection(s)
I20260601 13:27:18.335251 24077 file_cache.cc:492] Constructed file cache file cache with capacity 419430
W20260601 13:27:18.337572 27085 instance_detector.cc:116] could not retrieve OpenStack instance metadata: Network error: curl error: HTTP response code said error: The requested URL returned error: 404
W20260601 13:27:18.337611 27082 instance_detector.cc:116] could not retrieve AWS instance metadata: Network error: curl error: HTTP response code said error: The requested URL returned error: 404
W20260601 13:27:18.337677 27083 instance_detector.cc:116] could not retrieve Azure instance metadata: Network error: curl error: HTTP response code said error: The requested URL returned error: 404
I20260601 13:27:18.337970 24077 server_base.cc:1061] running on GCE node
I20260601 13:27:18.338126 24077 hybrid_clock.cc:584] initializing the hybrid clock with 'system_unsync' time source
W20260601 13:27:18.338172 24077 system_unsync_time.cc:38] NTP support is disabled. Clock error bounds will not be accurate. This configuration is not suitable for distributed clusters.
I20260601 13:27:18.338188 24077 hybrid_clock.cc:648] HybridClock initialized: now 1780320438338188 us; error 0 us; skew 500 ppm
I20260601 13:27:18.339711 24077 webserver.cc:533] Webserver started at http://127.23.131.66:42791/ using document root <none> and password file <none>
I20260601 13:27:18.339882 24077 fs_manager.cc:362] Metadata directory not provided
I20260601 13:27:18.339946 24077 fs_manager.cc:368] Using write-ahead log directory (fs_wal_dir) as metadata directory
I20260601 13:27:18.340034 24077 server_base.cc:909] This appears to be a new deployment of Kudu; creating new FS layout
I20260601 13:27:18.340490 27078 heartbeater.cc:344] Connected to a master server at 127.23.131.126:41565
I20260601 13:27:18.340593 27078 heartbeater.cc:461] Registering TS with master...
I20260601 13:27:18.340579 24077 fs_manager.cc:1068] Generated new instance metadata in path /tmp/dist-test-taskOEmcaH/test-tmp/auto_rebalancer-test.0.AutoRebalancerTest.RangeAwareRebalancesNewRangeReplicas.1780320368824299-24077-0/minicluster-data/ts-1-root/instance:
uuid: "f7176ebfb4f845e08a60f65b61094ae1"
format_stamp: "Formatted at 2026-06-01 13:27:18 on dist-test-slave-dxfc"
I20260601 13:27:18.340821 27078 heartbeater.cc:507] Master 127.23.131.126:41565 requested a full tablet report, sending...
I20260601 13:27:18.341622 26946 ts_manager.cc:194] Registered new tserver with Master: 4c940de93ee646a18898e2ff559af2df (127.23.131.65:42877)
I20260601 13:27:18.342376 24077 fs_manager.cc:696] Time spent creating directory manager: real 0.002s	user 0.002s	sys 0.000s
I20260601 13:27:18.342605 26946 master_service.cc:502] Signed X509 certificate for tserver {username='slave'} at 127.0.0.1:45182
I20260601 13:27:18.343499 27090 log_block_manager.cc:4031] Time spent loading block containers with low live blocks: real 0.000s	user 0.000s	sys 0.000s
I20260601 13:27:18.343743 24077 fs_manager.cc:730] Time spent opening block manager: real 0.001s	user 0.001s	sys 0.000s
I20260601 13:27:18.343825 24077 fs_manager.cc:647] Opened local filesystem: /tmp/dist-test-taskOEmcaH/test-tmp/auto_rebalancer-test.0.AutoRebalancerTest.RangeAwareRebalancesNewRangeReplicas.1780320368824299-24077-0/minicluster-data/ts-1-root
uuid: "f7176ebfb4f845e08a60f65b61094ae1"
format_stamp: "Formatted at 2026-06-01 13:27:18 on dist-test-slave-dxfc"
I20260601 13:27:18.343917 24077 fs_report.cc:389] FS layout report
--------------------
