I20260601 13:22:27.327755 16982 raft_consensus.cc:359] T 87f525fe1b184225b7286a6cebc3ad00 P a17a780ae9174f9dae3b92a5981c078c [term 0 FOLLOWER]: Replica starting. Triggering 0 pending ops. Active config: opid_index: -1 OBSOLETE_local: false peers { permanent_uuid: "a7da1ecc7daf40c7b041840e282f7cbe" member_type: VOTER last_known_addr { host: "127.11.245.1" port: 40465 } } peers { permanent_uuid: "a17a780ae9174f9dae3b92a5981c078c" member_type: VOTER last_known_addr { host: "127.11.245.2" port: 46403 } } peers { permanent_uuid: "851fff4085a14e13889e9ef72713849d" member_type: VOTER last_known_addr { host: "127.11.245.3" port: 42431 } }
I20260601 13:22:27.327845 16982 raft_consensus.cc:385] T 87f525fe1b184225b7286a6cebc3ad00 P a17a780ae9174f9dae3b92a5981c078c [term 0 FOLLOWER]: Consensus starting up: Expiring failure detector timer to make a prompt election more likely
I20260601 13:22:27.327898 16982 raft_consensus.cc:740] T 87f525fe1b184225b7286a6cebc3ad00 P a17a780ae9174f9dae3b92a5981c078c [term 0 FOLLOWER]: Becoming Follower/Learner. State: Replica: a17a780ae9174f9dae3b92a5981c078c, State: Initialized, Role: FOLLOWER
I20260601 13:22:27.327946 16981 tablet_bootstrap.cc:654] T b319f72a370e4f678a083f6d4e2dddc0 P a7da1ecc7daf40c7b041840e282f7cbe: Neither blocks nor log segments found. Creating new log.
I20260601 13:22:27.328011 16982 consensus_queue.cc:260] T 87f525fe1b184225b7286a6cebc3ad00 P a17a780ae9174f9dae3b92a5981c078c [NON_LEADER]: Queue going to NON_LEADER mode. State: All replicated index: 0, Majority replicated index: 0, Committed index: 0, Last appended: 0.0, Last appended by leader: 0, Current term: 0, Majority size: -1, State: 0, Mode: NON_LEADER, active raft config: opid_index: -1 OBSOLETE_local: false peers { permanent_uuid: "a7da1ecc7daf40c7b041840e282f7cbe" member_type: VOTER last_known_addr { host: "127.11.245.1" port: 40465 } } peers { permanent_uuid: "a17a780ae9174f9dae3b92a5981c078c" member_type: VOTER last_known_addr { host: "127.11.245.2" port: 46403 } } peers { permanent_uuid: "851fff4085a14e13889e9ef72713849d" member_type: VOTER last_known_addr { host: "127.11.245.3" port: 42431 } }
I20260601 13:22:27.328287 16982 ts_tablet_manager.cc:1434] T 87f525fe1b184225b7286a6cebc3ad00 P a17a780ae9174f9dae3b92a5981c078c: Time spent starting tablet: real 0.001s	user 0.000s	sys 0.000s
I20260601 13:22:27.328487 16982 tablet_bootstrap.cc:492] T c0b183c26b9e4aa6b32cc14314a3770f P a17a780ae9174f9dae3b92a5981c078c: Bootstrap starting.
I20260601 13:22:27.326833 16980 tablet_bootstrap.cc:492] T c0b183c26b9e4aa6b32cc14314a3770f P 851fff4085a14e13889e9ef72713849d: No bootstrap required, opened a new log
I20260601 13:22:27.328768 16980 ts_tablet_manager.cc:1403] T c0b183c26b9e4aa6b32cc14314a3770f P 851fff4085a14e13889e9ef72713849d: Time spent bootstrapping tablet: real 0.007s	user 0.002s	sys 0.000s
I20260601 13:22:27.329262 16980 raft_consensus.cc:359] T c0b183c26b9e4aa6b32cc14314a3770f P 851fff4085a14e13889e9ef72713849d [term 0 FOLLOWER]: Replica starting. Triggering 0 pending ops. Active config: opid_index: -1 OBSOLETE_local: false peers { permanent_uuid: "a7da1ecc7daf40c7b041840e282f7cbe" member_type: VOTER last_known_addr { host: "127.11.245.1" port: 40465 } } peers { permanent_uuid: "a17a780ae9174f9dae3b92a5981c078c" member_type: VOTER last_known_addr { host: "127.11.245.2" port: 46403 } } peers { permanent_uuid: "851fff4085a14e13889e9ef72713849d" member_type: VOTER last_known_addr { host: "127.11.245.3" port: 42431 } }
I20260601 13:22:27.329428 16980 raft_consensus.cc:385] T c0b183c26b9e4aa6b32cc14314a3770f P 851fff4085a14e13889e9ef72713849d [term 0 FOLLOWER]: Consensus starting up: Expiring failure detector timer to make a prompt election more likely
I20260601 13:22:27.329520 16980 raft_consensus.cc:740] T c0b183c26b9e4aa6b32cc14314a3770f P 851fff4085a14e13889e9ef72713849d [term 0 FOLLOWER]: Becoming Follower/Learner. State: Replica: 851fff4085a14e13889e9ef72713849d, State: Initialized, Role: FOLLOWER
I20260601 13:22:27.329720 16980 consensus_queue.cc:260] T c0b183c26b9e4aa6b32cc14314a3770f P 851fff4085a14e13889e9ef72713849d [NON_LEADER]: Queue going to NON_LEADER mode. State: All replicated index: 0, Majority replicated index: 0, Committed index: 0, Last appended: 0.0, Last appended by leader: 0, Current term: 0, Majority size: -1, State: 0, Mode: NON_LEADER, active raft config: opid_index: -1 OBSOLETE_local: false peers { permanent_uuid: "a7da1ecc7daf40c7b041840e282f7cbe" member_type: VOTER last_known_addr { host: "127.11.245.1" port: 40465 } } peers { permanent_uuid: "a17a780ae9174f9dae3b92a5981c078c" member_type: VOTER last_known_addr { host: "127.11.245.2" port: 46403 } } peers { permanent_uuid: "851fff4085a14e13889e9ef72713849d" member_type: VOTER last_known_addr { host: "127.11.245.3" port: 42431 } }
I20260601 13:22:27.330056 16980 ts_tablet_manager.cc:1434] T c0b183c26b9e4aa6b32cc14314a3770f P 851fff4085a14e13889e9ef72713849d: Time spent starting tablet: real 0.001s	user 0.001s	sys 0.000s
I20260601 13:22:27.330099 16981 tablet_bootstrap.cc:492] T b319f72a370e4f678a083f6d4e2dddc0 P a7da1ecc7daf40c7b041840e282f7cbe: No bootstrap required, opened a new log
I20260601 13:22:27.329506 16982 tablet_bootstrap.cc:654] T c0b183c26b9e4aa6b32cc14314a3770f P a17a780ae9174f9dae3b92a5981c078c: Neither blocks nor log segments found. Creating new log.
I20260601 13:22:27.330168 16981 ts_tablet_manager.cc:1403] T b319f72a370e4f678a083f6d4e2dddc0 P a7da1ecc7daf40c7b041840e282f7cbe: Time spent bootstrapping tablet: real 0.003s	user 0.002s	sys 0.000s
I20260601 13:22:27.330591 16981 raft_consensus.cc:359] T b319f72a370e4f678a083f6d4e2dddc0 P a7da1ecc7daf40c7b041840e282f7cbe [term 0 FOLLOWER]: Replica starting. Triggering 0 pending ops. Active config: opid_index: -1 OBSOLETE_local: false peers { permanent_uuid: "a7da1ecc7daf40c7b041840e282f7cbe" member_type: VOTER last_known_addr { host: "127.11.245.1" port: 40465 } } peers { permanent_uuid: "a17a780ae9174f9dae3b92a5981c078c" member_type: VOTER last_known_addr { host: "127.11.245.2" port: 46403 } } peers { permanent_uuid: "851fff4085a14e13889e9ef72713849d" member_type: VOTER last_known_addr { host: "127.11.245.3" port: 42431 } }
I20260601 13:22:27.331190 16981 raft_consensus.cc:385] T b319f72a370e4f678a083f6d4e2dddc0 P a7da1ecc7daf40c7b041840e282f7cbe [term 0 FOLLOWER]: Consensus starting up: Expiring failure detector timer to make a prompt election more likely
I20260601 13:22:27.331007 16980 tablet_bootstrap.cc:492] T efc7a8ae8c834a1f8930c21b50855ec9 P 851fff4085a14e13889e9ef72713849d: Bootstrap starting.
I20260601 13:22:27.331252 16981 raft_consensus.cc:740] T b319f72a370e4f678a083f6d4e2dddc0 P a7da1ecc7daf40c7b041840e282f7cbe [term 0 FOLLOWER]: Becoming Follower/Learner. State: Replica: a7da1ecc7daf40c7b041840e282f7cbe, State: Initialized, Role: FOLLOWER
I20260601 13:22:27.331379 16981 consensus_queue.cc:260] T b319f72a370e4f678a083f6d4e2dddc0 P a7da1ecc7daf40c7b041840e282f7cbe [NON_LEADER]: Queue going to NON_LEADER mode. State: All replicated index: 0, Majority replicated index: 0, Committed index: 0, Last appended: 0.0, Last appended by leader: 0, Current term: 0, Majority size: -1, State: 0, Mode: NON_LEADER, active raft config: opid_index: -1 OBSOLETE_local: false peers { permanent_uuid: "a7da1ecc7daf40c7b041840e282f7cbe" member_type: VOTER last_known_addr { host: "127.11.245.1" port: 40465 } } peers { permanent_uuid: "a17a780ae9174f9dae3b92a5981c078c" member_type: VOTER last_known_addr { host: "127.11.245.2" port: 46403 } } peers { permanent_uuid: "851fff4085a14e13889e9ef72713849d" member_type: VOTER last_known_addr { host: "127.11.245.3" port: 42431 } }
I20260601 13:22:27.331656 16981 ts_tablet_manager.cc:1434] T b319f72a370e4f678a083f6d4e2dddc0 P a7da1ecc7daf40c7b041840e282f7cbe: Time spent starting tablet: real 0.001s	user 0.001s	sys 0.000s
I20260601 13:22:27.331812 16981 tablet_bootstrap.cc:492] T 42c054c78d174b308ffcdaf286dfeba7 P a7da1ecc7daf40c7b041840e282f7cbe: Bootstrap starting.
I20260601 13:22:27.332268 16980 tablet_bootstrap.cc:654] T efc7a8ae8c834a1f8930c21b50855ec9 P 851fff4085a14e13889e9ef72713849d: Neither blocks nor log segments found. Creating new log.
I20260601 13:22:27.332859 16981 tablet_bootstrap.cc:654] T 42c054c78d174b308ffcdaf286dfeba7 P a7da1ecc7daf40c7b041840e282f7cbe: Neither blocks nor log segments found. Creating new log.
I20260601 13:22:27.333393 16980 tablet_bootstrap.cc:492] T efc7a8ae8c834a1f8930c21b50855ec9 P 851fff4085a14e13889e9ef72713849d: No bootstrap required, opened a new log
I20260601 13:22:27.333483 16980 ts_tablet_manager.cc:1403] T efc7a8ae8c834a1f8930c21b50855ec9 P 851fff4085a14e13889e9ef72713849d: Time spent bootstrapping tablet: real 0.003s	user 0.002s	sys 0.000s
I20260601 13:22:27.333925 16980 raft_consensus.cc:359] T efc7a8ae8c834a1f8930c21b50855ec9 P 851fff4085a14e13889e9ef72713849d [term 0 FOLLOWER]: Replica starting. Triggering 0 pending ops. Active config: opid_index: -1 OBSOLETE_local: false peers { permanent_uuid: "a7da1ecc7daf40c7b041840e282f7cbe" member_type: VOTER last_known_addr { host: "127.11.245.1" port: 40465 } } peers { permanent_uuid: "a17a780ae9174f9dae3b92a5981c078c" member_type: VOTER last_known_addr { host: "127.11.245.2" port: 46403 } } peers { permanent_uuid: "851fff4085a14e13889e9ef72713849d" member_type: VOTER last_known_addr { host: "127.11.245.3" port: 42431 } }
I20260601 13:22:27.334029 16980 raft_consensus.cc:385] T efc7a8ae8c834a1f8930c21b50855ec9 P 851fff4085a14e13889e9ef72713849d [term 0 FOLLOWER]: Consensus starting up: Expiring failure detector timer to make a prompt election more likely
I20260601 13:22:27.334077 16980 raft_consensus.cc:740] T efc7a8ae8c834a1f8930c21b50855ec9 P 851fff4085a14e13889e9ef72713849d [term 0 FOLLOWER]: Becoming Follower/Learner. State: Replica: 851fff4085a14e13889e9ef72713849d, State: Initialized, Role: FOLLOWER
I20260601 13:22:27.334210 16980 consensus_queue.cc:260] T efc7a8ae8c834a1f8930c21b50855ec9 P 851fff4085a14e13889e9ef72713849d [NON_LEADER]: Queue going to NON_LEADER mode. State: All replicated index: 0, Majority replicated index: 0, Committed index: 0, Last appended: 0.0, Last appended by leader: 0, Current term: 0, Majority size: -1, State: 0, Mode: NON_LEADER, active raft config: opid_index: -1 OBSOLETE_local: false peers { permanent_uuid: "a7da1ecc7daf40c7b041840e282f7cbe" member_type: VOTER last_known_addr { host: "127.11.245.1" port: 40465 } } peers { permanent_uuid: "a17a780ae9174f9dae3b92a5981c078c" member_type: VOTER last_known_addr { host: "127.11.245.2" port: 46403 } } peers { permanent_uuid: "851fff4085a14e13889e9ef72713849d" member_type: VOTER last_known_addr { host: "127.11.245.3" port: 42431 } }
I20260601 13:22:27.334265 16982 tablet_bootstrap.cc:492] T c0b183c26b9e4aa6b32cc14314a3770f P a17a780ae9174f9dae3b92a5981c078c: No bootstrap required, opened a new log
I20260601 13:22:27.334266 16981 tablet_bootstrap.cc:492] T 42c054c78d174b308ffcdaf286dfeba7 P a7da1ecc7daf40c7b041840e282f7cbe: No bootstrap required, opened a new log
I20260601 13:22:27.334376 16982 ts_tablet_manager.cc:1403] T c0b183c26b9e4aa6b32cc14314a3770f P a17a780ae9174f9dae3b92a5981c078c: Time spent bootstrapping tablet: real 0.006s	user 0.000s	sys 0.002s
I20260601 13:22:27.334506 16980 ts_tablet_manager.cc:1434] T efc7a8ae8c834a1f8930c21b50855ec9 P 851fff4085a14e13889e9ef72713849d: Time spent starting tablet: real 0.001s	user 0.000s	sys 0.000s
I20260601 13:22:27.334666 16980 tablet_bootstrap.cc:492] T b319f72a370e4f678a083f6d4e2dddc0 P 851fff4085a14e13889e9ef72713849d: Bootstrap starting.
I20260601 13:22:27.334807 16982 raft_consensus.cc:359] T c0b183c26b9e4aa6b32cc14314a3770f P a17a780ae9174f9dae3b92a5981c078c [term 0 FOLLOWER]: Replica starting. Triggering 0 pending ops. Active config: opid_index: -1 OBSOLETE_local: false peers { permanent_uuid: "a7da1ecc7daf40c7b041840e282f7cbe" member_type: VOTER last_known_addr { host: "127.11.245.1" port: 40465 } } peers { permanent_uuid: "a17a780ae9174f9dae3b92a5981c078c" member_type: VOTER last_known_addr { host: "127.11.245.2" port: 46403 } } peers { permanent_uuid: "851fff4085a14e13889e9ef72713849d" member_type: VOTER last_known_addr { host: "127.11.245.3" port: 42431 } }
I20260601 13:22:27.334898 16982 raft_consensus.cc:385] T c0b183c26b9e4aa6b32cc14314a3770f P a17a780ae9174f9dae3b92a5981c078c [term 0 FOLLOWER]: Consensus starting up: Expiring failure detector timer to make a prompt election more likely
I20260601 13:22:27.334903 16988 raft_consensus.cc:493] T c0b183c26b9e4aa6b32cc14314a3770f P 851fff4085a14e13889e9ef72713849d [term 0 FOLLOWER]: Starting pre-election (no leader contacted us within the election timeout)
I20260601 13:22:27.334980 16982 raft_consensus.cc:740] T c0b183c26b9e4aa6b32cc14314a3770f P a17a780ae9174f9dae3b92a5981c078c [term 0 FOLLOWER]: Becoming Follower/Learner. State: Replica: a17a780ae9174f9dae3b92a5981c078c, State: Initialized, Role: FOLLOWER
I20260601 13:22:27.335083 16988 raft_consensus.cc:515] T c0b183c26b9e4aa6b32cc14314a3770f P 851fff4085a14e13889e9ef72713849d [term 0 FOLLOWER]: Starting pre-election with config: opid_index: -1 OBSOLETE_local: false peers { permanent_uuid: "a7da1ecc7daf40c7b041840e282f7cbe" member_type: VOTER last_known_addr { host: "127.11.245.1" port: 40465 } } peers { permanent_uuid: "a17a780ae9174f9dae3b92a5981c078c" member_type: VOTER last_known_addr { host: "127.11.245.2" port: 46403 } } peers { permanent_uuid: "851fff4085a14e13889e9ef72713849d" member_type: VOTER last_known_addr { host: "127.11.245.3" port: 42431 } }
I20260601 13:22:27.335134 16982 consensus_queue.cc:260] T c0b183c26b9e4aa6b32cc14314a3770f P a17a780ae9174f9dae3b92a5981c078c [NON_LEADER]: Queue going to NON_LEADER mode. State: All replicated index: 0, Majority replicated index: 0, Committed index: 0, Last appended: 0.0, Last appended by leader: 0, Current term: 0, Majority size: -1, State: 0, Mode: NON_LEADER, active raft config: opid_index: -1 OBSOLETE_local: false peers { permanent_uuid: "a7da1ecc7daf40c7b041840e282f7cbe" member_type: VOTER last_known_addr { host: "127.11.245.1" port: 40465 } } peers { permanent_uuid: "a17a780ae9174f9dae3b92a5981c078c" member_type: VOTER last_known_addr { host: "127.11.245.2" port: 46403 } } peers { permanent_uuid: "851fff4085a14e13889e9ef72713849d" member_type: VOTER last_known_addr { host: "127.11.245.3" port: 42431 } }
I20260601 13:22:27.335410 16982 ts_tablet_manager.cc:1434] T c0b183c26b9e4aa6b32cc14314a3770f P a17a780ae9174f9dae3b92a5981c078c: Time spent starting tablet: real 0.001s	user 0.001s	sys 0.000s
I20260601 13:22:27.335557 16982 tablet_bootstrap.cc:492] T b319f72a370e4f678a083f6d4e2dddc0 P a17a780ae9174f9dae3b92a5981c078c: Bootstrap starting.
I20260601 13:22:27.335615 16988 leader_election.cc:290] T c0b183c26b9e4aa6b32cc14314a3770f P 851fff4085a14e13889e9ef72713849d [CANDIDATE]: Term 1 pre-election: Requested pre-vote from peers a7da1ecc7daf40c7b041840e282f7cbe (127.11.245.1:40465), a17a780ae9174f9dae3b92a5981c078c (127.11.245.2:46403)
I20260601 13:22:27.335719 16980 tablet_bootstrap.cc:654] T b319f72a370e4f678a083f6d4e2dddc0 P 851fff4085a14e13889e9ef72713849d: Neither blocks nor log segments found. Creating new log.
I20260601 13:22:27.335813 16981 ts_tablet_manager.cc:1403] T 42c054c78d174b308ffcdaf286dfeba7 P a7da1ecc7daf40c7b041840e282f7cbe: Time spent bootstrapping tablet: real 0.004s	user 0.002s	sys 0.000s
I20260601 13:22:27.336261 16981 raft_consensus.cc:359] T 42c054c78d174b308ffcdaf286dfeba7 P a7da1ecc7daf40c7b041840e282f7cbe [term 0 FOLLOWER]: Replica starting. Triggering 0 pending ops. Active config: opid_index: -1 OBSOLETE_local: false peers { permanent_uuid: "a7da1ecc7daf40c7b041840e282f7cbe" member_type: VOTER last_known_addr { host: "127.11.245.1" port: 40465 } } peers { permanent_uuid: "a17a780ae9174f9dae3b92a5981c078c" member_type: VOTER last_known_addr { host: "127.11.245.2" port: 46403 } } peers { permanent_uuid: "851fff4085a14e13889e9ef72713849d" member_type: VOTER last_known_addr { host: "127.11.245.3" port: 42431 } }
I20260601 13:22:27.336409 16981 raft_consensus.cc:385] T 42c054c78d174b308ffcdaf286dfeba7 P a7da1ecc7daf40c7b041840e282f7cbe [term 0 FOLLOWER]: Consensus starting up: Expiring failure detector timer to make a prompt election more likely
I20260601 13:22:27.336467 16981 raft_consensus.cc:740] T 42c054c78d174b308ffcdaf286dfeba7 P a7da1ecc7daf40c7b041840e282f7cbe [term 0 FOLLOWER]: Becoming Follower/Learner. State: Replica: a7da1ecc7daf40c7b041840e282f7cbe, State: Initialized, Role: FOLLOWER
I20260601 13:22:27.336555 16982 tablet_bootstrap.cc:654] T b319f72a370e4f678a083f6d4e2dddc0 P a17a780ae9174f9dae3b92a5981c078c: Neither blocks nor log segments found. Creating new log.
I20260601 13:22:27.336589 16981 consensus_queue.cc:260] T 42c054c78d174b308ffcdaf286dfeba7 P a7da1ecc7daf40c7b041840e282f7cbe [NON_LEADER]: Queue going to NON_LEADER mode. State: All replicated index: 0, Majority replicated index: 0, Committed index: 0, Last appended: 0.0, Last appended by leader: 0, Current term: 0, Majority size: -1, State: 0, Mode: NON_LEADER, active raft config: opid_index: -1 OBSOLETE_local: false peers { permanent_uuid: "a7da1ecc7daf40c7b041840e282f7cbe" member_type: VOTER last_known_addr { host: "127.11.245.1" port: 40465 } } peers { permanent_uuid: "a17a780ae9174f9dae3b92a5981c078c" member_type: VOTER last_known_addr { host: "127.11.245.2" port: 46403 } } peers { permanent_uuid: "851fff4085a14e13889e9ef72713849d" member_type: VOTER last_known_addr { host: "127.11.245.3" port: 42431 } }
I20260601 13:22:27.336865 16981 ts_tablet_manager.cc:1434] T 42c054c78d174b308ffcdaf286dfeba7 P a7da1ecc7daf40c7b041840e282f7cbe: Time spent starting tablet: real 0.001s	user 0.000s	sys 0.000s
I20260601 13:22:27.337023 16981 tablet_bootstrap.cc:492] T efc7a8ae8c834a1f8930c21b50855ec9 P a7da1ecc7daf40c7b041840e282f7cbe: Bootstrap starting.
I20260601 13:22:27.337967 16981 tablet_bootstrap.cc:654] T efc7a8ae8c834a1f8930c21b50855ec9 P a7da1ecc7daf40c7b041840e282f7cbe: Neither blocks nor log segments found. Creating new log.
I20260601 13:22:27.339061 16982 tablet_bootstrap.cc:492] T b319f72a370e4f678a083f6d4e2dddc0 P a17a780ae9174f9dae3b92a5981c078c: No bootstrap required, opened a new log
I20260601 13:22:27.339166 16982 ts_tablet_manager.cc:1403] T b319f72a370e4f678a083f6d4e2dddc0 P a17a780ae9174f9dae3b92a5981c078c: Time spent bootstrapping tablet: real 0.004s	user 0.002s	sys 0.000s
I20260601 13:22:27.339543 16982 raft_consensus.cc:359] T b319f72a370e4f678a083f6d4e2dddc0 P a17a780ae9174f9dae3b92a5981c078c [term 0 FOLLOWER]: Replica starting. Triggering 0 pending ops. Active config: opid_index: -1 OBSOLETE_local: false peers { permanent_uuid: "a7da1ecc7daf40c7b041840e282f7cbe" member_type: VOTER last_known_addr { host: "127.11.245.1" port: 40465 } } peers { permanent_uuid: "a17a780ae9174f9dae3b92a5981c078c" member_type: VOTER last_known_addr { host: "127.11.245.2" port: 46403 } } peers { permanent_uuid: "851fff4085a14e13889e9ef72713849d" member_type: VOTER last_known_addr { host: "127.11.245.3" port: 42431 } }
I20260601 13:22:27.339649 16982 raft_consensus.cc:385] T b319f72a370e4f678a083f6d4e2dddc0 P a17a780ae9174f9dae3b92a5981c078c [term 0 FOLLOWER]: Consensus starting up: Expiring failure detector timer to make a prompt election more likely
I20260601 13:22:27.339700 16982 raft_consensus.cc:740] T b319f72a370e4f678a083f6d4e2dddc0 P a17a780ae9174f9dae3b92a5981c078c [term 0 FOLLOWER]: Becoming Follower/Learner. State: Replica: a17a780ae9174f9dae3b92a5981c078c, State: Initialized, Role: FOLLOWER
I20260601 13:22:27.339831 16982 consensus_queue.cc:260] T b319f72a370e4f678a083f6d4e2dddc0 P a17a780ae9174f9dae3b92a5981c078c [NON_LEADER]: Queue going to NON_LEADER mode. State: All replicated index: 0, Majority replicated index: 0, Committed index: 0, Last appended: 0.0, Last appended by leader: 0, Current term: 0, Majority size: -1, State: 0, Mode: NON_LEADER, active raft config: opid_index: -1 OBSOLETE_local: false peers { permanent_uuid: "a7da1ecc7daf40c7b041840e282f7cbe" member_type: VOTER last_known_addr { host: "127.11.245.1" port: 40465 } } peers { permanent_uuid: "a17a780ae9174f9dae3b92a5981c078c" member_type: VOTER last_known_addr { host: "127.11.245.2" port: 46403 } } peers { permanent_uuid: "851fff4085a14e13889e9ef72713849d" member_type: VOTER last_known_addr { host: "127.11.245.3" port: 42431 } }
I20260601 13:22:27.340109 16982 ts_tablet_manager.cc:1434] T b319f72a370e4f678a083f6d4e2dddc0 P a17a780ae9174f9dae3b92a5981c078c: Time spent starting tablet: real 0.001s	user 0.000s	sys 0.000s
I20260601 13:22:27.340296 16982 tablet_bootstrap.cc:492] T 42c054c78d174b308ffcdaf286dfeba7 P a17a780ae9174f9dae3b92a5981c078c: Bootstrap starting.
I20260601 13:22:27.341073 16982 tablet_bootstrap.cc:654] T 42c054c78d174b308ffcdaf286dfeba7 P a17a780ae9174f9dae3b92a5981c078c: Neither blocks nor log segments found. Creating new log.
I20260601 13:22:27.342352 16859 tablet_service.cc:1917] Received RequestConsensusVote() RPC: tablet_id: "c0b183c26b9e4aa6b32cc14314a3770f" candidate_uuid: "851fff4085a14e13889e9ef72713849d" candidate_term: 1 candidate_status { last_received { term: 0 index: 0 } } ignore_live_leader: false dest_uuid: "a17a780ae9174f9dae3b92a5981c078c" is_pre_election: true
I20260601 13:22:27.342494 16859 raft_consensus.cc:2468] T c0b183c26b9e4aa6b32cc14314a3770f P a17a780ae9174f9dae3b92a5981c078c [term 0 FOLLOWER]: Leader pre-election vote request: Granting yes vote for candidate 851fff4085a14e13889e9ef72713849d in term 0.
I20260601 13:22:27.342727 16898 leader_election.cc:304] T c0b183c26b9e4aa6b32cc14314a3770f P 851fff4085a14e13889e9ef72713849d [CANDIDATE]: Term 1 pre-election: Election decided. Result: candidate won. Election summary: received 2 responses out of 3 voters: 2 yes votes; 0 no votes. yes voters: 851fff4085a14e13889e9ef72713849d, a17a780ae9174f9dae3b92a5981c078c; no voters: 
I20260601 13:22:27.342970 16988 raft_consensus.cc:2804] T c0b183c26b9e4aa6b32cc14314a3770f P 851fff4085a14e13889e9ef72713849d [term 0 FOLLOWER]: Leader pre-election won for term 1
I20260601 13:22:27.343053 16988 raft_consensus.cc:493] T c0b183c26b9e4aa6b32cc14314a3770f P 851fff4085a14e13889e9ef72713849d [term 0 FOLLOWER]: Starting leader election (no leader contacted us within the election timeout)
I20260601 13:22:27.343092 16988 raft_consensus.cc:3060] T c0b183c26b9e4aa6b32cc14314a3770f P 851fff4085a14e13889e9ef72713849d [term 0 FOLLOWER]: Advancing to term 1
I20260601 13:22:27.343747 16783 tablet_service.cc:1917] Received RequestConsensusVote() RPC: tablet_id: "c0b183c26b9e4aa6b32cc14314a3770f" candidate_uuid: "851fff4085a14e13889e9ef72713849d" candidate_term: 1 candidate_status { last_received { term: 0 index: 0 } } ignore_live_leader: false dest_uuid: "a7da1ecc7daf40c7b041840e282f7cbe" is_pre_election: true
I20260601 13:22:27.343868 16783 raft_consensus.cc:2468] T c0b183c26b9e4aa6b32cc14314a3770f P a7da1ecc7daf40c7b041840e282f7cbe [term 0 FOLLOWER]: Leader pre-election vote request: Granting yes vote for candidate 851fff4085a14e13889e9ef72713849d in term 0.
I20260601 13:22:27.343907 16980 tablet_bootstrap.cc:492] T b319f72a370e4f678a083f6d4e2dddc0 P 851fff4085a14e13889e9ef72713849d: No bootstrap required, opened a new log
I20260601 13:22:27.343879 16981 tablet_bootstrap.cc:492] T efc7a8ae8c834a1f8930c21b50855ec9 P a7da1ecc7daf40c7b041840e282f7cbe: No bootstrap required, opened a new log
I20260601 13:22:27.344144 16988 raft_consensus.cc:515] T c0b183c26b9e4aa6b32cc14314a3770f P 851fff4085a14e13889e9ef72713849d [term 1 FOLLOWER]: Starting leader election with config: opid_index: -1 OBSOLETE_local: false peers { permanent_uuid: "a7da1ecc7daf40c7b041840e282f7cbe" member_type: VOTER last_known_addr { host: "127.11.245.1" port: 40465 } } peers { permanent_uuid: "a17a780ae9174f9dae3b92a5981c078c" member_type: VOTER last_known_addr { host: "127.11.245.2" port: 46403 } } peers { permanent_uuid: "851fff4085a14e13889e9ef72713849d" member_type: VOTER last_known_addr { host: "127.11.245.3" port: 42431 } }
I20260601 13:22:27.344362 16980 ts_tablet_manager.cc:1403] T b319f72a370e4f678a083f6d4e2dddc0 P 851fff4085a14e13889e9ef72713849d: Time spent bootstrapping tablet: real 0.010s	user 0.002s	sys 0.000s
I20260601 13:22:27.344409 16982 tablet_bootstrap.cc:492] T 42c054c78d174b308ffcdaf286dfeba7 P a17a780ae9174f9dae3b92a5981c078c: No bootstrap required, opened a new log
I20260601 13:22:27.344491 16982 ts_tablet_manager.cc:1403] T 42c054c78d174b308ffcdaf286dfeba7 P a17a780ae9174f9dae3b92a5981c078c: Time spent bootstrapping tablet: real 0.004s	user 0.000s	sys 0.001s
I20260601 13:22:27.344642 16988 leader_election.cc:290] T c0b183c26b9e4aa6b32cc14314a3770f P 851fff4085a14e13889e9ef72713849d [CANDIDATE]: Term 1 election: Requested vote from peers a7da1ecc7daf40c7b041840e282f7cbe (127.11.245.1:40465), a17a780ae9174f9dae3b92a5981c078c (127.11.245.2:46403)
I20260601 13:22:27.344866 16783 tablet_service.cc:1917] Received RequestConsensusVote() RPC: tablet_id: "c0b183c26b9e4aa6b32cc14314a3770f" candidate_uuid: "851fff4085a14e13889e9ef72713849d" candidate_term: 1 candidate_status { last_received { term: 0 index: 0 } } ignore_live_leader: false dest_uuid: "a7da1ecc7daf40c7b041840e282f7cbe"
I20260601 13:22:27.344908 16981 ts_tablet_manager.cc:1403] T efc7a8ae8c834a1f8930c21b50855ec9 P a7da1ecc7daf40c7b041840e282f7cbe: Time spent bootstrapping tablet: real 0.008s	user 0.002s	sys 0.000s
I20260601 13:22:27.344930 16982 raft_consensus.cc:359] T 42c054c78d174b308ffcdaf286dfeba7 P a17a780ae9174f9dae3b92a5981c078c [term 0 FOLLOWER]: Replica starting. Triggering 0 pending ops. Active config: opid_index: -1 OBSOLETE_local: false peers { permanent_uuid: "a7da1ecc7daf40c7b041840e282f7cbe" member_type: VOTER last_known_addr { host: "127.11.245.1" port: 40465 } } peers { permanent_uuid: "a17a780ae9174f9dae3b92a5981c078c" member_type: VOTER last_known_addr { host: "127.11.245.2" port: 46403 } } peers { permanent_uuid: "851fff4085a14e13889e9ef72713849d" member_type: VOTER last_known_addr { host: "127.11.245.3" port: 42431 } }
I20260601 13:22:27.344957 16859 tablet_service.cc:1917] Received RequestConsensusVote() RPC: tablet_id: "c0b183c26b9e4aa6b32cc14314a3770f" candidate_uuid: "851fff4085a14e13889e9ef72713849d" candidate_term: 1 candidate_status { last_received { term: 0 index: 0 } } ignore_live_leader: false dest_uuid: "a17a780ae9174f9dae3b92a5981c078c"
I20260601 13:22:27.344967 16783 raft_consensus.cc:3060] T c0b183c26b9e4aa6b32cc14314a3770f P a7da1ecc7daf40c7b041840e282f7cbe [term 0 FOLLOWER]: Advancing to term 1
I20260601 13:22:27.345073 16859 raft_consensus.cc:3060] T c0b183c26b9e4aa6b32cc14314a3770f P a17a780ae9174f9dae3b92a5981c078c [term 0 FOLLOWER]: Advancing to term 1
I20260601 13:22:27.345147 16980 raft_consensus.cc:359] T b319f72a370e4f678a083f6d4e2dddc0 P 851fff4085a14e13889e9ef72713849d [term 0 FOLLOWER]: Replica starting. Triggering 0 pending ops. Active config: opid_index: -1 OBSOLETE_local: false peers { permanent_uuid: "a7da1ecc7daf40c7b041840e282f7cbe" member_type: VOTER last_known_addr { host: "127.11.245.1" port: 40465 } } peers { permanent_uuid: "a17a780ae9174f9dae3b92a5981c078c" member_type: VOTER last_known_addr { host: "127.11.245.2" port: 46403 } } peers { permanent_uuid: "851fff4085a14e13889e9ef72713849d" member_type: VOTER last_known_addr { host: "127.11.245.3" port: 42431 } }
I20260601 13:22:27.345235 16980 raft_consensus.cc:385] T b319f72a370e4f678a083f6d4e2dddc0 P 851fff4085a14e13889e9ef72713849d [term 0 FOLLOWER]: Consensus starting up: Expiring failure detector timer to make a prompt election more likely
I20260601 13:22:27.345266 16980 raft_consensus.cc:740] T b319f72a370e4f678a083f6d4e2dddc0 P 851fff4085a14e13889e9ef72713849d [term 0 FOLLOWER]: Becoming Follower/Learner. State: Replica: 851fff4085a14e13889e9ef72713849d, State: Initialized, Role: FOLLOWER
I20260601 13:22:27.345327 16981 raft_consensus.cc:359] T efc7a8ae8c834a1f8930c21b50855ec9 P a7da1ecc7daf40c7b041840e282f7cbe [term 0 FOLLOWER]: Replica starting. Triggering 0 pending ops. Active config: opid_index: -1 OBSOLETE_local: false peers { permanent_uuid: "a7da1ecc7daf40c7b041840e282f7cbe" member_type: VOTER last_known_addr { host: "127.11.245.1" port: 40465 } } peers { permanent_uuid: "a17a780ae9174f9dae3b92a5981c078c" member_type: VOTER last_known_addr { host: "127.11.245.2" port: 46403 } } peers { permanent_uuid: "851fff4085a14e13889e9ef72713849d" member_type: VOTER last_known_addr { host: "127.11.245.3" port: 42431 } }
I20260601 13:22:27.345407 16981 raft_consensus.cc:385] T efc7a8ae8c834a1f8930c21b50855ec9 P a7da1ecc7daf40c7b041840e282f7cbe [term 0 FOLLOWER]: Consensus starting up: Expiring failure detector timer to make a prompt election more likely
I20260601 13:22:27.345434 16981 raft_consensus.cc:740] T efc7a8ae8c834a1f8930c21b50855ec9 P a7da1ecc7daf40c7b041840e282f7cbe [term 0 FOLLOWER]: Becoming Follower/Learner. State: Replica: a7da1ecc7daf40c7b041840e282f7cbe, State: Initialized, Role: FOLLOWER
I20260601 13:22:27.345419 16980 consensus_queue.cc:260] T b319f72a370e4f678a083f6d4e2dddc0 P 851fff4085a14e13889e9ef72713849d [NON_LEADER]: Queue going to NON_LEADER mode. State: All replicated index: 0, Majority replicated index: 0, Committed index: 0, Last appended: 0.0, Last appended by leader: 0, Current term: 0, Majority size: -1, State: 0, Mode: NON_LEADER, active raft config: opid_index: -1 OBSOLETE_local: false peers { permanent_uuid: "a7da1ecc7daf40c7b041840e282f7cbe" member_type: VOTER last_known_addr { host: "127.11.245.1" port: 40465 } } peers { permanent_uuid: "a17a780ae9174f9dae3b92a5981c078c" member_type: VOTER last_known_addr { host: "127.11.245.2" port: 46403 } } peers { permanent_uuid: "851fff4085a14e13889e9ef72713849d" member_type: VOTER last_known_addr { host: "127.11.245.3" port: 42431 } }
I20260601 13:22:27.345568 16981 consensus_queue.cc:260] T efc7a8ae8c834a1f8930c21b50855ec9 P a7da1ecc7daf40c7b041840e282f7cbe [NON_LEADER]: Queue going to NON_LEADER mode. State: All replicated index: 0, Majority replicated index: 0, Committed index: 0, Last appended: 0.0, Last appended by leader: 0, Current term: 0, Majority size: -1, State: 0, Mode: NON_LEADER, active raft config: opid_index: -1 OBSOLETE_local: false peers { permanent_uuid: "a7da1ecc7daf40c7b041840e282f7cbe" member_type: VOTER last_known_addr { host: "127.11.245.1" port: 40465 } } peers { permanent_uuid: "a17a780ae9174f9dae3b92a5981c078c" member_type: VOTER last_known_addr { host: "127.11.245.2" port: 46403 } } peers { permanent_uuid: "851fff4085a14e13889e9ef72713849d" member_type: VOTER last_known_addr { host: "127.11.245.3" port: 42431 } }
I20260601 13:22:27.345832 16981 ts_tablet_manager.cc:1434] T efc7a8ae8c834a1f8930c21b50855ec9 P a7da1ecc7daf40c7b041840e282f7cbe: Time spent starting tablet: real 0.001s	user 0.001s	sys 0.000s
I20260601 13:22:27.346035 16859 raft_consensus.cc:2468] T c0b183c26b9e4aa6b32cc14314a3770f P a17a780ae9174f9dae3b92a5981c078c [term 1 FOLLOWER]: Leader election vote request: Granting yes vote for candidate 851fff4085a14e13889e9ef72713849d in term 1.
I20260601 13:22:27.346153 16980 ts_tablet_manager.cc:1434] T b319f72a370e4f678a083f6d4e2dddc0 P 851fff4085a14e13889e9ef72713849d: Time spent starting tablet: real 0.002s	user 0.001s	sys 0.000s
I20260601 13:22:27.346313 16898 leader_election.cc:304] T c0b183c26b9e4aa6b32cc14314a3770f P 851fff4085a14e13889e9ef72713849d [CANDIDATE]: Term 1 election: Election decided. Result: candidate won. Election summary: received 2 responses out of 3 voters: 2 yes votes; 0 no votes. yes voters: 851fff4085a14e13889e9ef72713849d, a17a780ae9174f9dae3b92a5981c078c; no voters: 
I20260601 13:22:27.345042 16982 raft_consensus.cc:385] T 42c054c78d174b308ffcdaf286dfeba7 P a17a780ae9174f9dae3b92a5981c078c [term 0 FOLLOWER]: Consensus starting up: Expiring failure detector timer to make a prompt election more likely
I20260601 13:22:27.346467 16980 tablet_bootstrap.cc:492] T 42c054c78d174b308ffcdaf286dfeba7 P 851fff4085a14e13889e9ef72713849d: Bootstrap starting.
I20260601 13:22:27.346479 16988 raft_consensus.cc:2804] T c0b183c26b9e4aa6b32cc14314a3770f P 851fff4085a14e13889e9ef72713849d [term 1 FOLLOWER]: Leader election won for term 1
I20260601 13:22:27.346498 16982 raft_consensus.cc:740] T 42c054c78d174b308ffcdaf286dfeba7 P a17a780ae9174f9dae3b92a5981c078c [term 0 FOLLOWER]: Becoming Follower/Learner. State: Replica: a17a780ae9174f9dae3b92a5981c078c, State: Initialized, Role: FOLLOWER
I20260601 13:22:27.346755 16988 raft_consensus.cc:697] T c0b183c26b9e4aa6b32cc14314a3770f P 851fff4085a14e13889e9ef72713849d [term 1 LEADER]: Becoming Leader. State: Replica: 851fff4085a14e13889e9ef72713849d, State: Running, Role: LEADER
I20260601 13:22:27.346731 16982 consensus_queue.cc:260] T 42c054c78d174b308ffcdaf286dfeba7 P a17a780ae9174f9dae3b92a5981c078c [NON_LEADER]: Queue going to NON_LEADER mode. State: All replicated index: 0, Majority replicated index: 0, Committed index: 0, Last appended: 0.0, Last appended by leader: 0, Current term: 0, Majority size: -1, State: 0, Mode: NON_LEADER, active raft config: opid_index: -1 OBSOLETE_local: false peers { permanent_uuid: "a7da1ecc7daf40c7b041840e282f7cbe" member_type: VOTER last_known_addr { host: "127.11.245.1" port: 40465 } } peers { permanent_uuid: "a17a780ae9174f9dae3b92a5981c078c" member_type: VOTER last_known_addr { host: "127.11.245.2" port: 46403 } } peers { permanent_uuid: "851fff4085a14e13889e9ef72713849d" member_type: VOTER last_known_addr { host: "127.11.245.3" port: 42431 } }
I20260601 13:22:27.346864 16988 consensus_queue.cc:237] T c0b183c26b9e4aa6b32cc14314a3770f P 851fff4085a14e13889e9ef72713849d [LEADER]: Queue going to LEADER mode. State: All replicated index: 0, Majority replicated index: 0, Committed index: 0, Last appended: 0.0, Last appended by leader: 0, Current term: 1, Majority size: 2, State: 0, Mode: LEADER, active raft config: opid_index: -1 OBSOLETE_local: false peers { permanent_uuid: "a7da1ecc7daf40c7b041840e282f7cbe" member_type: VOTER last_known_addr { host: "127.11.245.1" port: 40465 } } peers { permanent_uuid: "a17a780ae9174f9dae3b92a5981c078c" member_type: VOTER last_known_addr { host: "127.11.245.2" port: 46403 } } peers { permanent_uuid: "851fff4085a14e13889e9ef72713849d" member_type: VOTER last_known_addr { host: "127.11.245.3" port: 42431 } }
I20260601 13:22:27.347062 16982 ts_tablet_manager.cc:1434] T 42c054c78d174b308ffcdaf286dfeba7 P a17a780ae9174f9dae3b92a5981c078c: Time spent starting tablet: real 0.003s	user 0.001s	sys 0.000s
I20260601 13:22:27.347942 16980 tablet_bootstrap.cc:654] T 42c054c78d174b308ffcdaf286dfeba7 P 851fff4085a14e13889e9ef72713849d: Neither blocks nor log segments found. Creating new log.
I20260601 13:22:27.346045 16783 raft_consensus.cc:2468] T c0b183c26b9e4aa6b32cc14314a3770f P a7da1ecc7daf40c7b041840e282f7cbe [term 1 FOLLOWER]: Leader election vote request: Granting yes vote for candidate 851fff4085a14e13889e9ef72713849d in term 1.
I20260601 13:22:27.349898 16680 catalog_manager.cc:5696] T c0b183c26b9e4aa6b32cc14314a3770f P 851fff4085a14e13889e9ef72713849d reported cstate change: term changed from 0 to 1, leader changed from <none> to 851fff4085a14e13889e9ef72713849d (127.11.245.3). New cstate: current_term: 1 leader_uuid: "851fff4085a14e13889e9ef72713849d" committed_config { opid_index: -1 OBSOLETE_local: false peers { permanent_uuid: "a7da1ecc7daf40c7b041840e282f7cbe" member_type: VOTER last_known_addr { host: "127.11.245.1" port: 40465 } health_report { overall_health: UNKNOWN } } peers { permanent_uuid: "a17a780ae9174f9dae3b92a5981c078c" member_type: VOTER last_known_addr { host: "127.11.245.2" port: 46403 } health_report { overall_health: UNKNOWN } } peers { permanent_uuid: "851fff4085a14e13889e9ef72713849d" member_type: VOTER last_known_addr { host: "127.11.245.3" port: 42431 } health_report { overall_health: HEALTHY } } }
I20260601 13:22:27.350343 16980 tablet_bootstrap.cc:492] T 42c054c78d174b308ffcdaf286dfeba7 P 851fff4085a14e13889e9ef72713849d: No bootstrap required, opened a new log
I20260601 13:22:27.350454 16980 ts_tablet_manager.cc:1403] T 42c054c78d174b308ffcdaf286dfeba7 P 851fff4085a14e13889e9ef72713849d: Time spent bootstrapping tablet: real 0.004s	user 0.002s	sys 0.000s
I20260601 13:22:27.350870 16980 raft_consensus.cc:359] T 42c054c78d174b308ffcdaf286dfeba7 P 851fff4085a14e13889e9ef72713849d [term 0 FOLLOWER]: Replica starting. Triggering 0 pending ops. Active config: opid_index: -1 OBSOLETE_local: false peers { permanent_uuid: "a7da1ecc7daf40c7b041840e282f7cbe" member_type: VOTER last_known_addr { host: "127.11.245.1" port: 40465 } } peers { permanent_uuid: "a17a780ae9174f9dae3b92a5981c078c" member_type: VOTER last_known_addr { host: "127.11.245.2" port: 46403 } } peers { permanent_uuid: "851fff4085a14e13889e9ef72713849d" member_type: VOTER last_known_addr { host: "127.11.245.3" port: 42431 } }
I20260601 13:22:27.351013 16980 raft_consensus.cc:385] T 42c054c78d174b308ffcdaf286dfeba7 P 851fff4085a14e13889e9ef72713849d [term 0 FOLLOWER]: Consensus starting up: Expiring failure detector timer to make a prompt election more likely
I20260601 13:22:27.351102 16980 raft_consensus.cc:740] T 42c054c78d174b308ffcdaf286dfeba7 P 851fff4085a14e13889e9ef72713849d [term 0 FOLLOWER]: Becoming Follower/Learner. State: Replica: 851fff4085a14e13889e9ef72713849d, State: Initialized, Role: FOLLOWER
I20260601 13:22:27.351227 16980 consensus_queue.cc:260] T 42c054c78d174b308ffcdaf286dfeba7 P 851fff4085a14e13889e9ef72713849d [NON_LEADER]: Queue going to NON_LEADER mode. State: All replicated index: 0, Majority replicated index: 0, Committed index: 0, Last appended: 0.0, Last appended by leader: 0, Current term: 0, Majority size: -1, State: 0, Mode: NON_LEADER, active raft config: opid_index: -1 OBSOLETE_local: false peers { permanent_uuid: "a7da1ecc7daf40c7b041840e282f7cbe" member_type: VOTER last_known_addr { host: "127.11.245.1" port: 40465 } } peers { permanent_uuid: "a17a780ae9174f9dae3b92a5981c078c" member_type: VOTER last_known_addr { host: "127.11.245.2" port: 46403 } } peers { permanent_uuid: "851fff4085a14e13889e9ef72713849d" member_type: VOTER last_known_addr { host: "127.11.245.3" port: 42431 } }
I20260601 13:22:27.351504 16980 ts_tablet_manager.cc:1434] T 42c054c78d174b308ffcdaf286dfeba7 P 851fff4085a14e13889e9ef72713849d: Time spent starting tablet: real 0.001s	user 0.001s	sys 0.000s
W20260601 13:22:27.363499 16810 tablet.cc:2404] T 04abfcac08b149bc9aad5d7eb774146d P a7da1ecc7daf40c7b041840e282f7cbe: Can't schedule compaction. Clean time has not been advanced past its initial value.
I20260601 13:22:27.373786 17033 raft_consensus.cc:493] T 87f525fe1b184225b7286a6cebc3ad00 P 851fff4085a14e13889e9ef72713849d [term 0 FOLLOWER]: Starting pre-election (no leader contacted us within the election timeout)
I20260601 13:22:27.373970 17033 raft_consensus.cc:515] T 87f525fe1b184225b7286a6cebc3ad00 P 851fff4085a14e13889e9ef72713849d [term 0 FOLLOWER]: Starting pre-election with config: opid_index: -1 OBSOLETE_local: false peers { permanent_uuid: "a7da1ecc7daf40c7b041840e282f7cbe" member_type: VOTER last_known_addr { host: "127.11.245.1" port: 40465 } } peers { permanent_uuid: "a17a780ae9174f9dae3b92a5981c078c" member_type: VOTER last_known_addr { host: "127.11.245.2" port: 46403 } } peers { permanent_uuid: "851fff4085a14e13889e9ef72713849d" member_type: VOTER last_known_addr { host: "127.11.245.3" port: 42431 } }
I20260601 13:22:27.374475 17033 leader_election.cc:290] T 87f525fe1b184225b7286a6cebc3ad00 P 851fff4085a14e13889e9ef72713849d [CANDIDATE]: Term 1 pre-election: Requested pre-vote from peers a7da1ecc7daf40c7b041840e282f7cbe (127.11.245.1:40465), a17a780ae9174f9dae3b92a5981c078c (127.11.245.2:46403)
I20260601 13:22:27.374993 16859 tablet_service.cc:1917] Received RequestConsensusVote() RPC: tablet_id: "87f525fe1b184225b7286a6cebc3ad00" candidate_uuid: "851fff4085a14e13889e9ef72713849d" candidate_term: 1 candidate_status { last_received { term: 0 index: 0 } } ignore_live_leader: false dest_uuid: "a17a780ae9174f9dae3b92a5981c078c" is_pre_election: true
I20260601 13:22:27.374993 16783 tablet_service.cc:1917] Received RequestConsensusVote() RPC: tablet_id: "87f525fe1b184225b7286a6cebc3ad00" candidate_uuid: "851fff4085a14e13889e9ef72713849d" candidate_term: 1 candidate_status { last_received { term: 0 index: 0 } } ignore_live_leader: false dest_uuid: "a7da1ecc7daf40c7b041840e282f7cbe" is_pre_election: true
I20260601 13:22:27.375178 16859 raft_consensus.cc:2468] T 87f525fe1b184225b7286a6cebc3ad00 P a17a780ae9174f9dae3b92a5981c078c [term 0 FOLLOWER]: Leader pre-election vote request: Granting yes vote for candidate 851fff4085a14e13889e9ef72713849d in term 0.
I20260601 13:22:27.375178 16783 raft_consensus.cc:2468] T 87f525fe1b184225b7286a6cebc3ad00 P a7da1ecc7daf40c7b041840e282f7cbe [term 0 FOLLOWER]: Leader pre-election vote request: Granting yes vote for candidate 851fff4085a14e13889e9ef72713849d in term 0.
I20260601 13:22:27.375475 16898 leader_election.cc:304] T 87f525fe1b184225b7286a6cebc3ad00 P 851fff4085a14e13889e9ef72713849d [CANDIDATE]: Term 1 pre-election: Election decided. Result: candidate won. Election summary: received 2 responses out of 3 voters: 2 yes votes; 0 no votes. yes voters: 851fff4085a14e13889e9ef72713849d, a17a780ae9174f9dae3b92a5981c078c; no voters: 
I20260601 13:22:27.375654 17033 raft_consensus.cc:2804] T 87f525fe1b184225b7286a6cebc3ad00 P 851fff4085a14e13889e9ef72713849d [term 0 FOLLOWER]: Leader pre-election won for term 1
I20260601 13:22:27.375713 17033 raft_consensus.cc:493] T 87f525fe1b184225b7286a6cebc3ad00 P 851fff4085a14e13889e9ef72713849d [term 0 FOLLOWER]: Starting leader election (no leader contacted us within the election timeout)
I20260601 13:22:27.375741 17033 raft_consensus.cc:3060] T 87f525fe1b184225b7286a6cebc3ad00 P 851fff4085a14e13889e9ef72713849d [term 0 FOLLOWER]: Advancing to term 1
I20260601 13:22:27.376598 17033 raft_consensus.cc:515] T 87f525fe1b184225b7286a6cebc3ad00 P 851fff4085a14e13889e9ef72713849d [term 1 FOLLOWER]: Starting leader election with config: opid_index: -1 OBSOLETE_local: false peers { permanent_uuid: "a7da1ecc7daf40c7b041840e282f7cbe" member_type: VOTER last_known_addr { host: "127.11.245.1" port: 40465 } } peers { permanent_uuid: "a17a780ae9174f9dae3b92a5981c078c" member_type: VOTER last_known_addr { host: "127.11.245.2" port: 46403 } } peers { permanent_uuid: "851fff4085a14e13889e9ef72713849d" member_type: VOTER last_known_addr { host: "127.11.245.3" port: 42431 } }
I20260601 13:22:27.376981 17033 leader_election.cc:290] T 87f525fe1b184225b7286a6cebc3ad00 P 851fff4085a14e13889e9ef72713849d [CANDIDATE]: Term 1 election: Requested vote from peers a7da1ecc7daf40c7b041840e282f7cbe (127.11.245.1:40465), a17a780ae9174f9dae3b92a5981c078c (127.11.245.2:46403)
I20260601 13:22:27.377314 16783 tablet_service.cc:1917] Received RequestConsensusVote() RPC: tablet_id: "87f525fe1b184225b7286a6cebc3ad00" candidate_uuid: "851fff4085a14e13889e9ef72713849d" candidate_term: 1 candidate_status { last_received { term: 0 index: 0 } } ignore_live_leader: false dest_uuid: "a7da1ecc7daf40c7b041840e282f7cbe"
I20260601 13:22:27.377382 16859 tablet_service.cc:1917] Received RequestConsensusVote() RPC: tablet_id: "87f525fe1b184225b7286a6cebc3ad00" candidate_uuid: "851fff4085a14e13889e9ef72713849d" candidate_term: 1 candidate_status { last_received { term: 0 index: 0 } } ignore_live_leader: false dest_uuid: "a17a780ae9174f9dae3b92a5981c078c"
I20260601 13:22:27.377444 16783 raft_consensus.cc:3060] T 87f525fe1b184225b7286a6cebc3ad00 P a7da1ecc7daf40c7b041840e282f7cbe [term 0 FOLLOWER]: Advancing to term 1
I20260601 13:22:27.377454 16859 raft_consensus.cc:3060] T 87f525fe1b184225b7286a6cebc3ad00 P a17a780ae9174f9dae3b92a5981c078c [term 0 FOLLOWER]: Advancing to term 1
I20260601 13:22:27.378365 16859 raft_consensus.cc:2468] T 87f525fe1b184225b7286a6cebc3ad00 P a17a780ae9174f9dae3b92a5981c078c [term 1 FOLLOWER]: Leader election vote request: Granting yes vote for candidate 851fff4085a14e13889e9ef72713849d in term 1.
I20260601 13:22:27.378365 16783 raft_consensus.cc:2468] T 87f525fe1b184225b7286a6cebc3ad00 P a7da1ecc7daf40c7b041840e282f7cbe [term 1 FOLLOWER]: Leader election vote request: Granting yes vote for candidate 851fff4085a14e13889e9ef72713849d in term 1.
I20260601 13:22:27.378707 16898 leader_election.cc:304] T 87f525fe1b184225b7286a6cebc3ad00 P 851fff4085a14e13889e9ef72713849d [CANDIDATE]: Term 1 election: Election decided. Result: candidate won. Election summary: received 2 responses out of 3 voters: 2 yes votes; 0 no votes. yes voters: 851fff4085a14e13889e9ef72713849d, a17a780ae9174f9dae3b92a5981c078c; no voters: 
I20260601 13:22:27.378883 17033 raft_consensus.cc:2804] T 87f525fe1b184225b7286a6cebc3ad00 P 851fff4085a14e13889e9ef72713849d [term 1 FOLLOWER]: Leader election won for term 1
I20260601 13:22:27.379000 17033 raft_consensus.cc:697] T 87f525fe1b184225b7286a6cebc3ad00 P 851fff4085a14e13889e9ef72713849d [term 1 LEADER]: Becoming Leader. State: Replica: 851fff4085a14e13889e9ef72713849d, State: Running, Role: LEADER
I20260601 13:22:27.379146 17033 consensus_queue.cc:237] T 87f525fe1b184225b7286a6cebc3ad00 P 851fff4085a14e13889e9ef72713849d [LEADER]: Queue going to LEADER mode. State: All replicated index: 0, Majority replicated index: 0, Committed index: 0, Last appended: 0.0, Last appended by leader: 0, Current term: 1, Majority size: 2, State: 0, Mode: LEADER, active raft config: opid_index: -1 OBSOLETE_local: false peers { permanent_uuid: "a7da1ecc7daf40c7b041840e282f7cbe" member_type: VOTER last_known_addr { host: "127.11.245.1" port: 40465 } } peers { permanent_uuid: "a17a780ae9174f9dae3b92a5981c078c" member_type: VOTER last_known_addr { host: "127.11.245.2" port: 46403 } } peers { permanent_uuid: "851fff4085a14e13889e9ef72713849d" member_type: VOTER last_known_addr { host: "127.11.245.3" port: 42431 } }
I20260601 13:22:27.379510 16988 raft_consensus.cc:493] T 42c054c78d174b308ffcdaf286dfeba7 P 851fff4085a14e13889e9ef72713849d [term 0 FOLLOWER]: Starting pre-election (no leader contacted us within the election timeout)
I20260601 13:22:27.379619 16988 raft_consensus.cc:515] T 42c054c78d174b308ffcdaf286dfeba7 P 851fff4085a14e13889e9ef72713849d [term 0 FOLLOWER]: Starting pre-election with config: opid_index: -1 OBSOLETE_local: false peers { permanent_uuid: "a7da1ecc7daf40c7b041840e282f7cbe" member_type: VOTER last_known_addr { host: "127.11.245.1" port: 40465 } } peers { permanent_uuid: "a17a780ae9174f9dae3b92a5981c078c" member_type: VOTER last_known_addr { host: "127.11.245.2" port: 46403 } } peers { permanent_uuid: "851fff4085a14e13889e9ef72713849d" member_type: VOTER last_known_addr { host: "127.11.245.3" port: 42431 } }
I20260601 13:22:27.380225 16988 leader_election.cc:290] T 42c054c78d174b308ffcdaf286dfeba7 P 851fff4085a14e13889e9ef72713849d [CANDIDATE]: Term 1 pre-election: Requested pre-vote from peers a7da1ecc7daf40c7b041840e282f7cbe (127.11.245.1:40465), a17a780ae9174f9dae3b92a5981c078c (127.11.245.2:46403)
I20260601 13:22:27.380232 16783 tablet_service.cc:1917] Received RequestConsensusVote() RPC: tablet_id: "42c054c78d174b308ffcdaf286dfeba7" candidate_uuid: "851fff4085a14e13889e9ef72713849d" candidate_term: 1 candidate_status { last_received { term: 0 index: 0 } } ignore_live_leader: false dest_uuid: "a7da1ecc7daf40c7b041840e282f7cbe" is_pre_election: true
I20260601 13:22:27.380402 16783 raft_consensus.cc:2468] T 42c054c78d174b308ffcdaf286dfeba7 P a7da1ecc7daf40c7b041840e282f7cbe [term 0 FOLLOWER]: Leader pre-election vote request: Granting yes vote for candidate 851fff4085a14e13889e9ef72713849d in term 0.
I20260601 13:22:27.380410 16859 tablet_service.cc:1917] Received RequestConsensusVote() RPC: tablet_id: "42c054c78d174b308ffcdaf286dfeba7" candidate_uuid: "851fff4085a14e13889e9ef72713849d" candidate_term: 1 candidate_status { last_received { term: 0 index: 0 } } ignore_live_leader: false dest_uuid: "a17a780ae9174f9dae3b92a5981c078c" is_pre_election: true
I20260601 13:22:27.380548 16859 raft_consensus.cc:2468] T 42c054c78d174b308ffcdaf286dfeba7 P a17a780ae9174f9dae3b92a5981c078c [term 0 FOLLOWER]: Leader pre-election vote request: Granting yes vote for candidate 851fff4085a14e13889e9ef72713849d in term 0.
I20260601 13:22:27.380704 16899 leader_election.cc:304] T 42c054c78d174b308ffcdaf286dfeba7 P 851fff4085a14e13889e9ef72713849d [CANDIDATE]: Term 1 pre-election: Election decided. Result: candidate won. Election summary: received 2 responses out of 3 voters: 2 yes votes; 0 no votes. yes voters: 851fff4085a14e13889e9ef72713849d, a7da1ecc7daf40c7b041840e282f7cbe; no voters: 
I20260601 13:22:27.380849 16988 raft_consensus.cc:2804] T 42c054c78d174b308ffcdaf286dfeba7 P 851fff4085a14e13889e9ef72713849d [term 0 FOLLOWER]: Leader pre-election won for term 1
I20260601 13:22:27.380913 16988 raft_consensus.cc:493] T 42c054c78d174b308ffcdaf286dfeba7 P 851fff4085a14e13889e9ef72713849d [term 0 FOLLOWER]: Starting leader election (no leader contacted us within the election timeout)
I20260601 13:22:27.380942 17017 raft_consensus.cc:493] T b319f72a370e4f678a083f6d4e2dddc0 P a7da1ecc7daf40c7b041840e282f7cbe [term 0 FOLLOWER]: Starting pre-election (no leader contacted us within the election timeout)
I20260601 13:22:27.380951 16988 raft_consensus.cc:3060] T 42c054c78d174b308ffcdaf286dfeba7 P 851fff4085a14e13889e9ef72713849d [term 0 FOLLOWER]: Advancing to term 1
