I20260601 13:22:27.301206 16982 raft_consensus.cc:385] T 04abfcac08b149bc9aad5d7eb774146d P a17a780ae9174f9dae3b92a5981c078c [term 0 FOLLOWER]: Consensus starting up: Expiring failure detector timer to make a prompt election more likely
I20260601 13:22:27.301241 16982 raft_consensus.cc:740] T 04abfcac08b149bc9aad5d7eb774146d P a17a780ae9174f9dae3b92a5981c078c [term 0 FOLLOWER]: Becoming Follower/Learner. State: Replica: a17a780ae9174f9dae3b92a5981c078c, State: Initialized, Role: FOLLOWER
I20260601 13:22:27.301290 16859 tablet_service.cc:1917] Received RequestConsensusVote() RPC: tablet_id: "78523e5230d34d2bb11024f99056d663" candidate_uuid: "a7da1ecc7daf40c7b041840e282f7cbe" candidate_term: 1 candidate_status { last_received { term: 0 index: 0 } } ignore_live_leader: false dest_uuid: "a17a780ae9174f9dae3b92a5981c078c" is_pre_election: true
I20260601 13:22:27.301362 16980 tablet_bootstrap.cc:492] T 04abfcac08b149bc9aad5d7eb774146d P 851fff4085a14e13889e9ef72713849d: Bootstrap starting.
I20260601 13:22:27.301344 16982 consensus_queue.cc:260] T 04abfcac08b149bc9aad5d7eb774146d P a17a780ae9174f9dae3b92a5981c078c [NON_LEADER]: Queue going to NON_LEADER mode. State: All replicated index: 0, Majority replicated index: 0, Committed index: 0, Last appended: 0.0, Last appended by leader: 0, Current term: 0, Majority size: -1, State: 0, Mode: NON_LEADER, active raft config: opid_index: -1 OBSOLETE_local: false peers { permanent_uuid: "a7da1ecc7daf40c7b041840e282f7cbe" member_type: VOTER last_known_addr { host: "127.11.245.1" port: 40465 } } peers { permanent_uuid: "a17a780ae9174f9dae3b92a5981c078c" member_type: VOTER last_known_addr { host: "127.11.245.2" port: 46403 } } peers { permanent_uuid: "851fff4085a14e13889e9ef72713849d" member_type: VOTER last_known_addr { host: "127.11.245.3" port: 42431 } }
I20260601 13:22:27.301389 16859 raft_consensus.cc:2468] T 78523e5230d34d2bb11024f99056d663 P a17a780ae9174f9dae3b92a5981c078c [term 0 FOLLOWER]: Leader pre-election vote request: Granting yes vote for candidate a7da1ecc7daf40c7b041840e282f7cbe in term 0.
I20260601 13:22:27.301617 16982 ts_tablet_manager.cc:1434] T 04abfcac08b149bc9aad5d7eb774146d P a17a780ae9174f9dae3b92a5981c078c: Time spent starting tablet: real 0.001s	user 0.000s	sys 0.000s
I20260601 13:22:27.301777 16982 tablet_bootstrap.cc:492] T efc7a8ae8c834a1f8930c21b50855ec9 P a17a780ae9174f9dae3b92a5981c078c: Bootstrap starting.
I20260601 13:22:27.301846 16981 tablet_bootstrap.cc:492] T 3194bf6a69d04c719f4c63dd1eb261b2 P a7da1ecc7daf40c7b041840e282f7cbe: No bootstrap required, opened a new log
I20260601 13:22:27.301911 16981 ts_tablet_manager.cc:1403] T 3194bf6a69d04c719f4c63dd1eb261b2 P a7da1ecc7daf40c7b041840e282f7cbe: Time spent bootstrapping tablet: real 0.012s	user 0.002s	sys 0.000s
I20260601 13:22:27.302343 16981 raft_consensus.cc:359] T 3194bf6a69d04c719f4c63dd1eb261b2 P a7da1ecc7daf40c7b041840e282f7cbe [term 0 FOLLOWER]: Replica starting. Triggering 0 pending ops. Active config: opid_index: -1 OBSOLETE_local: false peers { permanent_uuid: "851fff4085a14e13889e9ef72713849d" member_type: VOTER last_known_addr { host: "127.11.245.3" port: 42431 } } peers { permanent_uuid: "a7da1ecc7daf40c7b041840e282f7cbe" member_type: VOTER last_known_addr { host: "127.11.245.1" port: 40465 } } peers { permanent_uuid: "a17a780ae9174f9dae3b92a5981c078c" member_type: VOTER last_known_addr { host: "127.11.245.2" port: 46403 } }
I20260601 13:22:27.302429 16981 raft_consensus.cc:385] T 3194bf6a69d04c719f4c63dd1eb261b2 P a7da1ecc7daf40c7b041840e282f7cbe [term 0 FOLLOWER]: Consensus starting up: Expiring failure detector timer to make a prompt election more likely
I20260601 13:22:27.302466 16980 tablet_bootstrap.cc:654] T 04abfcac08b149bc9aad5d7eb774146d P 851fff4085a14e13889e9ef72713849d: Neither blocks nor log segments found. Creating new log.
I20260601 13:22:27.302438 16985 raft_consensus.cc:493] T 3194bf6a69d04c719f4c63dd1eb261b2 P a17a780ae9174f9dae3b92a5981c078c [term 0 FOLLOWER]: Starting pre-election (no leader contacted us within the election timeout)
I20260601 13:22:27.302593 16985 raft_consensus.cc:515] T 3194bf6a69d04c719f4c63dd1eb261b2 P a17a780ae9174f9dae3b92a5981c078c [term 0 FOLLOWER]: Starting pre-election with config: opid_index: -1 OBSOLETE_local: false peers { permanent_uuid: "851fff4085a14e13889e9ef72713849d" member_type: VOTER last_known_addr { host: "127.11.245.3" port: 42431 } } peers { permanent_uuid: "a7da1ecc7daf40c7b041840e282f7cbe" member_type: VOTER last_known_addr { host: "127.11.245.1" port: 40465 } } peers { permanent_uuid: "a17a780ae9174f9dae3b92a5981c078c" member_type: VOTER last_known_addr { host: "127.11.245.2" port: 46403 } }
I20260601 13:22:27.302706 16982 tablet_bootstrap.cc:654] T efc7a8ae8c834a1f8930c21b50855ec9 P a17a780ae9174f9dae3b92a5981c078c: Neither blocks nor log segments found. Creating new log.
I20260601 13:22:27.302472 16981 raft_consensus.cc:740] T 3194bf6a69d04c719f4c63dd1eb261b2 P a7da1ecc7daf40c7b041840e282f7cbe [term 0 FOLLOWER]: Becoming Follower/Learner. State: Replica: a7da1ecc7daf40c7b041840e282f7cbe, State: Initialized, Role: FOLLOWER
I20260601 13:22:27.302865 16981 consensus_queue.cc:260] T 3194bf6a69d04c719f4c63dd1eb261b2 P a7da1ecc7daf40c7b041840e282f7cbe [NON_LEADER]: Queue going to NON_LEADER mode. State: All replicated index: 0, Majority replicated index: 0, Committed index: 0, Last appended: 0.0, Last appended by leader: 0, Current term: 0, Majority size: -1, State: 0, Mode: NON_LEADER, active raft config: opid_index: -1 OBSOLETE_local: false peers { permanent_uuid: "851fff4085a14e13889e9ef72713849d" member_type: VOTER last_known_addr { host: "127.11.245.3" port: 42431 } } peers { permanent_uuid: "a7da1ecc7daf40c7b041840e282f7cbe" member_type: VOTER last_known_addr { host: "127.11.245.1" port: 40465 } } peers { permanent_uuid: "a17a780ae9174f9dae3b92a5981c078c" member_type: VOTER last_known_addr { host: "127.11.245.2" port: 46403 } }
I20260601 13:22:27.303129 16985 leader_election.cc:290] T 3194bf6a69d04c719f4c63dd1eb261b2 P a17a780ae9174f9dae3b92a5981c078c [CANDIDATE]: Term 1 pre-election: Requested pre-vote from peers 851fff4085a14e13889e9ef72713849d (127.11.245.3:42431), a7da1ecc7daf40c7b041840e282f7cbe (127.11.245.1:40465)
I20260601 13:22:27.303305 16981 ts_tablet_manager.cc:1434] T 3194bf6a69d04c719f4c63dd1eb261b2 P a7da1ecc7daf40c7b041840e282f7cbe: Time spent starting tablet: real 0.001s	user 0.001s	sys 0.000s
I20260601 13:22:27.303514 16981 tablet_bootstrap.cc:492] T 2d234c4b0bda457ca333c2d34b5b9327 P a7da1ecc7daf40c7b041840e282f7cbe: Bootstrap starting.
I20260601 13:22:27.304052 16982 tablet_bootstrap.cc:492] T efc7a8ae8c834a1f8930c21b50855ec9 P a17a780ae9174f9dae3b92a5981c078c: No bootstrap required, opened a new log
I20260601 13:22:27.304134 16982 ts_tablet_manager.cc:1403] T efc7a8ae8c834a1f8930c21b50855ec9 P a17a780ae9174f9dae3b92a5981c078c: Time spent bootstrapping tablet: real 0.002s	user 0.000s	sys 0.002s
I20260601 13:22:27.304513 16981 tablet_bootstrap.cc:654] T 2d234c4b0bda457ca333c2d34b5b9327 P a7da1ecc7daf40c7b041840e282f7cbe: Neither blocks nor log segments found. Creating new log.
I20260601 13:22:27.304557 16982 raft_consensus.cc:359] T efc7a8ae8c834a1f8930c21b50855ec9 P a17a780ae9174f9dae3b92a5981c078c [term 0 FOLLOWER]: Replica starting. Triggering 0 pending ops. Active config: opid_index: -1 OBSOLETE_local: false peers { permanent_uuid: "a7da1ecc7daf40c7b041840e282f7cbe" member_type: VOTER last_known_addr { host: "127.11.245.1" port: 40465 } } peers { permanent_uuid: "a17a780ae9174f9dae3b92a5981c078c" member_type: VOTER last_known_addr { host: "127.11.245.2" port: 46403 } } peers { permanent_uuid: "851fff4085a14e13889e9ef72713849d" member_type: VOTER last_known_addr { host: "127.11.245.3" port: 42431 } }
I20260601 13:22:27.304638 16982 raft_consensus.cc:385] T efc7a8ae8c834a1f8930c21b50855ec9 P a17a780ae9174f9dae3b92a5981c078c [term 0 FOLLOWER]: Consensus starting up: Expiring failure detector timer to make a prompt election more likely
I20260601 13:22:27.304674 16982 raft_consensus.cc:740] T efc7a8ae8c834a1f8930c21b50855ec9 P a17a780ae9174f9dae3b92a5981c078c [term 0 FOLLOWER]: Becoming Follower/Learner. State: Replica: a17a780ae9174f9dae3b92a5981c078c, State: Initialized, Role: FOLLOWER
I20260601 13:22:27.304790 16982 consensus_queue.cc:260] T efc7a8ae8c834a1f8930c21b50855ec9 P a17a780ae9174f9dae3b92a5981c078c [NON_LEADER]: Queue going to NON_LEADER mode. State: All replicated index: 0, Majority replicated index: 0, Committed index: 0, Last appended: 0.0, Last appended by leader: 0, Current term: 0, Majority size: -1, State: 0, Mode: NON_LEADER, active raft config: opid_index: -1 OBSOLETE_local: false peers { permanent_uuid: "a7da1ecc7daf40c7b041840e282f7cbe" member_type: VOTER last_known_addr { host: "127.11.245.1" port: 40465 } } peers { permanent_uuid: "a17a780ae9174f9dae3b92a5981c078c" member_type: VOTER last_known_addr { host: "127.11.245.2" port: 46403 } } peers { permanent_uuid: "851fff4085a14e13889e9ef72713849d" member_type: VOTER last_known_addr { host: "127.11.245.3" port: 42431 } }
I20260601 13:22:27.305080 16982 ts_tablet_manager.cc:1434] T efc7a8ae8c834a1f8930c21b50855ec9 P a17a780ae9174f9dae3b92a5981c078c: Time spent starting tablet: real 0.001s	user 0.000s	sys 0.001s
I20260601 13:22:27.305226 16982 tablet_bootstrap.cc:492] T 2d234c4b0bda457ca333c2d34b5b9327 P a17a780ae9174f9dae3b92a5981c078c: Bootstrap starting.
I20260601 13:22:27.301127 16989 raft_consensus.cc:515] T 78523e5230d34d2bb11024f99056d663 P a7da1ecc7daf40c7b041840e282f7cbe [term 1 FOLLOWER]: Starting leader election with config: opid_index: -1 OBSOLETE_local: false peers { permanent_uuid: "a7da1ecc7daf40c7b041840e282f7cbe" member_type: VOTER last_known_addr { host: "127.11.245.1" port: 40465 } } peers { permanent_uuid: "a17a780ae9174f9dae3b92a5981c078c" member_type: VOTER last_known_addr { host: "127.11.245.2" port: 46403 } } peers { permanent_uuid: "851fff4085a14e13889e9ef72713849d" member_type: VOTER last_known_addr { host: "127.11.245.3" port: 42431 } }
I20260601 13:22:27.305531 16981 tablet_bootstrap.cc:492] T 2d234c4b0bda457ca333c2d34b5b9327 P a7da1ecc7daf40c7b041840e282f7cbe: No bootstrap required, opened a new log
I20260601 13:22:27.305608 16981 ts_tablet_manager.cc:1403] T 2d234c4b0bda457ca333c2d34b5b9327 P a7da1ecc7daf40c7b041840e282f7cbe: Time spent bootstrapping tablet: real 0.002s	user 0.002s	sys 0.000s
I20260601 13:22:27.305743 16989 leader_election.cc:290] T 78523e5230d34d2bb11024f99056d663 P a7da1ecc7daf40c7b041840e282f7cbe [CANDIDATE]: Term 1 election: Requested vote from peers a17a780ae9174f9dae3b92a5981c078c (127.11.245.2:46403), 851fff4085a14e13889e9ef72713849d (127.11.245.3:42431)
I20260601 13:22:27.306048 16981 raft_consensus.cc:359] T 2d234c4b0bda457ca333c2d34b5b9327 P a7da1ecc7daf40c7b041840e282f7cbe [term 0 FOLLOWER]: Replica starting. Triggering 0 pending ops. Active config: opid_index: -1 OBSOLETE_local: false peers { permanent_uuid: "a7da1ecc7daf40c7b041840e282f7cbe" member_type: VOTER last_known_addr { host: "127.11.245.1" port: 40465 } } peers { permanent_uuid: "a17a780ae9174f9dae3b92a5981c078c" member_type: VOTER last_known_addr { host: "127.11.245.2" port: 46403 } } peers { permanent_uuid: "851fff4085a14e13889e9ef72713849d" member_type: VOTER last_known_addr { host: "127.11.245.3" port: 42431 } }
I20260601 13:22:27.306150 16981 raft_consensus.cc:385] T 2d234c4b0bda457ca333c2d34b5b9327 P a7da1ecc7daf40c7b041840e282f7cbe [term 0 FOLLOWER]: Consensus starting up: Expiring failure detector timer to make a prompt election more likely
I20260601 13:22:27.306197 16981 raft_consensus.cc:740] T 2d234c4b0bda457ca333c2d34b5b9327 P a7da1ecc7daf40c7b041840e282f7cbe [term 0 FOLLOWER]: Becoming Follower/Learner. State: Replica: a7da1ecc7daf40c7b041840e282f7cbe, State: Initialized, Role: FOLLOWER
I20260601 13:22:27.306200 16982 tablet_bootstrap.cc:654] T 2d234c4b0bda457ca333c2d34b5b9327 P a17a780ae9174f9dae3b92a5981c078c: Neither blocks nor log segments found. Creating new log.
I20260601 13:22:27.306315 16981 consensus_queue.cc:260] T 2d234c4b0bda457ca333c2d34b5b9327 P a7da1ecc7daf40c7b041840e282f7cbe [NON_LEADER]: Queue going to NON_LEADER mode. State: All replicated index: 0, Majority replicated index: 0, Committed index: 0, Last appended: 0.0, Last appended by leader: 0, Current term: 0, Majority size: -1, State: 0, Mode: NON_LEADER, active raft config: opid_index: -1 OBSOLETE_local: false peers { permanent_uuid: "a7da1ecc7daf40c7b041840e282f7cbe" member_type: VOTER last_known_addr { host: "127.11.245.1" port: 40465 } } peers { permanent_uuid: "a17a780ae9174f9dae3b92a5981c078c" member_type: VOTER last_known_addr { host: "127.11.245.2" port: 46403 } } peers { permanent_uuid: "851fff4085a14e13889e9ef72713849d" member_type: VOTER last_known_addr { host: "127.11.245.3" port: 42431 } }
I20260601 13:22:27.306519 16934 tablet_service.cc:1917] Received RequestConsensusVote() RPC: tablet_id: "78523e5230d34d2bb11024f99056d663" candidate_uuid: "a7da1ecc7daf40c7b041840e282f7cbe" candidate_term: 1 candidate_status { last_received { term: 0 index: 0 } } ignore_live_leader: false dest_uuid: "851fff4085a14e13889e9ef72713849d"
I20260601 13:22:27.306632 16934 raft_consensus.cc:3060] T 78523e5230d34d2bb11024f99056d663 P 851fff4085a14e13889e9ef72713849d [term 0 FOLLOWER]: Advancing to term 1
I20260601 13:22:27.306664 16981 ts_tablet_manager.cc:1434] T 2d234c4b0bda457ca333c2d34b5b9327 P a7da1ecc7daf40c7b041840e282f7cbe: Time spent starting tablet: real 0.001s	user 0.001s	sys 0.000s
I20260601 13:22:27.306821 16981 tablet_bootstrap.cc:492] T 8a49f3d73db14538b0f0221d7dc3922b P a7da1ecc7daf40c7b041840e282f7cbe: Bootstrap starting.
I20260601 13:22:27.307646 16934 raft_consensus.cc:2468] T 78523e5230d34d2bb11024f99056d663 P 851fff4085a14e13889e9ef72713849d [term 1 FOLLOWER]: Leader election vote request: Granting yes vote for candidate a7da1ecc7daf40c7b041840e282f7cbe in term 1.
I20260601 13:22:27.307819 16981 tablet_bootstrap.cc:654] T 8a49f3d73db14538b0f0221d7dc3922b P a7da1ecc7daf40c7b041840e282f7cbe: Neither blocks nor log segments found. Creating new log.
I20260601 13:22:27.308020 16748 leader_election.cc:304] T 78523e5230d34d2bb11024f99056d663 P a7da1ecc7daf40c7b041840e282f7cbe [CANDIDATE]: Term 1 election: Election decided. Result: candidate won. Election summary: received 2 responses out of 3 voters: 2 yes votes; 0 no votes. yes voters: 851fff4085a14e13889e9ef72713849d, a7da1ecc7daf40c7b041840e282f7cbe; no voters: 
I20260601 13:22:27.306152 16859 tablet_service.cc:1917] Received RequestConsensusVote() RPC: tablet_id: "78523e5230d34d2bb11024f99056d663" candidate_uuid: "a7da1ecc7daf40c7b041840e282f7cbe" candidate_term: 1 candidate_status { last_received { term: 0 index: 0 } } ignore_live_leader: false dest_uuid: "a17a780ae9174f9dae3b92a5981c078c"
I20260601 13:22:27.308337 16859 raft_consensus.cc:3060] T 78523e5230d34d2bb11024f99056d663 P a17a780ae9174f9dae3b92a5981c078c [term 0 FOLLOWER]: Advancing to term 1
I20260601 13:22:27.309072 16859 raft_consensus.cc:2468] T 78523e5230d34d2bb11024f99056d663 P a17a780ae9174f9dae3b92a5981c078c [term 1 FOLLOWER]: Leader election vote request: Granting yes vote for candidate a7da1ecc7daf40c7b041840e282f7cbe in term 1.
I20260601 13:22:27.309343 16989 raft_consensus.cc:2804] T 78523e5230d34d2bb11024f99056d663 P a7da1ecc7daf40c7b041840e282f7cbe [term 1 FOLLOWER]: Leader election won for term 1
I20260601 13:22:27.309423 16989 raft_consensus.cc:697] T 78523e5230d34d2bb11024f99056d663 P a7da1ecc7daf40c7b041840e282f7cbe [term 1 LEADER]: Becoming Leader. State: Replica: a7da1ecc7daf40c7b041840e282f7cbe, State: Running, Role: LEADER
I20260601 13:22:27.309558 16989 consensus_queue.cc:237] T 78523e5230d34d2bb11024f99056d663 P a7da1ecc7daf40c7b041840e282f7cbe [LEADER]: Queue going to LEADER mode. State: All replicated index: 0, Majority replicated index: 0, Committed index: 0, Last appended: 0.0, Last appended by leader: 0, Current term: 1, Majority size: 2, State: 0, Mode: LEADER, active raft config: opid_index: -1 OBSOLETE_local: false peers { permanent_uuid: "a7da1ecc7daf40c7b041840e282f7cbe" member_type: VOTER last_known_addr { host: "127.11.245.1" port: 40465 } } peers { permanent_uuid: "a17a780ae9174f9dae3b92a5981c078c" member_type: VOTER last_known_addr { host: "127.11.245.2" port: 46403 } } peers { permanent_uuid: "851fff4085a14e13889e9ef72713849d" member_type: VOTER last_known_addr { host: "127.11.245.3" port: 42431 } }
I20260601 13:22:27.310992 16980 tablet_bootstrap.cc:492] T 04abfcac08b149bc9aad5d7eb774146d P 851fff4085a14e13889e9ef72713849d: No bootstrap required, opened a new log
I20260601 13:22:27.311094 16980 ts_tablet_manager.cc:1403] T 04abfcac08b149bc9aad5d7eb774146d P 851fff4085a14e13889e9ef72713849d: Time spent bootstrapping tablet: real 0.010s	user 0.002s	sys 0.000s
I20260601 13:22:27.311437 16981 tablet_bootstrap.cc:492] T 8a49f3d73db14538b0f0221d7dc3922b P a7da1ecc7daf40c7b041840e282f7cbe: No bootstrap required, opened a new log
I20260601 13:22:27.311528 16981 ts_tablet_manager.cc:1403] T 8a49f3d73db14538b0f0221d7dc3922b P a7da1ecc7daf40c7b041840e282f7cbe: Time spent bootstrapping tablet: real 0.005s	user 0.002s	sys 0.000s
I20260601 13:22:27.311560 16980 raft_consensus.cc:359] T 04abfcac08b149bc9aad5d7eb774146d P 851fff4085a14e13889e9ef72713849d [term 0 FOLLOWER]: Replica starting. Triggering 0 pending ops. Active config: opid_index: -1 OBSOLETE_local: false peers { permanent_uuid: "a7da1ecc7daf40c7b041840e282f7cbe" member_type: VOTER last_known_addr { host: "127.11.245.1" port: 40465 } } peers { permanent_uuid: "a17a780ae9174f9dae3b92a5981c078c" member_type: VOTER last_known_addr { host: "127.11.245.2" port: 46403 } } peers { permanent_uuid: "851fff4085a14e13889e9ef72713849d" member_type: VOTER last_known_addr { host: "127.11.245.3" port: 42431 } }
I20260601 13:22:27.311646 16980 raft_consensus.cc:385] T 04abfcac08b149bc9aad5d7eb774146d P 851fff4085a14e13889e9ef72713849d [term 0 FOLLOWER]: Consensus starting up: Expiring failure detector timer to make a prompt election more likely
I20260601 13:22:27.311679 16980 raft_consensus.cc:740] T 04abfcac08b149bc9aad5d7eb774146d P 851fff4085a14e13889e9ef72713849d [term 0 FOLLOWER]: Becoming Follower/Learner. State: Replica: 851fff4085a14e13889e9ef72713849d, State: Initialized, Role: FOLLOWER
I20260601 13:22:27.311599 16678 catalog_manager.cc:5696] T 78523e5230d34d2bb11024f99056d663 P a7da1ecc7daf40c7b041840e282f7cbe reported cstate change: term changed from 0 to 1, leader changed from <none> to a7da1ecc7daf40c7b041840e282f7cbe (127.11.245.1). New cstate: current_term: 1 leader_uuid: "a7da1ecc7daf40c7b041840e282f7cbe" committed_config { opid_index: -1 OBSOLETE_local: false peers { permanent_uuid: "a7da1ecc7daf40c7b041840e282f7cbe" member_type: VOTER last_known_addr { host: "127.11.245.1" port: 40465 } health_report { overall_health: HEALTHY } } peers { permanent_uuid: "a17a780ae9174f9dae3b92a5981c078c" member_type: VOTER last_known_addr { host: "127.11.245.2" port: 46403 } health_report { overall_health: UNKNOWN } } peers { permanent_uuid: "851fff4085a14e13889e9ef72713849d" member_type: VOTER last_known_addr { host: "127.11.245.3" port: 42431 } health_report { overall_health: UNKNOWN } } }
I20260601 13:22:27.311816 16980 consensus_queue.cc:260] T 04abfcac08b149bc9aad5d7eb774146d P 851fff4085a14e13889e9ef72713849d [NON_LEADER]: Queue going to NON_LEADER mode. State: All replicated index: 0, Majority replicated index: 0, Committed index: 0, Last appended: 0.0, Last appended by leader: 0, Current term: 0, Majority size: -1, State: 0, Mode: NON_LEADER, active raft config: opid_index: -1 OBSOLETE_local: false peers { permanent_uuid: "a7da1ecc7daf40c7b041840e282f7cbe" member_type: VOTER last_known_addr { host: "127.11.245.1" port: 40465 } } peers { permanent_uuid: "a17a780ae9174f9dae3b92a5981c078c" member_type: VOTER last_known_addr { host: "127.11.245.2" port: 46403 } } peers { permanent_uuid: "851fff4085a14e13889e9ef72713849d" member_type: VOTER last_known_addr { host: "127.11.245.3" port: 42431 } }
I20260601 13:22:27.311945 16981 raft_consensus.cc:359] T 8a49f3d73db14538b0f0221d7dc3922b P a7da1ecc7daf40c7b041840e282f7cbe [term 0 FOLLOWER]: Replica starting. Triggering 0 pending ops. Active config: opid_index: -1 OBSOLETE_local: false peers { permanent_uuid: "a7da1ecc7daf40c7b041840e282f7cbe" member_type: VOTER last_known_addr { host: "127.11.245.1" port: 40465 } } peers { permanent_uuid: "a17a780ae9174f9dae3b92a5981c078c" member_type: VOTER last_known_addr { host: "127.11.245.2" port: 46403 } } peers { permanent_uuid: "851fff4085a14e13889e9ef72713849d" member_type: VOTER last_known_addr { host: "127.11.245.3" port: 42431 } }
I20260601 13:22:27.312038 16981 raft_consensus.cc:385] T 8a49f3d73db14538b0f0221d7dc3922b P a7da1ecc7daf40c7b041840e282f7cbe [term 0 FOLLOWER]: Consensus starting up: Expiring failure detector timer to make a prompt election more likely
I20260601 13:22:27.312076 16981 raft_consensus.cc:740] T 8a49f3d73db14538b0f0221d7dc3922b P a7da1ecc7daf40c7b041840e282f7cbe [term 0 FOLLOWER]: Becoming Follower/Learner. State: Replica: a7da1ecc7daf40c7b041840e282f7cbe, State: Initialized, Role: FOLLOWER
I20260601 13:22:27.312183 16981 consensus_queue.cc:260] T 8a49f3d73db14538b0f0221d7dc3922b P a7da1ecc7daf40c7b041840e282f7cbe [NON_LEADER]: Queue going to NON_LEADER mode. State: All replicated index: 0, Majority replicated index: 0, Committed index: 0, Last appended: 0.0, Last appended by leader: 0, Current term: 0, Majority size: -1, State: 0, Mode: NON_LEADER, active raft config: opid_index: -1 OBSOLETE_local: false peers { permanent_uuid: "a7da1ecc7daf40c7b041840e282f7cbe" member_type: VOTER last_known_addr { host: "127.11.245.1" port: 40465 } } peers { permanent_uuid: "a17a780ae9174f9dae3b92a5981c078c" member_type: VOTER last_known_addr { host: "127.11.245.2" port: 46403 } } peers { permanent_uuid: "851fff4085a14e13889e9ef72713849d" member_type: VOTER last_known_addr { host: "127.11.245.3" port: 42431 } }
I20260601 13:22:27.312287 16934 tablet_service.cc:1917] Received RequestConsensusVote() RPC: tablet_id: "3194bf6a69d04c719f4c63dd1eb261b2" candidate_uuid: "a17a780ae9174f9dae3b92a5981c078c" candidate_term: 1 candidate_status { last_received { term: 0 index: 0 } } ignore_live_leader: false dest_uuid: "851fff4085a14e13889e9ef72713849d" is_pre_election: true
I20260601 13:22:27.312393 16934 raft_consensus.cc:2468] T 3194bf6a69d04c719f4c63dd1eb261b2 P 851fff4085a14e13889e9ef72713849d [term 0 FOLLOWER]: Leader pre-election vote request: Granting yes vote for candidate a17a780ae9174f9dae3b92a5981c078c in term 0.
I20260601 13:22:27.312474 16981 ts_tablet_manager.cc:1434] T 8a49f3d73db14538b0f0221d7dc3922b P a7da1ecc7daf40c7b041840e282f7cbe: Time spent starting tablet: real 0.001s	user 0.001s	sys 0.000s
I20260601 13:22:27.312533 16980 ts_tablet_manager.cc:1434] T 04abfcac08b149bc9aad5d7eb774146d P 851fff4085a14e13889e9ef72713849d: Time spent starting tablet: real 0.001s	user 0.001s	sys 0.000s
I20260601 13:22:27.312638 16981 tablet_bootstrap.cc:492] T 04abfcac08b149bc9aad5d7eb774146d P a7da1ecc7daf40c7b041840e282f7cbe: Bootstrap starting.
I20260601 13:22:27.312657 16824 leader_election.cc:304] T 3194bf6a69d04c719f4c63dd1eb261b2 P a17a780ae9174f9dae3b92a5981c078c [CANDIDATE]: Term 1 pre-election: Election decided. Result: candidate won. Election summary: received 2 responses out of 3 voters: 2 yes votes; 0 no votes. yes voters: 851fff4085a14e13889e9ef72713849d, a17a780ae9174f9dae3b92a5981c078c; no voters: 
I20260601 13:22:27.312660 16980 tablet_bootstrap.cc:492] T 2d234c4b0bda457ca333c2d34b5b9327 P 851fff4085a14e13889e9ef72713849d: Bootstrap starting.
I20260601 13:22:27.312834 16985 raft_consensus.cc:2804] T 3194bf6a69d04c719f4c63dd1eb261b2 P a17a780ae9174f9dae3b92a5981c078c [term 0 FOLLOWER]: Leader pre-election won for term 1
I20260601 13:22:27.312884 16985 raft_consensus.cc:493] T 3194bf6a69d04c719f4c63dd1eb261b2 P a17a780ae9174f9dae3b92a5981c078c [term 0 FOLLOWER]: Starting leader election (no leader contacted us within the election timeout)
I20260601 13:22:27.312922 16985 raft_consensus.cc:3060] T 3194bf6a69d04c719f4c63dd1eb261b2 P a17a780ae9174f9dae3b92a5981c078c [term 0 FOLLOWER]: Advancing to term 1
I20260601 13:22:27.313644 16981 tablet_bootstrap.cc:654] T 04abfcac08b149bc9aad5d7eb774146d P a7da1ecc7daf40c7b041840e282f7cbe: Neither blocks nor log segments found. Creating new log.
I20260601 13:22:27.313671 16980 tablet_bootstrap.cc:654] T 2d234c4b0bda457ca333c2d34b5b9327 P 851fff4085a14e13889e9ef72713849d: Neither blocks nor log segments found. Creating new log.
I20260601 13:22:27.313957 16985 raft_consensus.cc:515] T 3194bf6a69d04c719f4c63dd1eb261b2 P a17a780ae9174f9dae3b92a5981c078c [term 1 FOLLOWER]: Starting leader election with config: opid_index: -1 OBSOLETE_local: false peers { permanent_uuid: "851fff4085a14e13889e9ef72713849d" member_type: VOTER last_known_addr { host: "127.11.245.3" port: 42431 } } peers { permanent_uuid: "a7da1ecc7daf40c7b041840e282f7cbe" member_type: VOTER last_known_addr { host: "127.11.245.1" port: 40465 } } peers { permanent_uuid: "a17a780ae9174f9dae3b92a5981c078c" member_type: VOTER last_known_addr { host: "127.11.245.2" port: 46403 } }
I20260601 13:22:27.314342 16985 leader_election.cc:290] T 3194bf6a69d04c719f4c63dd1eb261b2 P a17a780ae9174f9dae3b92a5981c078c [CANDIDATE]: Term 1 election: Requested vote from peers 851fff4085a14e13889e9ef72713849d (127.11.245.3:42431), a7da1ecc7daf40c7b041840e282f7cbe (127.11.245.1:40465)
I20260601 13:22:27.314749 16934 tablet_service.cc:1917] Received RequestConsensusVote() RPC: tablet_id: "3194bf6a69d04c719f4c63dd1eb261b2" candidate_uuid: "a17a780ae9174f9dae3b92a5981c078c" candidate_term: 1 candidate_status { last_received { term: 0 index: 0 } } ignore_live_leader: false dest_uuid: "851fff4085a14e13889e9ef72713849d"
I20260601 13:22:27.314849 16934 raft_consensus.cc:3060] T 3194bf6a69d04c719f4c63dd1eb261b2 P 851fff4085a14e13889e9ef72713849d [term 0 FOLLOWER]: Advancing to term 1
I20260601 13:22:27.315284 17006 raft_consensus.cc:493] T 545df1898dc94614b8a0fcf81832daa2 P a7da1ecc7daf40c7b041840e282f7cbe [term 0 FOLLOWER]: Starting pre-election (no leader contacted us within the election timeout)
I20260601 13:22:27.315388 17006 raft_consensus.cc:515] T 545df1898dc94614b8a0fcf81832daa2 P a7da1ecc7daf40c7b041840e282f7cbe [term 0 FOLLOWER]: Starting pre-election with config: opid_index: -1 OBSOLETE_local: false peers { permanent_uuid: "a7da1ecc7daf40c7b041840e282f7cbe" member_type: VOTER last_known_addr { host: "127.11.245.1" port: 40465 } } peers { permanent_uuid: "a17a780ae9174f9dae3b92a5981c078c" member_type: VOTER last_known_addr { host: "127.11.245.2" port: 46403 } } peers { permanent_uuid: "851fff4085a14e13889e9ef72713849d" member_type: VOTER last_known_addr { host: "127.11.245.3" port: 42431 } }
I20260601 13:22:27.315755 17006 leader_election.cc:290] T 545df1898dc94614b8a0fcf81832daa2 P a7da1ecc7daf40c7b041840e282f7cbe [CANDIDATE]: Term 1 pre-election: Requested pre-vote from peers a17a780ae9174f9dae3b92a5981c078c (127.11.245.2:46403), 851fff4085a14e13889e9ef72713849d (127.11.245.3:42431)
I20260601 13:22:27.316000 16859 tablet_service.cc:1917] Received RequestConsensusVote() RPC: tablet_id: "545df1898dc94614b8a0fcf81832daa2" candidate_uuid: "a7da1ecc7daf40c7b041840e282f7cbe" candidate_term: 1 candidate_status { last_received { term: 0 index: 0 } } ignore_live_leader: false dest_uuid: "a17a780ae9174f9dae3b92a5981c078c" is_pre_election: true
I20260601 13:22:27.316072 16782 tablet_service.cc:1917] Received RequestConsensusVote() RPC: tablet_id: "3194bf6a69d04c719f4c63dd1eb261b2" candidate_uuid: "a17a780ae9174f9dae3b92a5981c078c" candidate_term: 1 candidate_status { last_received { term: 0 index: 0 } } ignore_live_leader: false dest_uuid: "a7da1ecc7daf40c7b041840e282f7cbe"
I20260601 13:22:27.316110 16859 raft_consensus.cc:2468] T 545df1898dc94614b8a0fcf81832daa2 P a17a780ae9174f9dae3b92a5981c078c [term 0 FOLLOWER]: Leader pre-election vote request: Granting yes vote for candidate a7da1ecc7daf40c7b041840e282f7cbe in term 0.
I20260601 13:22:27.316144 16782 raft_consensus.cc:3060] T 3194bf6a69d04c719f4c63dd1eb261b2 P a7da1ecc7daf40c7b041840e282f7cbe [term 0 FOLLOWER]: Advancing to term 1
I20260601 13:22:27.316401 16747 leader_election.cc:304] T 545df1898dc94614b8a0fcf81832daa2 P a7da1ecc7daf40c7b041840e282f7cbe [CANDIDATE]: Term 1 pre-election: Election decided. Result: candidate won. Election summary: received 2 responses out of 3 voters: 2 yes votes; 0 no votes. yes voters: a17a780ae9174f9dae3b92a5981c078c, a7da1ecc7daf40c7b041840e282f7cbe; no voters: 
I20260601 13:22:27.316690 16982 tablet_bootstrap.cc:492] T 2d234c4b0bda457ca333c2d34b5b9327 P a17a780ae9174f9dae3b92a5981c078c: No bootstrap required, opened a new log
I20260601 13:22:27.316721 17006 raft_consensus.cc:2804] T 545df1898dc94614b8a0fcf81832daa2 P a7da1ecc7daf40c7b041840e282f7cbe [term 0 FOLLOWER]: Leader pre-election won for term 1
I20260601 13:22:27.316763 17006 raft_consensus.cc:493] T 545df1898dc94614b8a0fcf81832daa2 P a7da1ecc7daf40c7b041840e282f7cbe [term 0 FOLLOWER]: Starting leader election (no leader contacted us within the election timeout)
I20260601 13:22:27.316780 16982 ts_tablet_manager.cc:1403] T 2d234c4b0bda457ca333c2d34b5b9327 P a17a780ae9174f9dae3b92a5981c078c: Time spent bootstrapping tablet: real 0.012s	user 0.000s	sys 0.002s
I20260601 13:22:27.316804 17006 raft_consensus.cc:3060] T 545df1898dc94614b8a0fcf81832daa2 P a7da1ecc7daf40c7b041840e282f7cbe [term 0 FOLLOWER]: Advancing to term 1
I20260601 13:22:27.317196 16782 raft_consensus.cc:2468] T 3194bf6a69d04c719f4c63dd1eb261b2 P a7da1ecc7daf40c7b041840e282f7cbe [term 1 FOLLOWER]: Leader election vote request: Granting yes vote for candidate a17a780ae9174f9dae3b92a5981c078c in term 1.
I20260601 13:22:27.317237 16982 raft_consensus.cc:359] T 2d234c4b0bda457ca333c2d34b5b9327 P a17a780ae9174f9dae3b92a5981c078c [term 0 FOLLOWER]: Replica starting. Triggering 0 pending ops. Active config: opid_index: -1 OBSOLETE_local: false peers { permanent_uuid: "a7da1ecc7daf40c7b041840e282f7cbe" member_type: VOTER last_known_addr { host: "127.11.245.1" port: 40465 } } peers { permanent_uuid: "a17a780ae9174f9dae3b92a5981c078c" member_type: VOTER last_known_addr { host: "127.11.245.2" port: 46403 } } peers { permanent_uuid: "851fff4085a14e13889e9ef72713849d" member_type: VOTER last_known_addr { host: "127.11.245.3" port: 42431 } }
I20260601 13:22:27.317330 16982 raft_consensus.cc:385] T 2d234c4b0bda457ca333c2d34b5b9327 P a17a780ae9174f9dae3b92a5981c078c [term 0 FOLLOWER]: Consensus starting up: Expiring failure detector timer to make a prompt election more likely
I20260601 13:22:27.317363 16982 raft_consensus.cc:740] T 2d234c4b0bda457ca333c2d34b5b9327 P a17a780ae9174f9dae3b92a5981c078c [term 0 FOLLOWER]: Becoming Follower/Learner. State: Replica: a17a780ae9174f9dae3b92a5981c078c, State: Initialized, Role: FOLLOWER
I20260601 13:22:27.316008 16783 tablet_service.cc:1917] Received RequestConsensusVote() RPC: tablet_id: "3194bf6a69d04c719f4c63dd1eb261b2" candidate_uuid: "a17a780ae9174f9dae3b92a5981c078c" candidate_term: 1 candidate_status { last_received { term: 0 index: 0 } } ignore_live_leader: false dest_uuid: "a7da1ecc7daf40c7b041840e282f7cbe" is_pre_election: true
I20260601 13:22:27.317483 16783 raft_consensus.cc:2376] T 3194bf6a69d04c719f4c63dd1eb261b2 P a7da1ecc7daf40c7b041840e282f7cbe [term 1 FOLLOWER]: Leader pre-election vote request: Already granted yes vote for candidate a17a780ae9174f9dae3b92a5981c078c in term 1. Re-sending same reply.
I20260601 13:22:27.317798 16933 tablet_service.cc:1917] Received RequestConsensusVote() RPC: tablet_id: "545df1898dc94614b8a0fcf81832daa2" candidate_uuid: "a7da1ecc7daf40c7b041840e282f7cbe" candidate_term: 1 candidate_status { last_received { term: 0 index: 0 } } ignore_live_leader: false dest_uuid: "851fff4085a14e13889e9ef72713849d" is_pre_election: true
I20260601 13:22:27.317919 16933 raft_consensus.cc:2468] T 545df1898dc94614b8a0fcf81832daa2 P 851fff4085a14e13889e9ef72713849d [term 0 FOLLOWER]: Leader pre-election vote request: Granting yes vote for candidate a7da1ecc7daf40c7b041840e282f7cbe in term 0.
I20260601 13:22:27.318027 16824 leader_election.cc:304] T 3194bf6a69d04c719f4c63dd1eb261b2 P a17a780ae9174f9dae3b92a5981c078c [CANDIDATE]: Term 1 election: Election decided. Result: candidate won. Election summary: received 2 responses out of 3 voters: 2 yes votes; 0 no votes. yes voters: a17a780ae9174f9dae3b92a5981c078c, a7da1ecc7daf40c7b041840e282f7cbe; no voters: 
I20260601 13:22:27.317797 17006 raft_consensus.cc:515] T 545df1898dc94614b8a0fcf81832daa2 P a7da1ecc7daf40c7b041840e282f7cbe [term 1 FOLLOWER]: Starting leader election with config: opid_index: -1 OBSOLETE_local: false peers { permanent_uuid: "a7da1ecc7daf40c7b041840e282f7cbe" member_type: VOTER last_known_addr { host: "127.11.245.1" port: 40465 } } peers { permanent_uuid: "a17a780ae9174f9dae3b92a5981c078c" member_type: VOTER last_known_addr { host: "127.11.245.2" port: 46403 } } peers { permanent_uuid: "851fff4085a14e13889e9ef72713849d" member_type: VOTER last_known_addr { host: "127.11.245.3" port: 42431 } }
I20260601 13:22:27.318687 16859 tablet_service.cc:1917] Received RequestConsensusVote() RPC: tablet_id: "545df1898dc94614b8a0fcf81832daa2" candidate_uuid: "a7da1ecc7daf40c7b041840e282f7cbe" candidate_term: 1 candidate_status { last_received { term: 0 index: 0 } } ignore_live_leader: false dest_uuid: "a17a780ae9174f9dae3b92a5981c078c"
I20260601 13:22:27.318780 16859 raft_consensus.cc:3060] T 545df1898dc94614b8a0fcf81832daa2 P a17a780ae9174f9dae3b92a5981c078c [term 0 FOLLOWER]: Advancing to term 1
I20260601 13:22:27.318827 16981 tablet_bootstrap.cc:492] T 04abfcac08b149bc9aad5d7eb774146d P a7da1ecc7daf40c7b041840e282f7cbe: No bootstrap required, opened a new log
I20260601 13:22:27.318945 16981 ts_tablet_manager.cc:1403] T 04abfcac08b149bc9aad5d7eb774146d P a7da1ecc7daf40c7b041840e282f7cbe: Time spent bootstrapping tablet: real 0.006s	user 0.002s	sys 0.000s
I20260601 13:22:27.319125 16934 raft_consensus.cc:2468] T 3194bf6a69d04c719f4c63dd1eb261b2 P 851fff4085a14e13889e9ef72713849d [term 1 FOLLOWER]: Leader election vote request: Granting yes vote for candidate a17a780ae9174f9dae3b92a5981c078c in term 1.
I20260601 13:22:27.319449 16981 raft_consensus.cc:359] T 04abfcac08b149bc9aad5d7eb774146d P a7da1ecc7daf40c7b041840e282f7cbe [term 0 FOLLOWER]: Replica starting. Triggering 0 pending ops. Active config: opid_index: -1 OBSOLETE_local: false peers { permanent_uuid: "a7da1ecc7daf40c7b041840e282f7cbe" member_type: VOTER last_known_addr { host: "127.11.245.1" port: 40465 } } peers { permanent_uuid: "a17a780ae9174f9dae3b92a5981c078c" member_type: VOTER last_known_addr { host: "127.11.245.2" port: 46403 } } peers { permanent_uuid: "851fff4085a14e13889e9ef72713849d" member_type: VOTER last_known_addr { host: "127.11.245.3" port: 42431 } }
I20260601 13:22:27.319533 16985 raft_consensus.cc:2804] T 3194bf6a69d04c719f4c63dd1eb261b2 P a17a780ae9174f9dae3b92a5981c078c [term 1 FOLLOWER]: Leader election won for term 1
I20260601 13:22:27.319725 16859 raft_consensus.cc:2468] T 545df1898dc94614b8a0fcf81832daa2 P a17a780ae9174f9dae3b92a5981c078c [term 1 FOLLOWER]: Leader election vote request: Granting yes vote for candidate a7da1ecc7daf40c7b041840e282f7cbe in term 1.
I20260601 13:22:27.319746 16985 raft_consensus.cc:697] T 3194bf6a69d04c719f4c63dd1eb261b2 P a17a780ae9174f9dae3b92a5981c078c [term 1 LEADER]: Becoming Leader. State: Replica: a17a780ae9174f9dae3b92a5981c078c, State: Running, Role: LEADER
I20260601 13:22:27.319895 16985 consensus_queue.cc:237] T 3194bf6a69d04c719f4c63dd1eb261b2 P a17a780ae9174f9dae3b92a5981c078c [LEADER]: Queue going to LEADER mode. State: All replicated index: 0, Majority replicated index: 0, Committed index: 0, Last appended: 0.0, Last appended by leader: 0, Current term: 1, Majority size: 2, State: 0, Mode: LEADER, active raft config: opid_index: -1 OBSOLETE_local: false peers { permanent_uuid: "851fff4085a14e13889e9ef72713849d" member_type: VOTER last_known_addr { host: "127.11.245.3" port: 42431 } } peers { permanent_uuid: "a7da1ecc7daf40c7b041840e282f7cbe" member_type: VOTER last_known_addr { host: "127.11.245.1" port: 40465 } } peers { permanent_uuid: "a17a780ae9174f9dae3b92a5981c078c" member_type: VOTER last_known_addr { host: "127.11.245.2" port: 46403 } }
I20260601 13:22:27.320013 16747 leader_election.cc:304] T 545df1898dc94614b8a0fcf81832daa2 P a7da1ecc7daf40c7b041840e282f7cbe [CANDIDATE]: Term 1 election: Election decided. Result: candidate won. Election summary: received 2 responses out of 3 voters: 2 yes votes; 0 no votes. yes voters: a17a780ae9174f9dae3b92a5981c078c, a7da1ecc7daf40c7b041840e282f7cbe; no voters: 
I20260601 13:22:27.320147 16989 raft_consensus.cc:2804] T 545df1898dc94614b8a0fcf81832daa2 P a7da1ecc7daf40c7b041840e282f7cbe [term 1 FOLLOWER]: Leader election won for term 1
I20260601 13:22:27.320214 16980 tablet_bootstrap.cc:492] T 2d234c4b0bda457ca333c2d34b5b9327 P 851fff4085a14e13889e9ef72713849d: No bootstrap required, opened a new log
I20260601 13:22:27.320307 16980 ts_tablet_manager.cc:1403] T 2d234c4b0bda457ca333c2d34b5b9327 P 851fff4085a14e13889e9ef72713849d: Time spent bootstrapping tablet: real 0.008s	user 0.001s	sys 0.000s
I20260601 13:22:27.320327 16989 raft_consensus.cc:697] T 545df1898dc94614b8a0fcf81832daa2 P a7da1ecc7daf40c7b041840e282f7cbe [term 1 LEADER]: Becoming Leader. State: Replica: a7da1ecc7daf40c7b041840e282f7cbe, State: Running, Role: LEADER
I20260601 13:22:27.320452 16989 consensus_queue.cc:237] T 545df1898dc94614b8a0fcf81832daa2 P a7da1ecc7daf40c7b041840e282f7cbe [LEADER]: Queue going to LEADER mode. State: All replicated index: 0, Majority replicated index: 0, Committed index: 0, Last appended: 0.0, Last appended by leader: 0, Current term: 1, Majority size: 2, State: 0, Mode: LEADER, active raft config: opid_index: -1 OBSOLETE_local: false peers { permanent_uuid: "a7da1ecc7daf40c7b041840e282f7cbe" member_type: VOTER last_known_addr { host: "127.11.245.1" port: 40465 } } peers { permanent_uuid: "a17a780ae9174f9dae3b92a5981c078c" member_type: VOTER last_known_addr { host: "127.11.245.2" port: 46403 } } peers { permanent_uuid: "851fff4085a14e13889e9ef72713849d" member_type: VOTER last_known_addr { host: "127.11.245.3" port: 42431 } }
I20260601 13:22:27.319540 16981 raft_consensus.cc:385] T 04abfcac08b149bc9aad5d7eb774146d P a7da1ecc7daf40c7b041840e282f7cbe [term 0 FOLLOWER]: Consensus starting up: Expiring failure detector timer to make a prompt election more likely
I20260601 13:22:27.320698 16981 raft_consensus.cc:740] T 04abfcac08b149bc9aad5d7eb774146d P a7da1ecc7daf40c7b041840e282f7cbe [term 0 FOLLOWER]: Becoming Follower/Learner. State: Replica: a7da1ecc7daf40c7b041840e282f7cbe, State: Initialized, Role: FOLLOWER
I20260601 13:22:27.320798 16981 consensus_queue.cc:260] T 04abfcac08b149bc9aad5d7eb774146d P a7da1ecc7daf40c7b041840e282f7cbe [NON_LEADER]: Queue going to NON_LEADER mode. State: All replicated index: 0, Majority replicated index: 0, Committed index: 0, Last appended: 0.0, Last appended by leader: 0, Current term: 0, Majority size: -1, State: 0, Mode: NON_LEADER, active raft config: opid_index: -1 OBSOLETE_local: false peers { permanent_uuid: "a7da1ecc7daf40c7b041840e282f7cbe" member_type: VOTER last_known_addr { host: "127.11.245.1" port: 40465 } } peers { permanent_uuid: "a17a780ae9174f9dae3b92a5981c078c" member_type: VOTER last_known_addr { host: "127.11.245.2" port: 46403 } } peers { permanent_uuid: "851fff4085a14e13889e9ef72713849d" member_type: VOTER last_known_addr { host: "127.11.245.3" port: 42431 } }
I20260601 13:22:27.320809 16980 raft_consensus.cc:359] T 2d234c4b0bda457ca333c2d34b5b9327 P 851fff4085a14e13889e9ef72713849d [term 0 FOLLOWER]: Replica starting. Triggering 0 pending ops. Active config: opid_index: -1 OBSOLETE_local: false peers { permanent_uuid: "a7da1ecc7daf40c7b041840e282f7cbe" member_type: VOTER last_known_addr { host: "127.11.245.1" port: 40465 } } peers { permanent_uuid: "a17a780ae9174f9dae3b92a5981c078c" member_type: VOTER last_known_addr { host: "127.11.245.2" port: 46403 } } peers { permanent_uuid: "851fff4085a14e13889e9ef72713849d" member_type: VOTER last_known_addr { host: "127.11.245.3" port: 42431 } }
I20260601 13:22:27.320907 17006 leader_election.cc:290] T 545df1898dc94614b8a0fcf81832daa2 P a7da1ecc7daf40c7b041840e282f7cbe [CANDIDATE]: Term 1 election: Requested vote from peers a17a780ae9174f9dae3b92a5981c078c (127.11.245.2:46403), 851fff4085a14e13889e9ef72713849d (127.11.245.3:42431)
I20260601 13:22:27.320936 16980 raft_consensus.cc:385] T 2d234c4b0bda457ca333c2d34b5b9327 P 851fff4085a14e13889e9ef72713849d [term 0 FOLLOWER]: Consensus starting up: Expiring failure detector timer to make a prompt election more likely
I20260601 13:22:27.320969 16980 raft_consensus.cc:740] T 2d234c4b0bda457ca333c2d34b5b9327 P 851fff4085a14e13889e9ef72713849d [term 0 FOLLOWER]: Becoming Follower/Learner. State: Replica: 851fff4085a14e13889e9ef72713849d, State: Initialized, Role: FOLLOWER
I20260601 13:22:27.321098 16980 consensus_queue.cc:260] T 2d234c4b0bda457ca333c2d34b5b9327 P 851fff4085a14e13889e9ef72713849d [NON_LEADER]: Queue going to NON_LEADER mode. State: All replicated index: 0, Majority replicated index: 0, Committed index: 0, Last appended: 0.0, Last appended by leader: 0, Current term: 0, Majority size: -1, State: 0, Mode: NON_LEADER, active raft config: opid_index: -1 OBSOLETE_local: false peers { permanent_uuid: "a7da1ecc7daf40c7b041840e282f7cbe" member_type: VOTER last_known_addr { host: "127.11.245.1" port: 40465 } } peers { permanent_uuid: "a17a780ae9174f9dae3b92a5981c078c" member_type: VOTER last_known_addr { host: "127.11.245.2" port: 46403 } } peers { permanent_uuid: "851fff4085a14e13889e9ef72713849d" member_type: VOTER last_known_addr { host: "127.11.245.3" port: 42431 } }
I20260601 13:22:27.317488 16982 consensus_queue.cc:260] T 2d234c4b0bda457ca333c2d34b5b9327 P a17a780ae9174f9dae3b92a5981c078c [NON_LEADER]: Queue going to NON_LEADER mode. State: All replicated index: 0, Majority replicated index: 0, Committed index: 0, Last appended: 0.0, Last appended by leader: 0, Current term: 0, Majority size: -1, State: 0, Mode: NON_LEADER, active raft config: opid_index: -1 OBSOLETE_local: false peers { permanent_uuid: "a7da1ecc7daf40c7b041840e282f7cbe" member_type: VOTER last_known_addr { host: "127.11.245.1" port: 40465 } } peers { permanent_uuid: "a17a780ae9174f9dae3b92a5981c078c" member_type: VOTER last_known_addr { host: "127.11.245.2" port: 46403 } } peers { permanent_uuid: "851fff4085a14e13889e9ef72713849d" member_type: VOTER last_known_addr { host: "127.11.245.3" port: 42431 } }
I20260601 13:22:27.321405 16980 ts_tablet_manager.cc:1434] T 2d234c4b0bda457ca333c2d34b5b9327 P 851fff4085a14e13889e9ef72713849d: Time spent starting tablet: real 0.001s	user 0.001s	sys 0.000s
I20260601 13:22:27.321430 16982 ts_tablet_manager.cc:1434] T 2d234c4b0bda457ca333c2d34b5b9327 P a17a780ae9174f9dae3b92a5981c078c: Time spent starting tablet: real 0.005s	user 0.000s	sys 0.001s
I20260601 13:22:27.321584 16980 tablet_bootstrap.cc:492] T c0b183c26b9e4aa6b32cc14314a3770f P 851fff4085a14e13889e9ef72713849d: Bootstrap starting.
I20260601 13:22:27.321616 16982 tablet_bootstrap.cc:492] T 87f525fe1b184225b7286a6cebc3ad00 P a17a780ae9174f9dae3b92a5981c078c: Bootstrap starting.
I20260601 13:22:27.322448 16980 tablet_bootstrap.cc:654] T c0b183c26b9e4aa6b32cc14314a3770f P 851fff4085a14e13889e9ef72713849d: Neither blocks nor log segments found. Creating new log.
I20260601 13:22:27.322631 16982 tablet_bootstrap.cc:654] T 87f525fe1b184225b7286a6cebc3ad00 P a17a780ae9174f9dae3b92a5981c078c: Neither blocks nor log segments found. Creating new log.
I20260601 13:22:27.322496 16679 catalog_manager.cc:5696] T 545df1898dc94614b8a0fcf81832daa2 P a7da1ecc7daf40c7b041840e282f7cbe reported cstate change: term changed from 0 to 1, leader changed from <none> to a7da1ecc7daf40c7b041840e282f7cbe (127.11.245.1). New cstate: current_term: 1 leader_uuid: "a7da1ecc7daf40c7b041840e282f7cbe" committed_config { opid_index: -1 OBSOLETE_local: false peers { permanent_uuid: "a7da1ecc7daf40c7b041840e282f7cbe" member_type: VOTER last_known_addr { host: "127.11.245.1" port: 40465 } health_report { overall_health: HEALTHY } } peers { permanent_uuid: "a17a780ae9174f9dae3b92a5981c078c" member_type: VOTER last_known_addr { host: "127.11.245.2" port: 46403 } health_report { overall_health: UNKNOWN } } peers { permanent_uuid: "851fff4085a14e13889e9ef72713849d" member_type: VOTER last_known_addr { host: "127.11.245.3" port: 42431 } health_report { overall_health: UNKNOWN } } }
I20260601 13:22:27.321107 16981 ts_tablet_manager.cc:1434] T 04abfcac08b149bc9aad5d7eb774146d P a7da1ecc7daf40c7b041840e282f7cbe: Time spent starting tablet: real 0.002s	user 0.001s	sys 0.000s
I20260601 13:22:27.323274 16981 tablet_bootstrap.cc:492] T c0b183c26b9e4aa6b32cc14314a3770f P a7da1ecc7daf40c7b041840e282f7cbe: Bootstrap starting.
I20260601 13:22:27.324265 16981 tablet_bootstrap.cc:654] T c0b183c26b9e4aa6b32cc14314a3770f P a7da1ecc7daf40c7b041840e282f7cbe: Neither blocks nor log segments found. Creating new log.
I20260601 13:22:27.324303 16934 tablet_service.cc:1917] Received RequestConsensusVote() RPC: tablet_id: "545df1898dc94614b8a0fcf81832daa2" candidate_uuid: "a7da1ecc7daf40c7b041840e282f7cbe" candidate_term: 1 candidate_status { last_received { term: 0 index: 0 } } ignore_live_leader: false dest_uuid: "851fff4085a14e13889e9ef72713849d"
I20260601 13:22:27.324414 16934 raft_consensus.cc:3060] T 545df1898dc94614b8a0fcf81832daa2 P 851fff4085a14e13889e9ef72713849d [term 0 FOLLOWER]: Advancing to term 1
I20260601 13:22:27.324563 16680 catalog_manager.cc:5696] T 3194bf6a69d04c719f4c63dd1eb261b2 P a17a780ae9174f9dae3b92a5981c078c reported cstate change: term changed from 0 to 1, leader changed from <none> to a17a780ae9174f9dae3b92a5981c078c (127.11.245.2). New cstate: current_term: 1 leader_uuid: "a17a780ae9174f9dae3b92a5981c078c" committed_config { opid_index: -1 OBSOLETE_local: false peers { permanent_uuid: "851fff4085a14e13889e9ef72713849d" member_type: VOTER last_known_addr { host: "127.11.245.3" port: 42431 } health_report { overall_health: UNKNOWN } } peers { permanent_uuid: "a7da1ecc7daf40c7b041840e282f7cbe" member_type: VOTER last_known_addr { host: "127.11.245.1" port: 40465 } health_report { overall_health: UNKNOWN } } peers { permanent_uuid: "a17a780ae9174f9dae3b92a5981c078c" member_type: VOTER last_known_addr { host: "127.11.245.2" port: 46403 } health_report { overall_health: HEALTHY } } }
I20260601 13:22:27.325380 16934 raft_consensus.cc:2468] T 545df1898dc94614b8a0fcf81832daa2 P 851fff4085a14e13889e9ef72713849d [term 1 FOLLOWER]: Leader election vote request: Granting yes vote for candidate a7da1ecc7daf40c7b041840e282f7cbe in term 1.
I20260601 13:22:27.325393 16981 tablet_bootstrap.cc:492] T c0b183c26b9e4aa6b32cc14314a3770f P a7da1ecc7daf40c7b041840e282f7cbe: No bootstrap required, opened a new log
I20260601 13:22:27.325595 16981 ts_tablet_manager.cc:1403] T c0b183c26b9e4aa6b32cc14314a3770f P a7da1ecc7daf40c7b041840e282f7cbe: Time spent bootstrapping tablet: real 0.002s	user 0.002s	sys 0.000s
I20260601 13:22:27.326064 16981 raft_consensus.cc:359] T c0b183c26b9e4aa6b32cc14314a3770f P a7da1ecc7daf40c7b041840e282f7cbe [term 0 FOLLOWER]: Replica starting. Triggering 0 pending ops. Active config: opid_index: -1 OBSOLETE_local: false peers { permanent_uuid: "a7da1ecc7daf40c7b041840e282f7cbe" member_type: VOTER last_known_addr { host: "127.11.245.1" port: 40465 } } peers { permanent_uuid: "a17a780ae9174f9dae3b92a5981c078c" member_type: VOTER last_known_addr { host: "127.11.245.2" port: 46403 } } peers { permanent_uuid: "851fff4085a14e13889e9ef72713849d" member_type: VOTER last_known_addr { host: "127.11.245.3" port: 42431 } }
I20260601 13:22:27.326180 16981 raft_consensus.cc:385] T c0b183c26b9e4aa6b32cc14314a3770f P a7da1ecc7daf40c7b041840e282f7cbe [term 0 FOLLOWER]: Consensus starting up: Expiring failure detector timer to make a prompt election more likely
I20260601 13:22:27.326216 16981 raft_consensus.cc:740] T c0b183c26b9e4aa6b32cc14314a3770f P a7da1ecc7daf40c7b041840e282f7cbe [term 0 FOLLOWER]: Becoming Follower/Learner. State: Replica: a7da1ecc7daf40c7b041840e282f7cbe, State: Initialized, Role: FOLLOWER
I20260601 13:22:27.326370 16981 consensus_queue.cc:260] T c0b183c26b9e4aa6b32cc14314a3770f P a7da1ecc7daf40c7b041840e282f7cbe [NON_LEADER]: Queue going to NON_LEADER mode. State: All replicated index: 0, Majority replicated index: 0, Committed index: 0, Last appended: 0.0, Last appended by leader: 0, Current term: 0, Majority size: -1, State: 0, Mode: NON_LEADER, active raft config: opid_index: -1 OBSOLETE_local: false peers { permanent_uuid: "a7da1ecc7daf40c7b041840e282f7cbe" member_type: VOTER last_known_addr { host: "127.11.245.1" port: 40465 } } peers { permanent_uuid: "a17a780ae9174f9dae3b92a5981c078c" member_type: VOTER last_known_addr { host: "127.11.245.2" port: 46403 } } peers { permanent_uuid: "851fff4085a14e13889e9ef72713849d" member_type: VOTER last_known_addr { host: "127.11.245.3" port: 42431 } }
I20260601 13:22:27.326648 16981 ts_tablet_manager.cc:1434] T c0b183c26b9e4aa6b32cc14314a3770f P a7da1ecc7daf40c7b041840e282f7cbe: Time spent starting tablet: real 0.001s	user 0.001s	sys 0.000s
I20260601 13:22:27.326825 16981 tablet_bootstrap.cc:492] T b319f72a370e4f678a083f6d4e2dddc0 P a7da1ecc7daf40c7b041840e282f7cbe: Bootstrap starting.
I20260601 13:22:27.327242 16982 tablet_bootstrap.cc:492] T 87f525fe1b184225b7286a6cebc3ad00 P a17a780ae9174f9dae3b92a5981c078c: No bootstrap required, opened a new log
I20260601 13:22:27.327316 16982 ts_tablet_manager.cc:1403] T 87f525fe1b184225b7286a6cebc3ad00 P a17a780ae9174f9dae3b92a5981c078c: Time spent bootstrapping tablet: real 0.006s	user 0.002s	sys 0.000s
