I20260601 13:26:36.583436  6929 tablet_bootstrap.cc:492] T 6b623d864e064591bb16d159a6525242 P 165eb767898b4441bd46515dd8ac2d35: No bootstrap required, opened a new log
I20260601 13:26:36.583535  6929 ts_tablet_manager.cc:1403] T 6b623d864e064591bb16d159a6525242 P 165eb767898b4441bd46515dd8ac2d35: Time spent bootstrapping tablet: real 0.005s	user 0.002s	sys 0.000s
I20260601 13:26:36.584066  6929 raft_consensus.cc:359] T 6b623d864e064591bb16d159a6525242 P 165eb767898b4441bd46515dd8ac2d35 [term 0 FOLLOWER]: Replica starting. Triggering 0 pending ops. Active config: opid_index: -1 OBSOLETE_local: false peers { permanent_uuid: "bdafd7e254574ca2891b68525dd59225" member_type: VOTER last_known_addr { host: "127.4.218.195" port: 43475 } } peers { permanent_uuid: "f66e287f6db640f8bf9523dcc8c4cb39" member_type: VOTER last_known_addr { host: "127.4.218.193" port: 40921 } } peers { permanent_uuid: "165eb767898b4441bd46515dd8ac2d35" member_type: VOTER last_known_addr { host: "127.4.218.194" port: 40621 } }
I20260601 13:26:36.584194  6929 raft_consensus.cc:385] T 6b623d864e064591bb16d159a6525242 P 165eb767898b4441bd46515dd8ac2d35 [term 0 FOLLOWER]: Consensus starting up: Expiring failure detector timer to make a prompt election more likely
I20260601 13:26:36.584232  6929 raft_consensus.cc:740] T 6b623d864e064591bb16d159a6525242 P 165eb767898b4441bd46515dd8ac2d35 [term 0 FOLLOWER]: Becoming Follower/Learner. State: Replica: 165eb767898b4441bd46515dd8ac2d35, State: Initialized, Role: FOLLOWER
I20260601 13:26:36.584353  6926 tablet_bootstrap.cc:492] T 99cbe240ff9841daae74c28176f5adfd P f66e287f6db640f8bf9523dcc8c4cb39: No bootstrap required, opened a new log
I20260601 13:26:36.584457  6926 ts_tablet_manager.cc:1403] T 99cbe240ff9841daae74c28176f5adfd P f66e287f6db640f8bf9523dcc8c4cb39: Time spent bootstrapping tablet: real 0.003s	user 0.000s	sys 0.002s
I20260601 13:26:36.584357  6929 consensus_queue.cc:260] T 6b623d864e064591bb16d159a6525242 P 165eb767898b4441bd46515dd8ac2d35 [NON_LEADER]: Queue going to NON_LEADER mode. State: All replicated index: 0, Majority replicated index: 0, Committed index: 0, Last appended: 0.0, Last appended by leader: 0, Current term: 0, Majority size: -1, State: 0, Mode: NON_LEADER, active raft config: opid_index: -1 OBSOLETE_local: false peers { permanent_uuid: "bdafd7e254574ca2891b68525dd59225" member_type: VOTER last_known_addr { host: "127.4.218.195" port: 43475 } } peers { permanent_uuid: "f66e287f6db640f8bf9523dcc8c4cb39" member_type: VOTER last_known_addr { host: "127.4.218.193" port: 40921 } } peers { permanent_uuid: "165eb767898b4441bd46515dd8ac2d35" member_type: VOTER last_known_addr { host: "127.4.218.194" port: 40621 } }
I20260601 13:26:36.584844  6929 ts_tablet_manager.cc:1434] T 6b623d864e064591bb16d159a6525242 P 165eb767898b4441bd46515dd8ac2d35: Time spent starting tablet: real 0.001s	user 0.001s	sys 0.000s
I20260601 13:26:36.584970  6926 raft_consensus.cc:359] T 99cbe240ff9841daae74c28176f5adfd P f66e287f6db640f8bf9523dcc8c4cb39 [term 0 FOLLOWER]: Replica starting. Triggering 0 pending ops. Active config: opid_index: -1 OBSOLETE_local: false peers { permanent_uuid: "f66e287f6db640f8bf9523dcc8c4cb39" member_type: VOTER last_known_addr { host: "127.4.218.193" port: 40921 } } peers { permanent_uuid: "165eb767898b4441bd46515dd8ac2d35" member_type: VOTER last_known_addr { host: "127.4.218.194" port: 40621 } } peers { permanent_uuid: "bdafd7e254574ca2891b68525dd59225" member_type: VOTER last_known_addr { host: "127.4.218.195" port: 43475 } }
I20260601 13:26:36.585058  6926 raft_consensus.cc:385] T 99cbe240ff9841daae74c28176f5adfd P f66e287f6db640f8bf9523dcc8c4cb39 [term 0 FOLLOWER]: Consensus starting up: Expiring failure detector timer to make a prompt election more likely
I20260601 13:26:36.585067  6929 tablet_bootstrap.cc:492] T 99cbe240ff9841daae74c28176f5adfd P 165eb767898b4441bd46515dd8ac2d35: Bootstrap starting.
I20260601 13:26:36.585172  6927 tablet_bootstrap.cc:492] T 6b623d864e064591bb16d159a6525242 P bdafd7e254574ca2891b68525dd59225: No bootstrap required, opened a new log
I20260601 13:26:36.585234  6927 ts_tablet_manager.cc:1403] T 6b623d864e064591bb16d159a6525242 P bdafd7e254574ca2891b68525dd59225: Time spent bootstrapping tablet: real 0.004s	user 0.002s	sys 0.000s
I20260601 13:26:36.585650  6927 raft_consensus.cc:359] T 6b623d864e064591bb16d159a6525242 P bdafd7e254574ca2891b68525dd59225 [term 0 FOLLOWER]: Replica starting. Triggering 0 pending ops. Active config: opid_index: -1 OBSOLETE_local: false peers { permanent_uuid: "bdafd7e254574ca2891b68525dd59225" member_type: VOTER last_known_addr { host: "127.4.218.195" port: 43475 } } peers { permanent_uuid: "f66e287f6db640f8bf9523dcc8c4cb39" member_type: VOTER last_known_addr { host: "127.4.218.193" port: 40921 } } peers { permanent_uuid: "165eb767898b4441bd46515dd8ac2d35" member_type: VOTER last_known_addr { host: "127.4.218.194" port: 40621 } }
I20260601 13:26:36.585757  6927 raft_consensus.cc:385] T 6b623d864e064591bb16d159a6525242 P bdafd7e254574ca2891b68525dd59225 [term 0 FOLLOWER]: Consensus starting up: Expiring failure detector timer to make a prompt election more likely
I20260601 13:26:36.585790  6927 raft_consensus.cc:740] T 6b623d864e064591bb16d159a6525242 P bdafd7e254574ca2891b68525dd59225 [term 0 FOLLOWER]: Becoming Follower/Learner. State: Replica: bdafd7e254574ca2891b68525dd59225, State: Initialized, Role: FOLLOWER
I20260601 13:26:36.585911  6927 consensus_queue.cc:260] T 6b623d864e064591bb16d159a6525242 P bdafd7e254574ca2891b68525dd59225 [NON_LEADER]: Queue going to NON_LEADER mode. State: All replicated index: 0, Majority replicated index: 0, Committed index: 0, Last appended: 0.0, Last appended by leader: 0, Current term: 0, Majority size: -1, State: 0, Mode: NON_LEADER, active raft config: opid_index: -1 OBSOLETE_local: false peers { permanent_uuid: "bdafd7e254574ca2891b68525dd59225" member_type: VOTER last_known_addr { host: "127.4.218.195" port: 43475 } } peers { permanent_uuid: "f66e287f6db640f8bf9523dcc8c4cb39" member_type: VOTER last_known_addr { host: "127.4.218.193" port: 40921 } } peers { permanent_uuid: "165eb767898b4441bd46515dd8ac2d35" member_type: VOTER last_known_addr { host: "127.4.218.194" port: 40621 } }
I20260601 13:26:36.586258  6929 tablet_bootstrap.cc:654] T 99cbe240ff9841daae74c28176f5adfd P 165eb767898b4441bd46515dd8ac2d35: Neither blocks nor log segments found. Creating new log.
I20260601 13:26:36.586282  6927 ts_tablet_manager.cc:1434] T 6b623d864e064591bb16d159a6525242 P bdafd7e254574ca2891b68525dd59225: Time spent starting tablet: real 0.001s	user 0.001s	sys 0.000s
I20260601 13:26:36.585134  6926 raft_consensus.cc:740] T 99cbe240ff9841daae74c28176f5adfd P f66e287f6db640f8bf9523dcc8c4cb39 [term 0 FOLLOWER]: Becoming Follower/Learner. State: Replica: f66e287f6db640f8bf9523dcc8c4cb39, State: Initialized, Role: FOLLOWER
I20260601 13:26:36.586685  6926 consensus_queue.cc:260] T 99cbe240ff9841daae74c28176f5adfd P f66e287f6db640f8bf9523dcc8c4cb39 [NON_LEADER]: Queue going to NON_LEADER mode. State: All replicated index: 0, Majority replicated index: 0, Committed index: 0, Last appended: 0.0, Last appended by leader: 0, Current term: 0, Majority size: -1, State: 0, Mode: NON_LEADER, active raft config: opid_index: -1 OBSOLETE_local: false peers { permanent_uuid: "f66e287f6db640f8bf9523dcc8c4cb39" member_type: VOTER last_known_addr { host: "127.4.218.193" port: 40921 } } peers { permanent_uuid: "165eb767898b4441bd46515dd8ac2d35" member_type: VOTER last_known_addr { host: "127.4.218.194" port: 40621 } } peers { permanent_uuid: "bdafd7e254574ca2891b68525dd59225" member_type: VOTER last_known_addr { host: "127.4.218.195" port: 43475 } }
I20260601 13:26:36.586999  6926 ts_tablet_manager.cc:1434] T 99cbe240ff9841daae74c28176f5adfd P f66e287f6db640f8bf9523dcc8c4cb39: Time spent starting tablet: real 0.002s	user 0.000s	sys 0.001s
I20260601 13:26:36.588732  6929 tablet_bootstrap.cc:492] T 99cbe240ff9841daae74c28176f5adfd P 165eb767898b4441bd46515dd8ac2d35: No bootstrap required, opened a new log
I20260601 13:26:36.588850  6929 ts_tablet_manager.cc:1403] T 99cbe240ff9841daae74c28176f5adfd P 165eb767898b4441bd46515dd8ac2d35: Time spent bootstrapping tablet: real 0.004s	user 0.000s	sys 0.002s
I20260601 13:26:36.589457  6929 raft_consensus.cc:359] T 99cbe240ff9841daae74c28176f5adfd P 165eb767898b4441bd46515dd8ac2d35 [term 0 FOLLOWER]: Replica starting. Triggering 0 pending ops. Active config: opid_index: -1 OBSOLETE_local: false peers { permanent_uuid: "f66e287f6db640f8bf9523dcc8c4cb39" member_type: VOTER last_known_addr { host: "127.4.218.193" port: 40921 } } peers { permanent_uuid: "165eb767898b4441bd46515dd8ac2d35" member_type: VOTER last_known_addr { host: "127.4.218.194" port: 40621 } } peers { permanent_uuid: "bdafd7e254574ca2891b68525dd59225" member_type: VOTER last_known_addr { host: "127.4.218.195" port: 43475 } }
I20260601 13:26:36.589553  6929 raft_consensus.cc:385] T 99cbe240ff9841daae74c28176f5adfd P 165eb767898b4441bd46515dd8ac2d35 [term 0 FOLLOWER]: Consensus starting up: Expiring failure detector timer to make a prompt election more likely
I20260601 13:26:36.589576  6929 raft_consensus.cc:740] T 99cbe240ff9841daae74c28176f5adfd P 165eb767898b4441bd46515dd8ac2d35 [term 0 FOLLOWER]: Becoming Follower/Learner. State: Replica: 165eb767898b4441bd46515dd8ac2d35, State: Initialized, Role: FOLLOWER
I20260601 13:26:36.589746  6929 consensus_queue.cc:260] T 99cbe240ff9841daae74c28176f5adfd P 165eb767898b4441bd46515dd8ac2d35 [NON_LEADER]: Queue going to NON_LEADER mode. State: All replicated index: 0, Majority replicated index: 0, Committed index: 0, Last appended: 0.0, Last appended by leader: 0, Current term: 0, Majority size: -1, State: 0, Mode: NON_LEADER, active raft config: opid_index: -1 OBSOLETE_local: false peers { permanent_uuid: "f66e287f6db640f8bf9523dcc8c4cb39" member_type: VOTER last_known_addr { host: "127.4.218.193" port: 40921 } } peers { permanent_uuid: "165eb767898b4441bd46515dd8ac2d35" member_type: VOTER last_known_addr { host: "127.4.218.194" port: 40621 } } peers { permanent_uuid: "bdafd7e254574ca2891b68525dd59225" member_type: VOTER last_known_addr { host: "127.4.218.195" port: 43475 } }
I20260601 13:26:36.590034  6929 ts_tablet_manager.cc:1434] T 99cbe240ff9841daae74c28176f5adfd P 165eb767898b4441bd46515dd8ac2d35: Time spent starting tablet: real 0.001s	user 0.000s	sys 0.000s
I20260601 13:26:36.612078  6936 raft_consensus.cc:493] T 99cbe240ff9841daae74c28176f5adfd P 165eb767898b4441bd46515dd8ac2d35 [term 0 FOLLOWER]: Starting pre-election (no leader contacted us within the election timeout)
I20260601 13:26:36.612257  6936 raft_consensus.cc:515] T 99cbe240ff9841daae74c28176f5adfd P 165eb767898b4441bd46515dd8ac2d35 [term 0 FOLLOWER]: Starting pre-election with config: opid_index: -1 OBSOLETE_local: false peers { permanent_uuid: "f66e287f6db640f8bf9523dcc8c4cb39" member_type: VOTER last_known_addr { host: "127.4.218.193" port: 40921 } } peers { permanent_uuid: "165eb767898b4441bd46515dd8ac2d35" member_type: VOTER last_known_addr { host: "127.4.218.194" port: 40621 } } peers { permanent_uuid: "bdafd7e254574ca2891b68525dd59225" member_type: VOTER last_known_addr { host: "127.4.218.195" port: 43475 } }
I20260601 13:26:36.612816  6936 leader_election.cc:290] T 99cbe240ff9841daae74c28176f5adfd P 165eb767898b4441bd46515dd8ac2d35 [CANDIDATE]: Term 1 pre-election: Requested pre-vote from peers f66e287f6db640f8bf9523dcc8c4cb39 (127.4.218.193:40921), bdafd7e254574ca2891b68525dd59225 (127.4.218.195:43475)
I20260601 13:26:36.616993  6728 tablet_service.cc:1917] Received RequestConsensusVote() RPC: tablet_id: "99cbe240ff9841daae74c28176f5adfd" candidate_uuid: "165eb767898b4441bd46515dd8ac2d35" candidate_term: 1 candidate_status { last_received { term: 0 index: 0 } } ignore_live_leader: false dest_uuid: "f66e287f6db640f8bf9523dcc8c4cb39" is_pre_election: true
I20260601 13:26:36.616986  6880 tablet_service.cc:1917] Received RequestConsensusVote() RPC: tablet_id: "99cbe240ff9841daae74c28176f5adfd" candidate_uuid: "165eb767898b4441bd46515dd8ac2d35" candidate_term: 1 candidate_status { last_received { term: 0 index: 0 } } ignore_live_leader: false dest_uuid: "bdafd7e254574ca2891b68525dd59225" is_pre_election: true
I20260601 13:26:36.617199  6880 raft_consensus.cc:2468] T 99cbe240ff9841daae74c28176f5adfd P bdafd7e254574ca2891b68525dd59225 [term 0 FOLLOWER]: Leader pre-election vote request: Granting yes vote for candidate 165eb767898b4441bd46515dd8ac2d35 in term 0.
I20260601 13:26:36.617199  6728 raft_consensus.cc:2468] T 99cbe240ff9841daae74c28176f5adfd P f66e287f6db640f8bf9523dcc8c4cb39 [term 0 FOLLOWER]: Leader pre-election vote request: Granting yes vote for candidate 165eb767898b4441bd46515dd8ac2d35 in term 0.
I20260601 13:26:36.617580  6768 leader_election.cc:304] T 99cbe240ff9841daae74c28176f5adfd P 165eb767898b4441bd46515dd8ac2d35 [CANDIDATE]: Term 1 pre-election: Election decided. Result: candidate won. Election summary: received 2 responses out of 3 voters: 2 yes votes; 0 no votes. yes voters: 165eb767898b4441bd46515dd8ac2d35, f66e287f6db640f8bf9523dcc8c4cb39; no voters: 
I20260601 13:26:36.617791  6936 raft_consensus.cc:2804] T 99cbe240ff9841daae74c28176f5adfd P 165eb767898b4441bd46515dd8ac2d35 [term 0 FOLLOWER]: Leader pre-election won for term 1
I20260601 13:26:36.617857  6936 raft_consensus.cc:493] T 99cbe240ff9841daae74c28176f5adfd P 165eb767898b4441bd46515dd8ac2d35 [term 0 FOLLOWER]: Starting leader election (no leader contacted us within the election timeout)
I20260601 13:26:36.617938  6936 raft_consensus.cc:3060] T 99cbe240ff9841daae74c28176f5adfd P 165eb767898b4441bd46515dd8ac2d35 [term 0 FOLLOWER]: Advancing to term 1
I20260601 13:26:36.645830  6933 raft_consensus.cc:493] T 6b623d864e064591bb16d159a6525242 P f66e287f6db640f8bf9523dcc8c4cb39 [term 0 FOLLOWER]: Starting pre-election (no leader contacted us within the election timeout)
I20260601 13:26:36.646042  6933 raft_consensus.cc:515] T 6b623d864e064591bb16d159a6525242 P f66e287f6db640f8bf9523dcc8c4cb39 [term 0 FOLLOWER]: Starting pre-election with config: opid_index: -1 OBSOLETE_local: false peers { permanent_uuid: "bdafd7e254574ca2891b68525dd59225" member_type: VOTER last_known_addr { host: "127.4.218.195" port: 43475 } } peers { permanent_uuid: "f66e287f6db640f8bf9523dcc8c4cb39" member_type: VOTER last_known_addr { host: "127.4.218.193" port: 40921 } } peers { permanent_uuid: "165eb767898b4441bd46515dd8ac2d35" member_type: VOTER last_known_addr { host: "127.4.218.194" port: 40621 } }
I20260601 13:26:36.646615  6933 leader_election.cc:290] T 6b623d864e064591bb16d159a6525242 P f66e287f6db640f8bf9523dcc8c4cb39 [CANDIDATE]: Term 1 pre-election: Requested pre-vote from peers bdafd7e254574ca2891b68525dd59225 (127.4.218.195:43475), 165eb767898b4441bd46515dd8ac2d35 (127.4.218.194:40621)
I20260601 13:26:36.650684  6880 tablet_service.cc:1917] Received RequestConsensusVote() RPC: tablet_id: "6b623d864e064591bb16d159a6525242" candidate_uuid: "f66e287f6db640f8bf9523dcc8c4cb39" candidate_term: 1 candidate_status { last_received { term: 0 index: 0 } } ignore_live_leader: false dest_uuid: "bdafd7e254574ca2891b68525dd59225" is_pre_election: true
I20260601 13:26:36.650694  6805 tablet_service.cc:1917] Received RequestConsensusVote() RPC: tablet_id: "6b623d864e064591bb16d159a6525242" candidate_uuid: "f66e287f6db640f8bf9523dcc8c4cb39" candidate_term: 1 candidate_status { last_received { term: 0 index: 0 } } ignore_live_leader: false dest_uuid: "165eb767898b4441bd46515dd8ac2d35" is_pre_election: true
I20260601 13:26:36.650878  6880 raft_consensus.cc:2468] T 6b623d864e064591bb16d159a6525242 P bdafd7e254574ca2891b68525dd59225 [term 0 FOLLOWER]: Leader pre-election vote request: Granting yes vote for candidate f66e287f6db640f8bf9523dcc8c4cb39 in term 0.
I20260601 13:26:36.650903  6805 raft_consensus.cc:2468] T 6b623d864e064591bb16d159a6525242 P 165eb767898b4441bd46515dd8ac2d35 [term 0 FOLLOWER]: Leader pre-election vote request: Granting yes vote for candidate f66e287f6db640f8bf9523dcc8c4cb39 in term 0.
I20260601 13:26:36.651201  6692 leader_election.cc:304] T 6b623d864e064591bb16d159a6525242 P f66e287f6db640f8bf9523dcc8c4cb39 [CANDIDATE]: Term 1 pre-election: Election decided. Result: candidate won. Election summary: received 2 responses out of 3 voters: 2 yes votes; 0 no votes. yes voters: bdafd7e254574ca2891b68525dd59225, f66e287f6db640f8bf9523dcc8c4cb39; no voters: 
I20260601 13:26:36.651372  6933 raft_consensus.cc:2804] T 6b623d864e064591bb16d159a6525242 P f66e287f6db640f8bf9523dcc8c4cb39 [term 0 FOLLOWER]: Leader pre-election won for term 1
I20260601 13:26:36.651440  6933 raft_consensus.cc:493] T 6b623d864e064591bb16d159a6525242 P f66e287f6db640f8bf9523dcc8c4cb39 [term 0 FOLLOWER]: Starting leader election (no leader contacted us within the election timeout)
I20260601 13:26:36.651480  6933 raft_consensus.cc:3060] T 6b623d864e064591bb16d159a6525242 P f66e287f6db640f8bf9523dcc8c4cb39 [term 0 FOLLOWER]: Advancing to term 1
I20260601 13:26:36.694211  6933 raft_consensus.cc:515] T 6b623d864e064591bb16d159a6525242 P f66e287f6db640f8bf9523dcc8c4cb39 [term 1 FOLLOWER]: Starting leader election with config: opid_index: -1 OBSOLETE_local: false peers { permanent_uuid: "bdafd7e254574ca2891b68525dd59225" member_type: VOTER last_known_addr { host: "127.4.218.195" port: 43475 } } peers { permanent_uuid: "f66e287f6db640f8bf9523dcc8c4cb39" member_type: VOTER last_known_addr { host: "127.4.218.193" port: 40921 } } peers { permanent_uuid: "165eb767898b4441bd46515dd8ac2d35" member_type: VOTER last_known_addr { host: "127.4.218.194" port: 40621 } }
I20260601 13:26:36.694211  6936 raft_consensus.cc:515] T 99cbe240ff9841daae74c28176f5adfd P 165eb767898b4441bd46515dd8ac2d35 [term 1 FOLLOWER]: Starting leader election with config: opid_index: -1 OBSOLETE_local: false peers { permanent_uuid: "f66e287f6db640f8bf9523dcc8c4cb39" member_type: VOTER last_known_addr { host: "127.4.218.193" port: 40921 } } peers { permanent_uuid: "165eb767898b4441bd46515dd8ac2d35" member_type: VOTER last_known_addr { host: "127.4.218.194" port: 40621 } } peers { permanent_uuid: "bdafd7e254574ca2891b68525dd59225" member_type: VOTER last_known_addr { host: "127.4.218.195" port: 43475 } }
I20260601 13:26:36.695058  6933 leader_election.cc:290] T 6b623d864e064591bb16d159a6525242 P f66e287f6db640f8bf9523dcc8c4cb39 [CANDIDATE]: Term 1 election: Requested vote from peers bdafd7e254574ca2891b68525dd59225 (127.4.218.195:43475), 165eb767898b4441bd46515dd8ac2d35 (127.4.218.194:40621)
I20260601 13:26:36.695052  6936 leader_election.cc:290] T 99cbe240ff9841daae74c28176f5adfd P 165eb767898b4441bd46515dd8ac2d35 [CANDIDATE]: Term 1 election: Requested vote from peers f66e287f6db640f8bf9523dcc8c4cb39 (127.4.218.193:40921), bdafd7e254574ca2891b68525dd59225 (127.4.218.195:43475)
I20260601 13:26:36.695541  6805 tablet_service.cc:1917] Received RequestConsensusVote() RPC: tablet_id: "6b623d864e064591bb16d159a6525242" candidate_uuid: "f66e287f6db640f8bf9523dcc8c4cb39" candidate_term: 1 candidate_status { last_received { term: 0 index: 0 } } ignore_live_leader: false dest_uuid: "165eb767898b4441bd46515dd8ac2d35"
I20260601 13:26:36.695578  6879 tablet_service.cc:1917] Received RequestConsensusVote() RPC: tablet_id: "6b623d864e064591bb16d159a6525242" candidate_uuid: "f66e287f6db640f8bf9523dcc8c4cb39" candidate_term: 1 candidate_status { last_received { term: 0 index: 0 } } ignore_live_leader: false dest_uuid: "bdafd7e254574ca2891b68525dd59225"
I20260601 13:26:36.695722  6805 raft_consensus.cc:3060] T 6b623d864e064591bb16d159a6525242 P 165eb767898b4441bd46515dd8ac2d35 [term 0 FOLLOWER]: Advancing to term 1
I20260601 13:26:36.695794  6879 raft_consensus.cc:3060] T 6b623d864e064591bb16d159a6525242 P bdafd7e254574ca2891b68525dd59225 [term 0 FOLLOWER]: Advancing to term 1
I20260601 13:26:36.695940  6728 tablet_service.cc:1917] Received RequestConsensusVote() RPC: tablet_id: "99cbe240ff9841daae74c28176f5adfd" candidate_uuid: "165eb767898b4441bd46515dd8ac2d35" candidate_term: 1 candidate_status { last_received { term: 0 index: 0 } } ignore_live_leader: false dest_uuid: "f66e287f6db640f8bf9523dcc8c4cb39"
I20260601 13:26:36.696069  6728 raft_consensus.cc:3060] T 99cbe240ff9841daae74c28176f5adfd P f66e287f6db640f8bf9523dcc8c4cb39 [term 0 FOLLOWER]: Advancing to term 1
I20260601 13:26:36.696954  6805 raft_consensus.cc:2468] T 6b623d864e064591bb16d159a6525242 P 165eb767898b4441bd46515dd8ac2d35 [term 1 FOLLOWER]: Leader election vote request: Granting yes vote for candidate f66e287f6db640f8bf9523dcc8c4cb39 in term 1.
I20260601 13:26:36.695561  6880 tablet_service.cc:1917] Received RequestConsensusVote() RPC: tablet_id: "99cbe240ff9841daae74c28176f5adfd" candidate_uuid: "165eb767898b4441bd46515dd8ac2d35" candidate_term: 1 candidate_status { last_received { term: 0 index: 0 } } ignore_live_leader: false dest_uuid: "bdafd7e254574ca2891b68525dd59225"
I20260601 13:26:36.697100  6880 raft_consensus.cc:3060] T 99cbe240ff9841daae74c28176f5adfd P bdafd7e254574ca2891b68525dd59225 [term 0 FOLLOWER]: Advancing to term 1
I20260601 13:26:36.697415  6728 raft_consensus.cc:2468] T 99cbe240ff9841daae74c28176f5adfd P f66e287f6db640f8bf9523dcc8c4cb39 [term 1 FOLLOWER]: Leader election vote request: Granting yes vote for candidate 165eb767898b4441bd46515dd8ac2d35 in term 1.
I20260601 13:26:36.697587  6692 leader_election.cc:304] T 6b623d864e064591bb16d159a6525242 P f66e287f6db640f8bf9523dcc8c4cb39 [CANDIDATE]: Term 1 election: Election decided. Result: candidate won. Election summary: received 2 responses out of 3 voters: 2 yes votes; 0 no votes. yes voters: 165eb767898b4441bd46515dd8ac2d35, f66e287f6db640f8bf9523dcc8c4cb39; no voters: 
I20260601 13:26:36.697767  6933 raft_consensus.cc:2804] T 6b623d864e064591bb16d159a6525242 P f66e287f6db640f8bf9523dcc8c4cb39 [term 1 FOLLOWER]: Leader election won for term 1
I20260601 13:26:36.697765  6768 leader_election.cc:304] T 99cbe240ff9841daae74c28176f5adfd P 165eb767898b4441bd46515dd8ac2d35 [CANDIDATE]: Term 1 election: Election decided. Result: candidate won. Election summary: received 2 responses out of 3 voters: 2 yes votes; 0 no votes. yes voters: 165eb767898b4441bd46515dd8ac2d35, f66e287f6db640f8bf9523dcc8c4cb39; no voters: 
I20260601 13:26:36.698025  6933 raft_consensus.cc:697] T 6b623d864e064591bb16d159a6525242 P f66e287f6db640f8bf9523dcc8c4cb39 [term 1 LEADER]: Becoming Leader. State: Replica: f66e287f6db640f8bf9523dcc8c4cb39, State: Running, Role: LEADER
I20260601 13:26:36.698179  6880 raft_consensus.cc:2468] T 99cbe240ff9841daae74c28176f5adfd P bdafd7e254574ca2891b68525dd59225 [term 1 FOLLOWER]: Leader election vote request: Granting yes vote for candidate 165eb767898b4441bd46515dd8ac2d35 in term 1.
I20260601 13:26:36.698259  6933 consensus_queue.cc:237] T 6b623d864e064591bb16d159a6525242 P f66e287f6db640f8bf9523dcc8c4cb39 [LEADER]: Queue going to LEADER mode. State: All replicated index: 0, Majority replicated index: 0, Committed index: 0, Last appended: 0.0, Last appended by leader: 0, Current term: 1, Majority size: 2, State: 0, Mode: LEADER, active raft config: opid_index: -1 OBSOLETE_local: false peers { permanent_uuid: "bdafd7e254574ca2891b68525dd59225" member_type: VOTER last_known_addr { host: "127.4.218.195" port: 43475 } } peers { permanent_uuid: "f66e287f6db640f8bf9523dcc8c4cb39" member_type: VOTER last_known_addr { host: "127.4.218.193" port: 40921 } } peers { permanent_uuid: "165eb767898b4441bd46515dd8ac2d35" member_type: VOTER last_known_addr { host: "127.4.218.194" port: 40621 } }
I20260601 13:26:36.698621  6879 raft_consensus.cc:2468] T 6b623d864e064591bb16d159a6525242 P bdafd7e254574ca2891b68525dd59225 [term 1 FOLLOWER]: Leader election vote request: Granting yes vote for candidate f66e287f6db640f8bf9523dcc8c4cb39 in term 1.
I20260601 13:26:36.698050  6936 raft_consensus.cc:2804] T 99cbe240ff9841daae74c28176f5adfd P 165eb767898b4441bd46515dd8ac2d35 [term 1 FOLLOWER]: Leader election won for term 1
I20260601 13:26:36.699150  6936 raft_consensus.cc:697] T 99cbe240ff9841daae74c28176f5adfd P 165eb767898b4441bd46515dd8ac2d35 [term 1 LEADER]: Becoming Leader. State: Replica: 165eb767898b4441bd46515dd8ac2d35, State: Running, Role: LEADER
I20260601 13:26:36.699311  6936 consensus_queue.cc:237] T 99cbe240ff9841daae74c28176f5adfd P 165eb767898b4441bd46515dd8ac2d35 [LEADER]: Queue going to LEADER mode. State: All replicated index: 0, Majority replicated index: 0, Committed index: 0, Last appended: 0.0, Last appended by leader: 0, Current term: 1, Majority size: 2, State: 0, Mode: LEADER, active raft config: opid_index: -1 OBSOLETE_local: false peers { permanent_uuid: "f66e287f6db640f8bf9523dcc8c4cb39" member_type: VOTER last_known_addr { host: "127.4.218.193" port: 40921 } } peers { permanent_uuid: "165eb767898b4441bd46515dd8ac2d35" member_type: VOTER last_known_addr { host: "127.4.218.194" port: 40621 } } peers { permanent_uuid: "bdafd7e254574ca2891b68525dd59225" member_type: VOTER last_known_addr { host: "127.4.218.195" port: 43475 } }
I20260601 13:26:36.700172  6622 catalog_manager.cc:5696] T 6b623d864e064591bb16d159a6525242 P f66e287f6db640f8bf9523dcc8c4cb39 reported cstate change: term changed from 0 to 1, leader changed from <none> to f66e287f6db640f8bf9523dcc8c4cb39 (127.4.218.193). New cstate: current_term: 1 leader_uuid: "f66e287f6db640f8bf9523dcc8c4cb39" committed_config { opid_index: -1 OBSOLETE_local: false peers { permanent_uuid: "bdafd7e254574ca2891b68525dd59225" member_type: VOTER last_known_addr { host: "127.4.218.195" port: 43475 } health_report { overall_health: UNKNOWN } } peers { permanent_uuid: "f66e287f6db640f8bf9523dcc8c4cb39" member_type: VOTER last_known_addr { host: "127.4.218.193" port: 40921 } health_report { overall_health: HEALTHY } } peers { permanent_uuid: "165eb767898b4441bd46515dd8ac2d35" member_type: VOTER last_known_addr { host: "127.4.218.194" port: 40621 } health_report { overall_health: UNKNOWN } } }
I20260601 13:26:36.701715  6624 catalog_manager.cc:5696] T 99cbe240ff9841daae74c28176f5adfd P 165eb767898b4441bd46515dd8ac2d35 reported cstate change: term changed from 0 to 1, leader changed from <none> to 165eb767898b4441bd46515dd8ac2d35 (127.4.218.194). New cstate: current_term: 1 leader_uuid: "165eb767898b4441bd46515dd8ac2d35" committed_config { opid_index: -1 OBSOLETE_local: false peers { permanent_uuid: "f66e287f6db640f8bf9523dcc8c4cb39" member_type: VOTER last_known_addr { host: "127.4.218.193" port: 40921 } health_report { overall_health: UNKNOWN } } peers { permanent_uuid: "165eb767898b4441bd46515dd8ac2d35" member_type: VOTER last_known_addr { host: "127.4.218.194" port: 40621 } health_report { overall_health: HEALTHY } } peers { permanent_uuid: "bdafd7e254574ca2891b68525dd59225" member_type: VOTER last_known_addr { host: "127.4.218.195" port: 43475 } health_report { overall_health: UNKNOWN } } }
I20260601 13:26:37.141718  6933 consensus_queue.cc:1048] T 6b623d864e064591bb16d159a6525242 P f66e287f6db640f8bf9523dcc8c4cb39 [LEADER]: Connected to new peer: Peer: permanent_uuid: "bdafd7e254574ca2891b68525dd59225" member_type: VOTER last_known_addr { host: "127.4.218.195" port: 43475 }, Status: LMP_MISMATCH, Last received: 0.0, Next index: 1, Last known committed idx: 0, Time since last communication: 0.000s
I20260601 13:26:37.146564  6950 consensus_queue.cc:1048] T 6b623d864e064591bb16d159a6525242 P f66e287f6db640f8bf9523dcc8c4cb39 [LEADER]: Connected to new peer: Peer: permanent_uuid: "165eb767898b4441bd46515dd8ac2d35" member_type: VOTER last_known_addr { host: "127.4.218.194" port: 40621 }, Status: LMP_MISMATCH, Last received: 0.0, Next index: 1, Last known committed idx: 0, Time since last communication: 0.000s
I20260601 13:26:37.157629  6936 consensus_queue.cc:1048] T 99cbe240ff9841daae74c28176f5adfd P 165eb767898b4441bd46515dd8ac2d35 [LEADER]: Connected to new peer: Peer: permanent_uuid: "bdafd7e254574ca2891b68525dd59225" member_type: VOTER last_known_addr { host: "127.4.218.195" port: 43475 }, Status: LMP_MISMATCH, Last received: 0.0, Next index: 1, Last known committed idx: 0, Time since last communication: 0.000s
I20260601 13:26:37.159525  6936 consensus_queue.cc:1048] T 99cbe240ff9841daae74c28176f5adfd P 165eb767898b4441bd46515dd8ac2d35 [LEADER]: Connected to new peer: Peer: permanent_uuid: "f66e287f6db640f8bf9523dcc8c4cb39" member_type: VOTER last_known_addr { host: "127.4.218.193" port: 40921 }, Status: LMP_MISMATCH, Last received: 0.0, Next index: 1, Last known committed idx: 0, Time since last communication: 0.000s
I20260601 13:26:37.334270  6679 auto_leader_rebalancer.cc:140] leader rebalance for table test-workload
I20260601 13:26:37.334764  6679 auto_leader_rebalancer.cc:388] table: test-workload, leader rebalance finish, leader transfer count: 0
I20260601 13:26:37.334862  6679 auto_leader_rebalancer.cc:451] All tables' leader rebalancing finished this round
I20260601 13:26:39.335307  6679 auto_leader_rebalancer.cc:140] leader rebalance for table test-workload
I20260601 13:26:39.335798  6679 auto_leader_rebalancer.cc:388] table: test-workload, leader rebalance finish, leader transfer count: 0
I20260601 13:26:39.335902  6679 auto_leader_rebalancer.cc:451] All tables' leader rebalancing finished this round
I20260601 13:26:41.336324  6679 auto_leader_rebalancer.cc:140] leader rebalance for table test-workload
I20260601 13:26:41.336810  6679 auto_leader_rebalancer.cc:388] table: test-workload, leader rebalance finish, leader transfer count: 0
I20260601 13:26:41.336928  6679 auto_leader_rebalancer.cc:451] All tables' leader rebalancing finished this round
I20260601 13:26:43.337293  6679 auto_leader_rebalancer.cc:140] leader rebalance for table test-workload
I20260601 13:26:43.337800  6679 auto_leader_rebalancer.cc:388] table: test-workload, leader rebalance finish, leader transfer count: 0
I20260601 13:26:43.337904  6679 auto_leader_rebalancer.cc:451] All tables' leader rebalancing finished this round
I20260601 13:26:45.338363  6679 auto_leader_rebalancer.cc:140] leader rebalance for table test-workload
I20260601 13:26:45.338848  6679 auto_leader_rebalancer.cc:388] table: test-workload, leader rebalance finish, leader transfer count: 0
I20260601 13:26:45.339010  6679 auto_leader_rebalancer.cc:451] All tables' leader rebalancing finished this round
I20260601 13:26:47.339437  6679 auto_leader_rebalancer.cc:140] leader rebalance for table test-workload
I20260601 13:26:47.339927  6679 auto_leader_rebalancer.cc:388] table: test-workload, leader rebalance finish, leader transfer count: 0
I20260601 13:26:47.340020  6679 auto_leader_rebalancer.cc:451] All tables' leader rebalancing finished this round
I20260601 13:26:47.784026  4971 file_cache.cc:492] Constructed file cache file cache with capacity 419430
W20260601 13:26:47.786280  6963 instance_detector.cc:116] could not retrieve AWS instance metadata: Network error: curl error: HTTP response code said error: The requested URL returned error: 404
W20260601 13:26:47.786253  6964 instance_detector.cc:116] could not retrieve Azure instance metadata: Network error: curl error: HTTP response code said error: The requested URL returned error: 404
I20260601 13:26:47.786455  4971 server_base.cc:1061] running on GCE node
W20260601 13:26:47.786335  6966 instance_detector.cc:116] could not retrieve OpenStack instance metadata: Network error: curl error: HTTP response code said error: The requested URL returned error: 404
I20260601 13:26:47.786768  4971 hybrid_clock.cc:584] initializing the hybrid clock with 'system_unsync' time source
W20260601 13:26:47.786816  4971 system_unsync_time.cc:38] NTP support is disabled. Clock error bounds will not be accurate. This configuration is not suitable for distributed clusters.
I20260601 13:26:47.786834  4971 hybrid_clock.cc:648] HybridClock initialized: now 1780320407786834 us; error 0 us; skew 500 ppm
I20260601 13:26:47.787851  4971 webserver.cc:533] Webserver started at http://127.4.218.196:43907/ using document root <none> and password file <none>
I20260601 13:26:47.788051  4971 fs_manager.cc:362] Metadata directory not provided
I20260601 13:26:47.788105  4971 fs_manager.cc:368] Using write-ahead log directory (fs_wal_dir) as metadata directory
I20260601 13:26:47.788198  4971 server_base.cc:909] This appears to be a new deployment of Kudu; creating new FS layout
I20260601 13:26:47.788757  4971 fs_manager.cc:1068] Generated new instance metadata in path /tmp/dist-test-taskGGfUYm/test-tmp/auto_rebalancer-test.0.AutoRebalancerTest.MovesScheduledIfAddTserver.1780320377004444-4971-0/minicluster-data/ts-3-root/instance:
uuid: "1bd1bc33759246608933613d7c38d2f4"
format_stamp: "Formatted at 2026-06-01 13:26:47 on dist-test-slave-3dt6"
I20260601 13:26:47.790388  4971 fs_manager.cc:696] Time spent creating directory manager: real 0.001s	user 0.000s	sys 0.001s
I20260601 13:26:47.791478  6971 log_block_manager.cc:4031] Time spent loading block containers with low live blocks: real 0.000s	user 0.000s	sys 0.000s
I20260601 13:26:47.791867  4971 fs_manager.cc:730] Time spent opening block manager: real 0.001s	user 0.000s	sys 0.001s
I20260601 13:26:47.791950  4971 fs_manager.cc:647] Opened local filesystem: /tmp/dist-test-taskGGfUYm/test-tmp/auto_rebalancer-test.0.AutoRebalancerTest.MovesScheduledIfAddTserver.1780320377004444-4971-0/minicluster-data/ts-3-root
uuid: "1bd1bc33759246608933613d7c38d2f4"
format_stamp: "Formatted at 2026-06-01 13:26:47 on dist-test-slave-3dt6"
I20260601 13:26:47.792023  4971 fs_report.cc:389] FS layout report
--------------------
wal directory: /tmp/dist-test-taskGGfUYm/test-tmp/auto_rebalancer-test.0.AutoRebalancerTest.MovesScheduledIfAddTserver.1780320377004444-4971-0/minicluster-data/ts-3-root
metadata directory: /tmp/dist-test-taskGGfUYm/test-tmp/auto_rebalancer-test.0.AutoRebalancerTest.MovesScheduledIfAddTserver.1780320377004444-4971-0/minicluster-data/ts-3-root
1 data directories: /tmp/dist-test-taskGGfUYm/test-tmp/auto_rebalancer-test.0.AutoRebalancerTest.MovesScheduledIfAddTserver.1780320377004444-4971-0/minicluster-data/ts-3-root/data
Total live blocks: 0
Total live bytes: 0
Total live bytes (after alignment): 0
Total number of LBM containers: 0 (0 full)
Did not check for missing blocks
Did not check for orphaned blocks
Total full LBM containers with extra space: 0 (0 repaired)
Total full LBM container extra space in bytes: 0 (0 repaired)
Total incomplete LBM containers: 0 (0 repaired)
Total LBM partial records: 0 (0 repaired)
Total corrupted LBM metadata records in RocksDB: 0 (0 repaired)
I20260601 13:26:47.803861  4971 rpc_server.cc:225] running with OpenSSL 1.1.1  11 Sep 2018
I20260601 13:26:47.804318  4971 kserver.cc:163] Server-wide thread pool size limit: 3276
I20260601 13:26:47.804589  4971 txn_system_client.cc:432] TxnSystemClient initialization is disabled...
I20260601 13:26:47.805184  4971 ts_tablet_manager.cc:585] Loaded tablet metadata (0 total tablets, 0 live tablets)
I20260601 13:26:47.805225  4971 ts_tablet_manager.cc:531] Time spent load tablet metadata: real 0.000s	user 0.000s	sys 0.000s
I20260601 13:26:47.805285  4971 ts_tablet_manager.cc:616] Registered 0 tablets
I20260601 13:26:47.805330  4971 ts_tablet_manager.cc:595] Time spent register tablets: real 0.000s	user 0.000s	sys 0.000s
I20260601 13:26:47.810555  4971 rpc_server.cc:307] RPC server started. Bound to: 127.4.218.196:42923
I20260601 13:26:47.810652  7034 acceptor_pool.cc:272] collecting diagnostics on the listening RPC socket 127.4.218.196:42923 every 8 connection(s)
I20260601 13:26:47.815479  7035 heartbeater.cc:344] Connected to a master server at 127.4.218.254:41933
I20260601 13:26:47.815634  7035 heartbeater.cc:461] Registering TS with master...
I20260601 13:26:47.815888  7035 heartbeater.cc:507] Master 127.4.218.254:41933 requested a full tablet report, sending...
I20260601 13:26:47.816529  6624 ts_manager.cc:194] Registered new tserver with Master: 1bd1bc33759246608933613d7c38d2f4 (127.4.218.196:42923)
I20260601 13:26:47.817138  6624 master_service.cc:502] Signed X509 certificate for tserver {username='slave'} at 127.0.0.1:53088
I20260601 13:26:48.352062  6805 consensus_queue.cc:237] T 99cbe240ff9841daae74c28176f5adfd P 165eb767898b4441bd46515dd8ac2d35 [LEADER]: Queue going to LEADER mode. State: All replicated index: 0, Majority replicated index: 1, Committed index: 1, Last appended: 1.1, Last appended by leader: 0, Current term: 1, Majority size: 2, State: 0, Mode: LEADER, active raft config: opid_index: 2 OBSOLETE_local: false peers { permanent_uuid: "f66e287f6db640f8bf9523dcc8c4cb39" member_type: VOTER last_known_addr { host: "127.4.218.193" port: 40921 } } peers { permanent_uuid: "165eb767898b4441bd46515dd8ac2d35" member_type: VOTER last_known_addr { host: "127.4.218.194" port: 40621 } } peers { permanent_uuid: "bdafd7e254574ca2891b68525dd59225" member_type: VOTER last_known_addr { host: "127.4.218.195" port: 43475 } attrs { replace: true } } peers { permanent_uuid: "1bd1bc33759246608933613d7c38d2f4" member_type: NON_VOTER last_known_addr { host: "127.4.218.196" port: 42923 } attrs { promote: true } }
I20260601 13:26:48.353777  6879 raft_consensus.cc:1275] T 99cbe240ff9841daae74c28176f5adfd P bdafd7e254574ca2891b68525dd59225 [term 1 FOLLOWER]: Refusing update from remote peer 165eb767898b4441bd46515dd8ac2d35: Log matching property violated. Preceding OpId in replica: term: 1 index: 1. Preceding OpId from leader: term: 1 index: 2. (index mismatch)
I20260601 13:26:48.353777  6728 raft_consensus.cc:1275] T 99cbe240ff9841daae74c28176f5adfd P f66e287f6db640f8bf9523dcc8c4cb39 [term 1 FOLLOWER]: Refusing update from remote peer 165eb767898b4441bd46515dd8ac2d35: Log matching property violated. Preceding OpId in replica: term: 1 index: 1. Preceding OpId from leader: term: 1 index: 2. (index mismatch)
I20260601 13:26:48.354326  7043 consensus_queue.cc:1048] T 99cbe240ff9841daae74c28176f5adfd P 165eb767898b4441bd46515dd8ac2d35 [LEADER]: Connected to new peer: Peer: permanent_uuid: "bdafd7e254574ca2891b68525dd59225" member_type: VOTER last_known_addr { host: "127.4.218.195" port: 43475 } attrs { replace: true }, Status: LMP_MISMATCH, Last received: 0.0, Next index: 2, Last known committed idx: 1, Time since last communication: 0.000s
I20260601 13:26:48.354563  7042 consensus_queue.cc:1048] T 99cbe240ff9841daae74c28176f5adfd P 165eb767898b4441bd46515dd8ac2d35 [LEADER]: Connected to new peer: Peer: permanent_uuid: "f66e287f6db640f8bf9523dcc8c4cb39" member_type: VOTER last_known_addr { host: "127.4.218.193" port: 40921 }, Status: LMP_MISMATCH, Last received: 0.0, Next index: 2, Last known committed idx: 1, Time since last communication: 0.000s
I20260601 13:26:48.356446  6962 raft_consensus.cc:2955] T 99cbe240ff9841daae74c28176f5adfd P 165eb767898b4441bd46515dd8ac2d35 [term 1 LEADER]: Committing config change with OpId 1.2: config changed from index -1 to 2, NON_VOTER 1bd1bc33759246608933613d7c38d2f4 (127.4.218.196) added. New config: { opid_index: 2 OBSOLETE_local: false peers { permanent_uuid: "f66e287f6db640f8bf9523dcc8c4cb39" member_type: VOTER last_known_addr { host: "127.4.218.193" port: 40921 } } peers { permanent_uuid: "165eb767898b4441bd46515dd8ac2d35" member_type: VOTER last_known_addr { host: "127.4.218.194" port: 40621 } } peers { permanent_uuid: "bdafd7e254574ca2891b68525dd59225" member_type: VOTER last_known_addr { host: "127.4.218.195" port: 43475 } attrs { replace: true } } peers { permanent_uuid: "1bd1bc33759246608933613d7c38d2f4" member_type: NON_VOTER last_known_addr { host: "127.4.218.196" port: 42923 } attrs { promote: true } } }
I20260601 13:26:48.356863  6879 raft_consensus.cc:2955] T 99cbe240ff9841daae74c28176f5adfd P bdafd7e254574ca2891b68525dd59225 [term 1 FOLLOWER]: Committing config change with OpId 1.2: config changed from index -1 to 2, NON_VOTER 1bd1bc33759246608933613d7c38d2f4 (127.4.218.196) added. New config: { opid_index: 2 OBSOLETE_local: false peers { permanent_uuid: "f66e287f6db640f8bf9523dcc8c4cb39" member_type: VOTER last_known_addr { host: "127.4.218.193" port: 40921 } } peers { permanent_uuid: "165eb767898b4441bd46515dd8ac2d35" member_type: VOTER last_known_addr { host: "127.4.218.194" port: 40621 } } peers { permanent_uuid: "bdafd7e254574ca2891b68525dd59225" member_type: VOTER last_known_addr { host: "127.4.218.195" port: 43475 } attrs { replace: true } } peers { permanent_uuid: "1bd1bc33759246608933613d7c38d2f4" member_type: NON_VOTER last_known_addr { host: "127.4.218.196" port: 42923 } attrs { promote: true } } }
W20260601 13:26:48.358609  6770 consensus_peers.cc:597] T 99cbe240ff9841daae74c28176f5adfd P 165eb767898b4441bd46515dd8ac2d35 -> Peer 1bd1bc33759246608933613d7c38d2f4 (127.4.218.196:42923): Couldn't send request to peer 1bd1bc33759246608933613d7c38d2f4. Error code: TABLET_NOT_FOUND (6). Status: Not found: Tablet not found: 99cbe240ff9841daae74c28176f5adfd. This is attempt 1: this message will repeat every 5th retry.
I20260601 13:26:48.359382  6622 catalog_manager.cc:5696] T 99cbe240ff9841daae74c28176f5adfd P 165eb767898b4441bd46515dd8ac2d35 reported cstate change: config changed from index -1 to 2, NON_VOTER 1bd1bc33759246608933613d7c38d2f4 (127.4.218.196) added. New cstate: current_term: 1 leader_uuid: "165eb767898b4441bd46515dd8ac2d35" committed_config { opid_index: 2 OBSOLETE_local: false peers { permanent_uuid: "f66e287f6db640f8bf9523dcc8c4cb39" member_type: VOTER last_known_addr { host: "127.4.218.193" port: 40921 } health_report { overall_health: HEALTHY } } peers { permanent_uuid: "165eb767898b4441bd46515dd8ac2d35" member_type: VOTER last_known_addr { host: "127.4.218.194" port: 40621 } health_report { overall_health: HEALTHY } } peers { permanent_uuid: "bdafd7e254574ca2891b68525dd59225" member_type: VOTER last_known_addr { host: "127.4.218.195" port: 43475 } attrs { replace: true } health_report { overall_health: HEALTHY } } peers { permanent_uuid: "1bd1bc33759246608933613d7c38d2f4" member_type: NON_VOTER last_known_addr { host: "127.4.218.196" port: 42923 } attrs { promote: true } health_report { overall_health: UNKNOWN } } }
I20260601 13:26:48.360417  6728 raft_consensus.cc:2955] T 99cbe240ff9841daae74c28176f5adfd P f66e287f6db640f8bf9523dcc8c4cb39 [term 1 FOLLOWER]: Committing config change with OpId 1.2: config changed from index -1 to 2, NON_VOTER 1bd1bc33759246608933613d7c38d2f4 (127.4.218.196) added. New config: { opid_index: 2 OBSOLETE_local: false peers { permanent_uuid: "f66e287f6db640f8bf9523dcc8c4cb39" member_type: VOTER last_known_addr { host: "127.4.218.193" port: 40921 } } peers { permanent_uuid: "165eb767898b4441bd46515dd8ac2d35" member_type: VOTER last_known_addr { host: "127.4.218.194" port: 40621 } } peers { permanent_uuid: "bdafd7e254574ca2891b68525dd59225" member_type: VOTER last_known_addr { host: "127.4.218.195" port: 43475 } attrs { replace: true } } peers { permanent_uuid: "1bd1bc33759246608933613d7c38d2f4" member_type: NON_VOTER last_known_addr { host: "127.4.218.196" port: 42923 } attrs { promote: true } } }
I20260601 13:26:48.795606  7053 ts_tablet_manager.cc:933] T 99cbe240ff9841daae74c28176f5adfd P 1bd1bc33759246608933613d7c38d2f4: Initiating tablet copy from peer 165eb767898b4441bd46515dd8ac2d35 (127.4.218.194:40621)
I20260601 13:26:48.796476  7053 tablet_copy_client.cc:323] T 99cbe240ff9841daae74c28176f5adfd P 1bd1bc33759246608933613d7c38d2f4: tablet copy: Beginning tablet copy session from remote peer at address 127.4.218.194:40621
I20260601 13:26:48.801077  6815 tablet_copy_service.cc:140] P 165eb767898b4441bd46515dd8ac2d35: Received BeginTabletCopySession request for tablet 99cbe240ff9841daae74c28176f5adfd from peer 1bd1bc33759246608933613d7c38d2f4 ({username='slave'} at 127.0.0.1:52218)
I20260601 13:26:48.801263  6815 tablet_copy_service.cc:161] P 165eb767898b4441bd46515dd8ac2d35: Beginning new tablet copy session on tablet 99cbe240ff9841daae74c28176f5adfd from peer 1bd1bc33759246608933613d7c38d2f4 at {username='slave'} at 127.0.0.1:52218: session id = 1bd1bc33759246608933613d7c38d2f4-99cbe240ff9841daae74c28176f5adfd
I20260601 13:26:48.803004  6815 tablet_copy_source_session.cc:215] T 99cbe240ff9841daae74c28176f5adfd P 165eb767898b4441bd46515dd8ac2d35: Tablet Copy: opened 0 blocks and 1 log segments
I20260601 13:26:48.804677  7053 data_dirs.cc:400] Could only allocate 1 dirs of requested 3 for tablet 99cbe240ff9841daae74c28176f5adfd. 1 dirs total, 0 dirs full, 0 dirs failed
I20260601 13:26:48.806946  7053 tablet_copy_client.cc:806] T 99cbe240ff9841daae74c28176f5adfd P 1bd1bc33759246608933613d7c38d2f4: tablet copy: Starting download of 0 data blocks...
I20260601 13:26:48.807174  7053 tablet_copy_client.cc:670] T 99cbe240ff9841daae74c28176f5adfd P 1bd1bc33759246608933613d7c38d2f4: tablet copy: Starting download of 1 WAL segments...
I20260601 13:26:48.809249  7053 tablet_copy_client.cc:538] T 99cbe240ff9841daae74c28176f5adfd P 1bd1bc33759246608933613d7c38d2f4: tablet copy: Tablet Copy complete. Replacing tablet superblock.
I20260601 13:26:48.811072  7053 tablet_bootstrap.cc:492] T 99cbe240ff9841daae74c28176f5adfd P 1bd1bc33759246608933613d7c38d2f4: Bootstrap starting.
I20260601 13:26:48.815865  7053 tablet_bootstrap.cc:492] T 99cbe240ff9841daae74c28176f5adfd P 1bd1bc33759246608933613d7c38d2f4: Bootstrap replayed 1/1 log segments. Stats: ops{read=2 overwritten=0 applied=2 ignored=0} inserts{seen=0 ignored=0} mutations{seen=0 ignored=0} orphaned_commits=0. Pending: 0 replicates
I20260601 13:26:48.816175  7053 tablet_bootstrap.cc:492] T 99cbe240ff9841daae74c28176f5adfd P 1bd1bc33759246608933613d7c38d2f4: Bootstrap complete.
I20260601 13:26:48.816370  7053 ts_tablet_manager.cc:1403] T 99cbe240ff9841daae74c28176f5adfd P 1bd1bc33759246608933613d7c38d2f4: Time spent bootstrapping tablet: real 0.005s	user 0.005s	sys 0.000s
I20260601 13:26:48.816840  7053 raft_consensus.cc:359] T 99cbe240ff9841daae74c28176f5adfd P 1bd1bc33759246608933613d7c38d2f4 [term 1 LEARNER]: Replica starting. Triggering 0 pending ops. Active config: opid_index: 2 OBSOLETE_local: false peers { permanent_uuid: "f66e287f6db640f8bf9523dcc8c4cb39" member_type: VOTER last_known_addr { host: "127.4.218.193" port: 40921 } } peers { permanent_uuid: "165eb767898b4441bd46515dd8ac2d35" member_type: VOTER last_known_addr { host: "127.4.218.194" port: 40621 } } peers { permanent_uuid: "bdafd7e254574ca2891b68525dd59225" member_type: VOTER last_known_addr { host: "127.4.218.195" port: 43475 } attrs { replace: true } } peers { permanent_uuid: "1bd1bc33759246608933613d7c38d2f4" member_type: NON_VOTER last_known_addr { host: "127.4.218.196" port: 42923 } attrs { promote: true } }
I20260601 13:26:48.817013  7053 raft_consensus.cc:740] T 99cbe240ff9841daae74c28176f5adfd P 1bd1bc33759246608933613d7c38d2f4 [term 1 LEARNER]: Becoming Follower/Learner. State: Replica: 1bd1bc33759246608933613d7c38d2f4, State: Initialized, Role: LEARNER
I20260601 13:26:48.817162  7053 consensus_queue.cc:260] T 99cbe240ff9841daae74c28176f5adfd P 1bd1bc33759246608933613d7c38d2f4 [NON_LEADER]: Queue going to NON_LEADER mode. State: All replicated index: 0, Majority replicated index: 0, Committed index: 2, Last appended: 1.2, Last appended by leader: 2, Current term: 0, Majority size: -1, State: 0, Mode: NON_LEADER, active raft config: opid_index: 2 OBSOLETE_local: false peers { permanent_uuid: "f66e287f6db640f8bf9523dcc8c4cb39" member_type: VOTER last_known_addr { host: "127.4.218.193" port: 40921 } } peers { permanent_uuid: "165eb767898b4441bd46515dd8ac2d35" member_type: VOTER last_known_addr { host: "127.4.218.194" port: 40621 } } peers { permanent_uuid: "bdafd7e254574ca2891b68525dd59225" member_type: VOTER last_known_addr { host: "127.4.218.195" port: 43475 } attrs { replace: true } } peers { permanent_uuid: "1bd1bc33759246608933613d7c38d2f4" member_type: NON_VOTER last_known_addr { host: "127.4.218.196" port: 42923 } attrs { promote: true } }
I20260601 13:26:48.817621  7053 ts_tablet_manager.cc:1434] T 99cbe240ff9841daae74c28176f5adfd P 1bd1bc33759246608933613d7c38d2f4: Time spent starting tablet: real 0.001s	user 0.003s	sys 0.000s
I20260601 13:26:48.817682  7035 heartbeater.cc:499] Master 127.4.218.254:41933 was elected leader, sending a full tablet report...
I20260601 13:26:48.818365  6815 tablet_copy_service.cc:342] P 165eb767898b4441bd46515dd8ac2d35: Request end of tablet copy session 1bd1bc33759246608933613d7c38d2f4-99cbe240ff9841daae74c28176f5adfd received from {username='slave'} at 127.0.0.1:52218
I20260601 13:26:48.818498  6815 tablet_copy_service.cc:434] P 165eb767898b4441bd46515dd8ac2d35: ending tablet copy session 1bd1bc33759246608933613d7c38d2f4-99cbe240ff9841daae74c28176f5adfd on tablet 99cbe240ff9841daae74c28176f5adfd with peer 1bd1bc33759246608933613d7c38d2f4
I20260601 13:26:49.332765  7009 raft_consensus.cc:1217] T 99cbe240ff9841daae74c28176f5adfd P 1bd1bc33759246608933613d7c38d2f4 [term 1 LEARNER]: Deduplicated request from leader. Original: 1.1->[1.2-1.2]   Dedup: 1.2->[]
I20260601 13:26:49.340381  6679 auto_leader_rebalancer.cc:140] leader rebalance for table test-workload
I20260601 13:26:49.340953  6679 auto_leader_rebalancer.cc:388] table: test-workload, leader rebalance finish, leader transfer count: 0
I20260601 13:26:49.341025  6679 auto_leader_rebalancer.cc:451] All tables' leader rebalancing finished this round
I20260601 13:26:49.942708  7059 raft_consensus.cc:1064] T 99cbe240ff9841daae74c28176f5adfd P 165eb767898b4441bd46515dd8ac2d35: attempting to promote NON_VOTER 1bd1bc33759246608933613d7c38d2f4 to VOTER
