I20260601 13:27:43.469357 30560 raft_consensus.cc:359] T 4ead06c8d0a247a2b3c23ac72708906e P 1d855eab558f4dbea3edda49780dd9e7 [term 0 FOLLOWER]: Replica starting. Triggering 0 pending ops. Active config: opid_index: -1 OBSOLETE_local: false peers { permanent_uuid: "e205aaa04b714e2e96a6e3fdda451bae" member_type: VOTER last_known_addr { host: "127.25.75.193" port: 34257 } } peers { permanent_uuid: "e053a0547f50415996c549c0ffee22ba" member_type: VOTER last_known_addr { host: "127.25.75.194" port: 38805 } } peers { permanent_uuid: "1d855eab558f4dbea3edda49780dd9e7" member_type: VOTER last_known_addr { host: "127.25.75.195" port: 35783 } }
I20260601 13:27:43.469421 30566 ts_tablet_manager.cc:1434] T 76c585caa5284fb98be5b91769cb6d98 P e205aaa04b714e2e96a6e3fdda451bae: Time spent starting tablet: real 0.001s	user 0.000s	sys 0.001s
I20260601 13:27:43.469590 30566 tablet_bootstrap.cc:492] T 9e3410b19b9f4a6f92411c996a660256 P e205aaa04b714e2e96a6e3fdda451bae: Bootstrap starting.
I20260601 13:27:43.470464 30560 raft_consensus.cc:385] T 4ead06c8d0a247a2b3c23ac72708906e P 1d855eab558f4dbea3edda49780dd9e7 [term 0 FOLLOWER]: Consensus starting up: Expiring failure detector timer to make a prompt election more likely
I20260601 13:27:43.470580 30560 raft_consensus.cc:740] T 4ead06c8d0a247a2b3c23ac72708906e P 1d855eab558f4dbea3edda49780dd9e7 [term 0 FOLLOWER]: Becoming Follower/Learner. State: Replica: 1d855eab558f4dbea3edda49780dd9e7, State: Initialized, Role: FOLLOWER
I20260601 13:27:43.470604 30559 tablet_bootstrap.cc:492] T 4ead06c8d0a247a2b3c23ac72708906e P e053a0547f50415996c549c0ffee22ba: No bootstrap required, opened a new log
I20260601 13:27:43.470607 30566 tablet_bootstrap.cc:654] T 9e3410b19b9f4a6f92411c996a660256 P e205aaa04b714e2e96a6e3fdda451bae: Neither blocks nor log segments found. Creating new log.
I20260601 13:27:43.470737 30560 consensus_queue.cc:260] T 4ead06c8d0a247a2b3c23ac72708906e P 1d855eab558f4dbea3edda49780dd9e7 [NON_LEADER]: Queue going to NON_LEADER mode. State: All replicated index: 0, Majority replicated index: 0, Committed index: 0, Last appended: 0.0, Last appended by leader: 0, Current term: 0, Majority size: -1, State: 0, Mode: NON_LEADER, active raft config: opid_index: -1 OBSOLETE_local: false peers { permanent_uuid: "e205aaa04b714e2e96a6e3fdda451bae" member_type: VOTER last_known_addr { host: "127.25.75.193" port: 34257 } } peers { permanent_uuid: "e053a0547f50415996c549c0ffee22ba" member_type: VOTER last_known_addr { host: "127.25.75.194" port: 38805 } } peers { permanent_uuid: "1d855eab558f4dbea3edda49780dd9e7" member_type: VOTER last_known_addr { host: "127.25.75.195" port: 35783 } }
I20260601 13:27:43.471043 30560 ts_tablet_manager.cc:1434] T 4ead06c8d0a247a2b3c23ac72708906e P 1d855eab558f4dbea3edda49780dd9e7: Time spent starting tablet: real 0.002s	user 0.001s	sys 0.000s
I20260601 13:27:43.470696 30559 ts_tablet_manager.cc:1403] T 4ead06c8d0a247a2b3c23ac72708906e P e053a0547f50415996c549c0ffee22ba: Time spent bootstrapping tablet: real 0.006s	user 0.000s	sys 0.002s
I20260601 13:27:43.471803 30559 raft_consensus.cc:359] T 4ead06c8d0a247a2b3c23ac72708906e P e053a0547f50415996c549c0ffee22ba [term 0 FOLLOWER]: Replica starting. Triggering 0 pending ops. Active config: opid_index: -1 OBSOLETE_local: false peers { permanent_uuid: "e205aaa04b714e2e96a6e3fdda451bae" member_type: VOTER last_known_addr { host: "127.25.75.193" port: 34257 } } peers { permanent_uuid: "e053a0547f50415996c549c0ffee22ba" member_type: VOTER last_known_addr { host: "127.25.75.194" port: 38805 } } peers { permanent_uuid: "1d855eab558f4dbea3edda49780dd9e7" member_type: VOTER last_known_addr { host: "127.25.75.195" port: 35783 } }
I20260601 13:27:43.471880 30566 tablet_bootstrap.cc:492] T 9e3410b19b9f4a6f92411c996a660256 P e205aaa04b714e2e96a6e3fdda451bae: No bootstrap required, opened a new log
I20260601 13:27:43.471967 30566 ts_tablet_manager.cc:1403] T 9e3410b19b9f4a6f92411c996a660256 P e205aaa04b714e2e96a6e3fdda451bae: Time spent bootstrapping tablet: real 0.002s	user 0.002s	sys 0.000s
I20260601 13:27:43.472311 30566 raft_consensus.cc:359] T 9e3410b19b9f4a6f92411c996a660256 P e205aaa04b714e2e96a6e3fdda451bae [term 0 FOLLOWER]: Replica starting. Triggering 0 pending ops. Active config: opid_index: -1 OBSOLETE_local: false peers { permanent_uuid: "e205aaa04b714e2e96a6e3fdda451bae" member_type: VOTER last_known_addr { host: "127.25.75.193" port: 34257 } } peers { permanent_uuid: "e053a0547f50415996c549c0ffee22ba" member_type: VOTER last_known_addr { host: "127.25.75.194" port: 38805 } } peers { permanent_uuid: "1d855eab558f4dbea3edda49780dd9e7" member_type: VOTER last_known_addr { host: "127.25.75.195" port: 35783 } }
I20260601 13:27:43.472441 30566 raft_consensus.cc:385] T 9e3410b19b9f4a6f92411c996a660256 P e205aaa04b714e2e96a6e3fdda451bae [term 0 FOLLOWER]: Consensus starting up: Expiring failure detector timer to make a prompt election more likely
I20260601 13:27:43.472492 30566 raft_consensus.cc:740] T 9e3410b19b9f4a6f92411c996a660256 P e205aaa04b714e2e96a6e3fdda451bae [term 0 FOLLOWER]: Becoming Follower/Learner. State: Replica: e205aaa04b714e2e96a6e3fdda451bae, State: Initialized, Role: FOLLOWER
I20260601 13:27:43.472640 30566 consensus_queue.cc:260] T 9e3410b19b9f4a6f92411c996a660256 P e205aaa04b714e2e96a6e3fdda451bae [NON_LEADER]: Queue going to NON_LEADER mode. State: All replicated index: 0, Majority replicated index: 0, Committed index: 0, Last appended: 0.0, Last appended by leader: 0, Current term: 0, Majority size: -1, State: 0, Mode: NON_LEADER, active raft config: opid_index: -1 OBSOLETE_local: false peers { permanent_uuid: "e205aaa04b714e2e96a6e3fdda451bae" member_type: VOTER last_known_addr { host: "127.25.75.193" port: 34257 } } peers { permanent_uuid: "e053a0547f50415996c549c0ffee22ba" member_type: VOTER last_known_addr { host: "127.25.75.194" port: 38805 } } peers { permanent_uuid: "1d855eab558f4dbea3edda49780dd9e7" member_type: VOTER last_known_addr { host: "127.25.75.195" port: 35783 } }
I20260601 13:27:43.472867 30566 ts_tablet_manager.cc:1434] T 9e3410b19b9f4a6f92411c996a660256 P e205aaa04b714e2e96a6e3fdda451bae: Time spent starting tablet: real 0.001s	user 0.000s	sys 0.000s
I20260601 13:27:43.473048 30566 tablet_bootstrap.cc:492] T fd11202c1b33442daaae2f03c6225e14 P e205aaa04b714e2e96a6e3fdda451bae: Bootstrap starting.
I20260601 13:27:43.471894 30559 raft_consensus.cc:385] T 4ead06c8d0a247a2b3c23ac72708906e P e053a0547f50415996c549c0ffee22ba [term 0 FOLLOWER]: Consensus starting up: Expiring failure detector timer to make a prompt election more likely
I20260601 13:27:43.473507 30559 raft_consensus.cc:740] T 4ead06c8d0a247a2b3c23ac72708906e P e053a0547f50415996c549c0ffee22ba [term 0 FOLLOWER]: Becoming Follower/Learner. State: Replica: e053a0547f50415996c549c0ffee22ba, State: Initialized, Role: FOLLOWER
I20260601 13:27:43.473635 30559 consensus_queue.cc:260] T 4ead06c8d0a247a2b3c23ac72708906e P e053a0547f50415996c549c0ffee22ba [NON_LEADER]: Queue going to NON_LEADER mode. State: All replicated index: 0, Majority replicated index: 0, Committed index: 0, Last appended: 0.0, Last appended by leader: 0, Current term: 0, Majority size: -1, State: 0, Mode: NON_LEADER, active raft config: opid_index: -1 OBSOLETE_local: false peers { permanent_uuid: "e205aaa04b714e2e96a6e3fdda451bae" member_type: VOTER last_known_addr { host: "127.25.75.193" port: 34257 } } peers { permanent_uuid: "e053a0547f50415996c549c0ffee22ba" member_type: VOTER last_known_addr { host: "127.25.75.194" port: 38805 } } peers { permanent_uuid: "1d855eab558f4dbea3edda49780dd9e7" member_type: VOTER last_known_addr { host: "127.25.75.195" port: 35783 } }
I20260601 13:27:43.473914 30559 ts_tablet_manager.cc:1434] T 4ead06c8d0a247a2b3c23ac72708906e P e053a0547f50415996c549c0ffee22ba: Time spent starting tablet: real 0.003s	user 0.000s	sys 0.001s
I20260601 13:27:43.474104 30559 tablet_bootstrap.cc:492] T 6619051d16aa487c84b736db5f2eca30 P e053a0547f50415996c549c0ffee22ba: Bootstrap starting.
I20260601 13:27:43.475001 30559 tablet_bootstrap.cc:654] T 6619051d16aa487c84b736db5f2eca30 P e053a0547f50415996c549c0ffee22ba: Neither blocks nor log segments found. Creating new log.
I20260601 13:27:43.476176 30559 tablet_bootstrap.cc:492] T 6619051d16aa487c84b736db5f2eca30 P e053a0547f50415996c549c0ffee22ba: No bootstrap required, opened a new log
I20260601 13:27:43.476263 30559 ts_tablet_manager.cc:1403] T 6619051d16aa487c84b736db5f2eca30 P e053a0547f50415996c549c0ffee22ba: Time spent bootstrapping tablet: real 0.002s	user 0.001s	sys 0.001s
I20260601 13:27:43.476631 30559 raft_consensus.cc:359] T 6619051d16aa487c84b736db5f2eca30 P e053a0547f50415996c549c0ffee22ba [term 0 FOLLOWER]: Replica starting. Triggering 0 pending ops. Active config: opid_index: -1 OBSOLETE_local: false peers { permanent_uuid: "e205aaa04b714e2e96a6e3fdda451bae" member_type: VOTER last_known_addr { host: "127.25.75.193" port: 34257 } } peers { permanent_uuid: "e053a0547f50415996c549c0ffee22ba" member_type: VOTER last_known_addr { host: "127.25.75.194" port: 38805 } } peers { permanent_uuid: "1d855eab558f4dbea3edda49780dd9e7" member_type: VOTER last_known_addr { host: "127.25.75.195" port: 35783 } }
I20260601 13:27:43.476753 30559 raft_consensus.cc:385] T 6619051d16aa487c84b736db5f2eca30 P e053a0547f50415996c549c0ffee22ba [term 0 FOLLOWER]: Consensus starting up: Expiring failure detector timer to make a prompt election more likely
I20260601 13:27:43.476791 30559 raft_consensus.cc:740] T 6619051d16aa487c84b736db5f2eca30 P e053a0547f50415996c549c0ffee22ba [term 0 FOLLOWER]: Becoming Follower/Learner. State: Replica: e053a0547f50415996c549c0ffee22ba, State: Initialized, Role: FOLLOWER
I20260601 13:27:43.476917 30559 consensus_queue.cc:260] T 6619051d16aa487c84b736db5f2eca30 P e053a0547f50415996c549c0ffee22ba [NON_LEADER]: Queue going to NON_LEADER mode. State: All replicated index: 0, Majority replicated index: 0, Committed index: 0, Last appended: 0.0, Last appended by leader: 0, Current term: 0, Majority size: -1, State: 0, Mode: NON_LEADER, active raft config: opid_index: -1 OBSOLETE_local: false peers { permanent_uuid: "e205aaa04b714e2e96a6e3fdda451bae" member_type: VOTER last_known_addr { host: "127.25.75.193" port: 34257 } } peers { permanent_uuid: "e053a0547f50415996c549c0ffee22ba" member_type: VOTER last_known_addr { host: "127.25.75.194" port: 38805 } } peers { permanent_uuid: "1d855eab558f4dbea3edda49780dd9e7" member_type: VOTER last_known_addr { host: "127.25.75.195" port: 35783 } }
I20260601 13:27:43.477181 30559 ts_tablet_manager.cc:1434] T 6619051d16aa487c84b736db5f2eca30 P e053a0547f50415996c549c0ffee22ba: Time spent starting tablet: real 0.001s	user 0.000s	sys 0.000s
I20260601 13:27:43.477334 30559 tablet_bootstrap.cc:492] T 7f3020f23a60430da0090a8982e8529b P e053a0547f50415996c549c0ffee22ba: Bootstrap starting.
I20260601 13:27:43.478268 30559 tablet_bootstrap.cc:654] T 7f3020f23a60430da0090a8982e8529b P e053a0547f50415996c549c0ffee22ba: Neither blocks nor log segments found. Creating new log.
I20260601 13:27:43.476261 30566 tablet_bootstrap.cc:654] T fd11202c1b33442daaae2f03c6225e14 P e205aaa04b714e2e96a6e3fdda451bae: Neither blocks nor log segments found. Creating new log.
I20260601 13:27:43.479415 30559 tablet_bootstrap.cc:492] T 7f3020f23a60430da0090a8982e8529b P e053a0547f50415996c549c0ffee22ba: No bootstrap required, opened a new log
I20260601 13:27:43.479518 30559 ts_tablet_manager.cc:1403] T 7f3020f23a60430da0090a8982e8529b P e053a0547f50415996c549c0ffee22ba: Time spent bootstrapping tablet: real 0.002s	user 0.002s	sys 0.000s
I20260601 13:27:43.479557 30566 tablet_bootstrap.cc:492] T fd11202c1b33442daaae2f03c6225e14 P e205aaa04b714e2e96a6e3fdda451bae: No bootstrap required, opened a new log
I20260601 13:27:43.479782 30566 ts_tablet_manager.cc:1403] T fd11202c1b33442daaae2f03c6225e14 P e205aaa04b714e2e96a6e3fdda451bae: Time spent bootstrapping tablet: real 0.007s	user 0.002s	sys 0.000s
I20260601 13:27:43.479964 30559 raft_consensus.cc:359] T 7f3020f23a60430da0090a8982e8529b P e053a0547f50415996c549c0ffee22ba [term 0 FOLLOWER]: Replica starting. Triggering 0 pending ops. Active config: opid_index: -1 OBSOLETE_local: false peers { permanent_uuid: "e205aaa04b714e2e96a6e3fdda451bae" member_type: VOTER last_known_addr { host: "127.25.75.193" port: 34257 } } peers { permanent_uuid: "e053a0547f50415996c549c0ffee22ba" member_type: VOTER last_known_addr { host: "127.25.75.194" port: 38805 } } peers { permanent_uuid: "1d855eab558f4dbea3edda49780dd9e7" member_type: VOTER last_known_addr { host: "127.25.75.195" port: 35783 } }
I20260601 13:27:43.480062 30559 raft_consensus.cc:385] T 7f3020f23a60430da0090a8982e8529b P e053a0547f50415996c549c0ffee22ba [term 0 FOLLOWER]: Consensus starting up: Expiring failure detector timer to make a prompt election more likely
I20260601 13:27:43.480110 30559 raft_consensus.cc:740] T 7f3020f23a60430da0090a8982e8529b P e053a0547f50415996c549c0ffee22ba [term 0 FOLLOWER]: Becoming Follower/Learner. State: Replica: e053a0547f50415996c549c0ffee22ba, State: Initialized, Role: FOLLOWER
I20260601 13:27:43.480118 30566 raft_consensus.cc:359] T fd11202c1b33442daaae2f03c6225e14 P e205aaa04b714e2e96a6e3fdda451bae [term 0 FOLLOWER]: Replica starting. Triggering 0 pending ops. Active config: opid_index: -1 OBSOLETE_local: false peers { permanent_uuid: "e205aaa04b714e2e96a6e3fdda451bae" member_type: VOTER last_known_addr { host: "127.25.75.193" port: 34257 } } peers { permanent_uuid: "e053a0547f50415996c549c0ffee22ba" member_type: VOTER last_known_addr { host: "127.25.75.194" port: 38805 } } peers { permanent_uuid: "1d855eab558f4dbea3edda49780dd9e7" member_type: VOTER last_known_addr { host: "127.25.75.195" port: 35783 } }
I20260601 13:27:43.480254 30566 raft_consensus.cc:385] T fd11202c1b33442daaae2f03c6225e14 P e205aaa04b714e2e96a6e3fdda451bae [term 0 FOLLOWER]: Consensus starting up: Expiring failure detector timer to make a prompt election more likely
I20260601 13:27:43.480294 30566 raft_consensus.cc:740] T fd11202c1b33442daaae2f03c6225e14 P e205aaa04b714e2e96a6e3fdda451bae [term 0 FOLLOWER]: Becoming Follower/Learner. State: Replica: e205aaa04b714e2e96a6e3fdda451bae, State: Initialized, Role: FOLLOWER
I20260601 13:27:43.480268 30559 consensus_queue.cc:260] T 7f3020f23a60430da0090a8982e8529b P e053a0547f50415996c549c0ffee22ba [NON_LEADER]: Queue going to NON_LEADER mode. State: All replicated index: 0, Majority replicated index: 0, Committed index: 0, Last appended: 0.0, Last appended by leader: 0, Current term: 0, Majority size: -1, State: 0, Mode: NON_LEADER, active raft config: opid_index: -1 OBSOLETE_local: false peers { permanent_uuid: "e205aaa04b714e2e96a6e3fdda451bae" member_type: VOTER last_known_addr { host: "127.25.75.193" port: 34257 } } peers { permanent_uuid: "e053a0547f50415996c549c0ffee22ba" member_type: VOTER last_known_addr { host: "127.25.75.194" port: 38805 } } peers { permanent_uuid: "1d855eab558f4dbea3edda49780dd9e7" member_type: VOTER last_known_addr { host: "127.25.75.195" port: 35783 } }
I20260601 13:27:43.480530 30559 ts_tablet_manager.cc:1434] T 7f3020f23a60430da0090a8982e8529b P e053a0547f50415996c549c0ffee22ba: Time spent starting tablet: real 0.001s	user 0.000s	sys 0.000s
I20260601 13:27:43.480513 30566 consensus_queue.cc:260] T fd11202c1b33442daaae2f03c6225e14 P e205aaa04b714e2e96a6e3fdda451bae [NON_LEADER]: Queue going to NON_LEADER mode. State: All replicated index: 0, Majority replicated index: 0, Committed index: 0, Last appended: 0.0, Last appended by leader: 0, Current term: 0, Majority size: -1, State: 0, Mode: NON_LEADER, active raft config: opid_index: -1 OBSOLETE_local: false peers { permanent_uuid: "e205aaa04b714e2e96a6e3fdda451bae" member_type: VOTER last_known_addr { host: "127.25.75.193" port: 34257 } } peers { permanent_uuid: "e053a0547f50415996c549c0ffee22ba" member_type: VOTER last_known_addr { host: "127.25.75.194" port: 38805 } } peers { permanent_uuid: "1d855eab558f4dbea3edda49780dd9e7" member_type: VOTER last_known_addr { host: "127.25.75.195" port: 35783 } }
I20260601 13:27:43.480751 30559 tablet_bootstrap.cc:492] T 76c585caa5284fb98be5b91769cb6d98 P e053a0547f50415996c549c0ffee22ba: Bootstrap starting.
I20260601 13:27:43.480901 30566 ts_tablet_manager.cc:1434] T fd11202c1b33442daaae2f03c6225e14 P e205aaa04b714e2e96a6e3fdda451bae: Time spent starting tablet: real 0.001s	user 0.001s	sys 0.000s
I20260601 13:27:43.481051 30566 tablet_bootstrap.cc:492] T 5d36c542d80a4105ac94ef58259d226e P e205aaa04b714e2e96a6e3fdda451bae: Bootstrap starting.
I20260601 13:27:43.481710 30559 tablet_bootstrap.cc:654] T 76c585caa5284fb98be5b91769cb6d98 P e053a0547f50415996c549c0ffee22ba: Neither blocks nor log segments found. Creating new log.
I20260601 13:27:43.482020 30566 tablet_bootstrap.cc:654] T 5d36c542d80a4105ac94ef58259d226e P e205aaa04b714e2e96a6e3fdda451bae: Neither blocks nor log segments found. Creating new log.
I20260601 13:27:43.482810 30559 tablet_bootstrap.cc:492] T 76c585caa5284fb98be5b91769cb6d98 P e053a0547f50415996c549c0ffee22ba: No bootstrap required, opened a new log
I20260601 13:27:43.482898 30559 ts_tablet_manager.cc:1403] T 76c585caa5284fb98be5b91769cb6d98 P e053a0547f50415996c549c0ffee22ba: Time spent bootstrapping tablet: real 0.002s	user 0.002s	sys 0.000s
I20260601 13:27:43.483107 30566 tablet_bootstrap.cc:492] T 5d36c542d80a4105ac94ef58259d226e P e205aaa04b714e2e96a6e3fdda451bae: No bootstrap required, opened a new log
I20260601 13:27:43.483219 30566 ts_tablet_manager.cc:1403] T 5d36c542d80a4105ac94ef58259d226e P e205aaa04b714e2e96a6e3fdda451bae: Time spent bootstrapping tablet: real 0.002s	user 0.002s	sys 0.000s
I20260601 13:27:43.483305 30559 raft_consensus.cc:359] T 76c585caa5284fb98be5b91769cb6d98 P e053a0547f50415996c549c0ffee22ba [term 0 FOLLOWER]: Replica starting. Triggering 0 pending ops. Active config: opid_index: -1 OBSOLETE_local: false peers { permanent_uuid: "e205aaa04b714e2e96a6e3fdda451bae" member_type: VOTER last_known_addr { host: "127.25.75.193" port: 34257 } } peers { permanent_uuid: "e053a0547f50415996c549c0ffee22ba" member_type: VOTER last_known_addr { host: "127.25.75.194" port: 38805 } } peers { permanent_uuid: "1d855eab558f4dbea3edda49780dd9e7" member_type: VOTER last_known_addr { host: "127.25.75.195" port: 35783 } }
I20260601 13:27:43.483410 30559 raft_consensus.cc:385] T 76c585caa5284fb98be5b91769cb6d98 P e053a0547f50415996c549c0ffee22ba [term 0 FOLLOWER]: Consensus starting up: Expiring failure detector timer to make a prompt election more likely
I20260601 13:27:43.483497 30559 raft_consensus.cc:740] T 76c585caa5284fb98be5b91769cb6d98 P e053a0547f50415996c549c0ffee22ba [term 0 FOLLOWER]: Becoming Follower/Learner. State: Replica: e053a0547f50415996c549c0ffee22ba, State: Initialized, Role: FOLLOWER
I20260601 13:27:43.483619 30559 consensus_queue.cc:260] T 76c585caa5284fb98be5b91769cb6d98 P e053a0547f50415996c549c0ffee22ba [NON_LEADER]: Queue going to NON_LEADER mode. State: All replicated index: 0, Majority replicated index: 0, Committed index: 0, Last appended: 0.0, Last appended by leader: 0, Current term: 0, Majority size: -1, State: 0, Mode: NON_LEADER, active raft config: opid_index: -1 OBSOLETE_local: false peers { permanent_uuid: "e205aaa04b714e2e96a6e3fdda451bae" member_type: VOTER last_known_addr { host: "127.25.75.193" port: 34257 } } peers { permanent_uuid: "e053a0547f50415996c549c0ffee22ba" member_type: VOTER last_known_addr { host: "127.25.75.194" port: 38805 } } peers { permanent_uuid: "1d855eab558f4dbea3edda49780dd9e7" member_type: VOTER last_known_addr { host: "127.25.75.195" port: 35783 } }
I20260601 13:27:43.483716 30566 raft_consensus.cc:359] T 5d36c542d80a4105ac94ef58259d226e P e205aaa04b714e2e96a6e3fdda451bae [term 0 FOLLOWER]: Replica starting. Triggering 0 pending ops. Active config: opid_index: -1 OBSOLETE_local: false peers { permanent_uuid: "e205aaa04b714e2e96a6e3fdda451bae" member_type: VOTER last_known_addr { host: "127.25.75.193" port: 34257 } } peers { permanent_uuid: "e053a0547f50415996c549c0ffee22ba" member_type: VOTER last_known_addr { host: "127.25.75.194" port: 38805 } } peers { permanent_uuid: "1d855eab558f4dbea3edda49780dd9e7" member_type: VOTER last_known_addr { host: "127.25.75.195" port: 35783 } }
I20260601 13:27:43.483879 30559 ts_tablet_manager.cc:1434] T 76c585caa5284fb98be5b91769cb6d98 P e053a0547f50415996c549c0ffee22ba: Time spent starting tablet: real 0.001s	user 0.001s	sys 0.000s
I20260601 13:27:43.483917 30566 raft_consensus.cc:385] T 5d36c542d80a4105ac94ef58259d226e P e205aaa04b714e2e96a6e3fdda451bae [term 0 FOLLOWER]: Consensus starting up: Expiring failure detector timer to make a prompt election more likely
I20260601 13:27:43.484007 30566 raft_consensus.cc:740] T 5d36c542d80a4105ac94ef58259d226e P e205aaa04b714e2e96a6e3fdda451bae [term 0 FOLLOWER]: Becoming Follower/Learner. State: Replica: e205aaa04b714e2e96a6e3fdda451bae, State: Initialized, Role: FOLLOWER
I20260601 13:27:43.484130 30566 consensus_queue.cc:260] T 5d36c542d80a4105ac94ef58259d226e P e205aaa04b714e2e96a6e3fdda451bae [NON_LEADER]: Queue going to NON_LEADER mode. State: All replicated index: 0, Majority replicated index: 0, Committed index: 0, Last appended: 0.0, Last appended by leader: 0, Current term: 0, Majority size: -1, State: 0, Mode: NON_LEADER, active raft config: opid_index: -1 OBSOLETE_local: false peers { permanent_uuid: "e205aaa04b714e2e96a6e3fdda451bae" member_type: VOTER last_known_addr { host: "127.25.75.193" port: 34257 } } peers { permanent_uuid: "e053a0547f50415996c549c0ffee22ba" member_type: VOTER last_known_addr { host: "127.25.75.194" port: 38805 } } peers { permanent_uuid: "1d855eab558f4dbea3edda49780dd9e7" member_type: VOTER last_known_addr { host: "127.25.75.195" port: 35783 } }
I20260601 13:27:43.484411 30566 ts_tablet_manager.cc:1434] T 5d36c542d80a4105ac94ef58259d226e P e205aaa04b714e2e96a6e3fdda451bae: Time spent starting tablet: real 0.001s	user 0.001s	sys 0.000s
I20260601 13:27:43.484630 30566 tablet_bootstrap.cc:492] T 17759e42314d49d2be9ac313b1a5865b P e205aaa04b714e2e96a6e3fdda451bae: Bootstrap starting.
I20260601 13:27:43.485646 30566 tablet_bootstrap.cc:654] T 17759e42314d49d2be9ac313b1a5865b P e205aaa04b714e2e96a6e3fdda451bae: Neither blocks nor log segments found. Creating new log.
I20260601 13:27:43.486663 30566 tablet_bootstrap.cc:492] T 17759e42314d49d2be9ac313b1a5865b P e205aaa04b714e2e96a6e3fdda451bae: No bootstrap required, opened a new log
I20260601 13:27:43.486732 30566 ts_tablet_manager.cc:1403] T 17759e42314d49d2be9ac313b1a5865b P e205aaa04b714e2e96a6e3fdda451bae: Time spent bootstrapping tablet: real 0.002s	user 0.001s	sys 0.000s
I20260601 13:27:43.487142 30566 raft_consensus.cc:359] T 17759e42314d49d2be9ac313b1a5865b P e205aaa04b714e2e96a6e3fdda451bae [term 0 FOLLOWER]: Replica starting. Triggering 0 pending ops. Active config: opid_index: -1 OBSOLETE_local: false peers { permanent_uuid: "e205aaa04b714e2e96a6e3fdda451bae" member_type: VOTER last_known_addr { host: "127.25.75.193" port: 34257 } } peers { permanent_uuid: "e053a0547f50415996c549c0ffee22ba" member_type: VOTER last_known_addr { host: "127.25.75.194" port: 38805 } } peers { permanent_uuid: "1d855eab558f4dbea3edda49780dd9e7" member_type: VOTER last_known_addr { host: "127.25.75.195" port: 35783 } }
I20260601 13:27:43.487232 30566 raft_consensus.cc:385] T 17759e42314d49d2be9ac313b1a5865b P e205aaa04b714e2e96a6e3fdda451bae [term 0 FOLLOWER]: Consensus starting up: Expiring failure detector timer to make a prompt election more likely
I20260601 13:27:43.487253 30566 raft_consensus.cc:740] T 17759e42314d49d2be9ac313b1a5865b P e205aaa04b714e2e96a6e3fdda451bae [term 0 FOLLOWER]: Becoming Follower/Learner. State: Replica: e205aaa04b714e2e96a6e3fdda451bae, State: Initialized, Role: FOLLOWER
I20260601 13:27:43.487391 30566 consensus_queue.cc:260] T 17759e42314d49d2be9ac313b1a5865b P e205aaa04b714e2e96a6e3fdda451bae [NON_LEADER]: Queue going to NON_LEADER mode. State: All replicated index: 0, Majority replicated index: 0, Committed index: 0, Last appended: 0.0, Last appended by leader: 0, Current term: 0, Majority size: -1, State: 0, Mode: NON_LEADER, active raft config: opid_index: -1 OBSOLETE_local: false peers { permanent_uuid: "e205aaa04b714e2e96a6e3fdda451bae" member_type: VOTER last_known_addr { host: "127.25.75.193" port: 34257 } } peers { permanent_uuid: "e053a0547f50415996c549c0ffee22ba" member_type: VOTER last_known_addr { host: "127.25.75.194" port: 38805 } } peers { permanent_uuid: "1d855eab558f4dbea3edda49780dd9e7" member_type: VOTER last_known_addr { host: "127.25.75.195" port: 35783 } }
I20260601 13:27:43.487689 30566 ts_tablet_manager.cc:1434] T 17759e42314d49d2be9ac313b1a5865b P e205aaa04b714e2e96a6e3fdda451bae: Time spent starting tablet: real 0.001s	user 0.000s	sys 0.000s
I20260601 13:27:43.487891 30566 tablet_bootstrap.cc:492] T 6619051d16aa487c84b736db5f2eca30 P e205aaa04b714e2e96a6e3fdda451bae: Bootstrap starting.
I20260601 13:27:43.488765 30566 tablet_bootstrap.cc:654] T 6619051d16aa487c84b736db5f2eca30 P e205aaa04b714e2e96a6e3fdda451bae: Neither blocks nor log segments found. Creating new log.
I20260601 13:27:43.489845 30566 tablet_bootstrap.cc:492] T 6619051d16aa487c84b736db5f2eca30 P e205aaa04b714e2e96a6e3fdda451bae: No bootstrap required, opened a new log
I20260601 13:27:43.489966 30566 ts_tablet_manager.cc:1403] T 6619051d16aa487c84b736db5f2eca30 P e205aaa04b714e2e96a6e3fdda451bae: Time spent bootstrapping tablet: real 0.002s	user 0.000s	sys 0.002s
I20260601 13:27:43.490345 30566 raft_consensus.cc:359] T 6619051d16aa487c84b736db5f2eca30 P e205aaa04b714e2e96a6e3fdda451bae [term 0 FOLLOWER]: Replica starting. Triggering 0 pending ops. Active config: opid_index: -1 OBSOLETE_local: false peers { permanent_uuid: "e205aaa04b714e2e96a6e3fdda451bae" member_type: VOTER last_known_addr { host: "127.25.75.193" port: 34257 } } peers { permanent_uuid: "e053a0547f50415996c549c0ffee22ba" member_type: VOTER last_known_addr { host: "127.25.75.194" port: 38805 } } peers { permanent_uuid: "1d855eab558f4dbea3edda49780dd9e7" member_type: VOTER last_known_addr { host: "127.25.75.195" port: 35783 } }
I20260601 13:27:43.490477 30566 raft_consensus.cc:385] T 6619051d16aa487c84b736db5f2eca30 P e205aaa04b714e2e96a6e3fdda451bae [term 0 FOLLOWER]: Consensus starting up: Expiring failure detector timer to make a prompt election more likely
I20260601 13:27:43.490530 30566 raft_consensus.cc:740] T 6619051d16aa487c84b736db5f2eca30 P e205aaa04b714e2e96a6e3fdda451bae [term 0 FOLLOWER]: Becoming Follower/Learner. State: Replica: e205aaa04b714e2e96a6e3fdda451bae, State: Initialized, Role: FOLLOWER
I20260601 13:27:43.490646 30566 consensus_queue.cc:260] T 6619051d16aa487c84b736db5f2eca30 P e205aaa04b714e2e96a6e3fdda451bae [NON_LEADER]: Queue going to NON_LEADER mode. State: All replicated index: 0, Majority replicated index: 0, Committed index: 0, Last appended: 0.0, Last appended by leader: 0, Current term: 0, Majority size: -1, State: 0, Mode: NON_LEADER, active raft config: opid_index: -1 OBSOLETE_local: false peers { permanent_uuid: "e205aaa04b714e2e96a6e3fdda451bae" member_type: VOTER last_known_addr { host: "127.25.75.193" port: 34257 } } peers { permanent_uuid: "e053a0547f50415996c549c0ffee22ba" member_type: VOTER last_known_addr { host: "127.25.75.194" port: 38805 } } peers { permanent_uuid: "1d855eab558f4dbea3edda49780dd9e7" member_type: VOTER last_known_addr { host: "127.25.75.195" port: 35783 } }
I20260601 13:27:43.490911 30566 ts_tablet_manager.cc:1434] T 6619051d16aa487c84b736db5f2eca30 P e205aaa04b714e2e96a6e3fdda451bae: Time spent starting tablet: real 0.001s	user 0.000s	sys 0.000s
I20260601 13:27:43.491089 30566 tablet_bootstrap.cc:492] T 7f3020f23a60430da0090a8982e8529b P e205aaa04b714e2e96a6e3fdda451bae: Bootstrap starting.
I20260601 13:27:43.491847 30566 tablet_bootstrap.cc:654] T 7f3020f23a60430da0090a8982e8529b P e205aaa04b714e2e96a6e3fdda451bae: Neither blocks nor log segments found. Creating new log.
I20260601 13:27:43.492867 30566 tablet_bootstrap.cc:492] T 7f3020f23a60430da0090a8982e8529b P e205aaa04b714e2e96a6e3fdda451bae: No bootstrap required, opened a new log
I20260601 13:27:43.492952 30566 ts_tablet_manager.cc:1403] T 7f3020f23a60430da0090a8982e8529b P e205aaa04b714e2e96a6e3fdda451bae: Time spent bootstrapping tablet: real 0.002s	user 0.001s	sys 0.000s
I20260601 13:27:43.493315 30566 raft_consensus.cc:359] T 7f3020f23a60430da0090a8982e8529b P e205aaa04b714e2e96a6e3fdda451bae [term 0 FOLLOWER]: Replica starting. Triggering 0 pending ops. Active config: opid_index: -1 OBSOLETE_local: false peers { permanent_uuid: "e205aaa04b714e2e96a6e3fdda451bae" member_type: VOTER last_known_addr { host: "127.25.75.193" port: 34257 } } peers { permanent_uuid: "e053a0547f50415996c549c0ffee22ba" member_type: VOTER last_known_addr { host: "127.25.75.194" port: 38805 } } peers { permanent_uuid: "1d855eab558f4dbea3edda49780dd9e7" member_type: VOTER last_known_addr { host: "127.25.75.195" port: 35783 } }
I20260601 13:27:43.493417 30566 raft_consensus.cc:385] T 7f3020f23a60430da0090a8982e8529b P e205aaa04b714e2e96a6e3fdda451bae [term 0 FOLLOWER]: Consensus starting up: Expiring failure detector timer to make a prompt election more likely
I20260601 13:27:43.493462 30566 raft_consensus.cc:740] T 7f3020f23a60430da0090a8982e8529b P e205aaa04b714e2e96a6e3fdda451bae [term 0 FOLLOWER]: Becoming Follower/Learner. State: Replica: e205aaa04b714e2e96a6e3fdda451bae, State: Initialized, Role: FOLLOWER
I20260601 13:27:43.493574 30566 consensus_queue.cc:260] T 7f3020f23a60430da0090a8982e8529b P e205aaa04b714e2e96a6e3fdda451bae [NON_LEADER]: Queue going to NON_LEADER mode. State: All replicated index: 0, Majority replicated index: 0, Committed index: 0, Last appended: 0.0, Last appended by leader: 0, Current term: 0, Majority size: -1, State: 0, Mode: NON_LEADER, active raft config: opid_index: -1 OBSOLETE_local: false peers { permanent_uuid: "e205aaa04b714e2e96a6e3fdda451bae" member_type: VOTER last_known_addr { host: "127.25.75.193" port: 34257 } } peers { permanent_uuid: "e053a0547f50415996c549c0ffee22ba" member_type: VOTER last_known_addr { host: "127.25.75.194" port: 38805 } } peers { permanent_uuid: "1d855eab558f4dbea3edda49780dd9e7" member_type: VOTER last_known_addr { host: "127.25.75.195" port: 35783 } }
I20260601 13:27:43.493800 30582 raft_consensus.cc:493] T 76c585caa5284fb98be5b91769cb6d98 P e053a0547f50415996c549c0ffee22ba [term 0 FOLLOWER]: Starting pre-election (no leader contacted us within the election timeout)
I20260601 13:27:43.493867 30566 ts_tablet_manager.cc:1434] T 7f3020f23a60430da0090a8982e8529b P e205aaa04b714e2e96a6e3fdda451bae: Time spent starting tablet: real 0.001s	user 0.000s	sys 0.000s
I20260601 13:27:43.493896 30582 raft_consensus.cc:515] T 76c585caa5284fb98be5b91769cb6d98 P e053a0547f50415996c549c0ffee22ba [term 0 FOLLOWER]: Starting pre-election with config: opid_index: -1 OBSOLETE_local: false peers { permanent_uuid: "e205aaa04b714e2e96a6e3fdda451bae" member_type: VOTER last_known_addr { host: "127.25.75.193" port: 34257 } } peers { permanent_uuid: "e053a0547f50415996c549c0ffee22ba" member_type: VOTER last_known_addr { host: "127.25.75.194" port: 38805 } } peers { permanent_uuid: "1d855eab558f4dbea3edda49780dd9e7" member_type: VOTER last_known_addr { host: "127.25.75.195" port: 35783 } }
I20260601 13:27:43.494138 30566 tablet_bootstrap.cc:492] T db1e8c20c6654f09a29f065833c3c6a9 P e205aaa04b714e2e96a6e3fdda451bae: Bootstrap starting.
I20260601 13:27:43.494439 30582 leader_election.cc:290] T 76c585caa5284fb98be5b91769cb6d98 P e053a0547f50415996c549c0ffee22ba [CANDIDATE]: Term 1 pre-election: Requested pre-vote from peers e205aaa04b714e2e96a6e3fdda451bae (127.25.75.193:34257), 1d855eab558f4dbea3edda49780dd9e7 (127.25.75.195:35783)
I20260601 13:27:43.494796 30355 tablet_service.cc:1917] Received RequestConsensusVote() RPC: tablet_id: "76c585caa5284fb98be5b91769cb6d98" candidate_uuid: "e053a0547f50415996c549c0ffee22ba" candidate_term: 1 candidate_status { last_received { term: 0 index: 0 } } ignore_live_leader: false dest_uuid: "e205aaa04b714e2e96a6e3fdda451bae" is_pre_election: true
I20260601 13:27:43.494796 30510 tablet_service.cc:1917] Received RequestConsensusVote() RPC: tablet_id: "76c585caa5284fb98be5b91769cb6d98" candidate_uuid: "e053a0547f50415996c549c0ffee22ba" candidate_term: 1 candidate_status { last_received { term: 0 index: 0 } } ignore_live_leader: false dest_uuid: "1d855eab558f4dbea3edda49780dd9e7" is_pre_election: true
I20260601 13:27:43.494935 30510 raft_consensus.cc:2468] T 76c585caa5284fb98be5b91769cb6d98 P 1d855eab558f4dbea3edda49780dd9e7 [term 0 FOLLOWER]: Leader pre-election vote request: Granting yes vote for candidate e053a0547f50415996c549c0ffee22ba in term 0.
I20260601 13:27:43.494946 30355 raft_consensus.cc:2468] T 76c585caa5284fb98be5b91769cb6d98 P e205aaa04b714e2e96a6e3fdda451bae [term 0 FOLLOWER]: Leader pre-election vote request: Granting yes vote for candidate e053a0547f50415996c549c0ffee22ba in term 0.
I20260601 13:27:43.495146 30566 tablet_bootstrap.cc:654] T db1e8c20c6654f09a29f065833c3c6a9 P e205aaa04b714e2e96a6e3fdda451bae: Neither blocks nor log segments found. Creating new log.
I20260601 13:27:43.495234 30400 leader_election.cc:304] T 76c585caa5284fb98be5b91769cb6d98 P e053a0547f50415996c549c0ffee22ba [CANDIDATE]: Term 1 pre-election: Election decided. Result: candidate won. Election summary: received 2 responses out of 3 voters: 2 yes votes; 0 no votes. yes voters: 1d855eab558f4dbea3edda49780dd9e7, e053a0547f50415996c549c0ffee22ba; no voters: 
I20260601 13:27:43.495491 30582 raft_consensus.cc:2804] T 76c585caa5284fb98be5b91769cb6d98 P e053a0547f50415996c549c0ffee22ba [term 0 FOLLOWER]: Leader pre-election won for term 1
I20260601 13:27:43.495549 30582 raft_consensus.cc:493] T 76c585caa5284fb98be5b91769cb6d98 P e053a0547f50415996c549c0ffee22ba [term 0 FOLLOWER]: Starting leader election (no leader contacted us within the election timeout)
I20260601 13:27:43.495590 30582 raft_consensus.cc:3060] T 76c585caa5284fb98be5b91769cb6d98 P e053a0547f50415996c549c0ffee22ba [term 0 FOLLOWER]: Advancing to term 1
I20260601 13:27:43.496683 30566 tablet_bootstrap.cc:492] T db1e8c20c6654f09a29f065833c3c6a9 P e205aaa04b714e2e96a6e3fdda451bae: No bootstrap required, opened a new log
I20260601 13:27:43.496688 30582 raft_consensus.cc:515] T 76c585caa5284fb98be5b91769cb6d98 P e053a0547f50415996c549c0ffee22ba [term 1 FOLLOWER]: Starting leader election with config: opid_index: -1 OBSOLETE_local: false peers { permanent_uuid: "e205aaa04b714e2e96a6e3fdda451bae" member_type: VOTER last_known_addr { host: "127.25.75.193" port: 34257 } } peers { permanent_uuid: "e053a0547f50415996c549c0ffee22ba" member_type: VOTER last_known_addr { host: "127.25.75.194" port: 38805 } } peers { permanent_uuid: "1d855eab558f4dbea3edda49780dd9e7" member_type: VOTER last_known_addr { host: "127.25.75.195" port: 35783 } }
I20260601 13:27:43.496793 30566 ts_tablet_manager.cc:1403] T db1e8c20c6654f09a29f065833c3c6a9 P e205aaa04b714e2e96a6e3fdda451bae: Time spent bootstrapping tablet: real 0.003s	user 0.002s	sys 0.000s
I20260601 13:27:43.497117 30582 leader_election.cc:290] T 76c585caa5284fb98be5b91769cb6d98 P e053a0547f50415996c549c0ffee22ba [CANDIDATE]: Term 1 election: Requested vote from peers e205aaa04b714e2e96a6e3fdda451bae (127.25.75.193:34257), 1d855eab558f4dbea3edda49780dd9e7 (127.25.75.195:35783)
I20260601 13:27:43.497243 30566 raft_consensus.cc:359] T db1e8c20c6654f09a29f065833c3c6a9 P e205aaa04b714e2e96a6e3fdda451bae [term 0 FOLLOWER]: Replica starting. Triggering 0 pending ops. Active config: opid_index: -1 OBSOLETE_local: false peers { permanent_uuid: "e205aaa04b714e2e96a6e3fdda451bae" member_type: VOTER last_known_addr { host: "127.25.75.193" port: 34257 } } peers { permanent_uuid: "e053a0547f50415996c549c0ffee22ba" member_type: VOTER last_known_addr { host: "127.25.75.194" port: 38805 } } peers { permanent_uuid: "1d855eab558f4dbea3edda49780dd9e7" member_type: VOTER last_known_addr { host: "127.25.75.195" port: 35783 } }
I20260601 13:27:43.497367 30566 raft_consensus.cc:385] T db1e8c20c6654f09a29f065833c3c6a9 P e205aaa04b714e2e96a6e3fdda451bae [term 0 FOLLOWER]: Consensus starting up: Expiring failure detector timer to make a prompt election more likely
I20260601 13:27:43.497414 30566 raft_consensus.cc:740] T db1e8c20c6654f09a29f065833c3c6a9 P e205aaa04b714e2e96a6e3fdda451bae [term 0 FOLLOWER]: Becoming Follower/Learner. State: Replica: e205aaa04b714e2e96a6e3fdda451bae, State: Initialized, Role: FOLLOWER
I20260601 13:27:43.497560 30355 tablet_service.cc:1917] Received RequestConsensusVote() RPC: tablet_id: "76c585caa5284fb98be5b91769cb6d98" candidate_uuid: "e053a0547f50415996c549c0ffee22ba" candidate_term: 1 candidate_status { last_received { term: 0 index: 0 } } ignore_live_leader: false dest_uuid: "e205aaa04b714e2e96a6e3fdda451bae"
I20260601 13:27:43.497582 30566 consensus_queue.cc:260] T db1e8c20c6654f09a29f065833c3c6a9 P e205aaa04b714e2e96a6e3fdda451bae [NON_LEADER]: Queue going to NON_LEADER mode. State: All replicated index: 0, Majority replicated index: 0, Committed index: 0, Last appended: 0.0, Last appended by leader: 0, Current term: 0, Majority size: -1, State: 0, Mode: NON_LEADER, active raft config: opid_index: -1 OBSOLETE_local: false peers { permanent_uuid: "e205aaa04b714e2e96a6e3fdda451bae" member_type: VOTER last_known_addr { host: "127.25.75.193" port: 34257 } } peers { permanent_uuid: "e053a0547f50415996c549c0ffee22ba" member_type: VOTER last_known_addr { host: "127.25.75.194" port: 38805 } } peers { permanent_uuid: "1d855eab558f4dbea3edda49780dd9e7" member_type: VOTER last_known_addr { host: "127.25.75.195" port: 35783 } }
I20260601 13:27:43.497645 30355 raft_consensus.cc:3060] T 76c585caa5284fb98be5b91769cb6d98 P e205aaa04b714e2e96a6e3fdda451bae [term 0 FOLLOWER]: Advancing to term 1
I20260601 13:27:43.497850 30566 ts_tablet_manager.cc:1434] T db1e8c20c6654f09a29f065833c3c6a9 P e205aaa04b714e2e96a6e3fdda451bae: Time spent starting tablet: real 0.001s	user 0.001s	sys 0.000s
I20260601 13:27:43.498059 30566 tablet_bootstrap.cc:492] T 7a1c8525bfc44d1e92f506f391f298ce P e205aaa04b714e2e96a6e3fdda451bae: Bootstrap starting.
I20260601 13:27:43.498597 30355 raft_consensus.cc:2468] T 76c585caa5284fb98be5b91769cb6d98 P e205aaa04b714e2e96a6e3fdda451bae [term 1 FOLLOWER]: Leader election vote request: Granting yes vote for candidate e053a0547f50415996c549c0ffee22ba in term 1.
I20260601 13:27:43.497414 30510 tablet_service.cc:1917] Received RequestConsensusVote() RPC: tablet_id: "76c585caa5284fb98be5b91769cb6d98" candidate_uuid: "e053a0547f50415996c549c0ffee22ba" candidate_term: 1 candidate_status { last_received { term: 0 index: 0 } } ignore_live_leader: false dest_uuid: "1d855eab558f4dbea3edda49780dd9e7"
I20260601 13:27:43.498792 30510 raft_consensus.cc:3060] T 76c585caa5284fb98be5b91769cb6d98 P 1d855eab558f4dbea3edda49780dd9e7 [term 0 FOLLOWER]: Advancing to term 1
I20260601 13:27:43.499063 30566 tablet_bootstrap.cc:654] T 7a1c8525bfc44d1e92f506f391f298ce P e205aaa04b714e2e96a6e3fdda451bae: Neither blocks nor log segments found. Creating new log.
I20260601 13:27:43.499694 30510 raft_consensus.cc:2468] T 76c585caa5284fb98be5b91769cb6d98 P 1d855eab558f4dbea3edda49780dd9e7 [term 1 FOLLOWER]: Leader election vote request: Granting yes vote for candidate e053a0547f50415996c549c0ffee22ba in term 1.
I20260601 13:27:43.500001 30400 leader_election.cc:304] T 76c585caa5284fb98be5b91769cb6d98 P e053a0547f50415996c549c0ffee22ba [CANDIDATE]: Term 1 election: Election decided. Result: candidate won. Election summary: received 2 responses out of 3 voters: 2 yes votes; 0 no votes. yes voters: 1d855eab558f4dbea3edda49780dd9e7, e053a0547f50415996c549c0ffee22ba; no voters: 
I20260601 13:27:43.500196 30566 tablet_bootstrap.cc:492] T 7a1c8525bfc44d1e92f506f391f298ce P e205aaa04b714e2e96a6e3fdda451bae: No bootstrap required, opened a new log
I20260601 13:27:43.500304 30582 raft_consensus.cc:2804] T 76c585caa5284fb98be5b91769cb6d98 P e053a0547f50415996c549c0ffee22ba [term 1 FOLLOWER]: Leader election won for term 1
I20260601 13:27:43.500330 30566 ts_tablet_manager.cc:1403] T 7a1c8525bfc44d1e92f506f391f298ce P e205aaa04b714e2e96a6e3fdda451bae: Time spent bootstrapping tablet: real 0.002s	user 0.002s	sys 0.000s
I20260601 13:27:43.500408 30582 raft_consensus.cc:697] T 76c585caa5284fb98be5b91769cb6d98 P e053a0547f50415996c549c0ffee22ba [term 1 LEADER]: Becoming Leader. State: Replica: e053a0547f50415996c549c0ffee22ba, State: Running, Role: LEADER
I20260601 13:27:43.500569 30582 consensus_queue.cc:237] T 76c585caa5284fb98be5b91769cb6d98 P e053a0547f50415996c549c0ffee22ba [LEADER]: Queue going to LEADER mode. State: All replicated index: 0, Majority replicated index: 0, Committed index: 0, Last appended: 0.0, Last appended by leader: 0, Current term: 1, Majority size: 2, State: 0, Mode: LEADER, active raft config: opid_index: -1 OBSOLETE_local: false peers { permanent_uuid: "e205aaa04b714e2e96a6e3fdda451bae" member_type: VOTER last_known_addr { host: "127.25.75.193" port: 34257 } } peers { permanent_uuid: "e053a0547f50415996c549c0ffee22ba" member_type: VOTER last_known_addr { host: "127.25.75.194" port: 38805 } } peers { permanent_uuid: "1d855eab558f4dbea3edda49780dd9e7" member_type: VOTER last_known_addr { host: "127.25.75.195" port: 35783 } }
I20260601 13:27:43.500733 30566 raft_consensus.cc:359] T 7a1c8525bfc44d1e92f506f391f298ce P e205aaa04b714e2e96a6e3fdda451bae [term 0 FOLLOWER]: Replica starting. Triggering 0 pending ops. Active config: opid_index: -1 OBSOLETE_local: false peers { permanent_uuid: "e205aaa04b714e2e96a6e3fdda451bae" member_type: VOTER last_known_addr { host: "127.25.75.193" port: 34257 } } peers { permanent_uuid: "e053a0547f50415996c549c0ffee22ba" member_type: VOTER last_known_addr { host: "127.25.75.194" port: 38805 } } peers { permanent_uuid: "1d855eab558f4dbea3edda49780dd9e7" member_type: VOTER last_known_addr { host: "127.25.75.195" port: 35783 } }
I20260601 13:27:43.500819 30566 raft_consensus.cc:385] T 7a1c8525bfc44d1e92f506f391f298ce P e205aaa04b714e2e96a6e3fdda451bae [term 0 FOLLOWER]: Consensus starting up: Expiring failure detector timer to make a prompt election more likely
I20260601 13:27:43.500855 30566 raft_consensus.cc:740] T 7a1c8525bfc44d1e92f506f391f298ce P e205aaa04b714e2e96a6e3fdda451bae [term 0 FOLLOWER]: Becoming Follower/Learner. State: Replica: e205aaa04b714e2e96a6e3fdda451bae, State: Initialized, Role: FOLLOWER
I20260601 13:27:43.500967 30566 consensus_queue.cc:260] T 7a1c8525bfc44d1e92f506f391f298ce P e205aaa04b714e2e96a6e3fdda451bae [NON_LEADER]: Queue going to NON_LEADER mode. State: All replicated index: 0, Majority replicated index: 0, Committed index: 0, Last appended: 0.0, Last appended by leader: 0, Current term: 0, Majority size: -1, State: 0, Mode: NON_LEADER, active raft config: opid_index: -1 OBSOLETE_local: false peers { permanent_uuid: "e205aaa04b714e2e96a6e3fdda451bae" member_type: VOTER last_known_addr { host: "127.25.75.193" port: 34257 } } peers { permanent_uuid: "e053a0547f50415996c549c0ffee22ba" member_type: VOTER last_known_addr { host: "127.25.75.194" port: 38805 } } peers { permanent_uuid: "1d855eab558f4dbea3edda49780dd9e7" member_type: VOTER last_known_addr { host: "127.25.75.195" port: 35783 } }
I20260601 13:27:43.501327 30566 ts_tablet_manager.cc:1434] T 7a1c8525bfc44d1e92f506f391f298ce P e205aaa04b714e2e96a6e3fdda451bae: Time spent starting tablet: real 0.001s	user 0.001s	sys 0.000s
I20260601 13:27:43.502175 30248 catalog_manager.cc:5696] T 76c585caa5284fb98be5b91769cb6d98 P e053a0547f50415996c549c0ffee22ba reported cstate change: term changed from 0 to 1, leader changed from <none> to e053a0547f50415996c549c0ffee22ba (127.25.75.194). New cstate: current_term: 1 leader_uuid: "e053a0547f50415996c549c0ffee22ba" committed_config { opid_index: -1 OBSOLETE_local: false peers { permanent_uuid: "e205aaa04b714e2e96a6e3fdda451bae" member_type: VOTER last_known_addr { host: "127.25.75.193" port: 34257 } health_report { overall_health: UNKNOWN } } peers { permanent_uuid: "e053a0547f50415996c549c0ffee22ba" member_type: VOTER last_known_addr { host: "127.25.75.194" port: 38805 } health_report { overall_health: HEALTHY } } peers { permanent_uuid: "1d855eab558f4dbea3edda49780dd9e7" member_type: VOTER last_known_addr { host: "127.25.75.195" port: 35783 } health_report { overall_health: UNKNOWN } } }
I20260601 13:27:43.516659 30569 raft_consensus.cc:493] T 17759e42314d49d2be9ac313b1a5865b P 1d855eab558f4dbea3edda49780dd9e7 [term 0 FOLLOWER]: Starting pre-election (no leader contacted us within the election timeout)
I20260601 13:27:43.516822 30569 raft_consensus.cc:515] T 17759e42314d49d2be9ac313b1a5865b P 1d855eab558f4dbea3edda49780dd9e7 [term 0 FOLLOWER]: Starting pre-election with config: opid_index: -1 OBSOLETE_local: false peers { permanent_uuid: "e205aaa04b714e2e96a6e3fdda451bae" member_type: VOTER last_known_addr { host: "127.25.75.193" port: 34257 } } peers { permanent_uuid: "e053a0547f50415996c549c0ffee22ba" member_type: VOTER last_known_addr { host: "127.25.75.194" port: 38805 } } peers { permanent_uuid: "1d855eab558f4dbea3edda49780dd9e7" member_type: VOTER last_known_addr { host: "127.25.75.195" port: 35783 } }
I20260601 13:27:43.517272 30569 leader_election.cc:290] T 17759e42314d49d2be9ac313b1a5865b P 1d855eab558f4dbea3edda49780dd9e7 [CANDIDATE]: Term 1 pre-election: Requested pre-vote from peers e205aaa04b714e2e96a6e3fdda451bae (127.25.75.193:34257), e053a0547f50415996c549c0ffee22ba (127.25.75.194:38805)
I20260601 13:27:43.517861 30434 tablet_service.cc:1917] Received RequestConsensusVote() RPC: tablet_id: "17759e42314d49d2be9ac313b1a5865b" candidate_uuid: "1d855eab558f4dbea3edda49780dd9e7" candidate_term: 1 candidate_status { last_received { term: 0 index: 0 } } ignore_live_leader: false dest_uuid: "e053a0547f50415996c549c0ffee22ba" is_pre_election: true
I20260601 13:27:43.517859 30355 tablet_service.cc:1917] Received RequestConsensusVote() RPC: tablet_id: "17759e42314d49d2be9ac313b1a5865b" candidate_uuid: "1d855eab558f4dbea3edda49780dd9e7" candidate_term: 1 candidate_status { last_received { term: 0 index: 0 } } ignore_live_leader: false dest_uuid: "e205aaa04b714e2e96a6e3fdda451bae" is_pre_election: true
I20260601 13:27:43.518002 30434 raft_consensus.cc:2468] T 17759e42314d49d2be9ac313b1a5865b P e053a0547f50415996c549c0ffee22ba [term 0 FOLLOWER]: Leader pre-election vote request: Granting yes vote for candidate 1d855eab558f4dbea3edda49780dd9e7 in term 0.
I20260601 13:27:43.518050 30355 raft_consensus.cc:2468] T 17759e42314d49d2be9ac313b1a5865b P e205aaa04b714e2e96a6e3fdda451bae [term 0 FOLLOWER]: Leader pre-election vote request: Granting yes vote for candidate 1d855eab558f4dbea3edda49780dd9e7 in term 0.
W20260601 13:27:43.518221 30383 tablet.cc:2404] T 17759e42314d49d2be9ac313b1a5865b P e205aaa04b714e2e96a6e3fdda451bae: Can't schedule compaction. Clean time has not been advanced past its initial value.
I20260601 13:27:43.518400 30475 leader_election.cc:304] T 17759e42314d49d2be9ac313b1a5865b P 1d855eab558f4dbea3edda49780dd9e7 [CANDIDATE]: Term 1 pre-election: Election decided. Result: candidate won. Election summary: received 2 responses out of 3 voters: 2 yes votes; 0 no votes. yes voters: 1d855eab558f4dbea3edda49780dd9e7, e053a0547f50415996c549c0ffee22ba; no voters: 
I20260601 13:27:43.518641 30569 raft_consensus.cc:2804] T 17759e42314d49d2be9ac313b1a5865b P 1d855eab558f4dbea3edda49780dd9e7 [term 0 FOLLOWER]: Leader pre-election won for term 1
I20260601 13:27:43.518724 30569 raft_consensus.cc:493] T 17759e42314d49d2be9ac313b1a5865b P 1d855eab558f4dbea3edda49780dd9e7 [term 0 FOLLOWER]: Starting leader election (no leader contacted us within the election timeout)
I20260601 13:27:43.518779 30569 raft_consensus.cc:3060] T 17759e42314d49d2be9ac313b1a5865b P 1d855eab558f4dbea3edda49780dd9e7 [term 0 FOLLOWER]: Advancing to term 1
I20260601 13:27:43.519819 30569 raft_consensus.cc:515] T 17759e42314d49d2be9ac313b1a5865b P 1d855eab558f4dbea3edda49780dd9e7 [term 1 FOLLOWER]: Starting leader election with config: opid_index: -1 OBSOLETE_local: false peers { permanent_uuid: "e205aaa04b714e2e96a6e3fdda451bae" member_type: VOTER last_known_addr { host: "127.25.75.193" port: 34257 } } peers { permanent_uuid: "e053a0547f50415996c549c0ffee22ba" member_type: VOTER last_known_addr { host: "127.25.75.194" port: 38805 } } peers { permanent_uuid: "1d855eab558f4dbea3edda49780dd9e7" member_type: VOTER last_known_addr { host: "127.25.75.195" port: 35783 } }
I20260601 13:27:43.520277 30569 leader_election.cc:290] T 17759e42314d49d2be9ac313b1a5865b P 1d855eab558f4dbea3edda49780dd9e7 [CANDIDATE]: Term 1 election: Requested vote from peers e205aaa04b714e2e96a6e3fdda451bae (127.25.75.193:34257), e053a0547f50415996c549c0ffee22ba (127.25.75.194:38805)
I20260601 13:27:43.520565 30355 tablet_service.cc:1917] Received RequestConsensusVote() RPC: tablet_id: "17759e42314d49d2be9ac313b1a5865b" candidate_uuid: "1d855eab558f4dbea3edda49780dd9e7" candidate_term: 1 candidate_status { last_received { term: 0 index: 0 } } ignore_live_leader: false dest_uuid: "e205aaa04b714e2e96a6e3fdda451bae"
I20260601 13:27:43.520606 30434 tablet_service.cc:1917] Received RequestConsensusVote() RPC: tablet_id: "17759e42314d49d2be9ac313b1a5865b" candidate_uuid: "1d855eab558f4dbea3edda49780dd9e7" candidate_term: 1 candidate_status { last_received { term: 0 index: 0 } } ignore_live_leader: false dest_uuid: "e053a0547f50415996c549c0ffee22ba"
I20260601 13:27:43.520677 30355 raft_consensus.cc:3060] T 17759e42314d49d2be9ac313b1a5865b P e205aaa04b714e2e96a6e3fdda451bae [term 0 FOLLOWER]: Advancing to term 1
I20260601 13:27:43.520677 30434 raft_consensus.cc:3060] T 17759e42314d49d2be9ac313b1a5865b P e053a0547f50415996c549c0ffee22ba [term 0 FOLLOWER]: Advancing to term 1
