I20260601 13:27:15.711440 13734 tablet_bootstrap.cc:492] T e4b9b6cfd3444f6ab73abaa8ed0b7d95 P 557dd013c88e4f00acb8f6a50cfcb0b1: Bootstrap starting.
I20260601 13:27:15.711797 13858 tablet_bootstrap.cc:654] T ff9fcbff0c984aa29d7d2c01781fcf00 P 2e6abca308634e69aa6a8402f3a937b7: Neither blocks nor log segments found. Creating new log.
I20260601 13:27:15.712705 13734 tablet_bootstrap.cc:654] T e4b9b6cfd3444f6ab73abaa8ed0b7d95 P 557dd013c88e4f00acb8f6a50cfcb0b1: Neither blocks nor log segments found. Creating new log.
I20260601 13:27:15.713101 13858 tablet_bootstrap.cc:492] T ff9fcbff0c984aa29d7d2c01781fcf00 P 2e6abca308634e69aa6a8402f3a937b7: No bootstrap required, opened a new log
I20260601 13:27:15.713191 13858 ts_tablet_manager.cc:1403] T ff9fcbff0c984aa29d7d2c01781fcf00 P 2e6abca308634e69aa6a8402f3a937b7: Time spent bootstrapping tablet: real 0.003s	user 0.002s	sys 0.000s
I20260601 13:27:15.713653 13858 raft_consensus.cc:359] T ff9fcbff0c984aa29d7d2c01781fcf00 P 2e6abca308634e69aa6a8402f3a937b7 [term 0 FOLLOWER]: Replica starting. Triggering 0 pending ops. Active config: opid_index: -1 OBSOLETE_local: false peers { permanent_uuid: "557dd013c88e4f00acb8f6a50cfcb0b1" member_type: VOTER last_known_addr { host: "127.10.74.129" port: 35411 } } peers { permanent_uuid: "39947f5601bf4b5d94ea8167352aefcb" member_type: VOTER last_known_addr { host: "127.10.74.131" port: 35513 } } peers { permanent_uuid: "2e6abca308634e69aa6a8402f3a937b7" member_type: VOTER last_known_addr { host: "127.10.74.132" port: 36173 } }
I20260601 13:27:15.713773 13858 raft_consensus.cc:385] T ff9fcbff0c984aa29d7d2c01781fcf00 P 2e6abca308634e69aa6a8402f3a937b7 [term 0 FOLLOWER]: Consensus starting up: Expiring failure detector timer to make a prompt election more likely
I20260601 13:27:15.713811 13858 raft_consensus.cc:740] T ff9fcbff0c984aa29d7d2c01781fcf00 P 2e6abca308634e69aa6a8402f3a937b7 [term 0 FOLLOWER]: Becoming Follower/Learner. State: Replica: 2e6abca308634e69aa6a8402f3a937b7, State: Initialized, Role: FOLLOWER
I20260601 13:27:15.713943 13858 consensus_queue.cc:260] T ff9fcbff0c984aa29d7d2c01781fcf00 P 2e6abca308634e69aa6a8402f3a937b7 [NON_LEADER]: Queue going to NON_LEADER mode. State: All replicated index: 0, Majority replicated index: 0, Committed index: 0, Last appended: 0.0, Last appended by leader: 0, Current term: 0, Majority size: -1, State: 0, Mode: NON_LEADER, active raft config: opid_index: -1 OBSOLETE_local: false peers { permanent_uuid: "557dd013c88e4f00acb8f6a50cfcb0b1" member_type: VOTER last_known_addr { host: "127.10.74.129" port: 35411 } } peers { permanent_uuid: "39947f5601bf4b5d94ea8167352aefcb" member_type: VOTER last_known_addr { host: "127.10.74.131" port: 35513 } } peers { permanent_uuid: "2e6abca308634e69aa6a8402f3a937b7" member_type: VOTER last_known_addr { host: "127.10.74.132" port: 36173 } }
I20260601 13:27:15.714277 13858 ts_tablet_manager.cc:1434] T ff9fcbff0c984aa29d7d2c01781fcf00 P 2e6abca308634e69aa6a8402f3a937b7: Time spent starting tablet: real 0.001s	user 0.000s	sys 0.000s
I20260601 13:27:15.714389 13734 tablet_bootstrap.cc:492] T e4b9b6cfd3444f6ab73abaa8ed0b7d95 P 557dd013c88e4f00acb8f6a50cfcb0b1: No bootstrap required, opened a new log
I20260601 13:27:15.714495 13734 ts_tablet_manager.cc:1403] T e4b9b6cfd3444f6ab73abaa8ed0b7d95 P 557dd013c88e4f00acb8f6a50cfcb0b1: Time spent bootstrapping tablet: real 0.003s	user 0.000s	sys 0.002s
I20260601 13:27:15.714509 13858 tablet_bootstrap.cc:492] T 940575e6b55640b9a95cfa4e210e0ea0 P 2e6abca308634e69aa6a8402f3a937b7: Bootstrap starting.
I20260601 13:27:15.714999 13734 raft_consensus.cc:359] T e4b9b6cfd3444f6ab73abaa8ed0b7d95 P 557dd013c88e4f00acb8f6a50cfcb0b1 [term 0 FOLLOWER]: Replica starting. Triggering 0 pending ops. Active config: opid_index: -1 OBSOLETE_local: false peers { permanent_uuid: "557dd013c88e4f00acb8f6a50cfcb0b1" member_type: VOTER last_known_addr { host: "127.10.74.129" port: 35411 } } peers { permanent_uuid: "2e6abca308634e69aa6a8402f3a937b7" member_type: VOTER last_known_addr { host: "127.10.74.132" port: 36173 } } peers { permanent_uuid: "e11022e43c8b4611b64e14697a08ff72" member_type: VOTER last_known_addr { host: "127.10.74.130" port: 42133 } }
I20260601 13:27:15.715135 13734 raft_consensus.cc:385] T e4b9b6cfd3444f6ab73abaa8ed0b7d95 P 557dd013c88e4f00acb8f6a50cfcb0b1 [term 0 FOLLOWER]: Consensus starting up: Expiring failure detector timer to make a prompt election more likely
I20260601 13:27:15.715173 13734 raft_consensus.cc:740] T e4b9b6cfd3444f6ab73abaa8ed0b7d95 P 557dd013c88e4f00acb8f6a50cfcb0b1 [term 0 FOLLOWER]: Becoming Follower/Learner. State: Replica: 557dd013c88e4f00acb8f6a50cfcb0b1, State: Initialized, Role: FOLLOWER
I20260601 13:27:15.715304 13734 consensus_queue.cc:260] T e4b9b6cfd3444f6ab73abaa8ed0b7d95 P 557dd013c88e4f00acb8f6a50cfcb0b1 [NON_LEADER]: Queue going to NON_LEADER mode. State: All replicated index: 0, Majority replicated index: 0, Committed index: 0, Last appended: 0.0, Last appended by leader: 0, Current term: 0, Majority size: -1, State: 0, Mode: NON_LEADER, active raft config: opid_index: -1 OBSOLETE_local: false peers { permanent_uuid: "557dd013c88e4f00acb8f6a50cfcb0b1" member_type: VOTER last_known_addr { host: "127.10.74.129" port: 35411 } } peers { permanent_uuid: "2e6abca308634e69aa6a8402f3a937b7" member_type: VOTER last_known_addr { host: "127.10.74.132" port: 36173 } } peers { permanent_uuid: "e11022e43c8b4611b64e14697a08ff72" member_type: VOTER last_known_addr { host: "127.10.74.130" port: 42133 } }
I20260601 13:27:15.715471 13858 tablet_bootstrap.cc:654] T 940575e6b55640b9a95cfa4e210e0ea0 P 2e6abca308634e69aa6a8402f3a937b7: Neither blocks nor log segments found. Creating new log.
I20260601 13:27:15.715616 13734 ts_tablet_manager.cc:1434] T e4b9b6cfd3444f6ab73abaa8ed0b7d95 P 557dd013c88e4f00acb8f6a50cfcb0b1: Time spent starting tablet: real 0.001s	user 0.000s	sys 0.000s
I20260601 13:27:15.715829 13734 tablet_bootstrap.cc:492] T c54b756b773d4257ab654db06e8a49ba P 557dd013c88e4f00acb8f6a50cfcb0b1: Bootstrap starting.
I20260601 13:27:15.716964 13858 tablet_bootstrap.cc:492] T 940575e6b55640b9a95cfa4e210e0ea0 P 2e6abca308634e69aa6a8402f3a937b7: No bootstrap required, opened a new log
I20260601 13:27:15.717070 13858 ts_tablet_manager.cc:1403] T 940575e6b55640b9a95cfa4e210e0ea0 P 2e6abca308634e69aa6a8402f3a937b7: Time spent bootstrapping tablet: real 0.003s	user 0.002s	sys 0.000s
I20260601 13:27:15.717123 13734 tablet_bootstrap.cc:654] T c54b756b773d4257ab654db06e8a49ba P 557dd013c88e4f00acb8f6a50cfcb0b1: Neither blocks nor log segments found. Creating new log.
I20260601 13:27:15.717561 13858 raft_consensus.cc:359] T 940575e6b55640b9a95cfa4e210e0ea0 P 2e6abca308634e69aa6a8402f3a937b7 [term 0 FOLLOWER]: Replica starting. Triggering 0 pending ops. Active config: opid_index: -1 OBSOLETE_local: false peers { permanent_uuid: "39947f5601bf4b5d94ea8167352aefcb" member_type: VOTER last_known_addr { host: "127.10.74.131" port: 35513 } } peers { permanent_uuid: "557dd013c88e4f00acb8f6a50cfcb0b1" member_type: VOTER last_known_addr { host: "127.10.74.129" port: 35411 } } peers { permanent_uuid: "2e6abca308634e69aa6a8402f3a937b7" member_type: VOTER last_known_addr { host: "127.10.74.132" port: 36173 } }
I20260601 13:27:15.717700 13858 raft_consensus.cc:385] T 940575e6b55640b9a95cfa4e210e0ea0 P 2e6abca308634e69aa6a8402f3a937b7 [term 0 FOLLOWER]: Consensus starting up: Expiring failure detector timer to make a prompt election more likely
I20260601 13:27:15.717752 13858 raft_consensus.cc:740] T 940575e6b55640b9a95cfa4e210e0ea0 P 2e6abca308634e69aa6a8402f3a937b7 [term 0 FOLLOWER]: Becoming Follower/Learner. State: Replica: 2e6abca308634e69aa6a8402f3a937b7, State: Initialized, Role: FOLLOWER
I20260601 13:27:15.717902 13858 consensus_queue.cc:260] T 940575e6b55640b9a95cfa4e210e0ea0 P 2e6abca308634e69aa6a8402f3a937b7 [NON_LEADER]: Queue going to NON_LEADER mode. State: All replicated index: 0, Majority replicated index: 0, Committed index: 0, Last appended: 0.0, Last appended by leader: 0, Current term: 0, Majority size: -1, State: 0, Mode: NON_LEADER, active raft config: opid_index: -1 OBSOLETE_local: false peers { permanent_uuid: "39947f5601bf4b5d94ea8167352aefcb" member_type: VOTER last_known_addr { host: "127.10.74.131" port: 35513 } } peers { permanent_uuid: "557dd013c88e4f00acb8f6a50cfcb0b1" member_type: VOTER last_known_addr { host: "127.10.74.129" port: 35411 } } peers { permanent_uuid: "2e6abca308634e69aa6a8402f3a937b7" member_type: VOTER last_known_addr { host: "127.10.74.132" port: 36173 } }
I20260601 13:27:15.718241 13858 ts_tablet_manager.cc:1434] T 940575e6b55640b9a95cfa4e210e0ea0 P 2e6abca308634e69aa6a8402f3a937b7: Time spent starting tablet: real 0.001s	user 0.000s	sys 0.000s
I20260601 13:27:15.718461 13858 tablet_bootstrap.cc:492] T 3e6d3a2e135e476e918418f9dc7387fa P 2e6abca308634e69aa6a8402f3a937b7: Bootstrap starting.
I20260601 13:27:15.719177 13734 tablet_bootstrap.cc:492] T c54b756b773d4257ab654db06e8a49ba P 557dd013c88e4f00acb8f6a50cfcb0b1: No bootstrap required, opened a new log
I20260601 13:27:15.719290 13734 ts_tablet_manager.cc:1403] T c54b756b773d4257ab654db06e8a49ba P 557dd013c88e4f00acb8f6a50cfcb0b1: Time spent bootstrapping tablet: real 0.004s	user 0.002s	sys 0.000s
I20260601 13:27:15.719547 13858 tablet_bootstrap.cc:654] T 3e6d3a2e135e476e918418f9dc7387fa P 2e6abca308634e69aa6a8402f3a937b7: Neither blocks nor log segments found. Creating new log.
I20260601 13:27:15.719811 13734 raft_consensus.cc:359] T c54b756b773d4257ab654db06e8a49ba P 557dd013c88e4f00acb8f6a50cfcb0b1 [term 0 FOLLOWER]: Replica starting. Triggering 0 pending ops. Active config: opid_index: -1 OBSOLETE_local: false peers { permanent_uuid: "2e6abca308634e69aa6a8402f3a937b7" member_type: VOTER last_known_addr { host: "127.10.74.132" port: 36173 } } peers { permanent_uuid: "39947f5601bf4b5d94ea8167352aefcb" member_type: VOTER last_known_addr { host: "127.10.74.131" port: 35513 } } peers { permanent_uuid: "557dd013c88e4f00acb8f6a50cfcb0b1" member_type: VOTER last_known_addr { host: "127.10.74.129" port: 35411 } }
I20260601 13:27:15.719935 13734 raft_consensus.cc:385] T c54b756b773d4257ab654db06e8a49ba P 557dd013c88e4f00acb8f6a50cfcb0b1 [term 0 FOLLOWER]: Consensus starting up: Expiring failure detector timer to make a prompt election more likely
I20260601 13:27:15.719991 13734 raft_consensus.cc:740] T c54b756b773d4257ab654db06e8a49ba P 557dd013c88e4f00acb8f6a50cfcb0b1 [term 0 FOLLOWER]: Becoming Follower/Learner. State: Replica: 557dd013c88e4f00acb8f6a50cfcb0b1, State: Initialized, Role: FOLLOWER
I20260601 13:27:15.720186 13734 consensus_queue.cc:260] T c54b756b773d4257ab654db06e8a49ba P 557dd013c88e4f00acb8f6a50cfcb0b1 [NON_LEADER]: Queue going to NON_LEADER mode. State: All replicated index: 0, Majority replicated index: 0, Committed index: 0, Last appended: 0.0, Last appended by leader: 0, Current term: 0, Majority size: -1, State: 0, Mode: NON_LEADER, active raft config: opid_index: -1 OBSOLETE_local: false peers { permanent_uuid: "2e6abca308634e69aa6a8402f3a937b7" member_type: VOTER last_known_addr { host: "127.10.74.132" port: 36173 } } peers { permanent_uuid: "39947f5601bf4b5d94ea8167352aefcb" member_type: VOTER last_known_addr { host: "127.10.74.131" port: 35513 } } peers { permanent_uuid: "557dd013c88e4f00acb8f6a50cfcb0b1" member_type: VOTER last_known_addr { host: "127.10.74.129" port: 35411 } }
I20260601 13:27:15.720584 13734 ts_tablet_manager.cc:1434] T c54b756b773d4257ab654db06e8a49ba P 557dd013c88e4f00acb8f6a50cfcb0b1: Time spent starting tablet: real 0.001s	user 0.000s	sys 0.001s
I20260601 13:27:15.721130 13858 tablet_bootstrap.cc:492] T 3e6d3a2e135e476e918418f9dc7387fa P 2e6abca308634e69aa6a8402f3a937b7: No bootstrap required, opened a new log
I20260601 13:27:15.721246 13858 ts_tablet_manager.cc:1403] T 3e6d3a2e135e476e918418f9dc7387fa P 2e6abca308634e69aa6a8402f3a937b7: Time spent bootstrapping tablet: real 0.003s	user 0.000s	sys 0.002s
I20260601 13:27:15.721638 13858 raft_consensus.cc:359] T 3e6d3a2e135e476e918418f9dc7387fa P 2e6abca308634e69aa6a8402f3a937b7 [term 0 FOLLOWER]: Replica starting. Triggering 0 pending ops. Active config: opid_index: -1 OBSOLETE_local: false peers { permanent_uuid: "2e6abca308634e69aa6a8402f3a937b7" member_type: VOTER last_known_addr { host: "127.10.74.132" port: 36173 } } peers { permanent_uuid: "e11022e43c8b4611b64e14697a08ff72" member_type: VOTER last_known_addr { host: "127.10.74.130" port: 42133 } } peers { permanent_uuid: "39947f5601bf4b5d94ea8167352aefcb" member_type: VOTER last_known_addr { host: "127.10.74.131" port: 35513 } }
I20260601 13:27:15.721755 13858 raft_consensus.cc:385] T 3e6d3a2e135e476e918418f9dc7387fa P 2e6abca308634e69aa6a8402f3a937b7 [term 0 FOLLOWER]: Consensus starting up: Expiring failure detector timer to make a prompt election more likely
I20260601 13:27:15.721793 13858 raft_consensus.cc:740] T 3e6d3a2e135e476e918418f9dc7387fa P 2e6abca308634e69aa6a8402f3a937b7 [term 0 FOLLOWER]: Becoming Follower/Learner. State: Replica: 2e6abca308634e69aa6a8402f3a937b7, State: Initialized, Role: FOLLOWER
I20260601 13:27:15.721907 13858 consensus_queue.cc:260] T 3e6d3a2e135e476e918418f9dc7387fa P 2e6abca308634e69aa6a8402f3a937b7 [NON_LEADER]: Queue going to NON_LEADER mode. State: All replicated index: 0, Majority replicated index: 0, Committed index: 0, Last appended: 0.0, Last appended by leader: 0, Current term: 0, Majority size: -1, State: 0, Mode: NON_LEADER, active raft config: opid_index: -1 OBSOLETE_local: false peers { permanent_uuid: "2e6abca308634e69aa6a8402f3a937b7" member_type: VOTER last_known_addr { host: "127.10.74.132" port: 36173 } } peers { permanent_uuid: "e11022e43c8b4611b64e14697a08ff72" member_type: VOTER last_known_addr { host: "127.10.74.130" port: 42133 } } peers { permanent_uuid: "39947f5601bf4b5d94ea8167352aefcb" member_type: VOTER last_known_addr { host: "127.10.74.131" port: 35513 } }
I20260601 13:27:15.722204 13858 ts_tablet_manager.cc:1434] T 3e6d3a2e135e476e918418f9dc7387fa P 2e6abca308634e69aa6a8402f3a937b7: Time spent starting tablet: real 0.001s	user 0.000s	sys 0.000s
I20260601 13:27:15.768345 13735 raft_consensus.cc:493] T c54b756b773d4257ab654db06e8a49ba P 39947f5601bf4b5d94ea8167352aefcb [term 0 FOLLOWER]: Starting pre-election (no leader contacted us within the election timeout)
I20260601 13:27:15.768538 13735 raft_consensus.cc:515] T c54b756b773d4257ab654db06e8a49ba P 39947f5601bf4b5d94ea8167352aefcb [term 0 FOLLOWER]: Starting pre-election with config: opid_index: -1 OBSOLETE_local: false peers { permanent_uuid: "2e6abca308634e69aa6a8402f3a937b7" member_type: VOTER last_known_addr { host: "127.10.74.132" port: 36173 } } peers { permanent_uuid: "39947f5601bf4b5d94ea8167352aefcb" member_type: VOTER last_known_addr { host: "127.10.74.131" port: 35513 } } peers { permanent_uuid: "557dd013c88e4f00acb8f6a50cfcb0b1" member_type: VOTER last_known_addr { host: "127.10.74.129" port: 35411 } }
I20260601 13:27:15.769212 13735 leader_election.cc:290] T c54b756b773d4257ab654db06e8a49ba P 39947f5601bf4b5d94ea8167352aefcb [CANDIDATE]: Term 1 pre-election: Requested pre-vote from peers 2e6abca308634e69aa6a8402f3a937b7 (127.10.74.132:36173), 557dd013c88e4f00acb8f6a50cfcb0b1 (127.10.74.129:35411)
I20260601 13:27:15.774807 13533 tablet_service.cc:1917] Received RequestConsensusVote() RPC: tablet_id: "c54b756b773d4257ab654db06e8a49ba" candidate_uuid: "39947f5601bf4b5d94ea8167352aefcb" candidate_term: 1 candidate_status { last_received { term: 0 index: 0 } } ignore_live_leader: false dest_uuid: "557dd013c88e4f00acb8f6a50cfcb0b1" is_pre_election: true
I20260601 13:27:15.774819 13822 tablet_service.cc:1917] Received RequestConsensusVote() RPC: tablet_id: "c54b756b773d4257ab654db06e8a49ba" candidate_uuid: "39947f5601bf4b5d94ea8167352aefcb" candidate_term: 1 candidate_status { last_received { term: 0 index: 0 } } ignore_live_leader: false dest_uuid: "2e6abca308634e69aa6a8402f3a937b7" is_pre_election: true
I20260601 13:27:15.775038 13533 raft_consensus.cc:2468] T c54b756b773d4257ab654db06e8a49ba P 557dd013c88e4f00acb8f6a50cfcb0b1 [term 0 FOLLOWER]: Leader pre-election vote request: Granting yes vote for candidate 39947f5601bf4b5d94ea8167352aefcb in term 0.
I20260601 13:27:15.775063 13822 raft_consensus.cc:2468] T c54b756b773d4257ab654db06e8a49ba P 2e6abca308634e69aa6a8402f3a937b7 [term 0 FOLLOWER]: Leader pre-election vote request: Granting yes vote for candidate 39947f5601bf4b5d94ea8167352aefcb in term 0.
I20260601 13:27:15.775794 13651 leader_election.cc:304] T c54b756b773d4257ab654db06e8a49ba P 39947f5601bf4b5d94ea8167352aefcb [CANDIDATE]: Term 1 pre-election: Election decided. Result: candidate won. Election summary: received 2 responses out of 3 voters: 2 yes votes; 0 no votes. yes voters: 39947f5601bf4b5d94ea8167352aefcb, 557dd013c88e4f00acb8f6a50cfcb0b1; no voters: 
I20260601 13:27:15.776022 13735 raft_consensus.cc:2804] T c54b756b773d4257ab654db06e8a49ba P 39947f5601bf4b5d94ea8167352aefcb [term 0 FOLLOWER]: Leader pre-election won for term 1
I20260601 13:27:15.776140 13735 raft_consensus.cc:493] T c54b756b773d4257ab654db06e8a49ba P 39947f5601bf4b5d94ea8167352aefcb [term 0 FOLLOWER]: Starting leader election (no leader contacted us within the election timeout)
I20260601 13:27:15.776188 13735 raft_consensus.cc:3060] T c54b756b773d4257ab654db06e8a49ba P 39947f5601bf4b5d94ea8167352aefcb [term 0 FOLLOWER]: Advancing to term 1
I20260601 13:27:15.777204 13735 raft_consensus.cc:515] T c54b756b773d4257ab654db06e8a49ba P 39947f5601bf4b5d94ea8167352aefcb [term 1 FOLLOWER]: Starting leader election with config: opid_index: -1 OBSOLETE_local: false peers { permanent_uuid: "2e6abca308634e69aa6a8402f3a937b7" member_type: VOTER last_known_addr { host: "127.10.74.132" port: 36173 } } peers { permanent_uuid: "39947f5601bf4b5d94ea8167352aefcb" member_type: VOTER last_known_addr { host: "127.10.74.131" port: 35513 } } peers { permanent_uuid: "557dd013c88e4f00acb8f6a50cfcb0b1" member_type: VOTER last_known_addr { host: "127.10.74.129" port: 35411 } }
I20260601 13:27:15.777706 13735 leader_election.cc:290] T c54b756b773d4257ab654db06e8a49ba P 39947f5601bf4b5d94ea8167352aefcb [CANDIDATE]: Term 1 election: Requested vote from peers 2e6abca308634e69aa6a8402f3a937b7 (127.10.74.132:36173), 557dd013c88e4f00acb8f6a50cfcb0b1 (127.10.74.129:35411)
I20260601 13:27:15.778133 13533 tablet_service.cc:1917] Received RequestConsensusVote() RPC: tablet_id: "c54b756b773d4257ab654db06e8a49ba" candidate_uuid: "39947f5601bf4b5d94ea8167352aefcb" candidate_term: 1 candidate_status { last_received { term: 0 index: 0 } } ignore_live_leader: false dest_uuid: "557dd013c88e4f00acb8f6a50cfcb0b1"
I20260601 13:27:15.778155 13822 tablet_service.cc:1917] Received RequestConsensusVote() RPC: tablet_id: "c54b756b773d4257ab654db06e8a49ba" candidate_uuid: "39947f5601bf4b5d94ea8167352aefcb" candidate_term: 1 candidate_status { last_received { term: 0 index: 0 } } ignore_live_leader: false dest_uuid: "2e6abca308634e69aa6a8402f3a937b7"
I20260601 13:27:15.778241 13533 raft_consensus.cc:3060] T c54b756b773d4257ab654db06e8a49ba P 557dd013c88e4f00acb8f6a50cfcb0b1 [term 0 FOLLOWER]: Advancing to term 1
I20260601 13:27:15.778349 13822 raft_consensus.cc:3060] T c54b756b773d4257ab654db06e8a49ba P 2e6abca308634e69aa6a8402f3a937b7 [term 0 FOLLOWER]: Advancing to term 1
I20260601 13:27:15.779131 13533 raft_consensus.cc:2468] T c54b756b773d4257ab654db06e8a49ba P 557dd013c88e4f00acb8f6a50cfcb0b1 [term 1 FOLLOWER]: Leader election vote request: Granting yes vote for candidate 39947f5601bf4b5d94ea8167352aefcb in term 1.
I20260601 13:27:15.779232 13822 raft_consensus.cc:2468] T c54b756b773d4257ab654db06e8a49ba P 2e6abca308634e69aa6a8402f3a937b7 [term 1 FOLLOWER]: Leader election vote request: Granting yes vote for candidate 39947f5601bf4b5d94ea8167352aefcb in term 1.
I20260601 13:27:15.779515 13651 leader_election.cc:304] T c54b756b773d4257ab654db06e8a49ba P 39947f5601bf4b5d94ea8167352aefcb [CANDIDATE]: Term 1 election: Election decided. Result: candidate won. Election summary: received 2 responses out of 3 voters: 2 yes votes; 0 no votes. yes voters: 39947f5601bf4b5d94ea8167352aefcb, 557dd013c88e4f00acb8f6a50cfcb0b1; no voters: 
I20260601 13:27:15.779695 13735 raft_consensus.cc:2804] T c54b756b773d4257ab654db06e8a49ba P 39947f5601bf4b5d94ea8167352aefcb [term 1 FOLLOWER]: Leader election won for term 1
I20260601 13:27:15.779947 13735 raft_consensus.cc:697] T c54b756b773d4257ab654db06e8a49ba P 39947f5601bf4b5d94ea8167352aefcb [term 1 LEADER]: Becoming Leader. State: Replica: 39947f5601bf4b5d94ea8167352aefcb, State: Running, Role: LEADER
I20260601 13:27:15.780176 13735 consensus_queue.cc:237] T c54b756b773d4257ab654db06e8a49ba P 39947f5601bf4b5d94ea8167352aefcb [LEADER]: Queue going to LEADER mode. State: All replicated index: 0, Majority replicated index: 0, Committed index: 0, Last appended: 0.0, Last appended by leader: 0, Current term: 1, Majority size: 2, State: 0, Mode: LEADER, active raft config: opid_index: -1 OBSOLETE_local: false peers { permanent_uuid: "2e6abca308634e69aa6a8402f3a937b7" member_type: VOTER last_known_addr { host: "127.10.74.132" port: 36173 } } peers { permanent_uuid: "39947f5601bf4b5d94ea8167352aefcb" member_type: VOTER last_known_addr { host: "127.10.74.131" port: 35513 } } peers { permanent_uuid: "557dd013c88e4f00acb8f6a50cfcb0b1" member_type: VOTER last_known_addr { host: "127.10.74.129" port: 35411 } }
I20260601 13:27:15.782024 13430 catalog_manager.cc:5696] T c54b756b773d4257ab654db06e8a49ba P 39947f5601bf4b5d94ea8167352aefcb reported cstate change: term changed from 0 to 1, leader changed from <none> to 39947f5601bf4b5d94ea8167352aefcb (127.10.74.131). New cstate: current_term: 1 leader_uuid: "39947f5601bf4b5d94ea8167352aefcb" committed_config { opid_index: -1 OBSOLETE_local: false peers { permanent_uuid: "2e6abca308634e69aa6a8402f3a937b7" member_type: VOTER last_known_addr { host: "127.10.74.132" port: 36173 } health_report { overall_health: UNKNOWN } } peers { permanent_uuid: "39947f5601bf4b5d94ea8167352aefcb" member_type: VOTER last_known_addr { host: "127.10.74.131" port: 35513 } health_report { overall_health: HEALTHY } } peers { permanent_uuid: "557dd013c88e4f00acb8f6a50cfcb0b1" member_type: VOTER last_known_addr { host: "127.10.74.129" port: 35411 } health_report { overall_health: UNKNOWN } } }
I20260601 13:27:15.804096 13766 raft_consensus.cc:493] T 27c1874c19e34eb59125b8c115ae6b7a P e11022e43c8b4611b64e14697a08ff72 [term 0 FOLLOWER]: Starting pre-election (no leader contacted us within the election timeout)
I20260601 13:27:15.804363 13766 raft_consensus.cc:515] T 27c1874c19e34eb59125b8c115ae6b7a P e11022e43c8b4611b64e14697a08ff72 [term 0 FOLLOWER]: Starting pre-election with config: opid_index: -1 OBSOLETE_local: false peers { permanent_uuid: "2e6abca308634e69aa6a8402f3a937b7" member_type: VOTER last_known_addr { host: "127.10.74.132" port: 36173 } } peers { permanent_uuid: "e11022e43c8b4611b64e14697a08ff72" member_type: VOTER last_known_addr { host: "127.10.74.130" port: 42133 } } peers { permanent_uuid: "557dd013c88e4f00acb8f6a50cfcb0b1" member_type: VOTER last_known_addr { host: "127.10.74.129" port: 35411 } }
I20260601 13:27:15.805025 13766 leader_election.cc:290] T 27c1874c19e34eb59125b8c115ae6b7a P e11022e43c8b4611b64e14697a08ff72 [CANDIDATE]: Term 1 pre-election: Requested pre-vote from peers 2e6abca308634e69aa6a8402f3a937b7 (127.10.74.132:36173), 557dd013c88e4f00acb8f6a50cfcb0b1 (127.10.74.129:35411)
I20260601 13:27:15.805697 13533 tablet_service.cc:1917] Received RequestConsensusVote() RPC: tablet_id: "27c1874c19e34eb59125b8c115ae6b7a" candidate_uuid: "e11022e43c8b4611b64e14697a08ff72" candidate_term: 1 candidate_status { last_received { term: 0 index: 0 } } ignore_live_leader: false dest_uuid: "557dd013c88e4f00acb8f6a50cfcb0b1" is_pre_election: true
I20260601 13:27:15.805882 13533 raft_consensus.cc:2468] T 27c1874c19e34eb59125b8c115ae6b7a P 557dd013c88e4f00acb8f6a50cfcb0b1 [term 0 FOLLOWER]: Leader pre-election vote request: Granting yes vote for candidate e11022e43c8b4611b64e14697a08ff72 in term 0.
I20260601 13:27:15.806195 13576 leader_election.cc:304] T 27c1874c19e34eb59125b8c115ae6b7a P e11022e43c8b4611b64e14697a08ff72 [CANDIDATE]: Term 1 pre-election: Election decided. Result: candidate won. Election summary: received 2 responses out of 3 voters: 2 yes votes; 0 no votes. yes voters: 557dd013c88e4f00acb8f6a50cfcb0b1, e11022e43c8b4611b64e14697a08ff72; no voters: 
I20260601 13:27:15.806479 13766 raft_consensus.cc:2804] T 27c1874c19e34eb59125b8c115ae6b7a P e11022e43c8b4611b64e14697a08ff72 [term 0 FOLLOWER]: Leader pre-election won for term 1
I20260601 13:27:15.806541 13766 raft_consensus.cc:493] T 27c1874c19e34eb59125b8c115ae6b7a P e11022e43c8b4611b64e14697a08ff72 [term 0 FOLLOWER]: Starting leader election (no leader contacted us within the election timeout)
I20260601 13:27:15.806571 13766 raft_consensus.cc:3060] T 27c1874c19e34eb59125b8c115ae6b7a P e11022e43c8b4611b64e14697a08ff72 [term 0 FOLLOWER]: Advancing to term 1
I20260601 13:27:15.807474 13766 raft_consensus.cc:515] T 27c1874c19e34eb59125b8c115ae6b7a P e11022e43c8b4611b64e14697a08ff72 [term 1 FOLLOWER]: Starting leader election with config: opid_index: -1 OBSOLETE_local: false peers { permanent_uuid: "2e6abca308634e69aa6a8402f3a937b7" member_type: VOTER last_known_addr { host: "127.10.74.132" port: 36173 } } peers { permanent_uuid: "e11022e43c8b4611b64e14697a08ff72" member_type: VOTER last_known_addr { host: "127.10.74.130" port: 42133 } } peers { permanent_uuid: "557dd013c88e4f00acb8f6a50cfcb0b1" member_type: VOTER last_known_addr { host: "127.10.74.129" port: 35411 } }
I20260601 13:27:15.807977 13766 leader_election.cc:290] T 27c1874c19e34eb59125b8c115ae6b7a P e11022e43c8b4611b64e14697a08ff72 [CANDIDATE]: Term 1 election: Requested vote from peers 2e6abca308634e69aa6a8402f3a937b7 (127.10.74.132:36173), 557dd013c88e4f00acb8f6a50cfcb0b1 (127.10.74.129:35411)
I20260601 13:27:15.808471 13533 tablet_service.cc:1917] Received RequestConsensusVote() RPC: tablet_id: "27c1874c19e34eb59125b8c115ae6b7a" candidate_uuid: "e11022e43c8b4611b64e14697a08ff72" candidate_term: 1 candidate_status { last_received { term: 0 index: 0 } } ignore_live_leader: false dest_uuid: "557dd013c88e4f00acb8f6a50cfcb0b1"
I20260601 13:27:15.808609 13533 raft_consensus.cc:3060] T 27c1874c19e34eb59125b8c115ae6b7a P 557dd013c88e4f00acb8f6a50cfcb0b1 [term 0 FOLLOWER]: Advancing to term 1
I20260601 13:27:15.808907 13822 tablet_service.cc:1917] Received RequestConsensusVote() RPC: tablet_id: "27c1874c19e34eb59125b8c115ae6b7a" candidate_uuid: "e11022e43c8b4611b64e14697a08ff72" candidate_term: 1 candidate_status { last_received { term: 0 index: 0 } } ignore_live_leader: false dest_uuid: "2e6abca308634e69aa6a8402f3a937b7" is_pre_election: true
I20260601 13:27:15.809016 13822 raft_consensus.cc:2468] T 27c1874c19e34eb59125b8c115ae6b7a P 2e6abca308634e69aa6a8402f3a937b7 [term 0 FOLLOWER]: Leader pre-election vote request: Granting yes vote for candidate e11022e43c8b4611b64e14697a08ff72 in term 0.
I20260601 13:27:15.809002 13821 tablet_service.cc:1917] Received RequestConsensusVote() RPC: tablet_id: "27c1874c19e34eb59125b8c115ae6b7a" candidate_uuid: "e11022e43c8b4611b64e14697a08ff72" candidate_term: 1 candidate_status { last_received { term: 0 index: 0 } } ignore_live_leader: false dest_uuid: "2e6abca308634e69aa6a8402f3a937b7"
I20260601 13:27:15.809172 13821 raft_consensus.cc:3060] T 27c1874c19e34eb59125b8c115ae6b7a P 2e6abca308634e69aa6a8402f3a937b7 [term 0 FOLLOWER]: Advancing to term 1
I20260601 13:27:15.809731 13533 raft_consensus.cc:2468] T 27c1874c19e34eb59125b8c115ae6b7a P 557dd013c88e4f00acb8f6a50cfcb0b1 [term 1 FOLLOWER]: Leader election vote request: Granting yes vote for candidate e11022e43c8b4611b64e14697a08ff72 in term 1.
I20260601 13:27:15.810125 13576 leader_election.cc:304] T 27c1874c19e34eb59125b8c115ae6b7a P e11022e43c8b4611b64e14697a08ff72 [CANDIDATE]: Term 1 election: Election decided. Result: candidate won. Election summary: received 2 responses out of 3 voters: 2 yes votes; 0 no votes. yes voters: 557dd013c88e4f00acb8f6a50cfcb0b1, e11022e43c8b4611b64e14697a08ff72; no voters: 
I20260601 13:27:15.810227 13821 raft_consensus.cc:2468] T 27c1874c19e34eb59125b8c115ae6b7a P 2e6abca308634e69aa6a8402f3a937b7 [term 1 FOLLOWER]: Leader election vote request: Granting yes vote for candidate e11022e43c8b4611b64e14697a08ff72 in term 1.
I20260601 13:27:15.810307 13766 raft_consensus.cc:2804] T 27c1874c19e34eb59125b8c115ae6b7a P e11022e43c8b4611b64e14697a08ff72 [term 1 FOLLOWER]: Leader election won for term 1
I20260601 13:27:15.810380 13766 raft_consensus.cc:697] T 27c1874c19e34eb59125b8c115ae6b7a P e11022e43c8b4611b64e14697a08ff72 [term 1 LEADER]: Becoming Leader. State: Replica: e11022e43c8b4611b64e14697a08ff72, State: Running, Role: LEADER
I20260601 13:27:15.810559 13766 consensus_queue.cc:237] T 27c1874c19e34eb59125b8c115ae6b7a P e11022e43c8b4611b64e14697a08ff72 [LEADER]: Queue going to LEADER mode. State: All replicated index: 0, Majority replicated index: 0, Committed index: 0, Last appended: 0.0, Last appended by leader: 0, Current term: 1, Majority size: 2, State: 0, Mode: LEADER, active raft config: opid_index: -1 OBSOLETE_local: false peers { permanent_uuid: "2e6abca308634e69aa6a8402f3a937b7" member_type: VOTER last_known_addr { host: "127.10.74.132" port: 36173 } } peers { permanent_uuid: "e11022e43c8b4611b64e14697a08ff72" member_type: VOTER last_known_addr { host: "127.10.74.130" port: 42133 } } peers { permanent_uuid: "557dd013c88e4f00acb8f6a50cfcb0b1" member_type: VOTER last_known_addr { host: "127.10.74.129" port: 35411 } }
I20260601 13:27:15.812395 13430 catalog_manager.cc:5696] T 27c1874c19e34eb59125b8c115ae6b7a P e11022e43c8b4611b64e14697a08ff72 reported cstate change: term changed from 0 to 1, leader changed from <none> to e11022e43c8b4611b64e14697a08ff72 (127.10.74.130). New cstate: current_term: 1 leader_uuid: "e11022e43c8b4611b64e14697a08ff72" committed_config { opid_index: -1 OBSOLETE_local: false peers { permanent_uuid: "2e6abca308634e69aa6a8402f3a937b7" member_type: VOTER last_known_addr { host: "127.10.74.132" port: 36173 } health_report { overall_health: UNKNOWN } } peers { permanent_uuid: "e11022e43c8b4611b64e14697a08ff72" member_type: VOTER last_known_addr { host: "127.10.74.130" port: 42133 } health_report { overall_health: HEALTHY } } peers { permanent_uuid: "557dd013c88e4f00acb8f6a50cfcb0b1" member_type: VOTER last_known_addr { host: "127.10.74.129" port: 35411 } health_report { overall_health: UNKNOWN } } }
I20260601 13:27:15.836758 13865 raft_consensus.cc:493] T 3d07440d3003481198f73e45ef84c272 P 2e6abca308634e69aa6a8402f3a937b7 [term 0 FOLLOWER]: Starting pre-election (no leader contacted us within the election timeout)
I20260601 13:27:15.836961 13865 raft_consensus.cc:515] T 3d07440d3003481198f73e45ef84c272 P 2e6abca308634e69aa6a8402f3a937b7 [term 0 FOLLOWER]: Starting pre-election with config: opid_index: -1 OBSOLETE_local: false peers { permanent_uuid: "2e6abca308634e69aa6a8402f3a937b7" member_type: VOTER last_known_addr { host: "127.10.74.132" port: 36173 } } peers { permanent_uuid: "e11022e43c8b4611b64e14697a08ff72" member_type: VOTER last_known_addr { host: "127.10.74.130" port: 42133 } } peers { permanent_uuid: "39947f5601bf4b5d94ea8167352aefcb" member_type: VOTER last_known_addr { host: "127.10.74.131" port: 35513 } }
I20260601 13:27:15.837579 13865 leader_election.cc:290] T 3d07440d3003481198f73e45ef84c272 P 2e6abca308634e69aa6a8402f3a937b7 [CANDIDATE]: Term 1 pre-election: Requested pre-vote from peers e11022e43c8b4611b64e14697a08ff72 (127.10.74.130:42133), 39947f5601bf4b5d94ea8167352aefcb (127.10.74.131:35513)
I20260601 13:27:15.842459 13610 tablet_service.cc:1917] Received RequestConsensusVote() RPC: tablet_id: "3d07440d3003481198f73e45ef84c272" candidate_uuid: "2e6abca308634e69aa6a8402f3a937b7" candidate_term: 1 candidate_status { last_received { term: 0 index: 0 } } ignore_live_leader: false dest_uuid: "e11022e43c8b4611b64e14697a08ff72" is_pre_election: true
I20260601 13:27:15.842459 13685 tablet_service.cc:1917] Received RequestConsensusVote() RPC: tablet_id: "3d07440d3003481198f73e45ef84c272" candidate_uuid: "2e6abca308634e69aa6a8402f3a937b7" candidate_term: 1 candidate_status { last_received { term: 0 index: 0 } } ignore_live_leader: false dest_uuid: "39947f5601bf4b5d94ea8167352aefcb" is_pre_election: true
I20260601 13:27:15.842758 13610 raft_consensus.cc:2468] T 3d07440d3003481198f73e45ef84c272 P e11022e43c8b4611b64e14697a08ff72 [term 0 FOLLOWER]: Leader pre-election vote request: Granting yes vote for candidate 2e6abca308634e69aa6a8402f3a937b7 in term 0.
I20260601 13:27:15.842758 13685 raft_consensus.cc:2468] T 3d07440d3003481198f73e45ef84c272 P 39947f5601bf4b5d94ea8167352aefcb [term 0 FOLLOWER]: Leader pre-election vote request: Granting yes vote for candidate 2e6abca308634e69aa6a8402f3a937b7 in term 0.
I20260601 13:27:15.843197 13788 leader_election.cc:304] T 3d07440d3003481198f73e45ef84c272 P 2e6abca308634e69aa6a8402f3a937b7 [CANDIDATE]: Term 1 pre-election: Election decided. Result: candidate won. Election summary: received 3 responses out of 3 voters: 3 yes votes; 0 no votes. yes voters: 2e6abca308634e69aa6a8402f3a937b7, 39947f5601bf4b5d94ea8167352aefcb, e11022e43c8b4611b64e14697a08ff72; no voters: 
I20260601 13:27:15.843448 13865 raft_consensus.cc:2804] T 3d07440d3003481198f73e45ef84c272 P 2e6abca308634e69aa6a8402f3a937b7 [term 0 FOLLOWER]: Leader pre-election won for term 1
I20260601 13:27:15.843526 13865 raft_consensus.cc:493] T 3d07440d3003481198f73e45ef84c272 P 2e6abca308634e69aa6a8402f3a937b7 [term 0 FOLLOWER]: Starting leader election (no leader contacted us within the election timeout)
I20260601 13:27:15.843557 13865 raft_consensus.cc:3060] T 3d07440d3003481198f73e45ef84c272 P 2e6abca308634e69aa6a8402f3a937b7 [term 0 FOLLOWER]: Advancing to term 1
I20260601 13:27:15.844609 13865 raft_consensus.cc:515] T 3d07440d3003481198f73e45ef84c272 P 2e6abca308634e69aa6a8402f3a937b7 [term 1 FOLLOWER]: Starting leader election with config: opid_index: -1 OBSOLETE_local: false peers { permanent_uuid: "2e6abca308634e69aa6a8402f3a937b7" member_type: VOTER last_known_addr { host: "127.10.74.132" port: 36173 } } peers { permanent_uuid: "e11022e43c8b4611b64e14697a08ff72" member_type: VOTER last_known_addr { host: "127.10.74.130" port: 42133 } } peers { permanent_uuid: "39947f5601bf4b5d94ea8167352aefcb" member_type: VOTER last_known_addr { host: "127.10.74.131" port: 35513 } }
I20260601 13:27:15.845110 13865 leader_election.cc:290] T 3d07440d3003481198f73e45ef84c272 P 2e6abca308634e69aa6a8402f3a937b7 [CANDIDATE]: Term 1 election: Requested vote from peers e11022e43c8b4611b64e14697a08ff72 (127.10.74.130:42133), 39947f5601bf4b5d94ea8167352aefcb (127.10.74.131:35513)
I20260601 13:27:15.845645 13685 tablet_service.cc:1917] Received RequestConsensusVote() RPC: tablet_id: "3d07440d3003481198f73e45ef84c272" candidate_uuid: "2e6abca308634e69aa6a8402f3a937b7" candidate_term: 1 candidate_status { last_received { term: 0 index: 0 } } ignore_live_leader: false dest_uuid: "39947f5601bf4b5d94ea8167352aefcb"
I20260601 13:27:15.845645 13610 tablet_service.cc:1917] Received RequestConsensusVote() RPC: tablet_id: "3d07440d3003481198f73e45ef84c272" candidate_uuid: "2e6abca308634e69aa6a8402f3a937b7" candidate_term: 1 candidate_status { last_received { term: 0 index: 0 } } ignore_live_leader: false dest_uuid: "e11022e43c8b4611b64e14697a08ff72"
I20260601 13:27:15.845855 13685 raft_consensus.cc:3060] T 3d07440d3003481198f73e45ef84c272 P 39947f5601bf4b5d94ea8167352aefcb [term 0 FOLLOWER]: Advancing to term 1
I20260601 13:27:15.845867 13610 raft_consensus.cc:3060] T 3d07440d3003481198f73e45ef84c272 P e11022e43c8b4611b64e14697a08ff72 [term 0 FOLLOWER]: Advancing to term 1
I20260601 13:27:15.846930 13610 raft_consensus.cc:2468] T 3d07440d3003481198f73e45ef84c272 P e11022e43c8b4611b64e14697a08ff72 [term 1 FOLLOWER]: Leader election vote request: Granting yes vote for candidate 2e6abca308634e69aa6a8402f3a937b7 in term 1.
I20260601 13:27:15.846930 13685 raft_consensus.cc:2468] T 3d07440d3003481198f73e45ef84c272 P 39947f5601bf4b5d94ea8167352aefcb [term 1 FOLLOWER]: Leader election vote request: Granting yes vote for candidate 2e6abca308634e69aa6a8402f3a937b7 in term 1.
I20260601 13:27:15.847532 13785 leader_election.cc:304] T 3d07440d3003481198f73e45ef84c272 P 2e6abca308634e69aa6a8402f3a937b7 [CANDIDATE]: Term 1 election: Election decided. Result: candidate won. Election summary: received 2 responses out of 3 voters: 2 yes votes; 0 no votes. yes voters: 2e6abca308634e69aa6a8402f3a937b7, 39947f5601bf4b5d94ea8167352aefcb; no voters: 
I20260601 13:27:15.847807 13865 raft_consensus.cc:2804] T 3d07440d3003481198f73e45ef84c272 P 2e6abca308634e69aa6a8402f3a937b7 [term 1 FOLLOWER]: Leader election won for term 1
I20260601 13:27:15.847978 13865 raft_consensus.cc:697] T 3d07440d3003481198f73e45ef84c272 P 2e6abca308634e69aa6a8402f3a937b7 [term 1 LEADER]: Becoming Leader. State: Replica: 2e6abca308634e69aa6a8402f3a937b7, State: Running, Role: LEADER
I20260601 13:27:15.848196 13865 consensus_queue.cc:237] T 3d07440d3003481198f73e45ef84c272 P 2e6abca308634e69aa6a8402f3a937b7 [LEADER]: Queue going to LEADER mode. State: All replicated index: 0, Majority replicated index: 0, Committed index: 0, Last appended: 0.0, Last appended by leader: 0, Current term: 1, Majority size: 2, State: 0, Mode: LEADER, active raft config: opid_index: -1 OBSOLETE_local: false peers { permanent_uuid: "2e6abca308634e69aa6a8402f3a937b7" member_type: VOTER last_known_addr { host: "127.10.74.132" port: 36173 } } peers { permanent_uuid: "e11022e43c8b4611b64e14697a08ff72" member_type: VOTER last_known_addr { host: "127.10.74.130" port: 42133 } } peers { permanent_uuid: "39947f5601bf4b5d94ea8167352aefcb" member_type: VOTER last_known_addr { host: "127.10.74.131" port: 35513 } }
I20260601 13:27:15.850871 13430 catalog_manager.cc:5696] T 3d07440d3003481198f73e45ef84c272 P 2e6abca308634e69aa6a8402f3a937b7 reported cstate change: term changed from 0 to 1, leader changed from <none> to 2e6abca308634e69aa6a8402f3a937b7 (127.10.74.132). New cstate: current_term: 1 leader_uuid: "2e6abca308634e69aa6a8402f3a937b7" committed_config { opid_index: -1 OBSOLETE_local: false peers { permanent_uuid: "2e6abca308634e69aa6a8402f3a937b7" member_type: VOTER last_known_addr { host: "127.10.74.132" port: 36173 } health_report { overall_health: HEALTHY } } peers { permanent_uuid: "e11022e43c8b4611b64e14697a08ff72" member_type: VOTER last_known_addr { host: "127.10.74.130" port: 42133 } health_report { overall_health: UNKNOWN } } peers { permanent_uuid: "39947f5601bf4b5d94ea8167352aefcb" member_type: VOTER last_known_addr { host: "127.10.74.131" port: 35513 } health_report { overall_health: UNKNOWN } } }
I20260601 13:27:15.882440 13766 raft_consensus.cc:493] T 6c7460e51e6f4b54963b077d041d91bb P e11022e43c8b4611b64e14697a08ff72 [term 0 FOLLOWER]: Starting pre-election (no leader contacted us within the election timeout)
I20260601 13:27:15.882788 13766 raft_consensus.cc:515] T 6c7460e51e6f4b54963b077d041d91bb P e11022e43c8b4611b64e14697a08ff72 [term 0 FOLLOWER]: Starting pre-election with config: opid_index: -1 OBSOLETE_local: false peers { permanent_uuid: "557dd013c88e4f00acb8f6a50cfcb0b1" member_type: VOTER last_known_addr { host: "127.10.74.129" port: 35411 } } peers { permanent_uuid: "2e6abca308634e69aa6a8402f3a937b7" member_type: VOTER last_known_addr { host: "127.10.74.132" port: 36173 } } peers { permanent_uuid: "e11022e43c8b4611b64e14697a08ff72" member_type: VOTER last_known_addr { host: "127.10.74.130" port: 42133 } }
I20260601 13:27:15.883423 13766 leader_election.cc:290] T 6c7460e51e6f4b54963b077d041d91bb P e11022e43c8b4611b64e14697a08ff72 [CANDIDATE]: Term 1 pre-election: Requested pre-vote from peers 557dd013c88e4f00acb8f6a50cfcb0b1 (127.10.74.129:35411), 2e6abca308634e69aa6a8402f3a937b7 (127.10.74.132:36173)
I20260601 13:27:15.883914 13533 tablet_service.cc:1917] Received RequestConsensusVote() RPC: tablet_id: "6c7460e51e6f4b54963b077d041d91bb" candidate_uuid: "e11022e43c8b4611b64e14697a08ff72" candidate_term: 1 candidate_status { last_received { term: 0 index: 0 } } ignore_live_leader: false dest_uuid: "557dd013c88e4f00acb8f6a50cfcb0b1" is_pre_election: true
I20260601 13:27:15.883971 13821 tablet_service.cc:1917] Received RequestConsensusVote() RPC: tablet_id: "6c7460e51e6f4b54963b077d041d91bb" candidate_uuid: "e11022e43c8b4611b64e14697a08ff72" candidate_term: 1 candidate_status { last_received { term: 0 index: 0 } } ignore_live_leader: false dest_uuid: "2e6abca308634e69aa6a8402f3a937b7" is_pre_election: true
I20260601 13:27:15.884066 13533 raft_consensus.cc:2468] T 6c7460e51e6f4b54963b077d041d91bb P 557dd013c88e4f00acb8f6a50cfcb0b1 [term 0 FOLLOWER]: Leader pre-election vote request: Granting yes vote for candidate e11022e43c8b4611b64e14697a08ff72 in term 0.
I20260601 13:27:15.884171 13821 raft_consensus.cc:2468] T 6c7460e51e6f4b54963b077d041d91bb P 2e6abca308634e69aa6a8402f3a937b7 [term 0 FOLLOWER]: Leader pre-election vote request: Granting yes vote for candidate e11022e43c8b4611b64e14697a08ff72 in term 0.
I20260601 13:27:15.884550 13576 leader_election.cc:304] T 6c7460e51e6f4b54963b077d041d91bb P e11022e43c8b4611b64e14697a08ff72 [CANDIDATE]: Term 1 pre-election: Election decided. Result: candidate won. Election summary: received 2 responses out of 3 voters: 2 yes votes; 0 no votes. yes voters: 557dd013c88e4f00acb8f6a50cfcb0b1, e11022e43c8b4611b64e14697a08ff72; no voters: 
I20260601 13:27:15.884742 13766 raft_consensus.cc:2804] T 6c7460e51e6f4b54963b077d041d91bb P e11022e43c8b4611b64e14697a08ff72 [term 0 FOLLOWER]: Leader pre-election won for term 1
I20260601 13:27:15.884799 13766 raft_consensus.cc:493] T 6c7460e51e6f4b54963b077d041d91bb P e11022e43c8b4611b64e14697a08ff72 [term 0 FOLLOWER]: Starting leader election (no leader contacted us within the election timeout)
I20260601 13:27:15.884850 13766 raft_consensus.cc:3060] T 6c7460e51e6f4b54963b077d041d91bb P e11022e43c8b4611b64e14697a08ff72 [term 0 FOLLOWER]: Advancing to term 1
I20260601 13:27:15.885924 13766 raft_consensus.cc:515] T 6c7460e51e6f4b54963b077d041d91bb P e11022e43c8b4611b64e14697a08ff72 [term 1 FOLLOWER]: Starting leader election with config: opid_index: -1 OBSOLETE_local: false peers { permanent_uuid: "557dd013c88e4f00acb8f6a50cfcb0b1" member_type: VOTER last_known_addr { host: "127.10.74.129" port: 35411 } } peers { permanent_uuid: "2e6abca308634e69aa6a8402f3a937b7" member_type: VOTER last_known_addr { host: "127.10.74.132" port: 36173 } } peers { permanent_uuid: "e11022e43c8b4611b64e14697a08ff72" member_type: VOTER last_known_addr { host: "127.10.74.130" port: 42133 } }
I20260601 13:27:15.886411 13766 leader_election.cc:290] T 6c7460e51e6f4b54963b077d041d91bb P e11022e43c8b4611b64e14697a08ff72 [CANDIDATE]: Term 1 election: Requested vote from peers 557dd013c88e4f00acb8f6a50cfcb0b1 (127.10.74.129:35411), 2e6abca308634e69aa6a8402f3a937b7 (127.10.74.132:36173)
I20260601 13:27:15.886874 13821 tablet_service.cc:1917] Received RequestConsensusVote() RPC: tablet_id: "6c7460e51e6f4b54963b077d041d91bb" candidate_uuid: "e11022e43c8b4611b64e14697a08ff72" candidate_term: 1 candidate_status { last_received { term: 0 index: 0 } } ignore_live_leader: false dest_uuid: "2e6abca308634e69aa6a8402f3a937b7"
I20260601 13:27:15.886874 13533 tablet_service.cc:1917] Received RequestConsensusVote() RPC: tablet_id: "6c7460e51e6f4b54963b077d041d91bb" candidate_uuid: "e11022e43c8b4611b64e14697a08ff72" candidate_term: 1 candidate_status { last_received { term: 0 index: 0 } } ignore_live_leader: false dest_uuid: "557dd013c88e4f00acb8f6a50cfcb0b1"
I20260601 13:27:15.887058 13533 raft_consensus.cc:3060] T 6c7460e51e6f4b54963b077d041d91bb P 557dd013c88e4f00acb8f6a50cfcb0b1 [term 0 FOLLOWER]: Advancing to term 1
I20260601 13:27:15.887058 13821 raft_consensus.cc:3060] T 6c7460e51e6f4b54963b077d041d91bb P 2e6abca308634e69aa6a8402f3a937b7 [term 0 FOLLOWER]: Advancing to term 1
I20260601 13:27:15.888283 13533 raft_consensus.cc:2468] T 6c7460e51e6f4b54963b077d041d91bb P 557dd013c88e4f00acb8f6a50cfcb0b1 [term 1 FOLLOWER]: Leader election vote request: Granting yes vote for candidate e11022e43c8b4611b64e14697a08ff72 in term 1.
I20260601 13:27:15.888283 13821 raft_consensus.cc:2468] T 6c7460e51e6f4b54963b077d041d91bb P 2e6abca308634e69aa6a8402f3a937b7 [term 1 FOLLOWER]: Leader election vote request: Granting yes vote for candidate e11022e43c8b4611b64e14697a08ff72 in term 1.
I20260601 13:27:15.888737 13576 leader_election.cc:304] T 6c7460e51e6f4b54963b077d041d91bb P e11022e43c8b4611b64e14697a08ff72 [CANDIDATE]: Term 1 election: Election decided. Result: candidate won. Election summary: received 2 responses out of 3 voters: 2 yes votes; 0 no votes. yes voters: 557dd013c88e4f00acb8f6a50cfcb0b1, e11022e43c8b4611b64e14697a08ff72; no voters: 
I20260601 13:27:15.889077 13766 raft_consensus.cc:2804] T 6c7460e51e6f4b54963b077d041d91bb P e11022e43c8b4611b64e14697a08ff72 [term 1 FOLLOWER]: Leader election won for term 1
I20260601 13:27:15.889294 13766 raft_consensus.cc:697] T 6c7460e51e6f4b54963b077d041d91bb P e11022e43c8b4611b64e14697a08ff72 [term 1 LEADER]: Becoming Leader. State: Replica: e11022e43c8b4611b64e14697a08ff72, State: Running, Role: LEADER
I20260601 13:27:15.889487 13766 consensus_queue.cc:237] T 6c7460e51e6f4b54963b077d041d91bb P e11022e43c8b4611b64e14697a08ff72 [LEADER]: Queue going to LEADER mode. State: All replicated index: 0, Majority replicated index: 0, Committed index: 0, Last appended: 0.0, Last appended by leader: 0, Current term: 1, Majority size: 2, State: 0, Mode: LEADER, active raft config: opid_index: -1 OBSOLETE_local: false peers { permanent_uuid: "557dd013c88e4f00acb8f6a50cfcb0b1" member_type: VOTER last_known_addr { host: "127.10.74.129" port: 35411 } } peers { permanent_uuid: "2e6abca308634e69aa6a8402f3a937b7" member_type: VOTER last_known_addr { host: "127.10.74.132" port: 36173 } } peers { permanent_uuid: "e11022e43c8b4611b64e14697a08ff72" member_type: VOTER last_known_addr { host: "127.10.74.130" port: 42133 } }
I20260601 13:27:15.891872 13430 catalog_manager.cc:5696] T 6c7460e51e6f4b54963b077d041d91bb P e11022e43c8b4611b64e14697a08ff72 reported cstate change: term changed from 0 to 1, leader changed from <none> to e11022e43c8b4611b64e14697a08ff72 (127.10.74.130). New cstate: current_term: 1 leader_uuid: "e11022e43c8b4611b64e14697a08ff72" committed_config { opid_index: -1 OBSOLETE_local: false peers { permanent_uuid: "557dd013c88e4f00acb8f6a50cfcb0b1" member_type: VOTER last_known_addr { host: "127.10.74.129" port: 35411 } health_report { overall_health: UNKNOWN } } peers { permanent_uuid: "2e6abca308634e69aa6a8402f3a937b7" member_type: VOTER last_known_addr { host: "127.10.74.132" port: 36173 } health_report { overall_health: UNKNOWN } } peers { permanent_uuid: "e11022e43c8b4611b64e14697a08ff72" member_type: VOTER last_known_addr { host: "127.10.74.130" port: 42133 } health_report { overall_health: HEALTHY } } }
I20260601 13:27:15.920785 13757 consensus_queue.cc:1048] T 0f3fb5b7d79140e88bd8482810a9ecaf P 557dd013c88e4f00acb8f6a50cfcb0b1 [LEADER]: Connected to new peer: Peer: permanent_uuid: "39947f5601bf4b5d94ea8167352aefcb" member_type: VOTER last_known_addr { host: "127.10.74.131" port: 35513 }, Status: LMP_MISMATCH, Last received: 0.0, Next index: 1, Last known committed idx: 0, Time since last communication: 0.000s
I20260601 13:27:15.924678 13757 consensus_queue.cc:1048] T 0f3fb5b7d79140e88bd8482810a9ecaf P 557dd013c88e4f00acb8f6a50cfcb0b1 [LEADER]: Connected to new peer: Peer: permanent_uuid: "e11022e43c8b4611b64e14697a08ff72" member_type: VOTER last_known_addr { host: "127.10.74.130" port: 42133 }, Status: LMP_MISMATCH, Last received: 0.0, Next index: 1, Last known committed idx: 0, Time since last communication: 0.000s
I20260601 13:27:15.926843 13889 raft_consensus.cc:493] T e4b9b6cfd3444f6ab73abaa8ed0b7d95 P 557dd013c88e4f00acb8f6a50cfcb0b1 [term 0 FOLLOWER]: Starting pre-election (no leader contacted us within the election timeout)
I20260601 13:27:15.926986 13889 raft_consensus.cc:515] T e4b9b6cfd3444f6ab73abaa8ed0b7d95 P 557dd013c88e4f00acb8f6a50cfcb0b1 [term 0 FOLLOWER]: Starting pre-election with config: opid_index: -1 OBSOLETE_local: false peers { permanent_uuid: "557dd013c88e4f00acb8f6a50cfcb0b1" member_type: VOTER last_known_addr { host: "127.10.74.129" port: 35411 } } peers { permanent_uuid: "2e6abca308634e69aa6a8402f3a937b7" member_type: VOTER last_known_addr { host: "127.10.74.132" port: 36173 } } peers { permanent_uuid: "e11022e43c8b4611b64e14697a08ff72" member_type: VOTER last_known_addr { host: "127.10.74.130" port: 42133 } }
I20260601 13:27:15.927548 13889 leader_election.cc:290] T e4b9b6cfd3444f6ab73abaa8ed0b7d95 P 557dd013c88e4f00acb8f6a50cfcb0b1 [CANDIDATE]: Term 1 pre-election: Requested pre-vote from peers 2e6abca308634e69aa6a8402f3a937b7 (127.10.74.132:36173), e11022e43c8b4611b64e14697a08ff72 (127.10.74.130:42133)
I20260601 13:27:15.928346 13610 tablet_service.cc:1917] Received RequestConsensusVote() RPC: tablet_id: "e4b9b6cfd3444f6ab73abaa8ed0b7d95" candidate_uuid: "557dd013c88e4f00acb8f6a50cfcb0b1" candidate_term: 1 candidate_status { last_received { term: 0 index: 0 } } ignore_live_leader: false dest_uuid: "e11022e43c8b4611b64e14697a08ff72" is_pre_election: true
I20260601 13:27:15.928493 13610 raft_consensus.cc:2468] T e4b9b6cfd3444f6ab73abaa8ed0b7d95 P e11022e43c8b4611b64e14697a08ff72 [term 0 FOLLOWER]: Leader pre-election vote request: Granting yes vote for candidate 557dd013c88e4f00acb8f6a50cfcb0b1 in term 0.
