I20260601 13:26:17.704128 14905 fs_manager.cc:730] Time spent opening block manager: real 0.001s	user 0.000s	sys 0.001s
I20260601 13:26:17.704185 14905 fs_manager.cc:647] Opened local filesystem: /tmp/dist-test-tasksuyJI_/test-tmp/auto_rebalancer-test.0.AutoRebalancerTest.MovesScheduledIfAddTserver.1780320360870355-14905-0/minicluster-data/ts-2-root
uuid: "6fdb660819d743dda5c96185b505fbf9"
format_stamp: "Formatted at 2026-06-01 13:26:17 on dist-test-slave-rw62"
I20260601 13:26:17.704267 14905 fs_report.cc:389] FS layout report
--------------------
wal directory: /tmp/dist-test-tasksuyJI_/test-tmp/auto_rebalancer-test.0.AutoRebalancerTest.MovesScheduledIfAddTserver.1780320360870355-14905-0/minicluster-data/ts-2-root
metadata directory: /tmp/dist-test-tasksuyJI_/test-tmp/auto_rebalancer-test.0.AutoRebalancerTest.MovesScheduledIfAddTserver.1780320360870355-14905-0/minicluster-data/ts-2-root
1 data directories: /tmp/dist-test-tasksuyJI_/test-tmp/auto_rebalancer-test.0.AutoRebalancerTest.MovesScheduledIfAddTserver.1780320360870355-14905-0/minicluster-data/ts-2-root/data
Total live blocks: 0
Total live bytes: 0
Total live bytes (after alignment): 0
Total number of LBM containers: 0 (0 full)
Did not check for missing blocks
Did not check for orphaned blocks
Total full LBM containers with extra space: 0 (0 repaired)
Total full LBM container extra space in bytes: 0 (0 repaired)
Total incomplete LBM containers: 0 (0 repaired)
Total LBM partial records: 0 (0 repaired)
Total corrupted LBM metadata records in RocksDB: 0 (0 repaired)
I20260601 13:26:17.723683 14905 rpc_server.cc:225] running with OpenSSL 1.1.1  11 Sep 2018
I20260601 13:26:17.724085 14905 kserver.cc:163] Server-wide thread pool size limit: 3276
I20260601 13:26:17.724411 14905 txn_system_client.cc:432] TxnSystemClient initialization is disabled...
I20260601 13:26:17.724876 14905 ts_tablet_manager.cc:585] Loaded tablet metadata (0 total tablets, 0 live tablets)
I20260601 13:26:17.724951 14905 ts_tablet_manager.cc:531] Time spent load tablet metadata: real 0.000s	user 0.000s	sys 0.000s
I20260601 13:26:17.725003 14905 ts_tablet_manager.cc:616] Registered 0 tablets
I20260601 13:26:17.725054 14905 ts_tablet_manager.cc:595] Time spent register tablets: real 0.000s	user 0.000s	sys 0.000s
I20260601 13:26:17.729523 14905 rpc_server.cc:307] RPC server started. Bound to: 127.14.142.67:36069
I20260601 13:26:17.729562 16832 acceptor_pool.cc:272] collecting diagnostics on the listening RPC socket 127.14.142.67:36069 every 8 connection(s)
I20260601 13:26:17.733726 16833 heartbeater.cc:344] Connected to a master server at 127.14.142.126:38033
I20260601 13:26:17.733830 16833 heartbeater.cc:461] Registering TS with master...
I20260601 13:26:17.734036 16833 heartbeater.cc:507] Master 127.14.142.126:38033 requested a full tablet report, sending...
I20260601 13:26:17.734622 16553 ts_manager.cc:194] Registered new tserver with Master: 6fdb660819d743dda5c96185b505fbf9 (127.14.142.67:36069)
I20260601 13:26:17.735072 16553 master_service.cc:502] Signed X509 certificate for tserver {username='slave'} at 127.0.0.1:60424
I20260601 13:26:17.735509 14905 internal_mini_cluster.cc:371] 3 TS(s) registered with all masters after 0.005618123s
I20260601 13:26:18.686321 16682 heartbeater.cc:499] Master 127.14.142.126:38033 was elected leader, sending a full tablet report...
I20260601 13:26:18.702545 16758 heartbeater.cc:499] Master 127.14.142.126:38033 was elected leader, sending a full tablet report...
I20260601 13:26:18.735989 16833 heartbeater.cc:499] Master 127.14.142.126:38033 was elected leader, sending a full tablet report...
I20260601 13:26:18.769722 16553 catalog_manager.cc:2282] Servicing CreateTable request from {username='slave'} at 127.0.0.1:60430:
name: "test-workload"
schema {
  columns {
    name: "key"
    type: INT32
    is_key: true
    is_nullable: false
    encoding: AUTO_ENCODING
    compression: DEFAULT_COMPRESSION
    cfile_block_size: 0
    immutable: false
  }
  columns {
    name: "int_val"
    type: INT32
    is_key: false
    is_nullable: false
    encoding: AUTO_ENCODING
    compression: DEFAULT_COMPRESSION
    cfile_block_size: 0
    immutable: false
  }
  columns {
    name: "string_val"
    type: STRING
    is_key: false
    is_nullable: true
    encoding: AUTO_ENCODING
    compression: DEFAULT_COMPRESSION
    cfile_block_size: 0
    immutable: false
  }
}
num_replicas: 3
split_rows_range_bounds {
  rows: "\004\001\000\377\377\377?""\004\001\000\377\377\377?"
  indirect_data: """"
}
partition_schema {
  range_schema {
    columns {
      name: "key"
    }
  }
}
W20260601 13:26:18.770287 16553 catalog_manager.cc:7076] The number of live tablet servers is not enough to re-replicate a tablet replica of the newly created table test-workload in case of a server failure: 4 tablet servers would be needed, 3 are available. Consider bringing up more tablet servers.
I20260601 13:26:18.780303 16722 tablet_service.cc:1511] Processing CreateTablet for tablet 8fa7dc3fa40a449d9f3650a8c377a5d1 (DEFAULT_TABLE table=test-workload [id=5a03474671a243448af4963860a8961e]), partition=RANGE (key) PARTITION VALUES < 1073741823
I20260601 13:26:18.780303 16721 tablet_service.cc:1511] Processing CreateTablet for tablet 6f046998a2b749028991c8a5f5cacb6c (DEFAULT_TABLE table=test-workload [id=5a03474671a243448af4963860a8961e]), partition=RANGE (key) PARTITION 1073741823 <= VALUES
I20260601 13:26:18.780717 16722 data_dirs.cc:400] Could only allocate 1 dirs of requested 3 for tablet 8fa7dc3fa40a449d9f3650a8c377a5d1. 1 dirs total, 0 dirs full, 0 dirs failed
I20260601 13:26:18.781353 16721 data_dirs.cc:400] Could only allocate 1 dirs of requested 3 for tablet 6f046998a2b749028991c8a5f5cacb6c. 1 dirs total, 0 dirs full, 0 dirs failed
I20260601 13:26:18.781749 16796 tablet_service.cc:1511] Processing CreateTablet for tablet 6f046998a2b749028991c8a5f5cacb6c (DEFAULT_TABLE table=test-workload [id=5a03474671a243448af4963860a8961e]), partition=RANGE (key) PARTITION 1073741823 <= VALUES
I20260601 13:26:18.782023 16796 data_dirs.cc:400] Could only allocate 1 dirs of requested 3 for tablet 6f046998a2b749028991c8a5f5cacb6c. 1 dirs total, 0 dirs full, 0 dirs failed
I20260601 13:26:18.783314 16853 tablet_bootstrap.cc:492] T 8fa7dc3fa40a449d9f3650a8c377a5d1 P f32b0dbbecb748cd86704c422b27571e: Bootstrap starting.
I20260601 13:26:18.783437 16646 tablet_service.cc:1511] Processing CreateTablet for tablet 8fa7dc3fa40a449d9f3650a8c377a5d1 (DEFAULT_TABLE table=test-workload [id=5a03474671a243448af4963860a8961e]), partition=RANGE (key) PARTITION VALUES < 1073741823
I20260601 13:26:18.783676 16646 data_dirs.cc:400] Could only allocate 1 dirs of requested 3 for tablet 8fa7dc3fa40a449d9f3650a8c377a5d1. 1 dirs total, 0 dirs full, 0 dirs failed
I20260601 13:26:18.784677 16853 tablet_bootstrap.cc:654] T 8fa7dc3fa40a449d9f3650a8c377a5d1 P f32b0dbbecb748cd86704c422b27571e: Neither blocks nor log segments found. Creating new log.
I20260601 13:26:18.785410 16797 tablet_service.cc:1511] Processing CreateTablet for tablet 8fa7dc3fa40a449d9f3650a8c377a5d1 (DEFAULT_TABLE table=test-workload [id=5a03474671a243448af4963860a8961e]), partition=RANGE (key) PARTITION VALUES < 1073741823
I20260601 13:26:18.785660 16797 data_dirs.cc:400] Could only allocate 1 dirs of requested 3 for tablet 8fa7dc3fa40a449d9f3650a8c377a5d1. 1 dirs total, 0 dirs full, 0 dirs failed
I20260601 13:26:18.785773 16856 tablet_bootstrap.cc:492] T 8fa7dc3fa40a449d9f3650a8c377a5d1 P 73d63e6def314e7284a5a2661623dab4: Bootstrap starting.
I20260601 13:26:18.786434 16853 tablet_bootstrap.cc:492] T 8fa7dc3fa40a449d9f3650a8c377a5d1 P f32b0dbbecb748cd86704c422b27571e: No bootstrap required, opened a new log
I20260601 13:26:18.786533 16853 ts_tablet_manager.cc:1403] T 8fa7dc3fa40a449d9f3650a8c377a5d1 P f32b0dbbecb748cd86704c422b27571e: Time spent bootstrapping tablet: real 0.003s	user 0.002s	sys 0.000s
I20260601 13:26:18.786808 16856 tablet_bootstrap.cc:654] T 8fa7dc3fa40a449d9f3650a8c377a5d1 P 73d63e6def314e7284a5a2661623dab4: Neither blocks nor log segments found. Creating new log.
I20260601 13:26:18.787021 16853 raft_consensus.cc:359] T 8fa7dc3fa40a449d9f3650a8c377a5d1 P f32b0dbbecb748cd86704c422b27571e [term 0 FOLLOWER]: Replica starting. Triggering 0 pending ops. Active config: opid_index: -1 OBSOLETE_local: false peers { permanent_uuid: "f32b0dbbecb748cd86704c422b27571e" member_type: VOTER last_known_addr { host: "127.14.142.66" port: 40443 } } peers { permanent_uuid: "73d63e6def314e7284a5a2661623dab4" member_type: VOTER last_known_addr { host: "127.14.142.65" port: 34315 } } peers { permanent_uuid: "6fdb660819d743dda5c96185b505fbf9" member_type: VOTER last_known_addr { host: "127.14.142.67" port: 36069 } }
I20260601 13:26:18.787119 16853 raft_consensus.cc:385] T 8fa7dc3fa40a449d9f3650a8c377a5d1 P f32b0dbbecb748cd86704c422b27571e [term 0 FOLLOWER]: Consensus starting up: Expiring failure detector timer to make a prompt election more likely
I20260601 13:26:18.787150 16853 raft_consensus.cc:740] T 8fa7dc3fa40a449d9f3650a8c377a5d1 P f32b0dbbecb748cd86704c422b27571e [term 0 FOLLOWER]: Becoming Follower/Learner. State: Replica: f32b0dbbecb748cd86704c422b27571e, State: Initialized, Role: FOLLOWER
I20260601 13:26:18.787355 16853 consensus_queue.cc:260] T 8fa7dc3fa40a449d9f3650a8c377a5d1 P f32b0dbbecb748cd86704c422b27571e [NON_LEADER]: Queue going to NON_LEADER mode. State: All replicated index: 0, Majority replicated index: 0, Committed index: 0, Last appended: 0.0, Last appended by leader: 0, Current term: 0, Majority size: -1, State: 0, Mode: NON_LEADER, active raft config: opid_index: -1 OBSOLETE_local: false peers { permanent_uuid: "f32b0dbbecb748cd86704c422b27571e" member_type: VOTER last_known_addr { host: "127.14.142.66" port: 40443 } } peers { permanent_uuid: "73d63e6def314e7284a5a2661623dab4" member_type: VOTER last_known_addr { host: "127.14.142.65" port: 34315 } } peers { permanent_uuid: "6fdb660819d743dda5c96185b505fbf9" member_type: VOTER last_known_addr { host: "127.14.142.67" port: 36069 } }
I20260601 13:26:18.787860 16645 tablet_service.cc:1511] Processing CreateTablet for tablet 6f046998a2b749028991c8a5f5cacb6c (DEFAULT_TABLE table=test-workload [id=5a03474671a243448af4963860a8961e]), partition=RANGE (key) PARTITION 1073741823 <= VALUES
I20260601 13:26:18.787982 16856 tablet_bootstrap.cc:492] T 8fa7dc3fa40a449d9f3650a8c377a5d1 P 73d63e6def314e7284a5a2661623dab4: No bootstrap required, opened a new log
I20260601 13:26:18.787995 16854 tablet_bootstrap.cc:492] T 6f046998a2b749028991c8a5f5cacb6c P 6fdb660819d743dda5c96185b505fbf9: Bootstrap starting.
I20260601 13:26:18.788084 16856 ts_tablet_manager.cc:1403] T 8fa7dc3fa40a449d9f3650a8c377a5d1 P 73d63e6def314e7284a5a2661623dab4: Time spent bootstrapping tablet: real 0.002s	user 0.002s	sys 0.000s
I20260601 13:26:18.788113 16645 data_dirs.cc:400] Could only allocate 1 dirs of requested 3 for tablet 6f046998a2b749028991c8a5f5cacb6c. 1 dirs total, 0 dirs full, 0 dirs failed
I20260601 13:26:18.788481 16856 raft_consensus.cc:359] T 8fa7dc3fa40a449d9f3650a8c377a5d1 P 73d63e6def314e7284a5a2661623dab4 [term 0 FOLLOWER]: Replica starting. Triggering 0 pending ops. Active config: opid_index: -1 OBSOLETE_local: false peers { permanent_uuid: "f32b0dbbecb748cd86704c422b27571e" member_type: VOTER last_known_addr { host: "127.14.142.66" port: 40443 } } peers { permanent_uuid: "73d63e6def314e7284a5a2661623dab4" member_type: VOTER last_known_addr { host: "127.14.142.65" port: 34315 } } peers { permanent_uuid: "6fdb660819d743dda5c96185b505fbf9" member_type: VOTER last_known_addr { host: "127.14.142.67" port: 36069 } }
I20260601 13:26:18.788584 16856 raft_consensus.cc:385] T 8fa7dc3fa40a449d9f3650a8c377a5d1 P 73d63e6def314e7284a5a2661623dab4 [term 0 FOLLOWER]: Consensus starting up: Expiring failure detector timer to make a prompt election more likely
I20260601 13:26:18.788627 16856 raft_consensus.cc:740] T 8fa7dc3fa40a449d9f3650a8c377a5d1 P 73d63e6def314e7284a5a2661623dab4 [term 0 FOLLOWER]: Becoming Follower/Learner. State: Replica: 73d63e6def314e7284a5a2661623dab4, State: Initialized, Role: FOLLOWER
I20260601 13:26:18.788789 16856 consensus_queue.cc:260] T 8fa7dc3fa40a449d9f3650a8c377a5d1 P 73d63e6def314e7284a5a2661623dab4 [NON_LEADER]: Queue going to NON_LEADER mode. State: All replicated index: 0, Majority replicated index: 0, Committed index: 0, Last appended: 0.0, Last appended by leader: 0, Current term: 0, Majority size: -1, State: 0, Mode: NON_LEADER, active raft config: opid_index: -1 OBSOLETE_local: false peers { permanent_uuid: "f32b0dbbecb748cd86704c422b27571e" member_type: VOTER last_known_addr { host: "127.14.142.66" port: 40443 } } peers { permanent_uuid: "73d63e6def314e7284a5a2661623dab4" member_type: VOTER last_known_addr { host: "127.14.142.65" port: 34315 } } peers { permanent_uuid: "6fdb660819d743dda5c96185b505fbf9" member_type: VOTER last_known_addr { host: "127.14.142.67" port: 36069 } }
I20260601 13:26:18.788996 16854 tablet_bootstrap.cc:654] T 6f046998a2b749028991c8a5f5cacb6c P 6fdb660819d743dda5c96185b505fbf9: Neither blocks nor log segments found. Creating new log.
I20260601 13:26:18.789120 16856 ts_tablet_manager.cc:1434] T 8fa7dc3fa40a449d9f3650a8c377a5d1 P 73d63e6def314e7284a5a2661623dab4: Time spent starting tablet: real 0.001s	user 0.001s	sys 0.000s
I20260601 13:26:18.790051 16856 tablet_bootstrap.cc:492] T 6f046998a2b749028991c8a5f5cacb6c P 73d63e6def314e7284a5a2661623dab4: Bootstrap starting.
I20260601 13:26:18.787859 16853 ts_tablet_manager.cc:1434] T 8fa7dc3fa40a449d9f3650a8c377a5d1 P f32b0dbbecb748cd86704c422b27571e: Time spent starting tablet: real 0.001s	user 0.001s	sys 0.000s
I20260601 13:26:18.790349 16853 tablet_bootstrap.cc:492] T 6f046998a2b749028991c8a5f5cacb6c P f32b0dbbecb748cd86704c422b27571e: Bootstrap starting.
I20260601 13:26:18.791061 16856 tablet_bootstrap.cc:654] T 6f046998a2b749028991c8a5f5cacb6c P 73d63e6def314e7284a5a2661623dab4: Neither blocks nor log segments found. Creating new log.
I20260601 13:26:18.791395 16853 tablet_bootstrap.cc:654] T 6f046998a2b749028991c8a5f5cacb6c P f32b0dbbecb748cd86704c422b27571e: Neither blocks nor log segments found. Creating new log.
I20260601 13:26:18.792445 16853 tablet_bootstrap.cc:492] T 6f046998a2b749028991c8a5f5cacb6c P f32b0dbbecb748cd86704c422b27571e: No bootstrap required, opened a new log
I20260601 13:26:18.792460 16856 tablet_bootstrap.cc:492] T 6f046998a2b749028991c8a5f5cacb6c P 73d63e6def314e7284a5a2661623dab4: No bootstrap required, opened a new log
I20260601 13:26:18.792543 16856 ts_tablet_manager.cc:1403] T 6f046998a2b749028991c8a5f5cacb6c P 73d63e6def314e7284a5a2661623dab4: Time spent bootstrapping tablet: real 0.003s	user 0.002s	sys 0.000s
I20260601 13:26:18.792599 16854 tablet_bootstrap.cc:492] T 6f046998a2b749028991c8a5f5cacb6c P 6fdb660819d743dda5c96185b505fbf9: No bootstrap required, opened a new log
I20260601 13:26:18.792547 16853 ts_tablet_manager.cc:1403] T 6f046998a2b749028991c8a5f5cacb6c P f32b0dbbecb748cd86704c422b27571e: Time spent bootstrapping tablet: real 0.002s	user 0.002s	sys 0.000s
I20260601 13:26:18.792706 16854 ts_tablet_manager.cc:1403] T 6f046998a2b749028991c8a5f5cacb6c P 6fdb660819d743dda5c96185b505fbf9: Time spent bootstrapping tablet: real 0.005s	user 0.002s	sys 0.000s
I20260601 13:26:18.792997 16856 raft_consensus.cc:359] T 6f046998a2b749028991c8a5f5cacb6c P 73d63e6def314e7284a5a2661623dab4 [term 0 FOLLOWER]: Replica starting. Triggering 0 pending ops. Active config: opid_index: -1 OBSOLETE_local: false peers { permanent_uuid: "73d63e6def314e7284a5a2661623dab4" member_type: VOTER last_known_addr { host: "127.14.142.65" port: 34315 } } peers { permanent_uuid: "f32b0dbbecb748cd86704c422b27571e" member_type: VOTER last_known_addr { host: "127.14.142.66" port: 40443 } } peers { permanent_uuid: "6fdb660819d743dda5c96185b505fbf9" member_type: VOTER last_known_addr { host: "127.14.142.67" port: 36069 } }
I20260601 13:26:18.793061 16853 raft_consensus.cc:359] T 6f046998a2b749028991c8a5f5cacb6c P f32b0dbbecb748cd86704c422b27571e [term 0 FOLLOWER]: Replica starting. Triggering 0 pending ops. Active config: opid_index: -1 OBSOLETE_local: false peers { permanent_uuid: "73d63e6def314e7284a5a2661623dab4" member_type: VOTER last_known_addr { host: "127.14.142.65" port: 34315 } } peers { permanent_uuid: "f32b0dbbecb748cd86704c422b27571e" member_type: VOTER last_known_addr { host: "127.14.142.66" port: 40443 } } peers { permanent_uuid: "6fdb660819d743dda5c96185b505fbf9" member_type: VOTER last_known_addr { host: "127.14.142.67" port: 36069 } }
I20260601 13:26:18.793119 16854 raft_consensus.cc:359] T 6f046998a2b749028991c8a5f5cacb6c P 6fdb660819d743dda5c96185b505fbf9 [term 0 FOLLOWER]: Replica starting. Triggering 0 pending ops. Active config: opid_index: -1 OBSOLETE_local: false peers { permanent_uuid: "73d63e6def314e7284a5a2661623dab4" member_type: VOTER last_known_addr { host: "127.14.142.65" port: 34315 } } peers { permanent_uuid: "f32b0dbbecb748cd86704c422b27571e" member_type: VOTER last_known_addr { host: "127.14.142.66" port: 40443 } } peers { permanent_uuid: "6fdb660819d743dda5c96185b505fbf9" member_type: VOTER last_known_addr { host: "127.14.142.67" port: 36069 } }
I20260601 13:26:18.793119 16856 raft_consensus.cc:385] T 6f046998a2b749028991c8a5f5cacb6c P 73d63e6def314e7284a5a2661623dab4 [term 0 FOLLOWER]: Consensus starting up: Expiring failure detector timer to make a prompt election more likely
I20260601 13:26:18.793134 16853 raft_consensus.cc:385] T 6f046998a2b749028991c8a5f5cacb6c P f32b0dbbecb748cd86704c422b27571e [term 0 FOLLOWER]: Consensus starting up: Expiring failure detector timer to make a prompt election more likely
I20260601 13:26:18.793340 16854 raft_consensus.cc:385] T 6f046998a2b749028991c8a5f5cacb6c P 6fdb660819d743dda5c96185b505fbf9 [term 0 FOLLOWER]: Consensus starting up: Expiring failure detector timer to make a prompt election more likely
I20260601 13:26:18.793354 16853 raft_consensus.cc:740] T 6f046998a2b749028991c8a5f5cacb6c P f32b0dbbecb748cd86704c422b27571e [term 0 FOLLOWER]: Becoming Follower/Learner. State: Replica: f32b0dbbecb748cd86704c422b27571e, State: Initialized, Role: FOLLOWER
I20260601 13:26:18.793432 16854 raft_consensus.cc:740] T 6f046998a2b749028991c8a5f5cacb6c P 6fdb660819d743dda5c96185b505fbf9 [term 0 FOLLOWER]: Becoming Follower/Learner. State: Replica: 6fdb660819d743dda5c96185b505fbf9, State: Initialized, Role: FOLLOWER
I20260601 13:26:18.793339 16856 raft_consensus.cc:740] T 6f046998a2b749028991c8a5f5cacb6c P 73d63e6def314e7284a5a2661623dab4 [term 0 FOLLOWER]: Becoming Follower/Learner. State: Replica: 73d63e6def314e7284a5a2661623dab4, State: Initialized, Role: FOLLOWER
I20260601 13:26:18.793557 16853 consensus_queue.cc:260] T 6f046998a2b749028991c8a5f5cacb6c P f32b0dbbecb748cd86704c422b27571e [NON_LEADER]: Queue going to NON_LEADER mode. State: All replicated index: 0, Majority replicated index: 0, Committed index: 0, Last appended: 0.0, Last appended by leader: 0, Current term: 0, Majority size: -1, State: 0, Mode: NON_LEADER, active raft config: opid_index: -1 OBSOLETE_local: false peers { permanent_uuid: "73d63e6def314e7284a5a2661623dab4" member_type: VOTER last_known_addr { host: "127.14.142.65" port: 34315 } } peers { permanent_uuid: "f32b0dbbecb748cd86704c422b27571e" member_type: VOTER last_known_addr { host: "127.14.142.66" port: 40443 } } peers { permanent_uuid: "6fdb660819d743dda5c96185b505fbf9" member_type: VOTER last_known_addr { host: "127.14.142.67" port: 36069 } }
I20260601 13:26:18.793586 16856 consensus_queue.cc:260] T 6f046998a2b749028991c8a5f5cacb6c P 73d63e6def314e7284a5a2661623dab4 [NON_LEADER]: Queue going to NON_LEADER mode. State: All replicated index: 0, Majority replicated index: 0, Committed index: 0, Last appended: 0.0, Last appended by leader: 0, Current term: 0, Majority size: -1, State: 0, Mode: NON_LEADER, active raft config: opid_index: -1 OBSOLETE_local: false peers { permanent_uuid: "73d63e6def314e7284a5a2661623dab4" member_type: VOTER last_known_addr { host: "127.14.142.65" port: 34315 } } peers { permanent_uuid: "f32b0dbbecb748cd86704c422b27571e" member_type: VOTER last_known_addr { host: "127.14.142.66" port: 40443 } } peers { permanent_uuid: "6fdb660819d743dda5c96185b505fbf9" member_type: VOTER last_known_addr { host: "127.14.142.67" port: 36069 } }
I20260601 13:26:18.793589 16854 consensus_queue.cc:260] T 6f046998a2b749028991c8a5f5cacb6c P 6fdb660819d743dda5c96185b505fbf9 [NON_LEADER]: Queue going to NON_LEADER mode. State: All replicated index: 0, Majority replicated index: 0, Committed index: 0, Last appended: 0.0, Last appended by leader: 0, Current term: 0, Majority size: -1, State: 0, Mode: NON_LEADER, active raft config: opid_index: -1 OBSOLETE_local: false peers { permanent_uuid: "73d63e6def314e7284a5a2661623dab4" member_type: VOTER last_known_addr { host: "127.14.142.65" port: 34315 } } peers { permanent_uuid: "f32b0dbbecb748cd86704c422b27571e" member_type: VOTER last_known_addr { host: "127.14.142.66" port: 40443 } } peers { permanent_uuid: "6fdb660819d743dda5c96185b505fbf9" member_type: VOTER last_known_addr { host: "127.14.142.67" port: 36069 } }
I20260601 13:26:18.793851 16853 ts_tablet_manager.cc:1434] T 6f046998a2b749028991c8a5f5cacb6c P f32b0dbbecb748cd86704c422b27571e: Time spent starting tablet: real 0.001s	user 0.001s	sys 0.000s
I20260601 13:26:18.793861 16856 ts_tablet_manager.cc:1434] T 6f046998a2b749028991c8a5f5cacb6c P 73d63e6def314e7284a5a2661623dab4: Time spent starting tablet: real 0.001s	user 0.001s	sys 0.000s
I20260601 13:26:18.793917 16854 ts_tablet_manager.cc:1434] T 6f046998a2b749028991c8a5f5cacb6c P 6fdb660819d743dda5c96185b505fbf9: Time spent starting tablet: real 0.001s	user 0.000s	sys 0.001s
I20260601 13:26:18.794567 16854 tablet_bootstrap.cc:492] T 8fa7dc3fa40a449d9f3650a8c377a5d1 P 6fdb660819d743dda5c96185b505fbf9: Bootstrap starting.
I20260601 13:26:18.796236 16854 tablet_bootstrap.cc:654] T 8fa7dc3fa40a449d9f3650a8c377a5d1 P 6fdb660819d743dda5c96185b505fbf9: Neither blocks nor log segments found. Creating new log.
I20260601 13:26:18.797334 16854 tablet_bootstrap.cc:492] T 8fa7dc3fa40a449d9f3650a8c377a5d1 P 6fdb660819d743dda5c96185b505fbf9: No bootstrap required, opened a new log
I20260601 13:26:18.797438 16854 ts_tablet_manager.cc:1403] T 8fa7dc3fa40a449d9f3650a8c377a5d1 P 6fdb660819d743dda5c96185b505fbf9: Time spent bootstrapping tablet: real 0.003s	user 0.001s	sys 0.001s
I20260601 13:26:18.797801 16854 raft_consensus.cc:359] T 8fa7dc3fa40a449d9f3650a8c377a5d1 P 6fdb660819d743dda5c96185b505fbf9 [term 0 FOLLOWER]: Replica starting. Triggering 0 pending ops. Active config: opid_index: -1 OBSOLETE_local: false peers { permanent_uuid: "f32b0dbbecb748cd86704c422b27571e" member_type: VOTER last_known_addr { host: "127.14.142.66" port: 40443 } } peers { permanent_uuid: "73d63e6def314e7284a5a2661623dab4" member_type: VOTER last_known_addr { host: "127.14.142.65" port: 34315 } } peers { permanent_uuid: "6fdb660819d743dda5c96185b505fbf9" member_type: VOTER last_known_addr { host: "127.14.142.67" port: 36069 } }
I20260601 13:26:18.797909 16854 raft_consensus.cc:385] T 8fa7dc3fa40a449d9f3650a8c377a5d1 P 6fdb660819d743dda5c96185b505fbf9 [term 0 FOLLOWER]: Consensus starting up: Expiring failure detector timer to make a prompt election more likely
I20260601 13:26:18.797955 16854 raft_consensus.cc:740] T 8fa7dc3fa40a449d9f3650a8c377a5d1 P 6fdb660819d743dda5c96185b505fbf9 [term 0 FOLLOWER]: Becoming Follower/Learner. State: Replica: 6fdb660819d743dda5c96185b505fbf9, State: Initialized, Role: FOLLOWER
I20260601 13:26:18.798094 16854 consensus_queue.cc:260] T 8fa7dc3fa40a449d9f3650a8c377a5d1 P 6fdb660819d743dda5c96185b505fbf9 [NON_LEADER]: Queue going to NON_LEADER mode. State: All replicated index: 0, Majority replicated index: 0, Committed index: 0, Last appended: 0.0, Last appended by leader: 0, Current term: 0, Majority size: -1, State: 0, Mode: NON_LEADER, active raft config: opid_index: -1 OBSOLETE_local: false peers { permanent_uuid: "f32b0dbbecb748cd86704c422b27571e" member_type: VOTER last_known_addr { host: "127.14.142.66" port: 40443 } } peers { permanent_uuid: "73d63e6def314e7284a5a2661623dab4" member_type: VOTER last_known_addr { host: "127.14.142.65" port: 34315 } } peers { permanent_uuid: "6fdb660819d743dda5c96185b505fbf9" member_type: VOTER last_known_addr { host: "127.14.142.67" port: 36069 } }
I20260601 13:26:18.798370 16854 ts_tablet_manager.cc:1434] T 8fa7dc3fa40a449d9f3650a8c377a5d1 P 6fdb660819d743dda5c96185b505fbf9: Time spent starting tablet: real 0.001s	user 0.000s	sys 0.000s
I20260601 13:26:18.840386 16858 raft_consensus.cc:493] T 6f046998a2b749028991c8a5f5cacb6c P f32b0dbbecb748cd86704c422b27571e [term 0 FOLLOWER]: Starting pre-election (no leader contacted us within the election timeout)
I20260601 13:26:18.840543 16858 raft_consensus.cc:515] T 6f046998a2b749028991c8a5f5cacb6c P f32b0dbbecb748cd86704c422b27571e [term 0 FOLLOWER]: Starting pre-election with config: opid_index: -1 OBSOLETE_local: false peers { permanent_uuid: "73d63e6def314e7284a5a2661623dab4" member_type: VOTER last_known_addr { host: "127.14.142.65" port: 34315 } } peers { permanent_uuid: "f32b0dbbecb748cd86704c422b27571e" member_type: VOTER last_known_addr { host: "127.14.142.66" port: 40443 } } peers { permanent_uuid: "6fdb660819d743dda5c96185b505fbf9" member_type: VOTER last_known_addr { host: "127.14.142.67" port: 36069 } }
I20260601 13:26:18.841085 16858 leader_election.cc:290] T 6f046998a2b749028991c8a5f5cacb6c P f32b0dbbecb748cd86704c422b27571e [CANDIDATE]: Term 1 pre-election: Requested pre-vote from peers 73d63e6def314e7284a5a2661623dab4 (127.14.142.65:34315), 6fdb660819d743dda5c96185b505fbf9 (127.14.142.67:36069)
I20260601 13:26:18.845032 16807 tablet_service.cc:1917] Received RequestConsensusVote() RPC: tablet_id: "6f046998a2b749028991c8a5f5cacb6c" candidate_uuid: "f32b0dbbecb748cd86704c422b27571e" candidate_term: 1 candidate_status { last_received { term: 0 index: 0 } } ignore_live_leader: false dest_uuid: "6fdb660819d743dda5c96185b505fbf9" is_pre_election: true
I20260601 13:26:18.845188 16656 tablet_service.cc:1917] Received RequestConsensusVote() RPC: tablet_id: "6f046998a2b749028991c8a5f5cacb6c" candidate_uuid: "f32b0dbbecb748cd86704c422b27571e" candidate_term: 1 candidate_status { last_received { term: 0 index: 0 } } ignore_live_leader: false dest_uuid: "73d63e6def314e7284a5a2661623dab4" is_pre_election: true
I20260601 13:26:18.845235 16807 raft_consensus.cc:2468] T 6f046998a2b749028991c8a5f5cacb6c P 6fdb660819d743dda5c96185b505fbf9 [term 0 FOLLOWER]: Leader pre-election vote request: Granting yes vote for candidate f32b0dbbecb748cd86704c422b27571e in term 0.
I20260601 13:26:18.845346 16656 raft_consensus.cc:2468] T 6f046998a2b749028991c8a5f5cacb6c P 73d63e6def314e7284a5a2661623dab4 [term 0 FOLLOWER]: Leader pre-election vote request: Granting yes vote for candidate f32b0dbbecb748cd86704c422b27571e in term 0.
I20260601 13:26:18.845574 16697 leader_election.cc:304] T 6f046998a2b749028991c8a5f5cacb6c P f32b0dbbecb748cd86704c422b27571e [CANDIDATE]: Term 1 pre-election: Election decided. Result: candidate won. Election summary: received 2 responses out of 3 voters: 2 yes votes; 0 no votes. yes voters: 6fdb660819d743dda5c96185b505fbf9, f32b0dbbecb748cd86704c422b27571e; no voters: 
I20260601 13:26:18.845777 16858 raft_consensus.cc:2804] T 6f046998a2b749028991c8a5f5cacb6c P f32b0dbbecb748cd86704c422b27571e [term 0 FOLLOWER]: Leader pre-election won for term 1
I20260601 13:26:18.845849 16858 raft_consensus.cc:493] T 6f046998a2b749028991c8a5f5cacb6c P f32b0dbbecb748cd86704c422b27571e [term 0 FOLLOWER]: Starting leader election (no leader contacted us within the election timeout)
I20260601 13:26:18.845903 16858 raft_consensus.cc:3060] T 6f046998a2b749028991c8a5f5cacb6c P f32b0dbbecb748cd86704c422b27571e [term 0 FOLLOWER]: Advancing to term 1
I20260601 13:26:18.846746 16858 raft_consensus.cc:515] T 6f046998a2b749028991c8a5f5cacb6c P f32b0dbbecb748cd86704c422b27571e [term 1 FOLLOWER]: Starting leader election with config: opid_index: -1 OBSOLETE_local: false peers { permanent_uuid: "73d63e6def314e7284a5a2661623dab4" member_type: VOTER last_known_addr { host: "127.14.142.65" port: 34315 } } peers { permanent_uuid: "f32b0dbbecb748cd86704c422b27571e" member_type: VOTER last_known_addr { host: "127.14.142.66" port: 40443 } } peers { permanent_uuid: "6fdb660819d743dda5c96185b505fbf9" member_type: VOTER last_known_addr { host: "127.14.142.67" port: 36069 } }
I20260601 13:26:18.847090 16858 leader_election.cc:290] T 6f046998a2b749028991c8a5f5cacb6c P f32b0dbbecb748cd86704c422b27571e [CANDIDATE]: Term 1 election: Requested vote from peers 73d63e6def314e7284a5a2661623dab4 (127.14.142.65:34315), 6fdb660819d743dda5c96185b505fbf9 (127.14.142.67:36069)
I20260601 13:26:18.847404 16656 tablet_service.cc:1917] Received RequestConsensusVote() RPC: tablet_id: "6f046998a2b749028991c8a5f5cacb6c" candidate_uuid: "f32b0dbbecb748cd86704c422b27571e" candidate_term: 1 candidate_status { last_received { term: 0 index: 0 } } ignore_live_leader: false dest_uuid: "73d63e6def314e7284a5a2661623dab4"
I20260601 13:26:18.847497 16807 tablet_service.cc:1917] Received RequestConsensusVote() RPC: tablet_id: "6f046998a2b749028991c8a5f5cacb6c" candidate_uuid: "f32b0dbbecb748cd86704c422b27571e" candidate_term: 1 candidate_status { last_received { term: 0 index: 0 } } ignore_live_leader: false dest_uuid: "6fdb660819d743dda5c96185b505fbf9"
I20260601 13:26:18.847512 16656 raft_consensus.cc:3060] T 6f046998a2b749028991c8a5f5cacb6c P 73d63e6def314e7284a5a2661623dab4 [term 0 FOLLOWER]: Advancing to term 1
I20260601 13:26:18.847647 16807 raft_consensus.cc:3060] T 6f046998a2b749028991c8a5f5cacb6c P 6fdb660819d743dda5c96185b505fbf9 [term 0 FOLLOWER]: Advancing to term 1
I20260601 13:26:18.848397 16656 raft_consensus.cc:2468] T 6f046998a2b749028991c8a5f5cacb6c P 73d63e6def314e7284a5a2661623dab4 [term 1 FOLLOWER]: Leader election vote request: Granting yes vote for candidate f32b0dbbecb748cd86704c422b27571e in term 1.
I20260601 13:26:18.848584 16807 raft_consensus.cc:2468] T 6f046998a2b749028991c8a5f5cacb6c P 6fdb660819d743dda5c96185b505fbf9 [term 1 FOLLOWER]: Leader election vote request: Granting yes vote for candidate f32b0dbbecb748cd86704c422b27571e in term 1.
I20260601 13:26:18.848687 16697 leader_election.cc:304] T 6f046998a2b749028991c8a5f5cacb6c P f32b0dbbecb748cd86704c422b27571e [CANDIDATE]: Term 1 election: Election decided. Result: candidate won. Election summary: received 2 responses out of 3 voters: 2 yes votes; 0 no votes. yes voters: 73d63e6def314e7284a5a2661623dab4, f32b0dbbecb748cd86704c422b27571e; no voters: 
I20260601 13:26:18.848840 16858 raft_consensus.cc:2804] T 6f046998a2b749028991c8a5f5cacb6c P f32b0dbbecb748cd86704c422b27571e [term 1 FOLLOWER]: Leader election won for term 1
I20260601 13:26:18.849100 16858 raft_consensus.cc:697] T 6f046998a2b749028991c8a5f5cacb6c P f32b0dbbecb748cd86704c422b27571e [term 1 LEADER]: Becoming Leader. State: Replica: f32b0dbbecb748cd86704c422b27571e, State: Running, Role: LEADER
I20260601 13:26:18.849288 16858 consensus_queue.cc:237] T 6f046998a2b749028991c8a5f5cacb6c P f32b0dbbecb748cd86704c422b27571e [LEADER]: Queue going to LEADER mode. State: All replicated index: 0, Majority replicated index: 0, Committed index: 0, Last appended: 0.0, Last appended by leader: 0, Current term: 1, Majority size: 2, State: 0, Mode: LEADER, active raft config: opid_index: -1 OBSOLETE_local: false peers { permanent_uuid: "73d63e6def314e7284a5a2661623dab4" member_type: VOTER last_known_addr { host: "127.14.142.65" port: 34315 } } peers { permanent_uuid: "f32b0dbbecb748cd86704c422b27571e" member_type: VOTER last_known_addr { host: "127.14.142.66" port: 40443 } } peers { permanent_uuid: "6fdb660819d743dda5c96185b505fbf9" member_type: VOTER last_known_addr { host: "127.14.142.67" port: 36069 } }
I20260601 13:26:18.850875 16552 catalog_manager.cc:5696] T 6f046998a2b749028991c8a5f5cacb6c P f32b0dbbecb748cd86704c422b27571e reported cstate change: term changed from 0 to 1, leader changed from <none> to f32b0dbbecb748cd86704c422b27571e (127.14.142.66). New cstate: current_term: 1 leader_uuid: "f32b0dbbecb748cd86704c422b27571e" committed_config { opid_index: -1 OBSOLETE_local: false peers { permanent_uuid: "73d63e6def314e7284a5a2661623dab4" member_type: VOTER last_known_addr { host: "127.14.142.65" port: 34315 } health_report { overall_health: UNKNOWN } } peers { permanent_uuid: "f32b0dbbecb748cd86704c422b27571e" member_type: VOTER last_known_addr { host: "127.14.142.66" port: 40443 } health_report { overall_health: HEALTHY } } peers { permanent_uuid: "6fdb660819d743dda5c96185b505fbf9" member_type: VOTER last_known_addr { host: "127.14.142.67" port: 36069 } health_report { overall_health: UNKNOWN } } }
I20260601 13:26:18.977689 16863 raft_consensus.cc:493] T 8fa7dc3fa40a449d9f3650a8c377a5d1 P 6fdb660819d743dda5c96185b505fbf9 [term 0 FOLLOWER]: Starting pre-election (no leader contacted us within the election timeout)
I20260601 13:26:18.977839 16863 raft_consensus.cc:515] T 8fa7dc3fa40a449d9f3650a8c377a5d1 P 6fdb660819d743dda5c96185b505fbf9 [term 0 FOLLOWER]: Starting pre-election with config: opid_index: -1 OBSOLETE_local: false peers { permanent_uuid: "f32b0dbbecb748cd86704c422b27571e" member_type: VOTER last_known_addr { host: "127.14.142.66" port: 40443 } } peers { permanent_uuid: "73d63e6def314e7284a5a2661623dab4" member_type: VOTER last_known_addr { host: "127.14.142.65" port: 34315 } } peers { permanent_uuid: "6fdb660819d743dda5c96185b505fbf9" member_type: VOTER last_known_addr { host: "127.14.142.67" port: 36069 } }
I20260601 13:26:18.978459 16863 leader_election.cc:290] T 8fa7dc3fa40a449d9f3650a8c377a5d1 P 6fdb660819d743dda5c96185b505fbf9 [CANDIDATE]: Term 1 pre-election: Requested pre-vote from peers f32b0dbbecb748cd86704c422b27571e (127.14.142.66:40443), 73d63e6def314e7284a5a2661623dab4 (127.14.142.65:34315)
I20260601 13:26:18.982180 16732 tablet_service.cc:1917] Received RequestConsensusVote() RPC: tablet_id: "8fa7dc3fa40a449d9f3650a8c377a5d1" candidate_uuid: "6fdb660819d743dda5c96185b505fbf9" candidate_term: 1 candidate_status { last_received { term: 0 index: 0 } } ignore_live_leader: false dest_uuid: "f32b0dbbecb748cd86704c422b27571e" is_pre_election: true
I20260601 13:26:18.982342 16732 raft_consensus.cc:2468] T 8fa7dc3fa40a449d9f3650a8c377a5d1 P f32b0dbbecb748cd86704c422b27571e [term 0 FOLLOWER]: Leader pre-election vote request: Granting yes vote for candidate 6fdb660819d743dda5c96185b505fbf9 in term 0.
I20260601 13:26:18.982388 16656 tablet_service.cc:1917] Received RequestConsensusVote() RPC: tablet_id: "8fa7dc3fa40a449d9f3650a8c377a5d1" candidate_uuid: "6fdb660819d743dda5c96185b505fbf9" candidate_term: 1 candidate_status { last_received { term: 0 index: 0 } } ignore_live_leader: false dest_uuid: "73d63e6def314e7284a5a2661623dab4" is_pre_election: true
I20260601 13:26:18.982544 16656 raft_consensus.cc:2468] T 8fa7dc3fa40a449d9f3650a8c377a5d1 P 73d63e6def314e7284a5a2661623dab4 [term 0 FOLLOWER]: Leader pre-election vote request: Granting yes vote for candidate 6fdb660819d743dda5c96185b505fbf9 in term 0.
I20260601 13:26:18.982720 16770 leader_election.cc:304] T 8fa7dc3fa40a449d9f3650a8c377a5d1 P 6fdb660819d743dda5c96185b505fbf9 [CANDIDATE]: Term 1 pre-election: Election decided. Result: candidate won. Election summary: received 2 responses out of 3 voters: 2 yes votes; 0 no votes. yes voters: 6fdb660819d743dda5c96185b505fbf9, f32b0dbbecb748cd86704c422b27571e; no voters: 
I20260601 13:26:18.982877 16863 raft_consensus.cc:2804] T 8fa7dc3fa40a449d9f3650a8c377a5d1 P 6fdb660819d743dda5c96185b505fbf9 [term 0 FOLLOWER]: Leader pre-election won for term 1
I20260601 13:26:18.982935 16863 raft_consensus.cc:493] T 8fa7dc3fa40a449d9f3650a8c377a5d1 P 6fdb660819d743dda5c96185b505fbf9 [term 0 FOLLOWER]: Starting leader election (no leader contacted us within the election timeout)
I20260601 13:26:18.982977 16863 raft_consensus.cc:3060] T 8fa7dc3fa40a449d9f3650a8c377a5d1 P 6fdb660819d743dda5c96185b505fbf9 [term 0 FOLLOWER]: Advancing to term 1
I20260601 13:26:18.983968 16863 raft_consensus.cc:515] T 8fa7dc3fa40a449d9f3650a8c377a5d1 P 6fdb660819d743dda5c96185b505fbf9 [term 1 FOLLOWER]: Starting leader election with config: opid_index: -1 OBSOLETE_local: false peers { permanent_uuid: "f32b0dbbecb748cd86704c422b27571e" member_type: VOTER last_known_addr { host: "127.14.142.66" port: 40443 } } peers { permanent_uuid: "73d63e6def314e7284a5a2661623dab4" member_type: VOTER last_known_addr { host: "127.14.142.65" port: 34315 } } peers { permanent_uuid: "6fdb660819d743dda5c96185b505fbf9" member_type: VOTER last_known_addr { host: "127.14.142.67" port: 36069 } }
I20260601 13:26:18.984351 16863 leader_election.cc:290] T 8fa7dc3fa40a449d9f3650a8c377a5d1 P 6fdb660819d743dda5c96185b505fbf9 [CANDIDATE]: Term 1 election: Requested vote from peers f32b0dbbecb748cd86704c422b27571e (127.14.142.66:40443), 73d63e6def314e7284a5a2661623dab4 (127.14.142.65:34315)
I20260601 13:26:18.984642 16656 tablet_service.cc:1917] Received RequestConsensusVote() RPC: tablet_id: "8fa7dc3fa40a449d9f3650a8c377a5d1" candidate_uuid: "6fdb660819d743dda5c96185b505fbf9" candidate_term: 1 candidate_status { last_received { term: 0 index: 0 } } ignore_live_leader: false dest_uuid: "73d63e6def314e7284a5a2661623dab4"
I20260601 13:26:18.984730 16656 raft_consensus.cc:3060] T 8fa7dc3fa40a449d9f3650a8c377a5d1 P 73d63e6def314e7284a5a2661623dab4 [term 0 FOLLOWER]: Advancing to term 1
I20260601 13:26:18.984673 16732 tablet_service.cc:1917] Received RequestConsensusVote() RPC: tablet_id: "8fa7dc3fa40a449d9f3650a8c377a5d1" candidate_uuid: "6fdb660819d743dda5c96185b505fbf9" candidate_term: 1 candidate_status { last_received { term: 0 index: 0 } } ignore_live_leader: false dest_uuid: "f32b0dbbecb748cd86704c422b27571e"
I20260601 13:26:18.984874 16732 raft_consensus.cc:3060] T 8fa7dc3fa40a449d9f3650a8c377a5d1 P f32b0dbbecb748cd86704c422b27571e [term 0 FOLLOWER]: Advancing to term 1
I20260601 13:26:18.985546 16656 raft_consensus.cc:2468] T 8fa7dc3fa40a449d9f3650a8c377a5d1 P 73d63e6def314e7284a5a2661623dab4 [term 1 FOLLOWER]: Leader election vote request: Granting yes vote for candidate 6fdb660819d743dda5c96185b505fbf9 in term 1.
I20260601 13:26:18.985800 16772 leader_election.cc:304] T 8fa7dc3fa40a449d9f3650a8c377a5d1 P 6fdb660819d743dda5c96185b505fbf9 [CANDIDATE]: Term 1 election: Election decided. Result: candidate won. Election summary: received 2 responses out of 3 voters: 2 yes votes; 0 no votes. yes voters: 6fdb660819d743dda5c96185b505fbf9, 73d63e6def314e7284a5a2661623dab4; no voters: 
I20260601 13:26:18.985817 16732 raft_consensus.cc:2468] T 8fa7dc3fa40a449d9f3650a8c377a5d1 P f32b0dbbecb748cd86704c422b27571e [term 1 FOLLOWER]: Leader election vote request: Granting yes vote for candidate 6fdb660819d743dda5c96185b505fbf9 in term 1.
I20260601 13:26:18.985991 16863 raft_consensus.cc:2804] T 8fa7dc3fa40a449d9f3650a8c377a5d1 P 6fdb660819d743dda5c96185b505fbf9 [term 1 FOLLOWER]: Leader election won for term 1
I20260601 13:26:18.986227 16863 raft_consensus.cc:697] T 8fa7dc3fa40a449d9f3650a8c377a5d1 P 6fdb660819d743dda5c96185b505fbf9 [term 1 LEADER]: Becoming Leader. State: Replica: 6fdb660819d743dda5c96185b505fbf9, State: Running, Role: LEADER
I20260601 13:26:18.986394 16863 consensus_queue.cc:237] T 8fa7dc3fa40a449d9f3650a8c377a5d1 P 6fdb660819d743dda5c96185b505fbf9 [LEADER]: Queue going to LEADER mode. State: All replicated index: 0, Majority replicated index: 0, Committed index: 0, Last appended: 0.0, Last appended by leader: 0, Current term: 1, Majority size: 2, State: 0, Mode: LEADER, active raft config: opid_index: -1 OBSOLETE_local: false peers { permanent_uuid: "f32b0dbbecb748cd86704c422b27571e" member_type: VOTER last_known_addr { host: "127.14.142.66" port: 40443 } } peers { permanent_uuid: "73d63e6def314e7284a5a2661623dab4" member_type: VOTER last_known_addr { host: "127.14.142.65" port: 34315 } } peers { permanent_uuid: "6fdb660819d743dda5c96185b505fbf9" member_type: VOTER last_known_addr { host: "127.14.142.67" port: 36069 } }
I20260601 13:26:18.987787 16552 catalog_manager.cc:5696] T 8fa7dc3fa40a449d9f3650a8c377a5d1 P 6fdb660819d743dda5c96185b505fbf9 reported cstate change: term changed from 0 to 1, leader changed from <none> to 6fdb660819d743dda5c96185b505fbf9 (127.14.142.67). New cstate: current_term: 1 leader_uuid: "6fdb660819d743dda5c96185b505fbf9" committed_config { opid_index: -1 OBSOLETE_local: false peers { permanent_uuid: "f32b0dbbecb748cd86704c422b27571e" member_type: VOTER last_known_addr { host: "127.14.142.66" port: 40443 } health_report { overall_health: UNKNOWN } } peers { permanent_uuid: "73d63e6def314e7284a5a2661623dab4" member_type: VOTER last_known_addr { host: "127.14.142.65" port: 34315 } health_report { overall_health: UNKNOWN } } peers { permanent_uuid: "6fdb660819d743dda5c96185b505fbf9" member_type: VOTER last_known_addr { host: "127.14.142.67" port: 36069 } health_report { overall_health: HEALTHY } } }
I20260601 13:26:19.363431 16873 consensus_queue.cc:1048] T 6f046998a2b749028991c8a5f5cacb6c P f32b0dbbecb748cd86704c422b27571e [LEADER]: Connected to new peer: Peer: permanent_uuid: "6fdb660819d743dda5c96185b505fbf9" member_type: VOTER last_known_addr { host: "127.14.142.67" port: 36069 }, Status: LMP_MISMATCH, Last received: 0.0, Next index: 1, Last known committed idx: 0, Time since last communication: 0.000s
I20260601 13:26:19.367077 16873 consensus_queue.cc:1048] T 6f046998a2b749028991c8a5f5cacb6c P f32b0dbbecb748cd86704c422b27571e [LEADER]: Connected to new peer: Peer: permanent_uuid: "73d63e6def314e7284a5a2661623dab4" member_type: VOTER last_known_addr { host: "127.14.142.65" port: 34315 }, Status: LMP_MISMATCH, Last received: 0.0, Next index: 1, Last known committed idx: 0, Time since last communication: 0.000s
I20260601 13:26:19.436069 16863 consensus_queue.cc:1048] T 8fa7dc3fa40a449d9f3650a8c377a5d1 P 6fdb660819d743dda5c96185b505fbf9 [LEADER]: Connected to new peer: Peer: permanent_uuid: "f32b0dbbecb748cd86704c422b27571e" member_type: VOTER last_known_addr { host: "127.14.142.66" port: 40443 }, Status: LMP_MISMATCH, Last received: 0.0, Next index: 1, Last known committed idx: 0, Time since last communication: 0.000s
I20260601 13:26:19.439350 16863 consensus_queue.cc:1048] T 8fa7dc3fa40a449d9f3650a8c377a5d1 P 6fdb660819d743dda5c96185b505fbf9 [LEADER]: Connected to new peer: Peer: permanent_uuid: "73d63e6def314e7284a5a2661623dab4" member_type: VOTER last_known_addr { host: "127.14.142.65" port: 34315 }, Status: LMP_MISMATCH, Last received: 0.0, Next index: 1, Last known committed idx: 0, Time since last communication: 0.000s
I20260601 13:26:19.584134 16607 auto_leader_rebalancer.cc:140] leader rebalance for table test-workload
I20260601 13:26:19.584563 16607 auto_leader_rebalancer.cc:388] table: test-workload, leader rebalance finish, leader transfer count: 0
I20260601 13:26:19.584640 16607 auto_leader_rebalancer.cc:451] All tables' leader rebalancing finished this round
I20260601 13:26:21.584942 16607 auto_leader_rebalancer.cc:140] leader rebalance for table test-workload
I20260601 13:26:21.585438 16607 auto_leader_rebalancer.cc:388] table: test-workload, leader rebalance finish, leader transfer count: 0
I20260601 13:26:21.585587 16607 auto_leader_rebalancer.cc:451] All tables' leader rebalancing finished this round
I20260601 13:26:23.585894 16607 auto_leader_rebalancer.cc:140] leader rebalance for table test-workload
I20260601 13:26:23.586431 16607 auto_leader_rebalancer.cc:388] table: test-workload, leader rebalance finish, leader transfer count: 0
I20260601 13:26:23.586510 16607 auto_leader_rebalancer.cc:451] All tables' leader rebalancing finished this round
I20260601 13:26:25.586810 16607 auto_leader_rebalancer.cc:140] leader rebalance for table test-workload
I20260601 13:26:25.587211 16607 auto_leader_rebalancer.cc:388] table: test-workload, leader rebalance finish, leader transfer count: 0
I20260601 13:26:25.587276 16607 auto_leader_rebalancer.cc:451] All tables' leader rebalancing finished this round
I20260601 13:26:27.587632 16607 auto_leader_rebalancer.cc:140] leader rebalance for table test-workload
I20260601 13:26:27.588096 16607 auto_leader_rebalancer.cc:388] table: test-workload, leader rebalance finish, leader transfer count: 0
I20260601 13:26:27.588173 16607 auto_leader_rebalancer.cc:451] All tables' leader rebalancing finished this round
I20260601 13:26:29.588557 16607 auto_leader_rebalancer.cc:140] leader rebalance for table test-workload
I20260601 13:26:29.589001 16607 auto_leader_rebalancer.cc:388] table: test-workload, leader rebalance finish, leader transfer count: 0
I20260601 13:26:29.589064 16607 auto_leader_rebalancer.cc:451] All tables' leader rebalancing finished this round
I20260601 13:26:30.068225 14905 file_cache.cc:492] Constructed file cache file cache with capacity 419430
W20260601 13:26:30.070374 16891 instance_detector.cc:116] could not retrieve OpenStack instance metadata: Network error: curl error: HTTP response code said error: The requested URL returned error: 404
W20260601 13:26:30.070369 16888 instance_detector.cc:116] could not retrieve AWS instance metadata: Network error: curl error: HTTP response code said error: The requested URL returned error: 404
W20260601 13:26:30.070375 16889 instance_detector.cc:116] could not retrieve Azure instance metadata: Network error: curl error: HTTP response code said error: The requested URL returned error: 404
I20260601 13:26:30.070765 14905 server_base.cc:1061] running on GCE node
I20260601 13:26:30.071059 14905 hybrid_clock.cc:584] initializing the hybrid clock with 'system_unsync' time source
W20260601 13:26:30.071105 14905 system_unsync_time.cc:38] NTP support is disabled. Clock error bounds will not be accurate. This configuration is not suitable for distributed clusters.
I20260601 13:26:30.071125 14905 hybrid_clock.cc:648] HybridClock initialized: now 1780320390071125 us; error 0 us; skew 500 ppm
I20260601 13:26:30.072079 14905 webserver.cc:533] Webserver started at http://127.14.142.68:36191/ using document root <none> and password file <none>
I20260601 13:26:30.072227 14905 fs_manager.cc:362] Metadata directory not provided
I20260601 13:26:30.072273 14905 fs_manager.cc:368] Using write-ahead log directory (fs_wal_dir) as metadata directory
I20260601 13:26:30.072331 14905 server_base.cc:909] This appears to be a new deployment of Kudu; creating new FS layout
I20260601 13:26:30.072741 14905 fs_manager.cc:1068] Generated new instance metadata in path /tmp/dist-test-tasksuyJI_/test-tmp/auto_rebalancer-test.0.AutoRebalancerTest.MovesScheduledIfAddTserver.1780320360870355-14905-0/minicluster-data/ts-3-root/instance:
uuid: "e1c4199f414647b3bc50e5da70aae056"
format_stamp: "Formatted at 2026-06-01 13:26:30 on dist-test-slave-rw62"
I20260601 13:26:30.074275 14905 fs_manager.cc:696] Time spent creating directory manager: real 0.001s	user 0.000s	sys 0.002s
I20260601 13:26:30.075249 16896 log_block_manager.cc:4031] Time spent loading block containers with low live blocks: real 0.000s	user 0.000s	sys 0.000s
I20260601 13:26:30.075497 14905 fs_manager.cc:730] Time spent opening block manager: real 0.001s	user 0.000s	sys 0.001s
I20260601 13:26:30.075578 14905 fs_manager.cc:647] Opened local filesystem: /tmp/dist-test-tasksuyJI_/test-tmp/auto_rebalancer-test.0.AutoRebalancerTest.MovesScheduledIfAddTserver.1780320360870355-14905-0/minicluster-data/ts-3-root
uuid: "e1c4199f414647b3bc50e5da70aae056"
format_stamp: "Formatted at 2026-06-01 13:26:30 on dist-test-slave-rw62"
I20260601 13:26:30.075664 14905 fs_report.cc:389] FS layout report
--------------------
wal directory: /tmp/dist-test-tasksuyJI_/test-tmp/auto_rebalancer-test.0.AutoRebalancerTest.MovesScheduledIfAddTserver.1780320360870355-14905-0/minicluster-data/ts-3-root
metadata directory: /tmp/dist-test-tasksuyJI_/test-tmp/auto_rebalancer-test.0.AutoRebalancerTest.MovesScheduledIfAddTserver.1780320360870355-14905-0/minicluster-data/ts-3-root
1 data directories: /tmp/dist-test-tasksuyJI_/test-tmp/auto_rebalancer-test.0.AutoRebalancerTest.MovesScheduledIfAddTserver.1780320360870355-14905-0/minicluster-data/ts-3-root/data
Total live blocks: 0
Total live bytes: 0
Total live bytes (after alignment): 0
Total number of LBM containers: 0 (0 full)
Did not check for missing blocks
Did not check for orphaned blocks
Total full LBM containers with extra space: 0 (0 repaired)
Total full LBM container extra space in bytes: 0 (0 repaired)
Total incomplete LBM containers: 0 (0 repaired)
Total LBM partial records: 0 (0 repaired)
Total corrupted LBM metadata records in RocksDB: 0 (0 repaired)
I20260601 13:26:30.098476 14905 rpc_server.cc:225] running with OpenSSL 1.1.1  11 Sep 2018
I20260601 13:26:30.098912 14905 kserver.cc:163] Server-wide thread pool size limit: 3276
I20260601 13:26:30.099242 14905 txn_system_client.cc:432] TxnSystemClient initialization is disabled...
I20260601 13:26:30.099790 14905 ts_tablet_manager.cc:585] Loaded tablet metadata (0 total tablets, 0 live tablets)
I20260601 13:26:30.099855 14905 ts_tablet_manager.cc:531] Time spent load tablet metadata: real 0.000s	user 0.000s	sys 0.000s
I20260601 13:26:30.099905 14905 ts_tablet_manager.cc:616] Registered 0 tablets
I20260601 13:26:30.099938 14905 ts_tablet_manager.cc:595] Time spent register tablets: real 0.000s	user 0.000s	sys 0.000s
I20260601 13:26:30.104835 14905 rpc_server.cc:307] RPC server started. Bound to: 127.14.142.68:40085
I20260601 13:26:30.104866 16959 acceptor_pool.cc:272] collecting diagnostics on the listening RPC socket 127.14.142.68:40085 every 8 connection(s)
I20260601 13:26:30.113983 16960 heartbeater.cc:344] Connected to a master server at 127.14.142.126:38033
I20260601 13:26:30.114104 16960 heartbeater.cc:461] Registering TS with master...
I20260601 13:26:30.114362 16960 heartbeater.cc:507] Master 127.14.142.126:38033 requested a full tablet report, sending...
