I20260601 13:26:37.721735 29420 tablet_service.cc:1511] Processing CreateTablet for tablet be90a89fcf264c5a9fc7c75ec73001ec (DEFAULT_TABLE table=range_aware_rebalance_new_range [id=abb7947798b24704b32f0cdf78420333]), partition=HASH (key) PARTITION 2, RANGE (key) PARTITION 0 <= VALUES < 10
I20260601 13:26:37.721864 29342 tablet_service.cc:1511] Processing CreateTablet for tablet 278e370a37454ac297133a8b56a1c550 (DEFAULT_TABLE table=range_aware_rebalance_new_range [id=abb7947798b24704b32f0cdf78420333]), partition=HASH (key) PARTITION 4, RANGE (key) PARTITION 0 <= VALUES < 10
I20260601 13:26:37.721943 29416 tablet_service.cc:1511] Processing CreateTablet for tablet 8cf3c8e5fdb24a28b38de59f383562e2 (DEFAULT_TABLE table=range_aware_rebalance_new_range [id=abb7947798b24704b32f0cdf78420333]), partition=HASH (key) PARTITION 6, RANGE (key) PARTITION 0 <= VALUES < 10
I20260601 13:26:37.721743 29421 tablet_service.cc:1511] Processing CreateTablet for tablet 112c7bf8c2f2459eb982e8f9361821bf (DEFAULT_TABLE table=range_aware_rebalance_new_range [id=abb7947798b24704b32f0cdf78420333]), partition=HASH (key) PARTITION 1, RANGE (key) PARTITION 0 <= VALUES < 10
I20260601 13:26:37.722117 29342 data_dirs.cc:400] Could only allocate 1 dirs of requested 3 for tablet 278e370a37454ac297133a8b56a1c550. 1 dirs total, 0 dirs full, 0 dirs failed
I20260601 13:26:37.720649 29417 data_dirs.cc:400] Could only allocate 1 dirs of requested 3 for tablet c7082a96ccb14e41af07b3b1496d2e99. 1 dirs total, 0 dirs full, 0 dirs failed
I20260601 13:26:37.722445 29421 data_dirs.cc:400] Could only allocate 1 dirs of requested 3 for tablet 112c7bf8c2f2459eb982e8f9361821bf. 1 dirs total, 0 dirs full, 0 dirs failed
I20260601 13:26:37.722625 29416 data_dirs.cc:400] Could only allocate 1 dirs of requested 3 for tablet 8cf3c8e5fdb24a28b38de59f383562e2. 1 dirs total, 0 dirs full, 0 dirs failed
I20260601 13:26:37.722898 29418 data_dirs.cc:400] Could only allocate 1 dirs of requested 3 for tablet 278e370a37454ac297133a8b56a1c550. 1 dirs total, 0 dirs full, 0 dirs failed
I20260601 13:26:37.724141 29493 tablet_service.cc:1511] Processing CreateTablet for tablet 278e370a37454ac297133a8b56a1c550 (DEFAULT_TABLE table=range_aware_rebalance_new_range [id=abb7947798b24704b32f0cdf78420333]), partition=HASH (key) PARTITION 4, RANGE (key) PARTITION 0 <= VALUES < 10
I20260601 13:26:37.724547 29492 tablet_service.cc:1511] Processing CreateTablet for tablet c7082a96ccb14e41af07b3b1496d2e99 (DEFAULT_TABLE table=range_aware_rebalance_new_range [id=abb7947798b24704b32f0cdf78420333]), partition=HASH (key) PARTITION 5, RANGE (key) PARTITION 0 <= VALUES < 10
I20260601 13:26:37.724865 29420 data_dirs.cc:400] Could only allocate 1 dirs of requested 3 for tablet be90a89fcf264c5a9fc7c75ec73001ec. 1 dirs total, 0 dirs full, 0 dirs failed
I20260601 13:26:37.724999 29419 data_dirs.cc:400] Could only allocate 1 dirs of requested 3 for tablet 5c88522e0c2443ef99592289b42c90d7. 1 dirs total, 0 dirs full, 0 dirs failed
I20260601 13:26:37.717334 29346 tablet_service.cc:1511] Processing CreateTablet for tablet 517fbffc638c407591d9ed4d04da9b0c (DEFAULT_TABLE table=range_aware_rebalance_new_range [id=abb7947798b24704b32f0cdf78420333]), partition=HASH (key) PARTITION 0, RANGE (key) PARTITION 0 <= VALUES < 10
I20260601 13:26:37.725207 29346 data_dirs.cc:400] Could only allocate 1 dirs of requested 3 for tablet 517fbffc638c407591d9ed4d04da9b0c. 1 dirs total, 0 dirs full, 0 dirs failed
I20260601 13:26:37.717716 29497 data_dirs.cc:400] Could only allocate 1 dirs of requested 3 for tablet 517fbffc638c407591d9ed4d04da9b0c. 1 dirs total, 0 dirs full, 0 dirs failed
I20260601 13:26:37.728252 29492 data_dirs.cc:400] Could only allocate 1 dirs of requested 3 for tablet c7082a96ccb14e41af07b3b1496d2e99. 1 dirs total, 0 dirs full, 0 dirs failed
I20260601 13:26:37.728420 29346 tablet_service.cc:1511] Processing CreateTablet for tablet 3148df6c4c334883af0cb58081c2fb30 (DEFAULT_TABLE table=range_aware_rebalance_new_range [id=abb7947798b24704b32f0cdf78420333]), partition=HASH (key) PARTITION 7, RANGE (key) PARTITION 0 <= VALUES < 10
I20260601 13:26:37.728518 29494 data_dirs.cc:400] Could only allocate 1 dirs of requested 3 for tablet 5c88522e0c2443ef99592289b42c90d7. 1 dirs total, 0 dirs full, 0 dirs failed
I20260601 13:26:37.728636 29346 data_dirs.cc:400] Could only allocate 1 dirs of requested 3 for tablet 3148df6c4c334883af0cb58081c2fb30. 1 dirs total, 0 dirs full, 0 dirs failed
I20260601 13:26:37.728680 29553 tablet_bootstrap.cc:492] T 5c88522e0c2443ef99592289b42c90d7 P c0f946307b3041fdbc906f2699bb91f0: Bootstrap starting.
I20260601 13:26:37.729549 29491 tablet_service.cc:1511] Processing CreateTablet for tablet 8cf3c8e5fdb24a28b38de59f383562e2 (DEFAULT_TABLE table=range_aware_rebalance_new_range [id=abb7947798b24704b32f0cdf78420333]), partition=HASH (key) PARTITION 6, RANGE (key) PARTITION 0 <= VALUES < 10
I20260601 13:26:37.729775 29491 data_dirs.cc:400] Could only allocate 1 dirs of requested 3 for tablet 8cf3c8e5fdb24a28b38de59f383562e2. 1 dirs total, 0 dirs full, 0 dirs failed
I20260601 13:26:37.730106 29553 tablet_bootstrap.cc:654] T 5c88522e0c2443ef99592289b42c90d7 P c0f946307b3041fdbc906f2699bb91f0: Neither blocks nor log segments found. Creating new log.
I20260601 13:26:37.730549 29496 data_dirs.cc:400] Could only allocate 1 dirs of requested 3 for tablet 112c7bf8c2f2459eb982e8f9361821bf. 1 dirs total, 0 dirs full, 0 dirs failed
I20260601 13:26:37.730666 29420 tablet_service.cc:1511] Processing CreateTablet for tablet 3148df6c4c334883af0cb58081c2fb30 (DEFAULT_TABLE table=range_aware_rebalance_new_range [id=abb7947798b24704b32f0cdf78420333]), partition=HASH (key) PARTITION 7, RANGE (key) PARTITION 0 <= VALUES < 10
I20260601 13:26:37.730806 29554 tablet_bootstrap.cc:492] T 517fbffc638c407591d9ed4d04da9b0c P d7f44db44354463cb968300d1d478b64: Bootstrap starting.
I20260601 13:26:37.730881 29420 data_dirs.cc:400] Could only allocate 1 dirs of requested 3 for tablet 3148df6c4c334883af0cb58081c2fb30. 1 dirs total, 0 dirs full, 0 dirs failed
I20260601 13:26:37.732654 29495 data_dirs.cc:400] Could only allocate 1 dirs of requested 3 for tablet be90a89fcf264c5a9fc7c75ec73001ec. 1 dirs total, 0 dirs full, 0 dirs failed
I20260601 13:26:37.733115 29555 tablet_bootstrap.cc:492] T 5c88522e0c2443ef99592289b42c90d7 P 5df74e266a7d4b198607b87e3bf53fb8: Bootstrap starting.
I20260601 13:26:37.733166 29553 tablet_bootstrap.cc:492] T 5c88522e0c2443ef99592289b42c90d7 P c0f946307b3041fdbc906f2699bb91f0: No bootstrap required, opened a new log
I20260601 13:26:37.733280 29493 data_dirs.cc:400] Could only allocate 1 dirs of requested 3 for tablet 278e370a37454ac297133a8b56a1c550. 1 dirs total, 0 dirs full, 0 dirs failed
I20260601 13:26:37.733289 29553 ts_tablet_manager.cc:1403] T 5c88522e0c2443ef99592289b42c90d7 P c0f946307b3041fdbc906f2699bb91f0: Time spent bootstrapping tablet: real 0.005s	user 0.002s	sys 0.000s
I20260601 13:26:37.733741 29554 tablet_bootstrap.cc:654] T 517fbffc638c407591d9ed4d04da9b0c P d7f44db44354463cb968300d1d478b64: Neither blocks nor log segments found. Creating new log.
I20260601 13:26:37.733955 29553 raft_consensus.cc:359] T 5c88522e0c2443ef99592289b42c90d7 P c0f946307b3041fdbc906f2699bb91f0 [term 0 FOLLOWER]: Replica starting. Triggering 0 pending ops. Active config: opid_index: -1 OBSOLETE_local: false peers { permanent_uuid: "c0f946307b3041fdbc906f2699bb91f0" member_type: VOTER last_known_addr { host: "127.25.199.65" port: 40333 } } peers { permanent_uuid: "d7f44db44354463cb968300d1d478b64" member_type: VOTER last_known_addr { host: "127.25.199.66" port: 36937 } } peers { permanent_uuid: "5df74e266a7d4b198607b87e3bf53fb8" member_type: VOTER last_known_addr { host: "127.25.199.67" port: 42855 } }
I20260601 13:26:37.734078 29553 raft_consensus.cc:385] T 5c88522e0c2443ef99592289b42c90d7 P c0f946307b3041fdbc906f2699bb91f0 [term 0 FOLLOWER]: Consensus starting up: Expiring failure detector timer to make a prompt election more likely
I20260601 13:26:37.734128 29553 raft_consensus.cc:740] T 5c88522e0c2443ef99592289b42c90d7 P c0f946307b3041fdbc906f2699bb91f0 [term 0 FOLLOWER]: Becoming Follower/Learner. State: Replica: c0f946307b3041fdbc906f2699bb91f0, State: Initialized, Role: FOLLOWER
I20260601 13:26:37.734305 29553 consensus_queue.cc:260] T 5c88522e0c2443ef99592289b42c90d7 P c0f946307b3041fdbc906f2699bb91f0 [NON_LEADER]: Queue going to NON_LEADER mode. State: All replicated index: 0, Majority replicated index: 0, Committed index: 0, Last appended: 0.0, Last appended by leader: 0, Current term: 0, Majority size: -1, State: 0, Mode: NON_LEADER, active raft config: opid_index: -1 OBSOLETE_local: false peers { permanent_uuid: "c0f946307b3041fdbc906f2699bb91f0" member_type: VOTER last_known_addr { host: "127.25.199.65" port: 40333 } } peers { permanent_uuid: "d7f44db44354463cb968300d1d478b64" member_type: VOTER last_known_addr { host: "127.25.199.66" port: 36937 } } peers { permanent_uuid: "5df74e266a7d4b198607b87e3bf53fb8" member_type: VOTER last_known_addr { host: "127.25.199.67" port: 42855 } }
I20260601 13:26:37.734668 29553 ts_tablet_manager.cc:1434] T 5c88522e0c2443ef99592289b42c90d7 P c0f946307b3041fdbc906f2699bb91f0: Time spent starting tablet: real 0.001s	user 0.001s	sys 0.000s
I20260601 13:26:37.734880 29553 tablet_bootstrap.cc:492] T 8cf3c8e5fdb24a28b38de59f383562e2 P c0f946307b3041fdbc906f2699bb91f0: Bootstrap starting.
I20260601 13:26:37.735950 29553 tablet_bootstrap.cc:654] T 8cf3c8e5fdb24a28b38de59f383562e2 P c0f946307b3041fdbc906f2699bb91f0: Neither blocks nor log segments found. Creating new log.
I20260601 13:26:37.734875 29555 tablet_bootstrap.cc:654] T 5c88522e0c2443ef99592289b42c90d7 P 5df74e266a7d4b198607b87e3bf53fb8: Neither blocks nor log segments found. Creating new log.
I20260601 13:26:37.737700 29494 tablet_service.cc:1511] Processing CreateTablet for tablet 3148df6c4c334883af0cb58081c2fb30 (DEFAULT_TABLE table=range_aware_rebalance_new_range [id=abb7947798b24704b32f0cdf78420333]), partition=HASH (key) PARTITION 7, RANGE (key) PARTITION 0 <= VALUES < 10
I20260601 13:26:37.737972 29494 data_dirs.cc:400] Could only allocate 1 dirs of requested 3 for tablet 3148df6c4c334883af0cb58081c2fb30. 1 dirs total, 0 dirs full, 0 dirs failed
I20260601 13:26:37.738648 29553 tablet_bootstrap.cc:492] T 8cf3c8e5fdb24a28b38de59f383562e2 P c0f946307b3041fdbc906f2699bb91f0: No bootstrap required, opened a new log
I20260601 13:26:37.738744 29554 tablet_bootstrap.cc:492] T 517fbffc638c407591d9ed4d04da9b0c P d7f44db44354463cb968300d1d478b64: No bootstrap required, opened a new log
I20260601 13:26:37.738829 29554 ts_tablet_manager.cc:1403] T 517fbffc638c407591d9ed4d04da9b0c P d7f44db44354463cb968300d1d478b64: Time spent bootstrapping tablet: real 0.008s	user 0.002s	sys 0.000s
I20260601 13:26:37.739024 29555 tablet_bootstrap.cc:492] T 5c88522e0c2443ef99592289b42c90d7 P 5df74e266a7d4b198607b87e3bf53fb8: No bootstrap required, opened a new log
I20260601 13:26:37.739117 29555 ts_tablet_manager.cc:1403] T 5c88522e0c2443ef99592289b42c90d7 P 5df74e266a7d4b198607b87e3bf53fb8: Time spent bootstrapping tablet: real 0.006s	user 0.002s	sys 0.000s
I20260601 13:26:37.739336 29554 raft_consensus.cc:359] T 517fbffc638c407591d9ed4d04da9b0c P d7f44db44354463cb968300d1d478b64 [term 0 FOLLOWER]: Replica starting. Triggering 0 pending ops. Active config: opid_index: -1 OBSOLETE_local: false peers { permanent_uuid: "5df74e266a7d4b198607b87e3bf53fb8" member_type: VOTER last_known_addr { host: "127.25.199.67" port: 42855 } } peers { permanent_uuid: "c0f946307b3041fdbc906f2699bb91f0" member_type: VOTER last_known_addr { host: "127.25.199.65" port: 40333 } } peers { permanent_uuid: "d7f44db44354463cb968300d1d478b64" member_type: VOTER last_known_addr { host: "127.25.199.66" port: 36937 } }
I20260601 13:26:37.739461 29554 raft_consensus.cc:385] T 517fbffc638c407591d9ed4d04da9b0c P d7f44db44354463cb968300d1d478b64 [term 0 FOLLOWER]: Consensus starting up: Expiring failure detector timer to make a prompt election more likely
I20260601 13:26:37.739512 29554 raft_consensus.cc:740] T 517fbffc638c407591d9ed4d04da9b0c P d7f44db44354463cb968300d1d478b64 [term 0 FOLLOWER]: Becoming Follower/Learner. State: Replica: d7f44db44354463cb968300d1d478b64, State: Initialized, Role: FOLLOWER
I20260601 13:26:37.739537 29555 raft_consensus.cc:359] T 5c88522e0c2443ef99592289b42c90d7 P 5df74e266a7d4b198607b87e3bf53fb8 [term 0 FOLLOWER]: Replica starting. Triggering 0 pending ops. Active config: opid_index: -1 OBSOLETE_local: false peers { permanent_uuid: "c0f946307b3041fdbc906f2699bb91f0" member_type: VOTER last_known_addr { host: "127.25.199.65" port: 40333 } } peers { permanent_uuid: "d7f44db44354463cb968300d1d478b64" member_type: VOTER last_known_addr { host: "127.25.199.66" port: 36937 } } peers { permanent_uuid: "5df74e266a7d4b198607b87e3bf53fb8" member_type: VOTER last_known_addr { host: "127.25.199.67" port: 42855 } }
I20260601 13:26:37.738736 29553 ts_tablet_manager.cc:1403] T 8cf3c8e5fdb24a28b38de59f383562e2 P c0f946307b3041fdbc906f2699bb91f0: Time spent bootstrapping tablet: real 0.004s	user 0.002s	sys 0.000s
I20260601 13:26:37.739656 29554 consensus_queue.cc:260] T 517fbffc638c407591d9ed4d04da9b0c P d7f44db44354463cb968300d1d478b64 [NON_LEADER]: Queue going to NON_LEADER mode. State: All replicated index: 0, Majority replicated index: 0, Committed index: 0, Last appended: 0.0, Last appended by leader: 0, Current term: 0, Majority size: -1, State: 0, Mode: NON_LEADER, active raft config: opid_index: -1 OBSOLETE_local: false peers { permanent_uuid: "5df74e266a7d4b198607b87e3bf53fb8" member_type: VOTER last_known_addr { host: "127.25.199.67" port: 42855 } } peers { permanent_uuid: "c0f946307b3041fdbc906f2699bb91f0" member_type: VOTER last_known_addr { host: "127.25.199.65" port: 40333 } } peers { permanent_uuid: "d7f44db44354463cb968300d1d478b64" member_type: VOTER last_known_addr { host: "127.25.199.66" port: 36937 } }
I20260601 13:26:37.740082 29554 ts_tablet_manager.cc:1434] T 517fbffc638c407591d9ed4d04da9b0c P d7f44db44354463cb968300d1d478b64: Time spent starting tablet: real 0.001s	user 0.001s	sys 0.000s
I20260601 13:26:37.740250 29554 tablet_bootstrap.cc:492] T 8cf3c8e5fdb24a28b38de59f383562e2 P d7f44db44354463cb968300d1d478b64: Bootstrap starting.
I20260601 13:26:37.740223 29553 raft_consensus.cc:359] T 8cf3c8e5fdb24a28b38de59f383562e2 P c0f946307b3041fdbc906f2699bb91f0 [term 0 FOLLOWER]: Replica starting. Triggering 0 pending ops. Active config: opid_index: -1 OBSOLETE_local: false peers { permanent_uuid: "d7f44db44354463cb968300d1d478b64" member_type: VOTER last_known_addr { host: "127.25.199.66" port: 36937 } } peers { permanent_uuid: "c0f946307b3041fdbc906f2699bb91f0" member_type: VOTER last_known_addr { host: "127.25.199.65" port: 40333 } } peers { permanent_uuid: "5df74e266a7d4b198607b87e3bf53fb8" member_type: VOTER last_known_addr { host: "127.25.199.67" port: 42855 } }
I20260601 13:26:37.740403 29553 raft_consensus.cc:385] T 8cf3c8e5fdb24a28b38de59f383562e2 P c0f946307b3041fdbc906f2699bb91f0 [term 0 FOLLOWER]: Consensus starting up: Expiring failure detector timer to make a prompt election more likely
I20260601 13:26:37.740453 29553 raft_consensus.cc:740] T 8cf3c8e5fdb24a28b38de59f383562e2 P c0f946307b3041fdbc906f2699bb91f0 [term 0 FOLLOWER]: Becoming Follower/Learner. State: Replica: c0f946307b3041fdbc906f2699bb91f0, State: Initialized, Role: FOLLOWER
I20260601 13:26:37.741415 29554 tablet_bootstrap.cc:654] T 8cf3c8e5fdb24a28b38de59f383562e2 P d7f44db44354463cb968300d1d478b64: Neither blocks nor log segments found. Creating new log.
I20260601 13:26:37.740720 29553 consensus_queue.cc:260] T 8cf3c8e5fdb24a28b38de59f383562e2 P c0f946307b3041fdbc906f2699bb91f0 [NON_LEADER]: Queue going to NON_LEADER mode. State: All replicated index: 0, Majority replicated index: 0, Committed index: 0, Last appended: 0.0, Last appended by leader: 0, Current term: 0, Majority size: -1, State: 0, Mode: NON_LEADER, active raft config: opid_index: -1 OBSOLETE_local: false peers { permanent_uuid: "d7f44db44354463cb968300d1d478b64" member_type: VOTER last_known_addr { host: "127.25.199.66" port: 36937 } } peers { permanent_uuid: "c0f946307b3041fdbc906f2699bb91f0" member_type: VOTER last_known_addr { host: "127.25.199.65" port: 40333 } } peers { permanent_uuid: "5df74e266a7d4b198607b87e3bf53fb8" member_type: VOTER last_known_addr { host: "127.25.199.67" port: 42855 } }
I20260601 13:26:37.742600 29554 tablet_bootstrap.cc:492] T 8cf3c8e5fdb24a28b38de59f383562e2 P d7f44db44354463cb968300d1d478b64: No bootstrap required, opened a new log
I20260601 13:26:37.742659 29553 ts_tablet_manager.cc:1434] T 8cf3c8e5fdb24a28b38de59f383562e2 P c0f946307b3041fdbc906f2699bb91f0: Time spent starting tablet: real 0.003s	user 0.001s	sys 0.000s
I20260601 13:26:37.742684 29554 ts_tablet_manager.cc:1403] T 8cf3c8e5fdb24a28b38de59f383562e2 P d7f44db44354463cb968300d1d478b64: Time spent bootstrapping tablet: real 0.002s	user 0.002s	sys 0.000s
I20260601 13:26:37.739648 29555 raft_consensus.cc:385] T 5c88522e0c2443ef99592289b42c90d7 P 5df74e266a7d4b198607b87e3bf53fb8 [term 0 FOLLOWER]: Consensus starting up: Expiring failure detector timer to make a prompt election more likely
I20260601 13:26:37.742738 29555 raft_consensus.cc:740] T 5c88522e0c2443ef99592289b42c90d7 P 5df74e266a7d4b198607b87e3bf53fb8 [term 0 FOLLOWER]: Becoming Follower/Learner. State: Replica: 5df74e266a7d4b198607b87e3bf53fb8, State: Initialized, Role: FOLLOWER
I20260601 13:26:37.742889 29555 consensus_queue.cc:260] T 5c88522e0c2443ef99592289b42c90d7 P 5df74e266a7d4b198607b87e3bf53fb8 [NON_LEADER]: Queue going to NON_LEADER mode. State: All replicated index: 0, Majority replicated index: 0, Committed index: 0, Last appended: 0.0, Last appended by leader: 0, Current term: 0, Majority size: -1, State: 0, Mode: NON_LEADER, active raft config: opid_index: -1 OBSOLETE_local: false peers { permanent_uuid: "c0f946307b3041fdbc906f2699bb91f0" member_type: VOTER last_known_addr { host: "127.25.199.65" port: 40333 } } peers { permanent_uuid: "d7f44db44354463cb968300d1d478b64" member_type: VOTER last_known_addr { host: "127.25.199.66" port: 36937 } } peers { permanent_uuid: "5df74e266a7d4b198607b87e3bf53fb8" member_type: VOTER last_known_addr { host: "127.25.199.67" port: 42855 } }
I20260601 13:26:37.743021 29553 tablet_bootstrap.cc:492] T c7082a96ccb14e41af07b3b1496d2e99 P c0f946307b3041fdbc906f2699bb91f0: Bootstrap starting.
I20260601 13:26:37.743117 29554 raft_consensus.cc:359] T 8cf3c8e5fdb24a28b38de59f383562e2 P d7f44db44354463cb968300d1d478b64 [term 0 FOLLOWER]: Replica starting. Triggering 0 pending ops. Active config: opid_index: -1 OBSOLETE_local: false peers { permanent_uuid: "d7f44db44354463cb968300d1d478b64" member_type: VOTER last_known_addr { host: "127.25.199.66" port: 36937 } } peers { permanent_uuid: "c0f946307b3041fdbc906f2699bb91f0" member_type: VOTER last_known_addr { host: "127.25.199.65" port: 40333 } } peers { permanent_uuid: "5df74e266a7d4b198607b87e3bf53fb8" member_type: VOTER last_known_addr { host: "127.25.199.67" port: 42855 } }
I20260601 13:26:37.743212 29554 raft_consensus.cc:385] T 8cf3c8e5fdb24a28b38de59f383562e2 P d7f44db44354463cb968300d1d478b64 [term 0 FOLLOWER]: Consensus starting up: Expiring failure detector timer to make a prompt election more likely
I20260601 13:26:37.743232 29555 ts_tablet_manager.cc:1434] T 5c88522e0c2443ef99592289b42c90d7 P 5df74e266a7d4b198607b87e3bf53fb8: Time spent starting tablet: real 0.004s	user 0.001s	sys 0.000s
I20260601 13:26:37.743247 29554 raft_consensus.cc:740] T 8cf3c8e5fdb24a28b38de59f383562e2 P d7f44db44354463cb968300d1d478b64 [term 0 FOLLOWER]: Becoming Follower/Learner. State: Replica: d7f44db44354463cb968300d1d478b64, State: Initialized, Role: FOLLOWER
I20260601 13:26:37.743359 29554 consensus_queue.cc:260] T 8cf3c8e5fdb24a28b38de59f383562e2 P d7f44db44354463cb968300d1d478b64 [NON_LEADER]: Queue going to NON_LEADER mode. State: All replicated index: 0, Majority replicated index: 0, Committed index: 0, Last appended: 0.0, Last appended by leader: 0, Current term: 0, Majority size: -1, State: 0, Mode: NON_LEADER, active raft config: opid_index: -1 OBSOLETE_local: false peers { permanent_uuid: "d7f44db44354463cb968300d1d478b64" member_type: VOTER last_known_addr { host: "127.25.199.66" port: 36937 } } peers { permanent_uuid: "c0f946307b3041fdbc906f2699bb91f0" member_type: VOTER last_known_addr { host: "127.25.199.65" port: 40333 } } peers { permanent_uuid: "5df74e266a7d4b198607b87e3bf53fb8" member_type: VOTER last_known_addr { host: "127.25.199.67" port: 42855 } }
I20260601 13:26:37.743598 29554 ts_tablet_manager.cc:1434] T 8cf3c8e5fdb24a28b38de59f383562e2 P d7f44db44354463cb968300d1d478b64: Time spent starting tablet: real 0.001s	user 0.000s	sys 0.000s
I20260601 13:26:37.744141 29553 tablet_bootstrap.cc:654] T c7082a96ccb14e41af07b3b1496d2e99 P c0f946307b3041fdbc906f2699bb91f0: Neither blocks nor log segments found. Creating new log.
I20260601 13:26:37.744163 29554 tablet_bootstrap.cc:492] T 278e370a37454ac297133a8b56a1c550 P d7f44db44354463cb968300d1d478b64: Bootstrap starting.
I20260601 13:26:37.744668 29555 tablet_bootstrap.cc:492] T 8cf3c8e5fdb24a28b38de59f383562e2 P 5df74e266a7d4b198607b87e3bf53fb8: Bootstrap starting.
I20260601 13:26:37.745118 29554 tablet_bootstrap.cc:654] T 278e370a37454ac297133a8b56a1c550 P d7f44db44354463cb968300d1d478b64: Neither blocks nor log segments found. Creating new log.
I20260601 13:26:37.745731 29555 tablet_bootstrap.cc:654] T 8cf3c8e5fdb24a28b38de59f383562e2 P 5df74e266a7d4b198607b87e3bf53fb8: Neither blocks nor log segments found. Creating new log.
I20260601 13:26:37.746223 29554 tablet_bootstrap.cc:492] T 278e370a37454ac297133a8b56a1c550 P d7f44db44354463cb968300d1d478b64: No bootstrap required, opened a new log
I20260601 13:26:37.746305 29554 ts_tablet_manager.cc:1403] T 278e370a37454ac297133a8b56a1c550 P d7f44db44354463cb968300d1d478b64: Time spent bootstrapping tablet: real 0.002s	user 0.000s	sys 0.002s
I20260601 13:26:37.746351 29553 tablet_bootstrap.cc:492] T c7082a96ccb14e41af07b3b1496d2e99 P c0f946307b3041fdbc906f2699bb91f0: No bootstrap required, opened a new log
I20260601 13:26:37.746414 29553 ts_tablet_manager.cc:1403] T c7082a96ccb14e41af07b3b1496d2e99 P c0f946307b3041fdbc906f2699bb91f0: Time spent bootstrapping tablet: real 0.003s	user 0.000s	sys 0.001s
I20260601 13:26:37.746712 29554 raft_consensus.cc:359] T 278e370a37454ac297133a8b56a1c550 P d7f44db44354463cb968300d1d478b64 [term 0 FOLLOWER]: Replica starting. Triggering 0 pending ops. Active config: opid_index: -1 OBSOLETE_local: false peers { permanent_uuid: "d7f44db44354463cb968300d1d478b64" member_type: VOTER last_known_addr { host: "127.25.199.66" port: 36937 } } peers { permanent_uuid: "c0f946307b3041fdbc906f2699bb91f0" member_type: VOTER last_known_addr { host: "127.25.199.65" port: 40333 } } peers { permanent_uuid: "5df74e266a7d4b198607b87e3bf53fb8" member_type: VOTER last_known_addr { host: "127.25.199.67" port: 42855 } }
I20260601 13:26:37.746821 29554 raft_consensus.cc:385] T 278e370a37454ac297133a8b56a1c550 P d7f44db44354463cb968300d1d478b64 [term 0 FOLLOWER]: Consensus starting up: Expiring failure detector timer to make a prompt election more likely
I20260601 13:26:37.746863 29554 raft_consensus.cc:740] T 278e370a37454ac297133a8b56a1c550 P d7f44db44354463cb968300d1d478b64 [term 0 FOLLOWER]: Becoming Follower/Learner. State: Replica: d7f44db44354463cb968300d1d478b64, State: Initialized, Role: FOLLOWER
I20260601 13:26:37.746769 29553 raft_consensus.cc:359] T c7082a96ccb14e41af07b3b1496d2e99 P c0f946307b3041fdbc906f2699bb91f0 [term 0 FOLLOWER]: Replica starting. Triggering 0 pending ops. Active config: opid_index: -1 OBSOLETE_local: false peers { permanent_uuid: "d7f44db44354463cb968300d1d478b64" member_type: VOTER last_known_addr { host: "127.25.199.66" port: 36937 } } peers { permanent_uuid: "c0f946307b3041fdbc906f2699bb91f0" member_type: VOTER last_known_addr { host: "127.25.199.65" port: 40333 } } peers { permanent_uuid: "5df74e266a7d4b198607b87e3bf53fb8" member_type: VOTER last_known_addr { host: "127.25.199.67" port: 42855 } }
I20260601 13:26:37.746917 29553 raft_consensus.cc:385] T c7082a96ccb14e41af07b3b1496d2e99 P c0f946307b3041fdbc906f2699bb91f0 [term 0 FOLLOWER]: Consensus starting up: Expiring failure detector timer to make a prompt election more likely
I20260601 13:26:37.746948 29553 raft_consensus.cc:740] T c7082a96ccb14e41af07b3b1496d2e99 P c0f946307b3041fdbc906f2699bb91f0 [term 0 FOLLOWER]: Becoming Follower/Learner. State: Replica: c0f946307b3041fdbc906f2699bb91f0, State: Initialized, Role: FOLLOWER
I20260601 13:26:37.746971 29554 consensus_queue.cc:260] T 278e370a37454ac297133a8b56a1c550 P d7f44db44354463cb968300d1d478b64 [NON_LEADER]: Queue going to NON_LEADER mode. State: All replicated index: 0, Majority replicated index: 0, Committed index: 0, Last appended: 0.0, Last appended by leader: 0, Current term: 0, Majority size: -1, State: 0, Mode: NON_LEADER, active raft config: opid_index: -1 OBSOLETE_local: false peers { permanent_uuid: "d7f44db44354463cb968300d1d478b64" member_type: VOTER last_known_addr { host: "127.25.199.66" port: 36937 } } peers { permanent_uuid: "c0f946307b3041fdbc906f2699bb91f0" member_type: VOTER last_known_addr { host: "127.25.199.65" port: 40333 } } peers { permanent_uuid: "5df74e266a7d4b198607b87e3bf53fb8" member_type: VOTER last_known_addr { host: "127.25.199.67" port: 42855 } }
I20260601 13:26:37.747059 29553 consensus_queue.cc:260] T c7082a96ccb14e41af07b3b1496d2e99 P c0f946307b3041fdbc906f2699bb91f0 [NON_LEADER]: Queue going to NON_LEADER mode. State: All replicated index: 0, Majority replicated index: 0, Committed index: 0, Last appended: 0.0, Last appended by leader: 0, Current term: 0, Majority size: -1, State: 0, Mode: NON_LEADER, active raft config: opid_index: -1 OBSOLETE_local: false peers { permanent_uuid: "d7f44db44354463cb968300d1d478b64" member_type: VOTER last_known_addr { host: "127.25.199.66" port: 36937 } } peers { permanent_uuid: "c0f946307b3041fdbc906f2699bb91f0" member_type: VOTER last_known_addr { host: "127.25.199.65" port: 40333 } } peers { permanent_uuid: "5df74e266a7d4b198607b87e3bf53fb8" member_type: VOTER last_known_addr { host: "127.25.199.67" port: 42855 } }
I20260601 13:26:37.746764 29555 tablet_bootstrap.cc:492] T 8cf3c8e5fdb24a28b38de59f383562e2 P 5df74e266a7d4b198607b87e3bf53fb8: No bootstrap required, opened a new log
I20260601 13:26:37.747241 29555 ts_tablet_manager.cc:1403] T 8cf3c8e5fdb24a28b38de59f383562e2 P 5df74e266a7d4b198607b87e3bf53fb8: Time spent bootstrapping tablet: real 0.003s	user 0.002s	sys 0.000s
I20260601 13:26:37.747308 29554 ts_tablet_manager.cc:1434] T 278e370a37454ac297133a8b56a1c550 P d7f44db44354463cb968300d1d478b64: Time spent starting tablet: real 0.001s	user 0.000s	sys 0.001s
I20260601 13:26:37.747630 29554 tablet_bootstrap.cc:492] T c7082a96ccb14e41af07b3b1496d2e99 P d7f44db44354463cb968300d1d478b64: Bootstrap starting.
I20260601 13:26:37.747725 29555 raft_consensus.cc:359] T 8cf3c8e5fdb24a28b38de59f383562e2 P 5df74e266a7d4b198607b87e3bf53fb8 [term 0 FOLLOWER]: Replica starting. Triggering 0 pending ops. Active config: opid_index: -1 OBSOLETE_local: false peers { permanent_uuid: "d7f44db44354463cb968300d1d478b64" member_type: VOTER last_known_addr { host: "127.25.199.66" port: 36937 } } peers { permanent_uuid: "c0f946307b3041fdbc906f2699bb91f0" member_type: VOTER last_known_addr { host: "127.25.199.65" port: 40333 } } peers { permanent_uuid: "5df74e266a7d4b198607b87e3bf53fb8" member_type: VOTER last_known_addr { host: "127.25.199.67" port: 42855 } }
I20260601 13:26:37.747835 29555 raft_consensus.cc:385] T 8cf3c8e5fdb24a28b38de59f383562e2 P 5df74e266a7d4b198607b87e3bf53fb8 [term 0 FOLLOWER]: Consensus starting up: Expiring failure detector timer to make a prompt election more likely
I20260601 13:26:37.747875 29555 raft_consensus.cc:740] T 8cf3c8e5fdb24a28b38de59f383562e2 P 5df74e266a7d4b198607b87e3bf53fb8 [term 0 FOLLOWER]: Becoming Follower/Learner. State: Replica: 5df74e266a7d4b198607b87e3bf53fb8, State: Initialized, Role: FOLLOWER
I20260601 13:26:37.747996 29555 consensus_queue.cc:260] T 8cf3c8e5fdb24a28b38de59f383562e2 P 5df74e266a7d4b198607b87e3bf53fb8 [NON_LEADER]: Queue going to NON_LEADER mode. State: All replicated index: 0, Majority replicated index: 0, Committed index: 0, Last appended: 0.0, Last appended by leader: 0, Current term: 0, Majority size: -1, State: 0, Mode: NON_LEADER, active raft config: opid_index: -1 OBSOLETE_local: false peers { permanent_uuid: "d7f44db44354463cb968300d1d478b64" member_type: VOTER last_known_addr { host: "127.25.199.66" port: 36937 } } peers { permanent_uuid: "c0f946307b3041fdbc906f2699bb91f0" member_type: VOTER last_known_addr { host: "127.25.199.65" port: 40333 } } peers { permanent_uuid: "5df74e266a7d4b198607b87e3bf53fb8" member_type: VOTER last_known_addr { host: "127.25.199.67" port: 42855 } }
I20260601 13:26:37.748314 29553 ts_tablet_manager.cc:1434] T c7082a96ccb14e41af07b3b1496d2e99 P c0f946307b3041fdbc906f2699bb91f0: Time spent starting tablet: real 0.002s	user 0.000s	sys 0.001s
I20260601 13:26:37.748379 29555 ts_tablet_manager.cc:1434] T 8cf3c8e5fdb24a28b38de59f383562e2 P 5df74e266a7d4b198607b87e3bf53fb8: Time spent starting tablet: real 0.001s	user 0.001s	sys 0.000s
I20260601 13:26:37.748482 29553 tablet_bootstrap.cc:492] T 278e370a37454ac297133a8b56a1c550 P c0f946307b3041fdbc906f2699bb91f0: Bootstrap starting.
I20260601 13:26:37.748843 29554 tablet_bootstrap.cc:654] T c7082a96ccb14e41af07b3b1496d2e99 P d7f44db44354463cb968300d1d478b64: Neither blocks nor log segments found. Creating new log.
I20260601 13:26:37.749456 29553 tablet_bootstrap.cc:654] T 278e370a37454ac297133a8b56a1c550 P c0f946307b3041fdbc906f2699bb91f0: Neither blocks nor log segments found. Creating new log.
I20260601 13:26:37.748504 29555 tablet_bootstrap.cc:492] T 517fbffc638c407591d9ed4d04da9b0c P 5df74e266a7d4b198607b87e3bf53fb8: Bootstrap starting.
I20260601 13:26:37.750566 29555 tablet_bootstrap.cc:654] T 517fbffc638c407591d9ed4d04da9b0c P 5df74e266a7d4b198607b87e3bf53fb8: Neither blocks nor log segments found. Creating new log.
I20260601 13:26:37.751632 29554 tablet_bootstrap.cc:492] T c7082a96ccb14e41af07b3b1496d2e99 P d7f44db44354463cb968300d1d478b64: No bootstrap required, opened a new log
I20260601 13:26:37.751722 29554 ts_tablet_manager.cc:1403] T c7082a96ccb14e41af07b3b1496d2e99 P d7f44db44354463cb968300d1d478b64: Time spent bootstrapping tablet: real 0.004s	user 0.002s	sys 0.000s
I20260601 13:26:37.750566 29553 tablet_bootstrap.cc:492] T 278e370a37454ac297133a8b56a1c550 P c0f946307b3041fdbc906f2699bb91f0: No bootstrap required, opened a new log
I20260601 13:26:37.752038 29553 ts_tablet_manager.cc:1403] T 278e370a37454ac297133a8b56a1c550 P c0f946307b3041fdbc906f2699bb91f0: Time spent bootstrapping tablet: real 0.004s	user 0.000s	sys 0.002s
I20260601 13:26:37.752256 29554 raft_consensus.cc:359] T c7082a96ccb14e41af07b3b1496d2e99 P d7f44db44354463cb968300d1d478b64 [term 0 FOLLOWER]: Replica starting. Triggering 0 pending ops. Active config: opid_index: -1 OBSOLETE_local: false peers { permanent_uuid: "d7f44db44354463cb968300d1d478b64" member_type: VOTER last_known_addr { host: "127.25.199.66" port: 36937 } } peers { permanent_uuid: "c0f946307b3041fdbc906f2699bb91f0" member_type: VOTER last_known_addr { host: "127.25.199.65" port: 40333 } } peers { permanent_uuid: "5df74e266a7d4b198607b87e3bf53fb8" member_type: VOTER last_known_addr { host: "127.25.199.67" port: 42855 } }
I20260601 13:26:37.752344 29554 raft_consensus.cc:385] T c7082a96ccb14e41af07b3b1496d2e99 P d7f44db44354463cb968300d1d478b64 [term 0 FOLLOWER]: Consensus starting up: Expiring failure detector timer to make a prompt election more likely
I20260601 13:26:37.752385 29554 raft_consensus.cc:740] T c7082a96ccb14e41af07b3b1496d2e99 P d7f44db44354463cb968300d1d478b64 [term 0 FOLLOWER]: Becoming Follower/Learner. State: Replica: d7f44db44354463cb968300d1d478b64, State: Initialized, Role: FOLLOWER
I20260601 13:26:37.752503 29553 raft_consensus.cc:359] T 278e370a37454ac297133a8b56a1c550 P c0f946307b3041fdbc906f2699bb91f0 [term 0 FOLLOWER]: Replica starting. Triggering 0 pending ops. Active config: opid_index: -1 OBSOLETE_local: false peers { permanent_uuid: "d7f44db44354463cb968300d1d478b64" member_type: VOTER last_known_addr { host: "127.25.199.66" port: 36937 } } peers { permanent_uuid: "c0f946307b3041fdbc906f2699bb91f0" member_type: VOTER last_known_addr { host: "127.25.199.65" port: 40333 } } peers { permanent_uuid: "5df74e266a7d4b198607b87e3bf53fb8" member_type: VOTER last_known_addr { host: "127.25.199.67" port: 42855 } }
I20260601 13:26:37.752492 29554 consensus_queue.cc:260] T c7082a96ccb14e41af07b3b1496d2e99 P d7f44db44354463cb968300d1d478b64 [NON_LEADER]: Queue going to NON_LEADER mode. State: All replicated index: 0, Majority replicated index: 0, Committed index: 0, Last appended: 0.0, Last appended by leader: 0, Current term: 0, Majority size: -1, State: 0, Mode: NON_LEADER, active raft config: opid_index: -1 OBSOLETE_local: false peers { permanent_uuid: "d7f44db44354463cb968300d1d478b64" member_type: VOTER last_known_addr { host: "127.25.199.66" port: 36937 } } peers { permanent_uuid: "c0f946307b3041fdbc906f2699bb91f0" member_type: VOTER last_known_addr { host: "127.25.199.65" port: 40333 } } peers { permanent_uuid: "5df74e266a7d4b198607b87e3bf53fb8" member_type: VOTER last_known_addr { host: "127.25.199.67" port: 42855 } }
I20260601 13:26:37.752604 29553 raft_consensus.cc:385] T 278e370a37454ac297133a8b56a1c550 P c0f946307b3041fdbc906f2699bb91f0 [term 0 FOLLOWER]: Consensus starting up: Expiring failure detector timer to make a prompt election more likely
I20260601 13:26:37.752636 29553 raft_consensus.cc:740] T 278e370a37454ac297133a8b56a1c550 P c0f946307b3041fdbc906f2699bb91f0 [term 0 FOLLOWER]: Becoming Follower/Learner. State: Replica: c0f946307b3041fdbc906f2699bb91f0, State: Initialized, Role: FOLLOWER
I20260601 13:26:37.752733 29553 consensus_queue.cc:260] T 278e370a37454ac297133a8b56a1c550 P c0f946307b3041fdbc906f2699bb91f0 [NON_LEADER]: Queue going to NON_LEADER mode. State: All replicated index: 0, Majority replicated index: 0, Committed index: 0, Last appended: 0.0, Last appended by leader: 0, Current term: 0, Majority size: -1, State: 0, Mode: NON_LEADER, active raft config: opid_index: -1 OBSOLETE_local: false peers { permanent_uuid: "d7f44db44354463cb968300d1d478b64" member_type: VOTER last_known_addr { host: "127.25.199.66" port: 36937 } } peers { permanent_uuid: "c0f946307b3041fdbc906f2699bb91f0" member_type: VOTER last_known_addr { host: "127.25.199.65" port: 40333 } } peers { permanent_uuid: "5df74e266a7d4b198607b87e3bf53fb8" member_type: VOTER last_known_addr { host: "127.25.199.67" port: 42855 } }
I20260601 13:26:37.752950 29553 ts_tablet_manager.cc:1434] T 278e370a37454ac297133a8b56a1c550 P c0f946307b3041fdbc906f2699bb91f0: Time spent starting tablet: real 0.001s	user 0.000s	sys 0.001s
I20260601 13:26:37.752950 29554 ts_tablet_manager.cc:1434] T c7082a96ccb14e41af07b3b1496d2e99 P d7f44db44354463cb968300d1d478b64: Time spent starting tablet: real 0.001s	user 0.000s	sys 0.001s
I20260601 13:26:37.753132 29553 tablet_bootstrap.cc:492] T 517fbffc638c407591d9ed4d04da9b0c P c0f946307b3041fdbc906f2699bb91f0: Bootstrap starting.
I20260601 13:26:37.753132 29554 tablet_bootstrap.cc:492] T 5c88522e0c2443ef99592289b42c90d7 P d7f44db44354463cb968300d1d478b64: Bootstrap starting.
I20260601 13:26:37.754114 29553 tablet_bootstrap.cc:654] T 517fbffc638c407591d9ed4d04da9b0c P c0f946307b3041fdbc906f2699bb91f0: Neither blocks nor log segments found. Creating new log.
I20260601 13:26:37.754114 29554 tablet_bootstrap.cc:654] T 5c88522e0c2443ef99592289b42c90d7 P d7f44db44354463cb968300d1d478b64: Neither blocks nor log segments found. Creating new log.
I20260601 13:26:37.755399 29555 tablet_bootstrap.cc:492] T 517fbffc638c407591d9ed4d04da9b0c P 5df74e266a7d4b198607b87e3bf53fb8: No bootstrap required, opened a new log
I20260601 13:26:37.755488 29555 ts_tablet_manager.cc:1403] T 517fbffc638c407591d9ed4d04da9b0c P 5df74e266a7d4b198607b87e3bf53fb8: Time spent bootstrapping tablet: real 0.007s	user 0.002s	sys 0.000s
I20260601 13:26:37.755510 29553 tablet_bootstrap.cc:492] T 517fbffc638c407591d9ed4d04da9b0c P c0f946307b3041fdbc906f2699bb91f0: No bootstrap required, opened a new log
I20260601 13:26:37.755697 29553 ts_tablet_manager.cc:1403] T 517fbffc638c407591d9ed4d04da9b0c P c0f946307b3041fdbc906f2699bb91f0: Time spent bootstrapping tablet: real 0.003s	user 0.000s	sys 0.002s
I20260601 13:26:37.755946 29555 raft_consensus.cc:359] T 517fbffc638c407591d9ed4d04da9b0c P 5df74e266a7d4b198607b87e3bf53fb8 [term 0 FOLLOWER]: Replica starting. Triggering 0 pending ops. Active config: opid_index: -1 OBSOLETE_local: false peers { permanent_uuid: "5df74e266a7d4b198607b87e3bf53fb8" member_type: VOTER last_known_addr { host: "127.25.199.67" port: 42855 } } peers { permanent_uuid: "c0f946307b3041fdbc906f2699bb91f0" member_type: VOTER last_known_addr { host: "127.25.199.65" port: 40333 } } peers { permanent_uuid: "d7f44db44354463cb968300d1d478b64" member_type: VOTER last_known_addr { host: "127.25.199.66" port: 36937 } }
I20260601 13:26:37.756093 29555 raft_consensus.cc:385] T 517fbffc638c407591d9ed4d04da9b0c P 5df74e266a7d4b198607b87e3bf53fb8 [term 0 FOLLOWER]: Consensus starting up: Expiring failure detector timer to make a prompt election more likely
I20260601 13:26:37.756146 29555 raft_consensus.cc:740] T 517fbffc638c407591d9ed4d04da9b0c P 5df74e266a7d4b198607b87e3bf53fb8 [term 0 FOLLOWER]: Becoming Follower/Learner. State: Replica: 5df74e266a7d4b198607b87e3bf53fb8, State: Initialized, Role: FOLLOWER
I20260601 13:26:37.756280 29555 consensus_queue.cc:260] T 517fbffc638c407591d9ed4d04da9b0c P 5df74e266a7d4b198607b87e3bf53fb8 [NON_LEADER]: Queue going to NON_LEADER mode. State: All replicated index: 0, Majority replicated index: 0, Committed index: 0, Last appended: 0.0, Last appended by leader: 0, Current term: 0, Majority size: -1, State: 0, Mode: NON_LEADER, active raft config: opid_index: -1 OBSOLETE_local: false peers { permanent_uuid: "5df74e266a7d4b198607b87e3bf53fb8" member_type: VOTER last_known_addr { host: "127.25.199.67" port: 42855 } } peers { permanent_uuid: "c0f946307b3041fdbc906f2699bb91f0" member_type: VOTER last_known_addr { host: "127.25.199.65" port: 40333 } } peers { permanent_uuid: "d7f44db44354463cb968300d1d478b64" member_type: VOTER last_known_addr { host: "127.25.199.66" port: 36937 } }
I20260601 13:26:37.756582 29555 ts_tablet_manager.cc:1434] T 517fbffc638c407591d9ed4d04da9b0c P 5df74e266a7d4b198607b87e3bf53fb8: Time spent starting tablet: real 0.001s	user 0.000s	sys 0.001s
I20260601 13:26:37.756742 29555 tablet_bootstrap.cc:492] T 112c7bf8c2f2459eb982e8f9361821bf P 5df74e266a7d4b198607b87e3bf53fb8: Bootstrap starting.
I20260601 13:26:37.757028 29554 tablet_bootstrap.cc:492] T 5c88522e0c2443ef99592289b42c90d7 P d7f44db44354463cb968300d1d478b64: No bootstrap required, opened a new log
I20260601 13:26:37.757151 29554 ts_tablet_manager.cc:1403] T 5c88522e0c2443ef99592289b42c90d7 P d7f44db44354463cb968300d1d478b64: Time spent bootstrapping tablet: real 0.004s	user 0.000s	sys 0.001s
I20260601 13:26:37.757678 29555 tablet_bootstrap.cc:654] T 112c7bf8c2f2459eb982e8f9361821bf P 5df74e266a7d4b198607b87e3bf53fb8: Neither blocks nor log segments found. Creating new log.
I20260601 13:26:37.756254 29553 raft_consensus.cc:359] T 517fbffc638c407591d9ed4d04da9b0c P c0f946307b3041fdbc906f2699bb91f0 [term 0 FOLLOWER]: Replica starting. Triggering 0 pending ops. Active config: opid_index: -1 OBSOLETE_local: false peers { permanent_uuid: "5df74e266a7d4b198607b87e3bf53fb8" member_type: VOTER last_known_addr { host: "127.25.199.67" port: 42855 } } peers { permanent_uuid: "c0f946307b3041fdbc906f2699bb91f0" member_type: VOTER last_known_addr { host: "127.25.199.65" port: 40333 } } peers { permanent_uuid: "d7f44db44354463cb968300d1d478b64" member_type: VOTER last_known_addr { host: "127.25.199.66" port: 36937 } }
I20260601 13:26:37.758281 29553 raft_consensus.cc:385] T 517fbffc638c407591d9ed4d04da9b0c P c0f946307b3041fdbc906f2699bb91f0 [term 0 FOLLOWER]: Consensus starting up: Expiring failure detector timer to make a prompt election more likely
I20260601 13:26:37.758347 29553 raft_consensus.cc:740] T 517fbffc638c407591d9ed4d04da9b0c P c0f946307b3041fdbc906f2699bb91f0 [term 0 FOLLOWER]: Becoming Follower/Learner. State: Replica: c0f946307b3041fdbc906f2699bb91f0, State: Initialized, Role: FOLLOWER
I20260601 13:26:37.758471 29553 consensus_queue.cc:260] T 517fbffc638c407591d9ed4d04da9b0c P c0f946307b3041fdbc906f2699bb91f0 [NON_LEADER]: Queue going to NON_LEADER mode. State: All replicated index: 0, Majority replicated index: 0, Committed index: 0, Last appended: 0.0, Last appended by leader: 0, Current term: 0, Majority size: -1, State: 0, Mode: NON_LEADER, active raft config: opid_index: -1 OBSOLETE_local: false peers { permanent_uuid: "5df74e266a7d4b198607b87e3bf53fb8" member_type: VOTER last_known_addr { host: "127.25.199.67" port: 42855 } } peers { permanent_uuid: "c0f946307b3041fdbc906f2699bb91f0" member_type: VOTER last_known_addr { host: "127.25.199.65" port: 40333 } } peers { permanent_uuid: "d7f44db44354463cb968300d1d478b64" member_type: VOTER last_known_addr { host: "127.25.199.66" port: 36937 } }
I20260601 13:26:37.758832 29553 ts_tablet_manager.cc:1434] T 517fbffc638c407591d9ed4d04da9b0c P c0f946307b3041fdbc906f2699bb91f0: Time spent starting tablet: real 0.003s	user 0.001s	sys 0.000s
I20260601 13:26:37.758880 29555 tablet_bootstrap.cc:492] T 112c7bf8c2f2459eb982e8f9361821bf P 5df74e266a7d4b198607b87e3bf53fb8: No bootstrap required, opened a new log
I20260601 13:26:37.758970 29555 ts_tablet_manager.cc:1403] T 112c7bf8c2f2459eb982e8f9361821bf P 5df74e266a7d4b198607b87e3bf53fb8: Time spent bootstrapping tablet: real 0.002s	user 0.000s	sys 0.002s
I20260601 13:26:37.758996 29553 tablet_bootstrap.cc:492] T 3148df6c4c334883af0cb58081c2fb30 P c0f946307b3041fdbc906f2699bb91f0: Bootstrap starting.
I20260601 13:26:37.759405 29555 raft_consensus.cc:359] T 112c7bf8c2f2459eb982e8f9361821bf P 5df74e266a7d4b198607b87e3bf53fb8 [term 0 FOLLOWER]: Replica starting. Triggering 0 pending ops. Active config: opid_index: -1 OBSOLETE_local: false peers { permanent_uuid: "d7f44db44354463cb968300d1d478b64" member_type: VOTER last_known_addr { host: "127.25.199.66" port: 36937 } } peers { permanent_uuid: "c0f946307b3041fdbc906f2699bb91f0" member_type: VOTER last_known_addr { host: "127.25.199.65" port: 40333 } } peers { permanent_uuid: "5df74e266a7d4b198607b87e3bf53fb8" member_type: VOTER last_known_addr { host: "127.25.199.67" port: 42855 } }
I20260601 13:26:37.759500 29555 raft_consensus.cc:385] T 112c7bf8c2f2459eb982e8f9361821bf P 5df74e266a7d4b198607b87e3bf53fb8 [term 0 FOLLOWER]: Consensus starting up: Expiring failure detector timer to make a prompt election more likely
I20260601 13:26:37.759523 29555 raft_consensus.cc:740] T 112c7bf8c2f2459eb982e8f9361821bf P 5df74e266a7d4b198607b87e3bf53fb8 [term 0 FOLLOWER]: Becoming Follower/Learner. State: Replica: 5df74e266a7d4b198607b87e3bf53fb8, State: Initialized, Role: FOLLOWER
I20260601 13:26:37.759652 29555 consensus_queue.cc:260] T 112c7bf8c2f2459eb982e8f9361821bf P 5df74e266a7d4b198607b87e3bf53fb8 [NON_LEADER]: Queue going to NON_LEADER mode. State: All replicated index: 0, Majority replicated index: 0, Committed index: 0, Last appended: 0.0, Last appended by leader: 0, Current term: 0, Majority size: -1, State: 0, Mode: NON_LEADER, active raft config: opid_index: -1 OBSOLETE_local: false peers { permanent_uuid: "d7f44db44354463cb968300d1d478b64" member_type: VOTER last_known_addr { host: "127.25.199.66" port: 36937 } } peers { permanent_uuid: "c0f946307b3041fdbc906f2699bb91f0" member_type: VOTER last_known_addr { host: "127.25.199.65" port: 40333 } } peers { permanent_uuid: "5df74e266a7d4b198607b87e3bf53fb8" member_type: VOTER last_known_addr { host: "127.25.199.67" port: 42855 } }
I20260601 13:26:37.759959 29555 ts_tablet_manager.cc:1434] T 112c7bf8c2f2459eb982e8f9361821bf P 5df74e266a7d4b198607b87e3bf53fb8: Time spent starting tablet: real 0.001s	user 0.000s	sys 0.000s
I20260601 13:26:37.757629 29554 raft_consensus.cc:359] T 5c88522e0c2443ef99592289b42c90d7 P d7f44db44354463cb968300d1d478b64 [term 0 FOLLOWER]: Replica starting. Triggering 0 pending ops. Active config: opid_index: -1 OBSOLETE_local: false peers { permanent_uuid: "c0f946307b3041fdbc906f2699bb91f0" member_type: VOTER last_known_addr { host: "127.25.199.65" port: 40333 } } peers { permanent_uuid: "d7f44db44354463cb968300d1d478b64" member_type: VOTER last_known_addr { host: "127.25.199.66" port: 36937 } } peers { permanent_uuid: "5df74e266a7d4b198607b87e3bf53fb8" member_type: VOTER last_known_addr { host: "127.25.199.67" port: 42855 } }
I20260601 13:26:37.760032 29554 raft_consensus.cc:385] T 5c88522e0c2443ef99592289b42c90d7 P d7f44db44354463cb968300d1d478b64 [term 0 FOLLOWER]: Consensus starting up: Expiring failure detector timer to make a prompt election more likely
I20260601 13:26:37.760093 29554 raft_consensus.cc:740] T 5c88522e0c2443ef99592289b42c90d7 P d7f44db44354463cb968300d1d478b64 [term 0 FOLLOWER]: Becoming Follower/Learner. State: Replica: d7f44db44354463cb968300d1d478b64, State: Initialized, Role: FOLLOWER
I20260601 13:26:37.760174 29555 tablet_bootstrap.cc:492] T 278e370a37454ac297133a8b56a1c550 P 5df74e266a7d4b198607b87e3bf53fb8: Bootstrap starting.
I20260601 13:26:37.760203 29554 consensus_queue.cc:260] T 5c88522e0c2443ef99592289b42c90d7 P d7f44db44354463cb968300d1d478b64 [NON_LEADER]: Queue going to NON_LEADER mode. State: All replicated index: 0, Majority replicated index: 0, Committed index: 0, Last appended: 0.0, Last appended by leader: 0, Current term: 0, Majority size: -1, State: 0, Mode: NON_LEADER, active raft config: opid_index: -1 OBSOLETE_local: false peers { permanent_uuid: "c0f946307b3041fdbc906f2699bb91f0" member_type: VOTER last_known_addr { host: "127.25.199.65" port: 40333 } } peers { permanent_uuid: "d7f44db44354463cb968300d1d478b64" member_type: VOTER last_known_addr { host: "127.25.199.66" port: 36937 } } peers { permanent_uuid: "5df74e266a7d4b198607b87e3bf53fb8" member_type: VOTER last_known_addr { host: "127.25.199.67" port: 42855 } }
I20260601 13:26:37.760499 29554 ts_tablet_manager.cc:1434] T 5c88522e0c2443ef99592289b42c90d7 P d7f44db44354463cb968300d1d478b64: Time spent starting tablet: real 0.003s	user 0.001s	sys 0.000s
I20260601 13:26:37.760677 29554 tablet_bootstrap.cc:492] T be90a89fcf264c5a9fc7c75ec73001ec P d7f44db44354463cb968300d1d478b64: Bootstrap starting.
I20260601 13:26:37.761298 29555 tablet_bootstrap.cc:654] T 278e370a37454ac297133a8b56a1c550 P 5df74e266a7d4b198607b87e3bf53fb8: Neither blocks nor log segments found. Creating new log.
I20260601 13:26:37.761704 29554 tablet_bootstrap.cc:654] T be90a89fcf264c5a9fc7c75ec73001ec P d7f44db44354463cb968300d1d478b64: Neither blocks nor log segments found. Creating new log.
I20260601 13:26:37.759981 29553 tablet_bootstrap.cc:654] T 3148df6c4c334883af0cb58081c2fb30 P c0f946307b3041fdbc906f2699bb91f0: Neither blocks nor log segments found. Creating new log.
I20260601 13:26:37.763115 29554 tablet_bootstrap.cc:492] T be90a89fcf264c5a9fc7c75ec73001ec P d7f44db44354463cb968300d1d478b64: No bootstrap required, opened a new log
I20260601 13:26:37.763149 29555 tablet_bootstrap.cc:492] T 278e370a37454ac297133a8b56a1c550 P 5df74e266a7d4b198607b87e3bf53fb8: No bootstrap required, opened a new log
I20260601 13:26:37.763209 29554 ts_tablet_manager.cc:1403] T be90a89fcf264c5a9fc7c75ec73001ec P d7f44db44354463cb968300d1d478b64: Time spent bootstrapping tablet: real 0.003s	user 0.002s	sys 0.000s
I20260601 13:26:37.763237 29555 ts_tablet_manager.cc:1403] T 278e370a37454ac297133a8b56a1c550 P 5df74e266a7d4b198607b87e3bf53fb8: Time spent bootstrapping tablet: real 0.003s	user 0.001s	sys 0.001s
I20260601 13:26:37.763687 29554 raft_consensus.cc:359] T be90a89fcf264c5a9fc7c75ec73001ec P d7f44db44354463cb968300d1d478b64 [term 0 FOLLOWER]: Replica starting. Triggering 0 pending ops. Active config: opid_index: -1 OBSOLETE_local: false peers { permanent_uuid: "d7f44db44354463cb968300d1d478b64" member_type: VOTER last_known_addr { host: "127.25.199.66" port: 36937 } } peers { permanent_uuid: "c0f946307b3041fdbc906f2699bb91f0" member_type: VOTER last_known_addr { host: "127.25.199.65" port: 40333 } } peers { permanent_uuid: "5df74e266a7d4b198607b87e3bf53fb8" member_type: VOTER last_known_addr { host: "127.25.199.67" port: 42855 } }
I20260601 13:26:37.763820 29554 raft_consensus.cc:385] T be90a89fcf264c5a9fc7c75ec73001ec P d7f44db44354463cb968300d1d478b64 [term 0 FOLLOWER]: Consensus starting up: Expiring failure detector timer to make a prompt election more likely
I20260601 13:26:37.763866 29554 raft_consensus.cc:740] T be90a89fcf264c5a9fc7c75ec73001ec P d7f44db44354463cb968300d1d478b64 [term 0 FOLLOWER]: Becoming Follower/Learner. State: Replica: d7f44db44354463cb968300d1d478b64, State: Initialized, Role: FOLLOWER
I20260601 13:26:37.763847 29555 raft_consensus.cc:359] T 278e370a37454ac297133a8b56a1c550 P 5df74e266a7d4b198607b87e3bf53fb8 [term 0 FOLLOWER]: Replica starting. Triggering 0 pending ops. Active config: opid_index: -1 OBSOLETE_local: false peers { permanent_uuid: "d7f44db44354463cb968300d1d478b64" member_type: VOTER last_known_addr { host: "127.25.199.66" port: 36937 } } peers { permanent_uuid: "c0f946307b3041fdbc906f2699bb91f0" member_type: VOTER last_known_addr { host: "127.25.199.65" port: 40333 } } peers { permanent_uuid: "5df74e266a7d4b198607b87e3bf53fb8" member_type: VOTER last_known_addr { host: "127.25.199.67" port: 42855 } }
