I20260601 13:26:42.036744  9505 raft_consensus.cc:697] T e57ab1f7e3df43e98f481f789a25885a P 58ce4c23429f48549624f2979030f1cc [term 1 LEADER]: Becoming Leader. State: Replica: 58ce4c23429f48549624f2979030f1cc, State: Running, Role: LEADER
I20260601 13:26:42.036861  9505 consensus_queue.cc:237] T e57ab1f7e3df43e98f481f789a25885a P 58ce4c23429f48549624f2979030f1cc [LEADER]: Queue going to LEADER mode. State: All replicated index: 0, Majority replicated index: 0, Committed index: 0, Last appended: 0.0, Last appended by leader: 0, Current term: 1, Majority size: 2, State: 0, Mode: LEADER, active raft config: opid_index: -1 OBSOLETE_local: false peers { permanent_uuid: "58ce4c23429f48549624f2979030f1cc" member_type: VOTER last_known_addr { host: "127.6.16.68" port: 46441 } } peers { permanent_uuid: "a453edd775c94f4380d58431d0f175b0" member_type: VOTER last_known_addr { host: "127.6.16.67" port: 46169 } } peers { permanent_uuid: "dd27238e16bc4798bd135466e5e6de84" member_type: VOTER last_known_addr { host: "127.6.16.65" port: 45309 } }
I20260601 13:26:42.036903  9325 tablet_service.cc:1917] Received RequestConsensusVote() RPC: tablet_id: "e57ab1f7e3df43e98f481f789a25885a" candidate_uuid: "58ce4c23429f48549624f2979030f1cc" candidate_term: 1 candidate_status { last_received { term: 0 index: 0 } } ignore_live_leader: false dest_uuid: "a453edd775c94f4380d58431d0f175b0"
I20260601 13:26:42.037067  9325 raft_consensus.cc:3060] T e57ab1f7e3df43e98f481f789a25885a P a453edd775c94f4380d58431d0f175b0 [term 0 FOLLOWER]: Advancing to term 1
I20260601 13:26:42.038036  9325 raft_consensus.cc:2468] T e57ab1f7e3df43e98f481f789a25885a P a453edd775c94f4380d58431d0f175b0 [term 1 FOLLOWER]: Leader election vote request: Granting yes vote for candidate 58ce4c23429f48549624f2979030f1cc in term 1.
I20260601 13:26:42.038400  9068 catalog_manager.cc:5696] T e57ab1f7e3df43e98f481f789a25885a P 58ce4c23429f48549624f2979030f1cc reported cstate change: term changed from 0 to 1, leader changed from <none> to 58ce4c23429f48549624f2979030f1cc (127.6.16.68). New cstate: current_term: 1 leader_uuid: "58ce4c23429f48549624f2979030f1cc" committed_config { opid_index: -1 OBSOLETE_local: false peers { permanent_uuid: "58ce4c23429f48549624f2979030f1cc" member_type: VOTER last_known_addr { host: "127.6.16.68" port: 46441 } health_report { overall_health: HEALTHY } } peers { permanent_uuid: "a453edd775c94f4380d58431d0f175b0" member_type: VOTER last_known_addr { host: "127.6.16.67" port: 46169 } health_report { overall_health: UNKNOWN } } peers { permanent_uuid: "dd27238e16bc4798bd135466e5e6de84" member_type: VOTER last_known_addr { host: "127.6.16.65" port: 45309 } health_report { overall_health: UNKNOWN } } }
I20260601 13:26:42.051187  9405 consensus_queue.cc:1048] T 32d5e0b162794e73a9236ed9eed6031e P 7a86d4bebf6045c3904ebec67319a303 [LEADER]: Connected to new peer: Peer: permanent_uuid: "dd27238e16bc4798bd135466e5e6de84" member_type: VOTER last_known_addr { host: "127.6.16.65" port: 45309 }, Status: LMP_MISMATCH, Last received: 0.0, Next index: 1, Last known committed idx: 0, Time since last communication: 0.000s
I20260601 13:26:42.054512  9405 consensus_queue.cc:1048] T 32d5e0b162794e73a9236ed9eed6031e P 7a86d4bebf6045c3904ebec67319a303 [LEADER]: Connected to new peer: Peer: permanent_uuid: "a453edd775c94f4380d58431d0f175b0" member_type: VOTER last_known_addr { host: "127.6.16.67" port: 46169 }, Status: LMP_MISMATCH, Last received: 0.0, Next index: 1, Last known committed idx: 0, Time since last communication: 0.000s
I20260601 13:26:42.078495  9405 raft_consensus.cc:493] T 4bbae87335414dfab76f774a0debf22b P 7a86d4bebf6045c3904ebec67319a303 [term 0 FOLLOWER]: Starting pre-election (no leader contacted us within the election timeout)
I20260601 13:26:42.078671  9405 raft_consensus.cc:515] T 4bbae87335414dfab76f774a0debf22b P 7a86d4bebf6045c3904ebec67319a303 [term 0 FOLLOWER]: Starting pre-election with config: opid_index: -1 OBSOLETE_local: false peers { permanent_uuid: "58ce4c23429f48549624f2979030f1cc" member_type: VOTER last_known_addr { host: "127.6.16.68" port: 46441 } } peers { permanent_uuid: "7a86d4bebf6045c3904ebec67319a303" member_type: VOTER last_known_addr { host: "127.6.16.66" port: 38717 } } peers { permanent_uuid: "a453edd775c94f4380d58431d0f175b0" member_type: VOTER last_known_addr { host: "127.6.16.67" port: 46169 } }
I20260601 13:26:42.079393  9405 leader_election.cc:290] T 4bbae87335414dfab76f774a0debf22b P 7a86d4bebf6045c3904ebec67319a303 [CANDIDATE]: Term 1 pre-election: Requested pre-vote from peers 58ce4c23429f48549624f2979030f1cc (127.6.16.68:46441), a453edd775c94f4380d58431d0f175b0 (127.6.16.67:46169)
I20260601 13:26:42.079878  9325 tablet_service.cc:1917] Received RequestConsensusVote() RPC: tablet_id: "4bbae87335414dfab76f774a0debf22b" candidate_uuid: "7a86d4bebf6045c3904ebec67319a303" candidate_term: 1 candidate_status { last_received { term: 0 index: 0 } } ignore_live_leader: false dest_uuid: "a453edd775c94f4380d58431d0f175b0" is_pre_election: true
I20260601 13:26:42.080031  9325 raft_consensus.cc:2468] T 4bbae87335414dfab76f774a0debf22b P a453edd775c94f4380d58431d0f175b0 [term 0 FOLLOWER]: Leader pre-election vote request: Granting yes vote for candidate 7a86d4bebf6045c3904ebec67319a303 in term 0.
I20260601 13:26:42.080376  9214 leader_election.cc:304] T 4bbae87335414dfab76f774a0debf22b P 7a86d4bebf6045c3904ebec67319a303 [CANDIDATE]: Term 1 pre-election: Election decided. Result: candidate won. Election summary: received 2 responses out of 3 voters: 2 yes votes; 0 no votes. yes voters: 7a86d4bebf6045c3904ebec67319a303, a453edd775c94f4380d58431d0f175b0; no voters: 
I20260601 13:26:42.080570  9405 raft_consensus.cc:2804] T 4bbae87335414dfab76f774a0debf22b P 7a86d4bebf6045c3904ebec67319a303 [term 0 FOLLOWER]: Leader pre-election won for term 1
I20260601 13:26:42.080647  9405 raft_consensus.cc:493] T 4bbae87335414dfab76f774a0debf22b P 7a86d4bebf6045c3904ebec67319a303 [term 0 FOLLOWER]: Starting leader election (no leader contacted us within the election timeout)
I20260601 13:26:42.080701  9405 raft_consensus.cc:3060] T 4bbae87335414dfab76f774a0debf22b P 7a86d4bebf6045c3904ebec67319a303 [term 0 FOLLOWER]: Advancing to term 1
I20260601 13:26:42.081523  9405 raft_consensus.cc:515] T 4bbae87335414dfab76f774a0debf22b P 7a86d4bebf6045c3904ebec67319a303 [term 1 FOLLOWER]: Starting leader election with config: opid_index: -1 OBSOLETE_local: false peers { permanent_uuid: "58ce4c23429f48549624f2979030f1cc" member_type: VOTER last_known_addr { host: "127.6.16.68" port: 46441 } } peers { permanent_uuid: "7a86d4bebf6045c3904ebec67319a303" member_type: VOTER last_known_addr { host: "127.6.16.66" port: 38717 } } peers { permanent_uuid: "a453edd775c94f4380d58431d0f175b0" member_type: VOTER last_known_addr { host: "127.6.16.67" port: 46169 } }
I20260601 13:26:42.081899  9405 leader_election.cc:290] T 4bbae87335414dfab76f774a0debf22b P 7a86d4bebf6045c3904ebec67319a303 [CANDIDATE]: Term 1 election: Requested vote from peers 58ce4c23429f48549624f2979030f1cc (127.6.16.68:46441), a453edd775c94f4380d58431d0f175b0 (127.6.16.67:46169)
I20260601 13:26:42.082222  9325 tablet_service.cc:1917] Received RequestConsensusVote() RPC: tablet_id: "4bbae87335414dfab76f774a0debf22b" candidate_uuid: "7a86d4bebf6045c3904ebec67319a303" candidate_term: 1 candidate_status { last_received { term: 0 index: 0 } } ignore_live_leader: false dest_uuid: "a453edd775c94f4380d58431d0f175b0"
I20260601 13:26:42.082335  9325 raft_consensus.cc:3060] T 4bbae87335414dfab76f774a0debf22b P a453edd775c94f4380d58431d0f175b0 [term 0 FOLLOWER]: Advancing to term 1
I20260601 13:26:42.083207  9325 raft_consensus.cc:2468] T 4bbae87335414dfab76f774a0debf22b P a453edd775c94f4380d58431d0f175b0 [term 1 FOLLOWER]: Leader election vote request: Granting yes vote for candidate 7a86d4bebf6045c3904ebec67319a303 in term 1.
I20260601 13:26:42.083549  9214 leader_election.cc:304] T 4bbae87335414dfab76f774a0debf22b P 7a86d4bebf6045c3904ebec67319a303 [CANDIDATE]: Term 1 election: Election decided. Result: candidate won. Election summary: received 2 responses out of 3 voters: 2 yes votes; 0 no votes. yes voters: 7a86d4bebf6045c3904ebec67319a303, a453edd775c94f4380d58431d0f175b0; no voters: 
I20260601 13:26:42.083602  9465 tablet_service.cc:1917] Received RequestConsensusVote() RPC: tablet_id: "4bbae87335414dfab76f774a0debf22b" candidate_uuid: "7a86d4bebf6045c3904ebec67319a303" candidate_term: 1 candidate_status { last_received { term: 0 index: 0 } } ignore_live_leader: false dest_uuid: "58ce4c23429f48549624f2979030f1cc" is_pre_election: true
I20260601 13:26:42.083736  9465 raft_consensus.cc:2468] T 4bbae87335414dfab76f774a0debf22b P 58ce4c23429f48549624f2979030f1cc [term 0 FOLLOWER]: Leader pre-election vote request: Granting yes vote for candidate 7a86d4bebf6045c3904ebec67319a303 in term 0.
I20260601 13:26:42.083786  9405 raft_consensus.cc:2804] T 4bbae87335414dfab76f774a0debf22b P 7a86d4bebf6045c3904ebec67319a303 [term 1 FOLLOWER]: Leader election won for term 1
I20260601 13:26:42.083731  9464 tablet_service.cc:1917] Received RequestConsensusVote() RPC: tablet_id: "4bbae87335414dfab76f774a0debf22b" candidate_uuid: "7a86d4bebf6045c3904ebec67319a303" candidate_term: 1 candidate_status { last_received { term: 0 index: 0 } } ignore_live_leader: false dest_uuid: "58ce4c23429f48549624f2979030f1cc"
I20260601 13:26:42.083909  9405 raft_consensus.cc:697] T 4bbae87335414dfab76f774a0debf22b P 7a86d4bebf6045c3904ebec67319a303 [term 1 LEADER]: Becoming Leader. State: Replica: 7a86d4bebf6045c3904ebec67319a303, State: Running, Role: LEADER
I20260601 13:26:42.084056  9405 consensus_queue.cc:237] T 4bbae87335414dfab76f774a0debf22b P 7a86d4bebf6045c3904ebec67319a303 [LEADER]: Queue going to LEADER mode. State: All replicated index: 0, Majority replicated index: 0, Committed index: 0, Last appended: 0.0, Last appended by leader: 0, Current term: 1, Majority size: 2, State: 0, Mode: LEADER, active raft config: opid_index: -1 OBSOLETE_local: false peers { permanent_uuid: "58ce4c23429f48549624f2979030f1cc" member_type: VOTER last_known_addr { host: "127.6.16.68" port: 46441 } } peers { permanent_uuid: "7a86d4bebf6045c3904ebec67319a303" member_type: VOTER last_known_addr { host: "127.6.16.66" port: 38717 } } peers { permanent_uuid: "a453edd775c94f4380d58431d0f175b0" member_type: VOTER last_known_addr { host: "127.6.16.67" port: 46169 } }
I20260601 13:26:42.083922  9464 raft_consensus.cc:3060] T 4bbae87335414dfab76f774a0debf22b P 58ce4c23429f48549624f2979030f1cc [term 0 FOLLOWER]: Advancing to term 1
I20260601 13:26:42.085456  9464 raft_consensus.cc:2468] T 4bbae87335414dfab76f774a0debf22b P 58ce4c23429f48549624f2979030f1cc [term 1 FOLLOWER]: Leader election vote request: Granting yes vote for candidate 7a86d4bebf6045c3904ebec67319a303 in term 1.
I20260601 13:26:42.085952  9071 catalog_manager.cc:5696] T 4bbae87335414dfab76f774a0debf22b P 7a86d4bebf6045c3904ebec67319a303 reported cstate change: term changed from 0 to 1, leader changed from <none> to 7a86d4bebf6045c3904ebec67319a303 (127.6.16.66). New cstate: current_term: 1 leader_uuid: "7a86d4bebf6045c3904ebec67319a303" committed_config { opid_index: -1 OBSOLETE_local: false peers { permanent_uuid: "58ce4c23429f48549624f2979030f1cc" member_type: VOTER last_known_addr { host: "127.6.16.68" port: 46441 } health_report { overall_health: UNKNOWN } } peers { permanent_uuid: "7a86d4bebf6045c3904ebec67319a303" member_type: VOTER last_known_addr { host: "127.6.16.66" port: 38717 } health_report { overall_health: HEALTHY } } peers { permanent_uuid: "a453edd775c94f4380d58431d0f175b0" member_type: VOTER last_known_addr { host: "127.6.16.67" port: 46169 } health_report { overall_health: UNKNOWN } } }
I20260601 13:26:42.124137  9373 raft_consensus.cc:493] T 4e8a3ecfc73e45968a2d692c2ad954bb P a453edd775c94f4380d58431d0f175b0 [term 0 FOLLOWER]: Starting pre-election (no leader contacted us within the election timeout)
I20260601 13:26:42.124390  9373 raft_consensus.cc:515] T 4e8a3ecfc73e45968a2d692c2ad954bb P a453edd775c94f4380d58431d0f175b0 [term 0 FOLLOWER]: Starting pre-election with config: opid_index: -1 OBSOLETE_local: false peers { permanent_uuid: "58ce4c23429f48549624f2979030f1cc" member_type: VOTER last_known_addr { host: "127.6.16.68" port: 46441 } } peers { permanent_uuid: "7a86d4bebf6045c3904ebec67319a303" member_type: VOTER last_known_addr { host: "127.6.16.66" port: 38717 } } peers { permanent_uuid: "a453edd775c94f4380d58431d0f175b0" member_type: VOTER last_known_addr { host: "127.6.16.67" port: 46169 } }
I20260601 13:26:42.124922  9373 leader_election.cc:290] T 4e8a3ecfc73e45968a2d692c2ad954bb P a453edd775c94f4380d58431d0f175b0 [CANDIDATE]: Term 1 pre-election: Requested pre-vote from peers 58ce4c23429f48549624f2979030f1cc (127.6.16.68:46441), 7a86d4bebf6045c3904ebec67319a303 (127.6.16.66:38717)
I20260601 13:26:42.125352  9250 tablet_service.cc:1917] Received RequestConsensusVote() RPC: tablet_id: "4e8a3ecfc73e45968a2d692c2ad954bb" candidate_uuid: "a453edd775c94f4380d58431d0f175b0" candidate_term: 1 candidate_status { last_received { term: 0 index: 0 } } ignore_live_leader: false dest_uuid: "7a86d4bebf6045c3904ebec67319a303" is_pre_election: true
I20260601 13:26:42.125514  9250 raft_consensus.cc:2468] T 4e8a3ecfc73e45968a2d692c2ad954bb P 7a86d4bebf6045c3904ebec67319a303 [term 0 FOLLOWER]: Leader pre-election vote request: Granting yes vote for candidate a453edd775c94f4380d58431d0f175b0 in term 0.
I20260601 13:26:42.125806  9290 leader_election.cc:304] T 4e8a3ecfc73e45968a2d692c2ad954bb P a453edd775c94f4380d58431d0f175b0 [CANDIDATE]: Term 1 pre-election: Election decided. Result: candidate won. Election summary: received 2 responses out of 3 voters: 2 yes votes; 0 no votes. yes voters: 7a86d4bebf6045c3904ebec67319a303, a453edd775c94f4380d58431d0f175b0; no voters: 
I20260601 13:26:42.126016  9373 raft_consensus.cc:2804] T 4e8a3ecfc73e45968a2d692c2ad954bb P a453edd775c94f4380d58431d0f175b0 [term 0 FOLLOWER]: Leader pre-election won for term 1
I20260601 13:26:42.126121  9373 raft_consensus.cc:493] T 4e8a3ecfc73e45968a2d692c2ad954bb P a453edd775c94f4380d58431d0f175b0 [term 0 FOLLOWER]: Starting leader election (no leader contacted us within the election timeout)
I20260601 13:26:42.126185  9373 raft_consensus.cc:3060] T 4e8a3ecfc73e45968a2d692c2ad954bb P a453edd775c94f4380d58431d0f175b0 [term 0 FOLLOWER]: Advancing to term 1
I20260601 13:26:42.127532  9373 raft_consensus.cc:515] T 4e8a3ecfc73e45968a2d692c2ad954bb P a453edd775c94f4380d58431d0f175b0 [term 1 FOLLOWER]: Starting leader election with config: opid_index: -1 OBSOLETE_local: false peers { permanent_uuid: "58ce4c23429f48549624f2979030f1cc" member_type: VOTER last_known_addr { host: "127.6.16.68" port: 46441 } } peers { permanent_uuid: "7a86d4bebf6045c3904ebec67319a303" member_type: VOTER last_known_addr { host: "127.6.16.66" port: 38717 } } peers { permanent_uuid: "a453edd775c94f4380d58431d0f175b0" member_type: VOTER last_known_addr { host: "127.6.16.67" port: 46169 } }
I20260601 13:26:42.128090  9373 leader_election.cc:290] T 4e8a3ecfc73e45968a2d692c2ad954bb P a453edd775c94f4380d58431d0f175b0 [CANDIDATE]: Term 1 election: Requested vote from peers 58ce4c23429f48549624f2979030f1cc (127.6.16.68:46441), 7a86d4bebf6045c3904ebec67319a303 (127.6.16.66:38717)
I20260601 13:26:42.128522  9250 tablet_service.cc:1917] Received RequestConsensusVote() RPC: tablet_id: "4e8a3ecfc73e45968a2d692c2ad954bb" candidate_uuid: "a453edd775c94f4380d58431d0f175b0" candidate_term: 1 candidate_status { last_received { term: 0 index: 0 } } ignore_live_leader: false dest_uuid: "7a86d4bebf6045c3904ebec67319a303"
I20260601 13:26:42.128659  9250 raft_consensus.cc:3060] T 4e8a3ecfc73e45968a2d692c2ad954bb P 7a86d4bebf6045c3904ebec67319a303 [term 0 FOLLOWER]: Advancing to term 1
I20260601 13:26:42.129434  9464 tablet_service.cc:1917] Received RequestConsensusVote() RPC: tablet_id: "4e8a3ecfc73e45968a2d692c2ad954bb" candidate_uuid: "a453edd775c94f4380d58431d0f175b0" candidate_term: 1 candidate_status { last_received { term: 0 index: 0 } } ignore_live_leader: false dest_uuid: "58ce4c23429f48549624f2979030f1cc" is_pre_election: true
I20260601 13:26:42.129482  9465 tablet_service.cc:1917] Received RequestConsensusVote() RPC: tablet_id: "4e8a3ecfc73e45968a2d692c2ad954bb" candidate_uuid: "a453edd775c94f4380d58431d0f175b0" candidate_term: 1 candidate_status { last_received { term: 0 index: 0 } } ignore_live_leader: false dest_uuid: "58ce4c23429f48549624f2979030f1cc"
I20260601 13:26:42.129576  9464 raft_consensus.cc:2468] T 4e8a3ecfc73e45968a2d692c2ad954bb P 58ce4c23429f48549624f2979030f1cc [term 0 FOLLOWER]: Leader pre-election vote request: Granting yes vote for candidate a453edd775c94f4380d58431d0f175b0 in term 0.
I20260601 13:26:42.129743  9250 raft_consensus.cc:2468] T 4e8a3ecfc73e45968a2d692c2ad954bb P 7a86d4bebf6045c3904ebec67319a303 [term 1 FOLLOWER]: Leader election vote request: Granting yes vote for candidate a453edd775c94f4380d58431d0f175b0 in term 1.
I20260601 13:26:42.130031  9290 leader_election.cc:304] T 4e8a3ecfc73e45968a2d692c2ad954bb P a453edd775c94f4380d58431d0f175b0 [CANDIDATE]: Term 1 election: Election decided. Result: candidate won. Election summary: received 3 responses out of 3 voters: 2 yes votes; 1 no votes. yes voters: 7a86d4bebf6045c3904ebec67319a303, a453edd775c94f4380d58431d0f175b0; no voters: 58ce4c23429f48549624f2979030f1cc
I20260601 13:26:42.130321  9373 raft_consensus.cc:2804] T 4e8a3ecfc73e45968a2d692c2ad954bb P a453edd775c94f4380d58431d0f175b0 [term 1 FOLLOWER]: Leader election won for term 1
I20260601 13:26:42.130440  9373 raft_consensus.cc:697] T 4e8a3ecfc73e45968a2d692c2ad954bb P a453edd775c94f4380d58431d0f175b0 [term 1 LEADER]: Becoming Leader. State: Replica: a453edd775c94f4380d58431d0f175b0, State: Running, Role: LEADER
I20260601 13:26:42.130597  9373 consensus_queue.cc:237] T 4e8a3ecfc73e45968a2d692c2ad954bb P a453edd775c94f4380d58431d0f175b0 [LEADER]: Queue going to LEADER mode. State: All replicated index: 0, Majority replicated index: 0, Committed index: 0, Last appended: 0.0, Last appended by leader: 0, Current term: 1, Majority size: 2, State: 0, Mode: LEADER, active raft config: opid_index: -1 OBSOLETE_local: false peers { permanent_uuid: "58ce4c23429f48549624f2979030f1cc" member_type: VOTER last_known_addr { host: "127.6.16.68" port: 46441 } } peers { permanent_uuid: "7a86d4bebf6045c3904ebec67319a303" member_type: VOTER last_known_addr { host: "127.6.16.66" port: 38717 } } peers { permanent_uuid: "a453edd775c94f4380d58431d0f175b0" member_type: VOTER last_known_addr { host: "127.6.16.67" port: 46169 } }
I20260601 13:26:42.132448  9071 catalog_manager.cc:5696] T 4e8a3ecfc73e45968a2d692c2ad954bb P a453edd775c94f4380d58431d0f175b0 reported cstate change: term changed from 0 to 1, leader changed from <none> to a453edd775c94f4380d58431d0f175b0 (127.6.16.67). New cstate: current_term: 1 leader_uuid: "a453edd775c94f4380d58431d0f175b0" committed_config { opid_index: -1 OBSOLETE_local: false peers { permanent_uuid: "58ce4c23429f48549624f2979030f1cc" member_type: VOTER last_known_addr { host: "127.6.16.68" port: 46441 } health_report { overall_health: UNKNOWN } } peers { permanent_uuid: "7a86d4bebf6045c3904ebec67319a303" member_type: VOTER last_known_addr { host: "127.6.16.66" port: 38717 } health_report { overall_health: UNKNOWN } } peers { permanent_uuid: "a453edd775c94f4380d58431d0f175b0" member_type: VOTER last_known_addr { host: "127.6.16.67" port: 46169 } health_report { overall_health: HEALTHY } } }
I20260601 13:26:42.159783  9383 raft_consensus.cc:493] T d9792aa09e374631b67a4c5094cb2e45 P dd27238e16bc4798bd135466e5e6de84 [term 0 FOLLOWER]: Starting pre-election (no leader contacted us within the election timeout)
I20260601 13:26:42.159945  9383 raft_consensus.cc:515] T d9792aa09e374631b67a4c5094cb2e45 P dd27238e16bc4798bd135466e5e6de84 [term 0 FOLLOWER]: Starting pre-election with config: opid_index: -1 OBSOLETE_local: false peers { permanent_uuid: "58ce4c23429f48549624f2979030f1cc" member_type: VOTER last_known_addr { host: "127.6.16.68" port: 46441 } } peers { permanent_uuid: "a453edd775c94f4380d58431d0f175b0" member_type: VOTER last_known_addr { host: "127.6.16.67" port: 46169 } } peers { permanent_uuid: "dd27238e16bc4798bd135466e5e6de84" member_type: VOTER last_known_addr { host: "127.6.16.65" port: 45309 } }
I20260601 13:26:42.160370  9383 leader_election.cc:290] T d9792aa09e374631b67a4c5094cb2e45 P dd27238e16bc4798bd135466e5e6de84 [CANDIDATE]: Term 1 pre-election: Requested pre-vote from peers 58ce4c23429f48549624f2979030f1cc (127.6.16.68:46441), a453edd775c94f4380d58431d0f175b0 (127.6.16.67:46169)
I20260601 13:26:42.160943  9325 tablet_service.cc:1917] Received RequestConsensusVote() RPC: tablet_id: "d9792aa09e374631b67a4c5094cb2e45" candidate_uuid: "dd27238e16bc4798bd135466e5e6de84" candidate_term: 1 candidate_status { last_received { term: 0 index: 0 } } ignore_live_leader: false dest_uuid: "a453edd775c94f4380d58431d0f175b0" is_pre_election: true
I20260601 13:26:42.160943  9465 tablet_service.cc:1917] Received RequestConsensusVote() RPC: tablet_id: "d9792aa09e374631b67a4c5094cb2e45" candidate_uuid: "dd27238e16bc4798bd135466e5e6de84" candidate_term: 1 candidate_status { last_received { term: 0 index: 0 } } ignore_live_leader: false dest_uuid: "58ce4c23429f48549624f2979030f1cc" is_pre_election: true
I20260601 13:26:42.161152  9325 raft_consensus.cc:2468] T d9792aa09e374631b67a4c5094cb2e45 P a453edd775c94f4380d58431d0f175b0 [term 0 FOLLOWER]: Leader pre-election vote request: Granting yes vote for candidate dd27238e16bc4798bd135466e5e6de84 in term 0.
I20260601 13:26:42.161152  9465 raft_consensus.cc:2468] T d9792aa09e374631b67a4c5094cb2e45 P 58ce4c23429f48549624f2979030f1cc [term 0 FOLLOWER]: Leader pre-election vote request: Granting yes vote for candidate dd27238e16bc4798bd135466e5e6de84 in term 0.
I20260601 13:26:42.161506  9140 leader_election.cc:304] T d9792aa09e374631b67a4c5094cb2e45 P dd27238e16bc4798bd135466e5e6de84 [CANDIDATE]: Term 1 pre-election: Election decided. Result: candidate won. Election summary: received 2 responses out of 3 voters: 2 yes votes; 0 no votes. yes voters: 58ce4c23429f48549624f2979030f1cc, dd27238e16bc4798bd135466e5e6de84; no voters: 
I20260601 13:26:42.161723  9383 raft_consensus.cc:2804] T d9792aa09e374631b67a4c5094cb2e45 P dd27238e16bc4798bd135466e5e6de84 [term 0 FOLLOWER]: Leader pre-election won for term 1
I20260601 13:26:42.161800  9383 raft_consensus.cc:493] T d9792aa09e374631b67a4c5094cb2e45 P dd27238e16bc4798bd135466e5e6de84 [term 0 FOLLOWER]: Starting leader election (no leader contacted us within the election timeout)
I20260601 13:26:42.161832  9383 raft_consensus.cc:3060] T d9792aa09e374631b67a4c5094cb2e45 P dd27238e16bc4798bd135466e5e6de84 [term 0 FOLLOWER]: Advancing to term 1
I20260601 13:26:42.162612  9383 raft_consensus.cc:515] T d9792aa09e374631b67a4c5094cb2e45 P dd27238e16bc4798bd135466e5e6de84 [term 1 FOLLOWER]: Starting leader election with config: opid_index: -1 OBSOLETE_local: false peers { permanent_uuid: "58ce4c23429f48549624f2979030f1cc" member_type: VOTER last_known_addr { host: "127.6.16.68" port: 46441 } } peers { permanent_uuid: "a453edd775c94f4380d58431d0f175b0" member_type: VOTER last_known_addr { host: "127.6.16.67" port: 46169 } } peers { permanent_uuid: "dd27238e16bc4798bd135466e5e6de84" member_type: VOTER last_known_addr { host: "127.6.16.65" port: 45309 } }
I20260601 13:26:42.163002  9383 leader_election.cc:290] T d9792aa09e374631b67a4c5094cb2e45 P dd27238e16bc4798bd135466e5e6de84 [CANDIDATE]: Term 1 election: Requested vote from peers 58ce4c23429f48549624f2979030f1cc (127.6.16.68:46441), a453edd775c94f4380d58431d0f175b0 (127.6.16.67:46169)
I20260601 13:26:42.163337  9465 tablet_service.cc:1917] Received RequestConsensusVote() RPC: tablet_id: "d9792aa09e374631b67a4c5094cb2e45" candidate_uuid: "dd27238e16bc4798bd135466e5e6de84" candidate_term: 1 candidate_status { last_received { term: 0 index: 0 } } ignore_live_leader: false dest_uuid: "58ce4c23429f48549624f2979030f1cc"
I20260601 13:26:42.163376  9325 tablet_service.cc:1917] Received RequestConsensusVote() RPC: tablet_id: "d9792aa09e374631b67a4c5094cb2e45" candidate_uuid: "dd27238e16bc4798bd135466e5e6de84" candidate_term: 1 candidate_status { last_received { term: 0 index: 0 } } ignore_live_leader: false dest_uuid: "a453edd775c94f4380d58431d0f175b0"
I20260601 13:26:42.163466  9465 raft_consensus.cc:3060] T d9792aa09e374631b67a4c5094cb2e45 P 58ce4c23429f48549624f2979030f1cc [term 0 FOLLOWER]: Advancing to term 1
I20260601 13:26:42.163470  9325 raft_consensus.cc:3060] T d9792aa09e374631b67a4c5094cb2e45 P a453edd775c94f4380d58431d0f175b0 [term 0 FOLLOWER]: Advancing to term 1
I20260601 13:26:42.164125  9383 consensus_queue.cc:1048] T eba47c6d6a224647af05740e209a44ee P dd27238e16bc4798bd135466e5e6de84 [LEADER]: Connected to new peer: Peer: permanent_uuid: "a453edd775c94f4380d58431d0f175b0" member_type: VOTER last_known_addr { host: "127.6.16.67" port: 46169 }, Status: LMP_MISMATCH, Last received: 0.0, Next index: 1, Last known committed idx: 0, Time since last communication: 0.000s
I20260601 13:26:42.164429  9325 raft_consensus.cc:2468] T d9792aa09e374631b67a4c5094cb2e45 P a453edd775c94f4380d58431d0f175b0 [term 1 FOLLOWER]: Leader election vote request: Granting yes vote for candidate dd27238e16bc4798bd135466e5e6de84 in term 1.
I20260601 13:26:42.164429  9465 raft_consensus.cc:2468] T d9792aa09e374631b67a4c5094cb2e45 P 58ce4c23429f48549624f2979030f1cc [term 1 FOLLOWER]: Leader election vote request: Granting yes vote for candidate dd27238e16bc4798bd135466e5e6de84 in term 1.
I20260601 13:26:42.164683  9138 leader_election.cc:304] T d9792aa09e374631b67a4c5094cb2e45 P dd27238e16bc4798bd135466e5e6de84 [CANDIDATE]: Term 1 election: Election decided. Result: candidate won. Election summary: received 2 responses out of 3 voters: 2 yes votes; 0 no votes. yes voters: a453edd775c94f4380d58431d0f175b0, dd27238e16bc4798bd135466e5e6de84; no voters: 
I20260601 13:26:42.164896  9383 raft_consensus.cc:2804] T d9792aa09e374631b67a4c5094cb2e45 P dd27238e16bc4798bd135466e5e6de84 [term 1 FOLLOWER]: Leader election won for term 1
I20260601 13:26:42.164975  9383 raft_consensus.cc:697] T d9792aa09e374631b67a4c5094cb2e45 P dd27238e16bc4798bd135466e5e6de84 [term 1 LEADER]: Becoming Leader. State: Replica: dd27238e16bc4798bd135466e5e6de84, State: Running, Role: LEADER
I20260601 13:26:42.165092  9383 consensus_queue.cc:237] T d9792aa09e374631b67a4c5094cb2e45 P dd27238e16bc4798bd135466e5e6de84 [LEADER]: Queue going to LEADER mode. State: All replicated index: 0, Majority replicated index: 0, Committed index: 0, Last appended: 0.0, Last appended by leader: 0, Current term: 1, Majority size: 2, State: 0, Mode: LEADER, active raft config: opid_index: -1 OBSOLETE_local: false peers { permanent_uuid: "58ce4c23429f48549624f2979030f1cc" member_type: VOTER last_known_addr { host: "127.6.16.68" port: 46441 } } peers { permanent_uuid: "a453edd775c94f4380d58431d0f175b0" member_type: VOTER last_known_addr { host: "127.6.16.67" port: 46169 } } peers { permanent_uuid: "dd27238e16bc4798bd135466e5e6de84" member_type: VOTER last_known_addr { host: "127.6.16.65" port: 45309 } }
I20260601 13:26:42.166760  9068 catalog_manager.cc:5696] T d9792aa09e374631b67a4c5094cb2e45 P dd27238e16bc4798bd135466e5e6de84 reported cstate change: term changed from 0 to 1, leader changed from <none> to dd27238e16bc4798bd135466e5e6de84 (127.6.16.65). New cstate: current_term: 1 leader_uuid: "dd27238e16bc4798bd135466e5e6de84" committed_config { opid_index: -1 OBSOLETE_local: false peers { permanent_uuid: "58ce4c23429f48549624f2979030f1cc" member_type: VOTER last_known_addr { host: "127.6.16.68" port: 46441 } health_report { overall_health: UNKNOWN } } peers { permanent_uuid: "a453edd775c94f4380d58431d0f175b0" member_type: VOTER last_known_addr { host: "127.6.16.67" port: 46169 } health_report { overall_health: UNKNOWN } } peers { permanent_uuid: "dd27238e16bc4798bd135466e5e6de84" member_type: VOTER last_known_addr { host: "127.6.16.65" port: 45309 } health_report { overall_health: HEALTHY } } }
I20260601 13:26:42.167912  9383 consensus_queue.cc:1048] T eba47c6d6a224647af05740e209a44ee P dd27238e16bc4798bd135466e5e6de84 [LEADER]: Connected to new peer: Peer: permanent_uuid: "7a86d4bebf6045c3904ebec67319a303" member_type: VOTER last_known_addr { host: "127.6.16.66" port: 38717 }, Status: LMP_MISMATCH, Last received: 0.0, Next index: 1, Last known committed idx: 0, Time since last communication: 0.000s
I20260601 13:26:42.169190  9383 consensus_queue.cc:1048] T 0db2e5be229248f3852b267c967fc94d P dd27238e16bc4798bd135466e5e6de84 [LEADER]: Connected to new peer: Peer: permanent_uuid: "a453edd775c94f4380d58431d0f175b0" member_type: VOTER last_known_addr { host: "127.6.16.67" port: 46169 }, Status: LMP_MISMATCH, Last received: 0.0, Next index: 1, Last known committed idx: 0, Time since last communication: 0.000s
I20260601 13:26:42.172398  9413 consensus_queue.cc:1048] T 0db2e5be229248f3852b267c967fc94d P dd27238e16bc4798bd135466e5e6de84 [LEADER]: Connected to new peer: Peer: permanent_uuid: "7a86d4bebf6045c3904ebec67319a303" member_type: VOTER last_known_addr { host: "127.6.16.66" port: 38717 }, Status: LMP_MISMATCH, Last received: 0.0, Next index: 1, Last known committed idx: 0, Time since last communication: 0.000s
I20260601 13:26:42.192548  9413 consensus_queue.cc:1048] T 2d08b1e1cb8b473ca4c7ae4133ec547c P dd27238e16bc4798bd135466e5e6de84 [LEADER]: Connected to new peer: Peer: permanent_uuid: "7a86d4bebf6045c3904ebec67319a303" member_type: VOTER last_known_addr { host: "127.6.16.66" port: 38717 }, Status: LMP_MISMATCH, Last received: 0.0, Next index: 1, Last known committed idx: 0, Time since last communication: 0.000s
I20260601 13:26:42.195940  9413 consensus_queue.cc:1048] T 2d08b1e1cb8b473ca4c7ae4133ec547c P dd27238e16bc4798bd135466e5e6de84 [LEADER]: Connected to new peer: Peer: permanent_uuid: "a453edd775c94f4380d58431d0f175b0" member_type: VOTER last_known_addr { host: "127.6.16.67" port: 46169 }, Status: LMP_MISMATCH, Last received: 0.0, Next index: 1, Last known committed idx: 0, Time since last communication: 0.000s
I20260601 13:26:42.251101  9125 auto_leader_rebalancer.cc:140] leader rebalance for table range_aware_rebalance_new_range
W20260601 13:26:42.252271  9125 auto_leader_rebalancer.cc:459] the master instance isn't leader: Service unavailable: Tablet not running
W20260601 13:26:42.252755  9118 auto_rebalancer.cc:259] Could not retrieve cluster info: Service unavailable: Tablet not running
I20260601 13:26:42.256858  9373 raft_consensus.cc:493] T e8eac4b22ad64568b39d4a71990b851a P a453edd775c94f4380d58431d0f175b0 [term 0 FOLLOWER]: Starting pre-election (no leader contacted us within the election timeout)
I20260601 13:26:42.256975  9373 raft_consensus.cc:515] T e8eac4b22ad64568b39d4a71990b851a P a453edd775c94f4380d58431d0f175b0 [term 0 FOLLOWER]: Starting pre-election with config: opid_index: -1 OBSOLETE_local: false peers { permanent_uuid: "58ce4c23429f48549624f2979030f1cc" member_type: VOTER last_known_addr { host: "127.6.16.68" port: 46441 } } peers { permanent_uuid: "a453edd775c94f4380d58431d0f175b0" member_type: VOTER last_known_addr { host: "127.6.16.67" port: 46169 } } peers { permanent_uuid: "dd27238e16bc4798bd135466e5e6de84" member_type: VOTER last_known_addr { host: "127.6.16.65" port: 45309 } }
I20260601 13:26:42.257512  9373 leader_election.cc:290] T e8eac4b22ad64568b39d4a71990b851a P a453edd775c94f4380d58431d0f175b0 [CANDIDATE]: Term 1 pre-election: Requested pre-vote from peers 58ce4c23429f48549624f2979030f1cc (127.6.16.68:46441), dd27238e16bc4798bd135466e5e6de84 (127.6.16.65:45309)
I20260601 13:26:42.258111  9174 tablet_service.cc:1917] Received RequestConsensusVote() RPC: tablet_id: "e8eac4b22ad64568b39d4a71990b851a" candidate_uuid: "a453edd775c94f4380d58431d0f175b0" candidate_term: 1 candidate_status { last_received { term: 0 index: 0 } } ignore_live_leader: false dest_uuid: "dd27238e16bc4798bd135466e5e6de84" is_pre_election: true
I20260601 13:26:42.258111  9465 tablet_service.cc:1917] Received RequestConsensusVote() RPC: tablet_id: "e8eac4b22ad64568b39d4a71990b851a" candidate_uuid: "a453edd775c94f4380d58431d0f175b0" candidate_term: 1 candidate_status { last_received { term: 0 index: 0 } } ignore_live_leader: false dest_uuid: "58ce4c23429f48549624f2979030f1cc" is_pre_election: true
I20260601 13:26:42.258303  9174 raft_consensus.cc:2468] T e8eac4b22ad64568b39d4a71990b851a P dd27238e16bc4798bd135466e5e6de84 [term 0 FOLLOWER]: Leader pre-election vote request: Granting yes vote for candidate a453edd775c94f4380d58431d0f175b0 in term 0.
I20260601 13:26:42.258349  9465 raft_consensus.cc:2468] T e8eac4b22ad64568b39d4a71990b851a P 58ce4c23429f48549624f2979030f1cc [term 0 FOLLOWER]: Leader pre-election vote request: Granting yes vote for candidate a453edd775c94f4380d58431d0f175b0 in term 0.
I20260601 13:26:42.258661  9291 leader_election.cc:304] T e8eac4b22ad64568b39d4a71990b851a P a453edd775c94f4380d58431d0f175b0 [CANDIDATE]: Term 1 pre-election: Election decided. Result: candidate won. Election summary: received 2 responses out of 3 voters: 2 yes votes; 0 no votes. yes voters: 58ce4c23429f48549624f2979030f1cc, a453edd775c94f4380d58431d0f175b0; no voters: 
I20260601 13:26:42.258905  9373 raft_consensus.cc:2804] T e8eac4b22ad64568b39d4a71990b851a P a453edd775c94f4380d58431d0f175b0 [term 0 FOLLOWER]: Leader pre-election won for term 1
I20260601 13:26:42.258965  9373 raft_consensus.cc:493] T e8eac4b22ad64568b39d4a71990b851a P a453edd775c94f4380d58431d0f175b0 [term 0 FOLLOWER]: Starting leader election (no leader contacted us within the election timeout)
I20260601 13:26:42.258993  9373 raft_consensus.cc:3060] T e8eac4b22ad64568b39d4a71990b851a P a453edd775c94f4380d58431d0f175b0 [term 0 FOLLOWER]: Advancing to term 1
I20260601 13:26:42.259938  9373 raft_consensus.cc:515] T e8eac4b22ad64568b39d4a71990b851a P a453edd775c94f4380d58431d0f175b0 [term 1 FOLLOWER]: Starting leader election with config: opid_index: -1 OBSOLETE_local: false peers { permanent_uuid: "58ce4c23429f48549624f2979030f1cc" member_type: VOTER last_known_addr { host: "127.6.16.68" port: 46441 } } peers { permanent_uuid: "a453edd775c94f4380d58431d0f175b0" member_type: VOTER last_known_addr { host: "127.6.16.67" port: 46169 } } peers { permanent_uuid: "dd27238e16bc4798bd135466e5e6de84" member_type: VOTER last_known_addr { host: "127.6.16.65" port: 45309 } }
I20260601 13:26:42.260337  9373 leader_election.cc:290] T e8eac4b22ad64568b39d4a71990b851a P a453edd775c94f4380d58431d0f175b0 [CANDIDATE]: Term 1 election: Requested vote from peers 58ce4c23429f48549624f2979030f1cc (127.6.16.68:46441), dd27238e16bc4798bd135466e5e6de84 (127.6.16.65:45309)
I20260601 13:26:42.260751  9174 tablet_service.cc:1917] Received RequestConsensusVote() RPC: tablet_id: "e8eac4b22ad64568b39d4a71990b851a" candidate_uuid: "a453edd775c94f4380d58431d0f175b0" candidate_term: 1 candidate_status { last_received { term: 0 index: 0 } } ignore_live_leader: false dest_uuid: "dd27238e16bc4798bd135466e5e6de84"
I20260601 13:26:42.260751  9465 tablet_service.cc:1917] Received RequestConsensusVote() RPC: tablet_id: "e8eac4b22ad64568b39d4a71990b851a" candidate_uuid: "a453edd775c94f4380d58431d0f175b0" candidate_term: 1 candidate_status { last_received { term: 0 index: 0 } } ignore_live_leader: false dest_uuid: "58ce4c23429f48549624f2979030f1cc"
I20260601 13:26:42.260890  9174 raft_consensus.cc:3060] T e8eac4b22ad64568b39d4a71990b851a P dd27238e16bc4798bd135466e5e6de84 [term 0 FOLLOWER]: Advancing to term 1
I20260601 13:26:42.260926  9465 raft_consensus.cc:3060] T e8eac4b22ad64568b39d4a71990b851a P 58ce4c23429f48549624f2979030f1cc [term 0 FOLLOWER]: Advancing to term 1
I20260601 13:26:42.261664  9174 raft_consensus.cc:2468] T e8eac4b22ad64568b39d4a71990b851a P dd27238e16bc4798bd135466e5e6de84 [term 1 FOLLOWER]: Leader election vote request: Granting yes vote for candidate a453edd775c94f4380d58431d0f175b0 in term 1.
I20260601 13:26:42.261907  9465 raft_consensus.cc:2468] T e8eac4b22ad64568b39d4a71990b851a P 58ce4c23429f48549624f2979030f1cc [term 1 FOLLOWER]: Leader election vote request: Granting yes vote for candidate a453edd775c94f4380d58431d0f175b0 in term 1.
I20260601 13:26:42.261999  9290 leader_election.cc:304] T e8eac4b22ad64568b39d4a71990b851a P a453edd775c94f4380d58431d0f175b0 [CANDIDATE]: Term 1 election: Election decided. Result: candidate won. Election summary: received 2 responses out of 3 voters: 2 yes votes; 0 no votes. yes voters: a453edd775c94f4380d58431d0f175b0, dd27238e16bc4798bd135466e5e6de84; no voters: 
I20260601 13:26:42.262167  9373 raft_consensus.cc:2804] T e8eac4b22ad64568b39d4a71990b851a P a453edd775c94f4380d58431d0f175b0 [term 1 FOLLOWER]: Leader election won for term 1
I20260601 13:26:42.262274  9373 raft_consensus.cc:697] T e8eac4b22ad64568b39d4a71990b851a P a453edd775c94f4380d58431d0f175b0 [term 1 LEADER]: Becoming Leader. State: Replica: a453edd775c94f4380d58431d0f175b0, State: Running, Role: LEADER
I20260601 13:26:42.262423  9373 consensus_queue.cc:237] T e8eac4b22ad64568b39d4a71990b851a P a453edd775c94f4380d58431d0f175b0 [LEADER]: Queue going to LEADER mode. State: All replicated index: 0, Majority replicated index: 0, Committed index: 0, Last appended: 0.0, Last appended by leader: 0, Current term: 1, Majority size: 2, State: 0, Mode: LEADER, active raft config: opid_index: -1 OBSOLETE_local: false peers { permanent_uuid: "58ce4c23429f48549624f2979030f1cc" member_type: VOTER last_known_addr { host: "127.6.16.68" port: 46441 } } peers { permanent_uuid: "a453edd775c94f4380d58431d0f175b0" member_type: VOTER last_known_addr { host: "127.6.16.67" port: 46169 } } peers { permanent_uuid: "dd27238e16bc4798bd135466e5e6de84" member_type: VOTER last_known_addr { host: "127.6.16.65" port: 45309 } }
I20260601 13:26:42.264189  9069 catalog_manager.cc:5696] T e8eac4b22ad64568b39d4a71990b851a P a453edd775c94f4380d58431d0f175b0 reported cstate change: term changed from 0 to 1, leader changed from <none> to a453edd775c94f4380d58431d0f175b0 (127.6.16.67). New cstate: current_term: 1 leader_uuid: "a453edd775c94f4380d58431d0f175b0" committed_config { opid_index: -1 OBSOLETE_local: false peers { permanent_uuid: "58ce4c23429f48549624f2979030f1cc" member_type: VOTER last_known_addr { host: "127.6.16.68" port: 46441 } health_report { overall_health: UNKNOWN } } peers { permanent_uuid: "a453edd775c94f4380d58431d0f175b0" member_type: VOTER last_known_addr { host: "127.6.16.67" port: 46169 } health_report { overall_health: HEALTHY } } peers { permanent_uuid: "dd27238e16bc4798bd135466e5e6de84" member_type: VOTER last_known_addr { host: "127.6.16.65" port: 45309 } health_report { overall_health: UNKNOWN } } }
I20260601 13:26:42.271432  9505 raft_consensus.cc:493] T 608d23190a8549a281bcf94d2c9f328d P 58ce4c23429f48549624f2979030f1cc [term 0 FOLLOWER]: Starting pre-election (no leader contacted us within the election timeout)
I20260601 13:26:42.271571  9505 raft_consensus.cc:515] T 608d23190a8549a281bcf94d2c9f328d P 58ce4c23429f48549624f2979030f1cc [term 0 FOLLOWER]: Starting pre-election with config: opid_index: -1 OBSOLETE_local: false peers { permanent_uuid: "7a86d4bebf6045c3904ebec67319a303" member_type: VOTER last_known_addr { host: "127.6.16.66" port: 38717 } } peers { permanent_uuid: "58ce4c23429f48549624f2979030f1cc" member_type: VOTER last_known_addr { host: "127.6.16.68" port: 46441 } } peers { permanent_uuid: "dd27238e16bc4798bd135466e5e6de84" member_type: VOTER last_known_addr { host: "127.6.16.65" port: 45309 } }
I20260601 13:26:42.272107  9505 leader_election.cc:290] T 608d23190a8549a281bcf94d2c9f328d P 58ce4c23429f48549624f2979030f1cc [CANDIDATE]: Term 1 pre-election: Requested pre-vote from peers 7a86d4bebf6045c3904ebec67319a303 (127.6.16.66:38717), dd27238e16bc4798bd135466e5e6de84 (127.6.16.65:45309)
I20260601 13:26:42.272616  9250 tablet_service.cc:1917] Received RequestConsensusVote() RPC: tablet_id: "608d23190a8549a281bcf94d2c9f328d" candidate_uuid: "58ce4c23429f48549624f2979030f1cc" candidate_term: 1 candidate_status { last_received { term: 0 index: 0 } } ignore_live_leader: false dest_uuid: "7a86d4bebf6045c3904ebec67319a303" is_pre_election: true
I20260601 13:26:42.272693  9174 tablet_service.cc:1917] Received RequestConsensusVote() RPC: tablet_id: "608d23190a8549a281bcf94d2c9f328d" candidate_uuid: "58ce4c23429f48549624f2979030f1cc" candidate_term: 1 candidate_status { last_received { term: 0 index: 0 } } ignore_live_leader: false dest_uuid: "dd27238e16bc4798bd135466e5e6de84" is_pre_election: true
I20260601 13:26:42.272747  9250 raft_consensus.cc:2468] T 608d23190a8549a281bcf94d2c9f328d P 7a86d4bebf6045c3904ebec67319a303 [term 0 FOLLOWER]: Leader pre-election vote request: Granting yes vote for candidate 58ce4c23429f48549624f2979030f1cc in term 0.
I20260601 13:26:42.272866  9174 raft_consensus.cc:2468] T 608d23190a8549a281bcf94d2c9f328d P dd27238e16bc4798bd135466e5e6de84 [term 0 FOLLOWER]: Leader pre-election vote request: Granting yes vote for candidate 58ce4c23429f48549624f2979030f1cc in term 0.
I20260601 13:26:42.273137  9430 leader_election.cc:304] T 608d23190a8549a281bcf94d2c9f328d P 58ce4c23429f48549624f2979030f1cc [CANDIDATE]: Term 1 pre-election: Election decided. Result: candidate won. Election summary: received 2 responses out of 3 voters: 2 yes votes; 0 no votes. yes voters: 58ce4c23429f48549624f2979030f1cc, 7a86d4bebf6045c3904ebec67319a303; no voters: 
I20260601 13:26:42.273332  9505 raft_consensus.cc:2804] T 608d23190a8549a281bcf94d2c9f328d P 58ce4c23429f48549624f2979030f1cc [term 0 FOLLOWER]: Leader pre-election won for term 1
I20260601 13:26:42.273414  9505 raft_consensus.cc:493] T 608d23190a8549a281bcf94d2c9f328d P 58ce4c23429f48549624f2979030f1cc [term 0 FOLLOWER]: Starting leader election (no leader contacted us within the election timeout)
I20260601 13:26:42.273471  9505 raft_consensus.cc:3060] T 608d23190a8549a281bcf94d2c9f328d P 58ce4c23429f48549624f2979030f1cc [term 0 FOLLOWER]: Advancing to term 1
I20260601 13:26:42.274305  9505 raft_consensus.cc:515] T 608d23190a8549a281bcf94d2c9f328d P 58ce4c23429f48549624f2979030f1cc [term 1 FOLLOWER]: Starting leader election with config: opid_index: -1 OBSOLETE_local: false peers { permanent_uuid: "7a86d4bebf6045c3904ebec67319a303" member_type: VOTER last_known_addr { host: "127.6.16.66" port: 38717 } } peers { permanent_uuid: "58ce4c23429f48549624f2979030f1cc" member_type: VOTER last_known_addr { host: "127.6.16.68" port: 46441 } } peers { permanent_uuid: "dd27238e16bc4798bd135466e5e6de84" member_type: VOTER last_known_addr { host: "127.6.16.65" port: 45309 } }
I20260601 13:26:42.274672  9505 leader_election.cc:290] T 608d23190a8549a281bcf94d2c9f328d P 58ce4c23429f48549624f2979030f1cc [CANDIDATE]: Term 1 election: Requested vote from peers 7a86d4bebf6045c3904ebec67319a303 (127.6.16.66:38717), dd27238e16bc4798bd135466e5e6de84 (127.6.16.65:45309)
I20260601 13:26:42.275040  9250 tablet_service.cc:1917] Received RequestConsensusVote() RPC: tablet_id: "608d23190a8549a281bcf94d2c9f328d" candidate_uuid: "58ce4c23429f48549624f2979030f1cc" candidate_term: 1 candidate_status { last_received { term: 0 index: 0 } } ignore_live_leader: false dest_uuid: "7a86d4bebf6045c3904ebec67319a303"
I20260601 13:26:42.275063  9174 tablet_service.cc:1917] Received RequestConsensusVote() RPC: tablet_id: "608d23190a8549a281bcf94d2c9f328d" candidate_uuid: "58ce4c23429f48549624f2979030f1cc" candidate_term: 1 candidate_status { last_received { term: 0 index: 0 } } ignore_live_leader: false dest_uuid: "dd27238e16bc4798bd135466e5e6de84"
I20260601 13:26:42.275170  9174 raft_consensus.cc:3060] T 608d23190a8549a281bcf94d2c9f328d P dd27238e16bc4798bd135466e5e6de84 [term 0 FOLLOWER]: Advancing to term 1
I20260601 13:26:42.275170  9250 raft_consensus.cc:3060] T 608d23190a8549a281bcf94d2c9f328d P 7a86d4bebf6045c3904ebec67319a303 [term 0 FOLLOWER]: Advancing to term 1
I20260601 13:26:42.276115  9174 raft_consensus.cc:2468] T 608d23190a8549a281bcf94d2c9f328d P dd27238e16bc4798bd135466e5e6de84 [term 1 FOLLOWER]: Leader election vote request: Granting yes vote for candidate 58ce4c23429f48549624f2979030f1cc in term 1.
I20260601 13:26:42.276115  9250 raft_consensus.cc:2468] T 608d23190a8549a281bcf94d2c9f328d P 7a86d4bebf6045c3904ebec67319a303 [term 1 FOLLOWER]: Leader election vote request: Granting yes vote for candidate 58ce4c23429f48549624f2979030f1cc in term 1.
I20260601 13:26:42.276553  9430 leader_election.cc:304] T 608d23190a8549a281bcf94d2c9f328d P 58ce4c23429f48549624f2979030f1cc [CANDIDATE]: Term 1 election: Election decided. Result: candidate won. Election summary: received 2 responses out of 3 voters: 2 yes votes; 0 no votes. yes voters: 58ce4c23429f48549624f2979030f1cc, 7a86d4bebf6045c3904ebec67319a303; no voters: 
I20260601 13:26:42.276707  9505 raft_consensus.cc:2804] T 608d23190a8549a281bcf94d2c9f328d P 58ce4c23429f48549624f2979030f1cc [term 1 FOLLOWER]: Leader election won for term 1
I20260601 13:26:42.276796  9505 raft_consensus.cc:697] T 608d23190a8549a281bcf94d2c9f328d P 58ce4c23429f48549624f2979030f1cc [term 1 LEADER]: Becoming Leader. State: Replica: 58ce4c23429f48549624f2979030f1cc, State: Running, Role: LEADER
I20260601 13:26:42.277001  9505 consensus_queue.cc:237] T 608d23190a8549a281bcf94d2c9f328d P 58ce4c23429f48549624f2979030f1cc [LEADER]: Queue going to LEADER mode. State: All replicated index: 0, Majority replicated index: 0, Committed index: 0, Last appended: 0.0, Last appended by leader: 0, Current term: 1, Majority size: 2, State: 0, Mode: LEADER, active raft config: opid_index: -1 OBSOLETE_local: false peers { permanent_uuid: "7a86d4bebf6045c3904ebec67319a303" member_type: VOTER last_known_addr { host: "127.6.16.66" port: 38717 } } peers { permanent_uuid: "58ce4c23429f48549624f2979030f1cc" member_type: VOTER last_known_addr { host: "127.6.16.68" port: 46441 } } peers { permanent_uuid: "dd27238e16bc4798bd135466e5e6de84" member_type: VOTER last_known_addr { host: "127.6.16.65" port: 45309 } }
I20260601 13:26:42.278730  9069 catalog_manager.cc:5696] T 608d23190a8549a281bcf94d2c9f328d P 58ce4c23429f48549624f2979030f1cc reported cstate change: term changed from 0 to 1, leader changed from <none> to 58ce4c23429f48549624f2979030f1cc (127.6.16.68). New cstate: current_term: 1 leader_uuid: "58ce4c23429f48549624f2979030f1cc" committed_config { opid_index: -1 OBSOLETE_local: false peers { permanent_uuid: "7a86d4bebf6045c3904ebec67319a303" member_type: VOTER last_known_addr { host: "127.6.16.66" port: 38717 } health_report { overall_health: UNKNOWN } } peers { permanent_uuid: "58ce4c23429f48549624f2979030f1cc" member_type: VOTER last_known_addr { host: "127.6.16.68" port: 46441 } health_report { overall_health: HEALTHY } } peers { permanent_uuid: "dd27238e16bc4798bd135466e5e6de84" member_type: VOTER last_known_addr { host: "127.6.16.65" port: 45309 } health_report { overall_health: UNKNOWN } } }
I20260601 13:26:42.310761  9505 raft_consensus.cc:493] T 17ac3b15f6594873b71b93768f2954c5 P 58ce4c23429f48549624f2979030f1cc [term 0 FOLLOWER]: Starting pre-election (no leader contacted us within the election timeout)
I20260601 13:26:42.310943  9505 raft_consensus.cc:515] T 17ac3b15f6594873b71b93768f2954c5 P 58ce4c23429f48549624f2979030f1cc [term 0 FOLLOWER]: Starting pre-election with config: opid_index: -1 OBSOLETE_local: false peers { permanent_uuid: "58ce4c23429f48549624f2979030f1cc" member_type: VOTER last_known_addr { host: "127.6.16.68" port: 46441 } } peers { permanent_uuid: "7a86d4bebf6045c3904ebec67319a303" member_type: VOTER last_known_addr { host: "127.6.16.66" port: 38717 } } peers { permanent_uuid: "dd27238e16bc4798bd135466e5e6de84" member_type: VOTER last_known_addr { host: "127.6.16.65" port: 45309 } }
I20260601 13:26:42.311529  9505 leader_election.cc:290] T 17ac3b15f6594873b71b93768f2954c5 P 58ce4c23429f48549624f2979030f1cc [CANDIDATE]: Term 1 pre-election: Requested pre-vote from peers 7a86d4bebf6045c3904ebec67319a303 (127.6.16.66:38717), dd27238e16bc4798bd135466e5e6de84 (127.6.16.65:45309)
I20260601 13:26:42.312064  9174 tablet_service.cc:1917] Received RequestConsensusVote() RPC: tablet_id: "17ac3b15f6594873b71b93768f2954c5" candidate_uuid: "58ce4c23429f48549624f2979030f1cc" candidate_term: 1 candidate_status { last_received { term: 0 index: 0 } } ignore_live_leader: false dest_uuid: "dd27238e16bc4798bd135466e5e6de84" is_pre_election: true
I20260601 13:26:42.312064  9250 tablet_service.cc:1917] Received RequestConsensusVote() RPC: tablet_id: "17ac3b15f6594873b71b93768f2954c5" candidate_uuid: "58ce4c23429f48549624f2979030f1cc" candidate_term: 1 candidate_status { last_received { term: 0 index: 0 } } ignore_live_leader: false dest_uuid: "7a86d4bebf6045c3904ebec67319a303" is_pre_election: true
I20260601 13:26:42.312244  9174 raft_consensus.cc:2468] T 17ac3b15f6594873b71b93768f2954c5 P dd27238e16bc4798bd135466e5e6de84 [term 0 FOLLOWER]: Leader pre-election vote request: Granting yes vote for candidate 58ce4c23429f48549624f2979030f1cc in term 0.
I20260601 13:26:42.312244  9250 raft_consensus.cc:2468] T 17ac3b15f6594873b71b93768f2954c5 P 7a86d4bebf6045c3904ebec67319a303 [term 0 FOLLOWER]: Leader pre-election vote request: Granting yes vote for candidate 58ce4c23429f48549624f2979030f1cc in term 0.
I20260601 13:26:42.312575  9430 leader_election.cc:304] T 17ac3b15f6594873b71b93768f2954c5 P 58ce4c23429f48549624f2979030f1cc [CANDIDATE]: Term 1 pre-election: Election decided. Result: candidate won. Election summary: received 2 responses out of 3 voters: 2 yes votes; 0 no votes. yes voters: 58ce4c23429f48549624f2979030f1cc, dd27238e16bc4798bd135466e5e6de84; no voters: 
I20260601 13:26:42.312745  9505 raft_consensus.cc:2804] T 17ac3b15f6594873b71b93768f2954c5 P 58ce4c23429f48549624f2979030f1cc [term 0 FOLLOWER]: Leader pre-election won for term 1
