I20260601 13:26:16.854486 25369 ts_tablet_manager.cc:585] Loaded tablet metadata (0 total tablets, 0 live tablets)
I20260601 13:26:16.854523 25369 ts_tablet_manager.cc:531] Time spent load tablet metadata: real 0.000s	user 0.000s	sys 0.000s
I20260601 13:26:16.854557 25369 ts_tablet_manager.cc:616] Registered 0 tablets
I20260601 13:26:16.854571 25369 ts_tablet_manager.cc:595] Time spent register tablets: real 0.000s	user 0.000s	sys 0.000s
I20260601 13:26:16.859557 25369 rpc_server.cc:307] RPC server started. Bound to: 127.24.198.65:40597
I20260601 13:26:16.859637 27705 acceptor_pool.cc:272] collecting diagnostics on the listening RPC socket 127.24.198.65:40597 every 8 connection(s)
I20260601 13:26:16.860558 25369 file_cache.cc:492] Constructed file cache file cache with capacity 419430
W20260601 13:26:16.863096 27710 instance_detector.cc:116] could not retrieve AWS instance metadata: Network error: curl error: HTTP response code said error: The requested URL returned error: 404
W20260601 13:26:16.863279 27711 instance_detector.cc:116] could not retrieve Azure instance metadata: Network error: curl error: HTTP response code said error: The requested URL returned error: 404
W20260601 13:26:16.863127 27713 instance_detector.cc:116] could not retrieve OpenStack instance metadata: Network error: curl error: HTTP response code said error: The requested URL returned error: 404
I20260601 13:26:16.863602 25369 server_base.cc:1061] running on GCE node
I20260601 13:26:16.863844 25369 hybrid_clock.cc:584] initializing the hybrid clock with 'system_unsync' time source
W20260601 13:26:16.863898 25369 system_unsync_time.cc:38] NTP support is disabled. Clock error bounds will not be accurate. This configuration is not suitable for distributed clusters.
I20260601 13:26:16.863927 25369 hybrid_clock.cc:648] HybridClock initialized: now 1780320376863926 us; error 0 us; skew 500 ppm
I20260601 13:26:16.865123 25369 webserver.cc:533] Webserver started at http://127.24.198.66:40897/ using document root <none> and password file <none>
I20260601 13:26:16.865316 25369 fs_manager.cc:362] Metadata directory not provided
I20260601 13:26:16.865387 25369 fs_manager.cc:368] Using write-ahead log directory (fs_wal_dir) as metadata directory
I20260601 13:26:16.865494 25369 server_base.cc:909] This appears to be a new deployment of Kudu; creating new FS layout
I20260601 13:26:16.866087 25369 fs_manager.cc:1068] Generated new instance metadata in path /tmp/dist-test-taskdH_ja0/test-tmp/auto_rebalancer-test.0.AutoRebalancerTest.NoReplicaMovesIfNoTablets.1780320321248340-25369-0/minicluster-data/ts-1-root/instance:
uuid: "f871a93a77114a4a9ec4cdb301b9ca4b"
format_stamp: "Formatted at 2026-06-01 13:26:16 on dist-test-slave-p3jn"
I20260601 13:26:16.866572 27706 heartbeater.cc:344] Connected to a master server at 127.24.198.126:39399
I20260601 13:26:16.866711 27706 heartbeater.cc:461] Registering TS with master...
I20260601 13:26:16.866990 27706 heartbeater.cc:507] Master 127.24.198.126:39399 requested a full tablet report, sending...
I20260601 13:26:16.867805 27577 ts_manager.cc:194] Registered new tserver with Master: 177f535462314f889faec0d9a386ec18 (127.24.198.65:40597)
I20260601 13:26:16.868177 25369 fs_manager.cc:696] Time spent creating directory manager: real 0.002s	user 0.000s	sys 0.002s
I20260601 13:26:16.868692 27577 master_service.cc:502] Signed X509 certificate for tserver {username='slave'} at 127.0.0.1:45278
I20260601 13:26:16.869549 27718 log_block_manager.cc:4031] Time spent loading block containers with low live blocks: real 0.000s	user 0.000s	sys 0.000s
I20260601 13:26:16.869925 25369 fs_manager.cc:730] Time spent opening block manager: real 0.001s	user 0.000s	sys 0.001s
I20260601 13:26:16.870028 25369 fs_manager.cc:647] Opened local filesystem: /tmp/dist-test-taskdH_ja0/test-tmp/auto_rebalancer-test.0.AutoRebalancerTest.NoReplicaMovesIfNoTablets.1780320321248340-25369-0/minicluster-data/ts-1-root
uuid: "f871a93a77114a4a9ec4cdb301b9ca4b"
format_stamp: "Formatted at 2026-06-01 13:26:16 on dist-test-slave-p3jn"
I20260601 13:26:16.870219 25369 fs_report.cc:389] FS layout report
--------------------
wal directory: /tmp/dist-test-taskdH_ja0/test-tmp/auto_rebalancer-test.0.AutoRebalancerTest.NoReplicaMovesIfNoTablets.1780320321248340-25369-0/minicluster-data/ts-1-root
metadata directory: /tmp/dist-test-taskdH_ja0/test-tmp/auto_rebalancer-test.0.AutoRebalancerTest.NoReplicaMovesIfNoTablets.1780320321248340-25369-0/minicluster-data/ts-1-root
1 data directories: /tmp/dist-test-taskdH_ja0/test-tmp/auto_rebalancer-test.0.AutoRebalancerTest.NoReplicaMovesIfNoTablets.1780320321248340-25369-0/minicluster-data/ts-1-root/data
Total live blocks: 0
Total live bytes: 0
Total live bytes (after alignment): 0
Total number of LBM containers: 0 (0 full)
Did not check for missing blocks
Did not check for orphaned blocks
Total full LBM containers with extra space: 0 (0 repaired)
Total full LBM container extra space in bytes: 0 (0 repaired)
Total incomplete LBM containers: 0 (0 repaired)
Total LBM partial records: 0 (0 repaired)
Total corrupted LBM metadata records in RocksDB: 0 (0 repaired)
I20260601 13:26:16.907416 25369 rpc_server.cc:225] running with OpenSSL 1.1.1  11 Sep 2018
I20260601 13:26:16.908008 25369 kserver.cc:163] Server-wide thread pool size limit: 3276
I20260601 13:26:16.908401 25369 txn_system_client.cc:432] TxnSystemClient initialization is disabled...
I20260601 13:26:16.908972 25369 ts_tablet_manager.cc:585] Loaded tablet metadata (0 total tablets, 0 live tablets)
I20260601 13:26:16.909034 25369 ts_tablet_manager.cc:531] Time spent load tablet metadata: real 0.000s	user 0.000s	sys 0.000s
I20260601 13:26:16.909094 25369 ts_tablet_manager.cc:616] Registered 0 tablets
I20260601 13:26:16.909144 25369 ts_tablet_manager.cc:595] Time spent register tablets: real 0.000s	user 0.000s	sys 0.000s
I20260601 13:26:16.914302 25369 rpc_server.cc:307] RPC server started. Bound to: 127.24.198.66:38767
I20260601 13:26:16.914443 27781 acceptor_pool.cc:272] collecting diagnostics on the listening RPC socket 127.24.198.66:38767 every 8 connection(s)
I20260601 13:26:16.915364 25369 file_cache.cc:492] Constructed file cache file cache with capacity 419430
W20260601 13:26:16.917797 27785 instance_detector.cc:116] could not retrieve AWS instance metadata: Network error: curl error: HTTP response code said error: The requested URL returned error: 404
W20260601 13:26:16.918442 27786 instance_detector.cc:116] could not retrieve Azure instance metadata: Network error: curl error: HTTP response code said error: The requested URL returned error: 404
W20260601 13:26:16.918462 27788 instance_detector.cc:116] could not retrieve OpenStack instance metadata: Network error: curl error: HTTP response code said error: The requested URL returned error: 404
I20260601 13:26:16.918854 25369 server_base.cc:1061] running on GCE node
I20260601 13:26:16.919121 25369 hybrid_clock.cc:584] initializing the hybrid clock with 'system_unsync' time source
W20260601 13:26:16.919183 25369 system_unsync_time.cc:38] NTP support is disabled. Clock error bounds will not be accurate. This configuration is not suitable for distributed clusters.
I20260601 13:26:16.919212 25369 hybrid_clock.cc:648] HybridClock initialized: now 1780320376919211 us; error 0 us; skew 500 ppm
I20260601 13:26:16.920315 25369 webserver.cc:533] Webserver started at http://127.24.198.67:40885/ using document root <none> and password file <none>
I20260601 13:26:16.920521 25369 fs_manager.cc:362] Metadata directory not provided
I20260601 13:26:16.920601 25369 fs_manager.cc:368] Using write-ahead log directory (fs_wal_dir) as metadata directory
I20260601 13:26:16.920686 25369 server_base.cc:909] This appears to be a new deployment of Kudu; creating new FS layout
I20260601 13:26:16.920836 27782 heartbeater.cc:344] Connected to a master server at 127.24.198.126:39399
I20260601 13:26:16.920971 27782 heartbeater.cc:461] Registering TS with master...
I20260601 13:26:16.921208 25369 fs_manager.cc:1068] Generated new instance metadata in path /tmp/dist-test-taskdH_ja0/test-tmp/auto_rebalancer-test.0.AutoRebalancerTest.NoReplicaMovesIfNoTablets.1780320321248340-25369-0/minicluster-data/ts-2-root/instance:
uuid: "bd5b3e02ab0a407091339541832ed6ce"
format_stamp: "Formatted at 2026-06-01 13:26:16 on dist-test-slave-p3jn"
I20260601 13:26:16.921263 27782 heartbeater.cc:507] Master 127.24.198.126:39399 requested a full tablet report, sending...
I20260601 13:26:16.922120 27577 ts_manager.cc:194] Registered new tserver with Master: f871a93a77114a4a9ec4cdb301b9ca4b (127.24.198.66:38767)
I20260601 13:26:16.922748 27577 master_service.cc:502] Signed X509 certificate for tserver {username='slave'} at 127.0.0.1:45282
I20260601 13:26:16.923202 25369 fs_manager.cc:696] Time spent creating directory manager: real 0.002s	user 0.000s	sys 0.003s
I20260601 13:26:16.924420 27793 log_block_manager.cc:4031] Time spent loading block containers with low live blocks: real 0.000s	user 0.000s	sys 0.000s
I20260601 13:26:16.924749 25369 fs_manager.cc:730] Time spent opening block manager: real 0.001s	user 0.000s	sys 0.001s
I20260601 13:26:16.924829 25369 fs_manager.cc:647] Opened local filesystem: /tmp/dist-test-taskdH_ja0/test-tmp/auto_rebalancer-test.0.AutoRebalancerTest.NoReplicaMovesIfNoTablets.1780320321248340-25369-0/minicluster-data/ts-2-root
uuid: "bd5b3e02ab0a407091339541832ed6ce"
format_stamp: "Formatted at 2026-06-01 13:26:16 on dist-test-slave-p3jn"
I20260601 13:26:16.924902 25369 fs_report.cc:389] FS layout report
--------------------
wal directory: /tmp/dist-test-taskdH_ja0/test-tmp/auto_rebalancer-test.0.AutoRebalancerTest.NoReplicaMovesIfNoTablets.1780320321248340-25369-0/minicluster-data/ts-2-root
metadata directory: /tmp/dist-test-taskdH_ja0/test-tmp/auto_rebalancer-test.0.AutoRebalancerTest.NoReplicaMovesIfNoTablets.1780320321248340-25369-0/minicluster-data/ts-2-root
1 data directories: /tmp/dist-test-taskdH_ja0/test-tmp/auto_rebalancer-test.0.AutoRebalancerTest.NoReplicaMovesIfNoTablets.1780320321248340-25369-0/minicluster-data/ts-2-root/data
Total live blocks: 0
Total live bytes: 0
Total live bytes (after alignment): 0
Total number of LBM containers: 0 (0 full)
Did not check for missing blocks
Did not check for orphaned blocks
Total full LBM containers with extra space: 0 (0 repaired)
Total full LBM container extra space in bytes: 0 (0 repaired)
Total incomplete LBM containers: 0 (0 repaired)
Total LBM partial records: 0 (0 repaired)
Total corrupted LBM metadata records in RocksDB: 0 (0 repaired)
I20260601 13:26:16.931020 25369 rpc_server.cc:225] running with OpenSSL 1.1.1  11 Sep 2018
I20260601 13:26:16.931432 25369 kserver.cc:163] Server-wide thread pool size limit: 3276
I20260601 13:26:16.931715 25369 txn_system_client.cc:432] TxnSystemClient initialization is disabled...
I20260601 13:26:16.932209 25369 ts_tablet_manager.cc:585] Loaded tablet metadata (0 total tablets, 0 live tablets)
I20260601 13:26:16.932245 25369 ts_tablet_manager.cc:531] Time spent load tablet metadata: real 0.000s	user 0.000s	sys 0.000s
I20260601 13:26:16.932274 25369 ts_tablet_manager.cc:616] Registered 0 tablets
I20260601 13:26:16.932289 25369 ts_tablet_manager.cc:595] Time spent register tablets: real 0.000s	user 0.000s	sys 0.000s
I20260601 13:26:16.937861 25369 rpc_server.cc:307] RPC server started. Bound to: 127.24.198.67:38713
I20260601 13:26:16.937942 27856 acceptor_pool.cc:272] collecting diagnostics on the listening RPC socket 127.24.198.67:38713 every 8 connection(s)
I20260601 13:26:16.943352 27857 heartbeater.cc:344] Connected to a master server at 127.24.198.126:39399
I20260601 13:26:16.943503 27857 heartbeater.cc:461] Registering TS with master...
I20260601 13:26:16.943747 27857 heartbeater.cc:507] Master 127.24.198.126:39399 requested a full tablet report, sending...
I20260601 13:26:16.944448 27577 ts_manager.cc:194] Registered new tserver with Master: bd5b3e02ab0a407091339541832ed6ce (127.24.198.67:38713)
I20260601 13:26:16.945060 27577 master_service.cc:502] Signed X509 certificate for tserver {username='slave'} at 127.0.0.1:45296
I20260601 13:26:16.945175 25369 internal_mini_cluster.cc:371] 3 TS(s) registered with all masters after 0.006819005s
I20260601 13:26:17.869889 27706 heartbeater.cc:499] Master 127.24.198.126:39399 was elected leader, sending a full tablet report...
I20260601 13:26:17.923933 27782 heartbeater.cc:499] Master 127.24.198.126:39399 was elected leader, sending a full tablet report...
I20260601 13:26:17.946380 27857 heartbeater.cc:499] Master 127.24.198.126:39399 was elected leader, sending a full tablet report...
I20260601 13:26:18.770203 27631 auto_leader_rebalancer.cc:451] All tables' leader rebalancing finished this round
I20260601 13:26:20.770678 27631 auto_leader_rebalancer.cc:451] All tables' leader rebalancing finished this round
I20260601 13:26:22.771173 27631 auto_leader_rebalancer.cc:451] All tables' leader rebalancing finished this round
I20260601 13:26:24.771723 27631 auto_leader_rebalancer.cc:451] All tables' leader rebalancing finished this round
I20260601 13:26:26.772236 27631 auto_leader_rebalancer.cc:451] All tables' leader rebalancing finished this round
I20260601 13:26:28.772703 27631 auto_leader_rebalancer.cc:451] All tables' leader rebalancing finished this round
I20260601 13:26:29.044139 25369 tablet_server.cc:179] TabletServer@127.24.198.65:0 shutting down...
I20260601 13:26:29.048879 25369 ts_tablet_manager.cc:1507] Shutting down tablet manager...
I20260601 13:26:29.062641 25369 tablet_server.cc:196] TabletServer@127.24.198.65:0 shutdown complete.
I20260601 13:26:29.065191 25369 tablet_server.cc:179] TabletServer@127.24.198.66:0 shutting down...
I20260601 13:26:29.072580 25369 ts_tablet_manager.cc:1507] Shutting down tablet manager...
I20260601 13:26:29.086136 25369 tablet_server.cc:196] TabletServer@127.24.198.66:0 shutdown complete.
I20260601 13:26:29.088598 25369 tablet_server.cc:179] TabletServer@127.24.198.67:0 shutting down...
I20260601 13:26:29.093518 25369 ts_tablet_manager.cc:1507] Shutting down tablet manager...
I20260601 13:26:29.106146 25369 tablet_server.cc:196] TabletServer@127.24.198.67:0 shutdown complete.
I20260601 13:26:29.108450 25369 master.cc:562] Master@127.24.198.126:39399 shutting down...
I20260601 13:26:29.112870 25369 raft_consensus.cc:2243] T 00000000000000000000000000000000 P 6b1760fc3e0a4a08b57eedb17bad0df7 [term 1 LEADER]: Raft consensus shutting down.
I20260601 13:26:29.113039 25369 raft_consensus.cc:2272] T 00000000000000000000000000000000 P 6b1760fc3e0a4a08b57eedb17bad0df7 [term 1 FOLLOWER]: Raft consensus is shut down!
I20260601 13:26:29.113101 25369 tablet_replica.cc:333] T 00000000000000000000000000000000 P 6b1760fc3e0a4a08b57eedb17bad0df7: stopping tablet replica
I20260601 13:26:29.126981 25369 master.cc:584] Master@127.24.198.126:39399 shutdown complete.
[       OK ] AutoRebalancerTest.NoReplicaMovesIfNoTablets (12403 ms)
[ RUN      ] AutoRebalancerTest.RangeAwareBuildClusterInfoGroupsByRange
I20260601 13:26:29.134155 25369 internal_mini_cluster.cc:156] Creating distributed mini masters. Addrs: 127.24.198.126:37359
I20260601 13:26:29.134572 25369 file_cache.cc:492] Constructed file cache file cache with capacity 419430
I20260601 13:26:29.137391 25369 server_base.cc:1061] running on GCE node
W20260601 13:26:29.137533 27862 instance_detector.cc:116] could not retrieve Azure instance metadata: Network error: curl error: HTTP response code said error: The requested URL returned error: 404
W20260601 13:26:29.137478 27864 instance_detector.cc:116] could not retrieve OpenStack instance metadata: Network error: curl error: HTTP response code said error: The requested URL returned error: 404
W20260601 13:26:29.137507 27861 instance_detector.cc:116] could not retrieve AWS instance metadata: Network error: curl error: HTTP response code said error: The requested URL returned error: 404
I20260601 13:26:29.137979 25369 hybrid_clock.cc:584] initializing the hybrid clock with 'system_unsync' time source
W20260601 13:26:29.138051 25369 system_unsync_time.cc:38] NTP support is disabled. Clock error bounds will not be accurate. This configuration is not suitable for distributed clusters.
I20260601 13:26:29.138077 25369 hybrid_clock.cc:648] HybridClock initialized: now 1780320389138076 us; error 0 us; skew 500 ppm
I20260601 13:26:29.139228 25369 webserver.cc:533] Webserver started at http://127.24.198.126:40163/ using document root <none> and password file <none>
I20260601 13:26:29.139503 25369 fs_manager.cc:362] Metadata directory not provided
I20260601 13:26:29.139586 25369 fs_manager.cc:368] Using write-ahead log directory (fs_wal_dir) as metadata directory
I20260601 13:26:29.139683 25369 server_base.cc:909] This appears to be a new deployment of Kudu; creating new FS layout
I20260601 13:26:29.140247 25369 fs_manager.cc:1068] Generated new instance metadata in path /tmp/dist-test-taskdH_ja0/test-tmp/auto_rebalancer-test.0.AutoRebalancerTest.RangeAwareBuildClusterInfoGroupsByRange.1780320321248340-25369-0/minicluster-data/master-0-root/instance:
uuid: "abe6e363d0734740acc878d355e6ed38"
format_stamp: "Formatted at 2026-06-01 13:26:29 on dist-test-slave-p3jn"
I20260601 13:26:29.142112 25369 fs_manager.cc:696] Time spent creating directory manager: real 0.002s	user 0.003s	sys 0.000s
I20260601 13:26:29.143296 27869 log_block_manager.cc:4031] Time spent loading block containers with low live blocks: real 0.000s	user 0.000s	sys 0.000s
I20260601 13:26:29.143632 25369 fs_manager.cc:730] Time spent opening block manager: real 0.001s	user 0.001s	sys 0.000s
I20260601 13:26:29.143735 25369 fs_manager.cc:647] Opened local filesystem: /tmp/dist-test-taskdH_ja0/test-tmp/auto_rebalancer-test.0.AutoRebalancerTest.RangeAwareBuildClusterInfoGroupsByRange.1780320321248340-25369-0/minicluster-data/master-0-root
uuid: "abe6e363d0734740acc878d355e6ed38"
format_stamp: "Formatted at 2026-06-01 13:26:29 on dist-test-slave-p3jn"
I20260601 13:26:29.143838 25369 fs_report.cc:389] FS layout report
--------------------
wal directory: /tmp/dist-test-taskdH_ja0/test-tmp/auto_rebalancer-test.0.AutoRebalancerTest.RangeAwareBuildClusterInfoGroupsByRange.1780320321248340-25369-0/minicluster-data/master-0-root
metadata directory: /tmp/dist-test-taskdH_ja0/test-tmp/auto_rebalancer-test.0.AutoRebalancerTest.RangeAwareBuildClusterInfoGroupsByRange.1780320321248340-25369-0/minicluster-data/master-0-root
1 data directories: /tmp/dist-test-taskdH_ja0/test-tmp/auto_rebalancer-test.0.AutoRebalancerTest.RangeAwareBuildClusterInfoGroupsByRange.1780320321248340-25369-0/minicluster-data/master-0-root/data
Total live blocks: 0
Total live bytes: 0
Total live bytes (after alignment): 0
Total number of LBM containers: 0 (0 full)
Did not check for missing blocks
Did not check for orphaned blocks
Total full LBM containers with extra space: 0 (0 repaired)
Total full LBM container extra space in bytes: 0 (0 repaired)
Total incomplete LBM containers: 0 (0 repaired)
Total LBM partial records: 0 (0 repaired)
Total corrupted LBM metadata records in RocksDB: 0 (0 repaired)
I20260601 13:26:29.152324 25369 rpc_server.cc:225] running with OpenSSL 1.1.1  11 Sep 2018
I20260601 13:26:29.152855 25369 kserver.cc:163] Server-wide thread pool size limit: 3276
I20260601 13:26:29.158259 25369 rpc_server.cc:307] RPC server started. Bound to: 127.24.198.126:37359
I20260601 13:26:29.160240 27921 acceptor_pool.cc:272] collecting diagnostics on the listening RPC socket 127.24.198.126:37359 every 8 connection(s)
I20260601 13:26:29.160883 27922 data_dirs.cc:400] Could only allocate 1 dirs of requested 3 for tablet 00000000000000000000000000000000. 1 dirs total, 0 dirs full, 0 dirs failed
I20260601 13:26:29.163132 27922 tablet_bootstrap.cc:492] T 00000000000000000000000000000000 P abe6e363d0734740acc878d355e6ed38: Bootstrap starting.
I20260601 13:26:29.164175 27922 tablet_bootstrap.cc:654] T 00000000000000000000000000000000 P abe6e363d0734740acc878d355e6ed38: Neither blocks nor log segments found. Creating new log.
I20260601 13:26:29.165385 27922 tablet_bootstrap.cc:492] T 00000000000000000000000000000000 P abe6e363d0734740acc878d355e6ed38: No bootstrap required, opened a new log
I20260601 13:26:29.165933 27922 raft_consensus.cc:359] T 00000000000000000000000000000000 P abe6e363d0734740acc878d355e6ed38 [term 0 FOLLOWER]: Replica starting. Triggering 0 pending ops. Active config: opid_index: -1 OBSOLETE_local: true peers { permanent_uuid: "abe6e363d0734740acc878d355e6ed38" member_type: VOTER }
I20260601 13:26:29.166054 27922 raft_consensus.cc:385] T 00000000000000000000000000000000 P abe6e363d0734740acc878d355e6ed38 [term 0 FOLLOWER]: Consensus starting up: Expiring failure detector timer to make a prompt election more likely
I20260601 13:26:29.166100 27922 raft_consensus.cc:740] T 00000000000000000000000000000000 P abe6e363d0734740acc878d355e6ed38 [term 0 FOLLOWER]: Becoming Follower/Learner. State: Replica: abe6e363d0734740acc878d355e6ed38, State: Initialized, Role: FOLLOWER
I20260601 13:26:29.166301 27922 consensus_queue.cc:260] T 00000000000000000000000000000000 P abe6e363d0734740acc878d355e6ed38 [NON_LEADER]: Queue going to NON_LEADER mode. State: All replicated index: 0, Majority replicated index: 0, Committed index: 0, Last appended: 0.0, Last appended by leader: 0, Current term: 0, Majority size: -1, State: 0, Mode: NON_LEADER, active raft config: opid_index: -1 OBSOLETE_local: true peers { permanent_uuid: "abe6e363d0734740acc878d355e6ed38" member_type: VOTER }
I20260601 13:26:29.166412 27922 raft_consensus.cc:399] T 00000000000000000000000000000000 P abe6e363d0734740acc878d355e6ed38 [term 0 FOLLOWER]: Only one voter in the Raft config. Triggering election immediately
I20260601 13:26:29.166461 27922 raft_consensus.cc:493] T 00000000000000000000000000000000 P abe6e363d0734740acc878d355e6ed38 [term 0 FOLLOWER]: Starting leader election (initial election of a single-replica configuration)
I20260601 13:26:29.166514 27922 raft_consensus.cc:3060] T 00000000000000000000000000000000 P abe6e363d0734740acc878d355e6ed38 [term 0 FOLLOWER]: Advancing to term 1
I20260601 13:26:29.167274 27922 raft_consensus.cc:515] T 00000000000000000000000000000000 P abe6e363d0734740acc878d355e6ed38 [term 1 FOLLOWER]: Starting leader election with config: opid_index: -1 OBSOLETE_local: true peers { permanent_uuid: "abe6e363d0734740acc878d355e6ed38" member_type: VOTER }
I20260601 13:26:29.167428 27922 leader_election.cc:304] T 00000000000000000000000000000000 P abe6e363d0734740acc878d355e6ed38 [CANDIDATE]: Term 1 election: Election decided. Result: candidate won. Election summary: received 1 responses out of 1 voters: 1 yes votes; 0 no votes. yes voters: abe6e363d0734740acc878d355e6ed38; no voters: 
I20260601 13:26:29.167692 27922 leader_election.cc:290] T 00000000000000000000000000000000 P abe6e363d0734740acc878d355e6ed38 [CANDIDATE]: Term 1 election: Requested vote from peers 
I20260601 13:26:29.167851 27925 raft_consensus.cc:2804] T 00000000000000000000000000000000 P abe6e363d0734740acc878d355e6ed38 [term 1 FOLLOWER]: Leader election won for term 1
I20260601 13:26:29.168129 27925 raft_consensus.cc:697] T 00000000000000000000000000000000 P abe6e363d0734740acc878d355e6ed38 [term 1 LEADER]: Becoming Leader. State: Replica: abe6e363d0734740acc878d355e6ed38, State: Running, Role: LEADER
I20260601 13:26:29.168257 27922 sys_catalog.cc:565] T 00000000000000000000000000000000 P abe6e363d0734740acc878d355e6ed38 [sys.catalog]: configured and running, proceeding with master startup.
I20260601 13:26:29.168282 27925 consensus_queue.cc:237] T 00000000000000000000000000000000 P abe6e363d0734740acc878d355e6ed38 [LEADER]: Queue going to LEADER mode. State: All replicated index: 0, Majority replicated index: 0, Committed index: 0, Last appended: 0.0, Last appended by leader: 0, Current term: 1, Majority size: 1, State: 0, Mode: LEADER, active raft config: opid_index: -1 OBSOLETE_local: true peers { permanent_uuid: "abe6e363d0734740acc878d355e6ed38" member_type: VOTER }
I20260601 13:26:29.168797 27926 sys_catalog.cc:455] T 00000000000000000000000000000000 P abe6e363d0734740acc878d355e6ed38 [sys.catalog]: SysCatalogTable state changed. Reason: RaftConsensus started. Latest consensus state: current_term: 1 leader_uuid: "abe6e363d0734740acc878d355e6ed38" committed_config { opid_index: -1 OBSOLETE_local: true peers { permanent_uuid: "abe6e363d0734740acc878d355e6ed38" member_type: VOTER } }
I20260601 13:26:29.168823 27927 sys_catalog.cc:455] T 00000000000000000000000000000000 P abe6e363d0734740acc878d355e6ed38 [sys.catalog]: SysCatalogTable state changed. Reason: New leader abe6e363d0734740acc878d355e6ed38. Latest consensus state: current_term: 1 leader_uuid: "abe6e363d0734740acc878d355e6ed38" committed_config { opid_index: -1 OBSOLETE_local: true peers { permanent_uuid: "abe6e363d0734740acc878d355e6ed38" member_type: VOTER } }
I20260601 13:26:29.168887 27926 sys_catalog.cc:458] T 00000000000000000000000000000000 P abe6e363d0734740acc878d355e6ed38 [sys.catalog]: This master's current role is: LEADER
I20260601 13:26:29.168907 27927 sys_catalog.cc:458] T 00000000000000000000000000000000 P abe6e363d0734740acc878d355e6ed38 [sys.catalog]: This master's current role is: LEADER
I20260601 13:26:29.169185 27930 catalog_manager.cc:1510] Loading table and tablet metadata into memory...
I20260601 13:26:29.170210 27930 catalog_manager.cc:1519] Initializing Kudu cluster ID...
I20260601 13:26:29.170451 25369 internal_mini_cluster.cc:184] Waiting to initialize catalog manager on master 0
I20260601 13:26:29.172708 27930 catalog_manager.cc:1382] Generated new cluster ID: e104543c247b45808f9825153cac730b
I20260601 13:26:29.172766 27930 catalog_manager.cc:1530] Initializing Kudu internal certificate authority...
I20260601 13:26:29.184896 27930 catalog_manager.cc:1405] Generated new certificate authority record
I20260601 13:26:29.185631 27930 catalog_manager.cc:1539] Loading token signing keys...
I20260601 13:26:29.194039 27930 catalog_manager.cc:6069] T 00000000000000000000000000000000 P abe6e363d0734740acc878d355e6ed38: Generated new TSK 0
I20260601 13:26:29.194231 27930 catalog_manager.cc:1549] Initializing in-progress tserver states...
I20260601 13:26:29.203073 25369 file_cache.cc:492] Constructed file cache file cache with capacity 419430
W20260601 13:26:29.205585 27943 instance_detector.cc:116] could not retrieve AWS instance metadata: Network error: curl error: HTTP response code said error: The requested URL returned error: 404
I20260601 13:26:29.205691 25369 server_base.cc:1061] running on GCE node
W20260601 13:26:29.205657 27944 instance_detector.cc:116] could not retrieve Azure instance metadata: Network error: curl error: HTTP response code said error: The requested URL returned error: 404
W20260601 13:26:29.205991 27946 instance_detector.cc:116] could not retrieve OpenStack instance metadata: Network error: curl error: HTTP response code said error: The requested URL returned error: 404
I20260601 13:26:29.206269 25369 hybrid_clock.cc:584] initializing the hybrid clock with 'system_unsync' time source
W20260601 13:26:29.206352 25369 system_unsync_time.cc:38] NTP support is disabled. Clock error bounds will not be accurate. This configuration is not suitable for distributed clusters.
I20260601 13:26:29.206384 25369 hybrid_clock.cc:648] HybridClock initialized: now 1780320389206383 us; error 0 us; skew 500 ppm
I20260601 13:26:29.207485 25369 webserver.cc:533] Webserver started at http://127.24.198.65:45635/ using document root <none> and password file <none>
I20260601 13:26:29.207710 25369 fs_manager.cc:362] Metadata directory not provided
I20260601 13:26:29.207798 25369 fs_manager.cc:368] Using write-ahead log directory (fs_wal_dir) as metadata directory
I20260601 13:26:29.207901 25369 server_base.cc:909] This appears to be a new deployment of Kudu; creating new FS layout
I20260601 13:26:29.208420 25369 fs_manager.cc:1068] Generated new instance metadata in path /tmp/dist-test-taskdH_ja0/test-tmp/auto_rebalancer-test.0.AutoRebalancerTest.RangeAwareBuildClusterInfoGroupsByRange.1780320321248340-25369-0/minicluster-data/ts-0-root/instance:
uuid: "3052c2babee04c87900a2737d6373333"
format_stamp: "Formatted at 2026-06-01 13:26:29 on dist-test-slave-p3jn"
I20260601 13:26:29.210426 25369 fs_manager.cc:696] Time spent creating directory manager: real 0.002s	user 0.002s	sys 0.001s
I20260601 13:26:29.211537 27951 log_block_manager.cc:4031] Time spent loading block containers with low live blocks: real 0.000s	user 0.000s	sys 0.000s
I20260601 13:26:29.211841 25369 fs_manager.cc:730] Time spent opening block manager: real 0.001s	user 0.001s	sys 0.000s
I20260601 13:26:29.211902 25369 fs_manager.cc:647] Opened local filesystem: /tmp/dist-test-taskdH_ja0/test-tmp/auto_rebalancer-test.0.AutoRebalancerTest.RangeAwareBuildClusterInfoGroupsByRange.1780320321248340-25369-0/minicluster-data/ts-0-root
uuid: "3052c2babee04c87900a2737d6373333"
format_stamp: "Formatted at 2026-06-01 13:26:29 on dist-test-slave-p3jn"
I20260601 13:26:29.211967 25369 fs_report.cc:389] FS layout report
--------------------
wal directory: /tmp/dist-test-taskdH_ja0/test-tmp/auto_rebalancer-test.0.AutoRebalancerTest.RangeAwareBuildClusterInfoGroupsByRange.1780320321248340-25369-0/minicluster-data/ts-0-root
metadata directory: /tmp/dist-test-taskdH_ja0/test-tmp/auto_rebalancer-test.0.AutoRebalancerTest.RangeAwareBuildClusterInfoGroupsByRange.1780320321248340-25369-0/minicluster-data/ts-0-root
1 data directories: /tmp/dist-test-taskdH_ja0/test-tmp/auto_rebalancer-test.0.AutoRebalancerTest.RangeAwareBuildClusterInfoGroupsByRange.1780320321248340-25369-0/minicluster-data/ts-0-root/data
Total live blocks: 0
Total live bytes: 0
Total live bytes (after alignment): 0
Total number of LBM containers: 0 (0 full)
Did not check for missing blocks
Did not check for orphaned blocks
Total full LBM containers with extra space: 0 (0 repaired)
Total full LBM container extra space in bytes: 0 (0 repaired)
Total incomplete LBM containers: 0 (0 repaired)
Total LBM partial records: 0 (0 repaired)
Total corrupted LBM metadata records in RocksDB: 0 (0 repaired)
I20260601 13:26:29.218187 25369 rpc_server.cc:225] running with OpenSSL 1.1.1  11 Sep 2018
I20260601 13:26:29.218657 25369 kserver.cc:163] Server-wide thread pool size limit: 3276
I20260601 13:26:29.218954 25369 txn_system_client.cc:432] TxnSystemClient initialization is disabled...
I20260601 13:26:29.219456 25369 ts_tablet_manager.cc:585] Loaded tablet metadata (0 total tablets, 0 live tablets)
I20260601 13:26:29.219492 25369 ts_tablet_manager.cc:531] Time spent load tablet metadata: real 0.000s	user 0.000s	sys 0.000s
I20260601 13:26:29.219524 25369 ts_tablet_manager.cc:616] Registered 0 tablets
I20260601 13:26:29.219539 25369 ts_tablet_manager.cc:595] Time spent register tablets: real 0.000s	user 0.000s	sys 0.000s
I20260601 13:26:29.224907 25369 rpc_server.cc:307] RPC server started. Bound to: 127.24.198.65:41141
I20260601 13:26:29.225045 28014 acceptor_pool.cc:272] collecting diagnostics on the listening RPC socket 127.24.198.65:41141 every 8 connection(s)
I20260601 13:26:29.225972 25369 file_cache.cc:492] Constructed file cache file cache with capacity 419430
W20260601 13:26:29.228484 28020 instance_detector.cc:116] could not retrieve Azure instance metadata: Network error: curl error: HTTP response code said error: The requested URL returned error: 404
W20260601 13:26:29.228561 28022 instance_detector.cc:116] could not retrieve OpenStack instance metadata: Network error: curl error: HTTP response code said error: The requested URL returned error: 404
I20260601 13:26:29.228693 25369 server_base.cc:1061] running on GCE node
W20260601 13:26:29.228471 28019 instance_detector.cc:116] could not retrieve AWS instance metadata: Network error: curl error: HTTP response code said error: The requested URL returned error: 404
I20260601 13:26:29.229020 25369 hybrid_clock.cc:584] initializing the hybrid clock with 'system_unsync' time source
W20260601 13:26:29.229068 25369 system_unsync_time.cc:38] NTP support is disabled. Clock error bounds will not be accurate. This configuration is not suitable for distributed clusters.
I20260601 13:26:29.229091 25369 hybrid_clock.cc:648] HybridClock initialized: now 1780320389229091 us; error 0 us; skew 500 ppm
I20260601 13:26:29.230278 25369 webserver.cc:533] Webserver started at http://127.24.198.66:35041/ using document root <none> and password file <none>
I20260601 13:26:29.230506 25369 fs_manager.cc:362] Metadata directory not provided
I20260601 13:26:29.230572 25369 fs_manager.cc:368] Using write-ahead log directory (fs_wal_dir) as metadata directory
I20260601 13:26:29.230705 25369 server_base.cc:909] This appears to be a new deployment of Kudu; creating new FS layout
I20260601 13:26:29.231271 25369 fs_manager.cc:1068] Generated new instance metadata in path /tmp/dist-test-taskdH_ja0/test-tmp/auto_rebalancer-test.0.AutoRebalancerTest.RangeAwareBuildClusterInfoGroupsByRange.1780320321248340-25369-0/minicluster-data/ts-1-root/instance:
uuid: "9defcb4174e442a6a1d7610bec2c9a86"
format_stamp: "Formatted at 2026-06-01 13:26:29 on dist-test-slave-p3jn"
I20260601 13:26:29.231287 28015 heartbeater.cc:344] Connected to a master server at 127.24.198.126:37359
I20260601 13:26:29.231473 28015 heartbeater.cc:461] Registering TS with master...
I20260601 13:26:29.231752 28015 heartbeater.cc:507] Master 127.24.198.126:37359 requested a full tablet report, sending...
I20260601 13:26:29.232465 27886 ts_manager.cc:194] Registered new tserver with Master: 3052c2babee04c87900a2737d6373333 (127.24.198.65:41141)
I20260601 13:26:29.233249 25369 fs_manager.cc:696] Time spent creating directory manager: real 0.002s	user 0.002s	sys 0.000s
I20260601 13:26:29.233498 27886 master_service.cc:502] Signed X509 certificate for tserver {username='slave'} at 127.0.0.1:56036
I20260601 13:26:29.234548 28027 log_block_manager.cc:4031] Time spent loading block containers with low live blocks: real 0.000s	user 0.000s	sys 0.000s
I20260601 13:26:29.234874 25369 fs_manager.cc:730] Time spent opening block manager: real 0.001s	user 0.001s	sys 0.000s
I20260601 13:26:29.234963 25369 fs_manager.cc:647] Opened local filesystem: /tmp/dist-test-taskdH_ja0/test-tmp/auto_rebalancer-test.0.AutoRebalancerTest.RangeAwareBuildClusterInfoGroupsByRange.1780320321248340-25369-0/minicluster-data/ts-1-root
uuid: "9defcb4174e442a6a1d7610bec2c9a86"
format_stamp: "Formatted at 2026-06-01 13:26:29 on dist-test-slave-p3jn"
I20260601 13:26:29.235057 25369 fs_report.cc:389] FS layout report
--------------------
wal directory: /tmp/dist-test-taskdH_ja0/test-tmp/auto_rebalancer-test.0.AutoRebalancerTest.RangeAwareBuildClusterInfoGroupsByRange.1780320321248340-25369-0/minicluster-data/ts-1-root
metadata directory: /tmp/dist-test-taskdH_ja0/test-tmp/auto_rebalancer-test.0.AutoRebalancerTest.RangeAwareBuildClusterInfoGroupsByRange.1780320321248340-25369-0/minicluster-data/ts-1-root
1 data directories: /tmp/dist-test-taskdH_ja0/test-tmp/auto_rebalancer-test.0.AutoRebalancerTest.RangeAwareBuildClusterInfoGroupsByRange.1780320321248340-25369-0/minicluster-data/ts-1-root/data
Total live blocks: 0
Total live bytes: 0
Total live bytes (after alignment): 0
Total number of LBM containers: 0 (0 full)
Did not check for missing blocks
Did not check for orphaned blocks
Total full LBM containers with extra space: 0 (0 repaired)
Total full LBM container extra space in bytes: 0 (0 repaired)
Total incomplete LBM containers: 0 (0 repaired)
Total LBM partial records: 0 (0 repaired)
Total corrupted LBM metadata records in RocksDB: 0 (0 repaired)
I20260601 13:26:29.252373 25369 rpc_server.cc:225] running with OpenSSL 1.1.1  11 Sep 2018
I20260601 13:26:29.252915 25369 kserver.cc:163] Server-wide thread pool size limit: 3276
I20260601 13:26:29.253336 25369 txn_system_client.cc:432] TxnSystemClient initialization is disabled...
I20260601 13:26:29.253952 25369 ts_tablet_manager.cc:585] Loaded tablet metadata (0 total tablets, 0 live tablets)
I20260601 13:26:29.254011 25369 ts_tablet_manager.cc:531] Time spent load tablet metadata: real 0.000s	user 0.000s	sys 0.000s
I20260601 13:26:29.254076 25369 ts_tablet_manager.cc:616] Registered 0 tablets
I20260601 13:26:29.254136 25369 ts_tablet_manager.cc:595] Time spent register tablets: real 0.000s	user 0.000s	sys 0.000s
I20260601 13:26:29.259649 25369 rpc_server.cc:307] RPC server started. Bound to: 127.24.198.66:36219
I20260601 13:26:29.259693 28090 acceptor_pool.cc:272] collecting diagnostics on the listening RPC socket 127.24.198.66:36219 every 8 connection(s)
I20260601 13:26:29.260658 25369 file_cache.cc:492] Constructed file cache file cache with capacity 419430
W20260601 13:26:29.263221 28094 instance_detector.cc:116] could not retrieve AWS instance metadata: Network error: curl error: HTTP response code said error: The requested URL returned error: 404
W20260601 13:26:29.263227 28095 instance_detector.cc:116] could not retrieve Azure instance metadata: Network error: curl error: HTTP response code said error: The requested URL returned error: 404
I20260601 13:26:29.263453 25369 server_base.cc:1061] running on GCE node
W20260601 13:26:29.263216 28097 instance_detector.cc:116] could not retrieve OpenStack instance metadata: Network error: curl error: HTTP response code said error: The requested URL returned error: 404
I20260601 13:26:29.263782 25369 hybrid_clock.cc:584] initializing the hybrid clock with 'system_unsync' time source
W20260601 13:26:29.263839 25369 system_unsync_time.cc:38] NTP support is disabled. Clock error bounds will not be accurate. This configuration is not suitable for distributed clusters.
I20260601 13:26:29.263861 25369 hybrid_clock.cc:648] HybridClock initialized: now 1780320389263861 us; error 0 us; skew 500 ppm
I20260601 13:26:29.265210 25369 webserver.cc:533] Webserver started at http://127.24.198.67:40439/ using document root <none> and password file <none>
I20260601 13:26:29.265403 25369 fs_manager.cc:362] Metadata directory not provided
I20260601 13:26:29.265468 25369 fs_manager.cc:368] Using write-ahead log directory (fs_wal_dir) as metadata directory
I20260601 13:26:29.265558 25369 server_base.cc:909] This appears to be a new deployment of Kudu; creating new FS layout
I20260601 13:26:29.265829 28091 heartbeater.cc:344] Connected to a master server at 127.24.198.126:37359
I20260601 13:26:29.265937 28091 heartbeater.cc:461] Registering TS with master...
I20260601 13:26:29.266115 25369 fs_manager.cc:1068] Generated new instance metadata in path /tmp/dist-test-taskdH_ja0/test-tmp/auto_rebalancer-test.0.AutoRebalancerTest.RangeAwareBuildClusterInfoGroupsByRange.1780320321248340-25369-0/minicluster-data/ts-2-root/instance:
uuid: "322cb2bfc35d4049906437e243f32296"
format_stamp: "Formatted at 2026-06-01 13:26:29 on dist-test-slave-p3jn"
I20260601 13:26:29.266183 28091 heartbeater.cc:507] Master 127.24.198.126:37359 requested a full tablet report, sending...
I20260601 13:26:29.266857 27886 ts_manager.cc:194] Registered new tserver with Master: 9defcb4174e442a6a1d7610bec2c9a86 (127.24.198.66:36219)
I20260601 13:26:29.267426 27886 master_service.cc:502] Signed X509 certificate for tserver {username='slave'} at 127.0.0.1:56038
I20260601 13:26:29.267763 25369 fs_manager.cc:696] Time spent creating directory manager: real 0.001s	user 0.000s	sys 0.002s
I20260601 13:26:29.268846 28102 log_block_manager.cc:4031] Time spent loading block containers with low live blocks: real 0.000s	user 0.000s	sys 0.000s
I20260601 13:26:29.269097 25369 fs_manager.cc:730] Time spent opening block manager: real 0.001s	user 0.000s	sys 0.001s
I20260601 13:26:29.269183 25369 fs_manager.cc:647] Opened local filesystem: /tmp/dist-test-taskdH_ja0/test-tmp/auto_rebalancer-test.0.AutoRebalancerTest.RangeAwareBuildClusterInfoGroupsByRange.1780320321248340-25369-0/minicluster-data/ts-2-root
uuid: "322cb2bfc35d4049906437e243f32296"
format_stamp: "Formatted at 2026-06-01 13:26:29 on dist-test-slave-p3jn"
I20260601 13:26:29.269281 25369 fs_report.cc:389] FS layout report
--------------------
wal directory: /tmp/dist-test-taskdH_ja0/test-tmp/auto_rebalancer-test.0.AutoRebalancerTest.RangeAwareBuildClusterInfoGroupsByRange.1780320321248340-25369-0/minicluster-data/ts-2-root
metadata directory: /tmp/dist-test-taskdH_ja0/test-tmp/auto_rebalancer-test.0.AutoRebalancerTest.RangeAwareBuildClusterInfoGroupsByRange.1780320321248340-25369-0/minicluster-data/ts-2-root
1 data directories: /tmp/dist-test-taskdH_ja0/test-tmp/auto_rebalancer-test.0.AutoRebalancerTest.RangeAwareBuildClusterInfoGroupsByRange.1780320321248340-25369-0/minicluster-data/ts-2-root/data
Total live blocks: 0
Total live bytes: 0
Total live bytes (after alignment): 0
Total number of LBM containers: 0 (0 full)
Did not check for missing blocks
Did not check for orphaned blocks
Total full LBM containers with extra space: 0 (0 repaired)
Total full LBM container extra space in bytes: 0 (0 repaired)
Total incomplete LBM containers: 0 (0 repaired)
Total LBM partial records: 0 (0 repaired)
Total corrupted LBM metadata records in RocksDB: 0 (0 repaired)
I20260601 13:26:29.277315 25369 rpc_server.cc:225] running with OpenSSL 1.1.1  11 Sep 2018
I20260601 13:26:29.277851 25369 kserver.cc:163] Server-wide thread pool size limit: 3276
I20260601 13:26:29.278265 25369 txn_system_client.cc:432] TxnSystemClient initialization is disabled...
I20260601 13:26:29.278805 25369 ts_tablet_manager.cc:585] Loaded tablet metadata (0 total tablets, 0 live tablets)
I20260601 13:26:29.278868 25369 ts_tablet_manager.cc:531] Time spent load tablet metadata: real 0.000s	user 0.000s	sys 0.000s
I20260601 13:26:29.278929 25369 ts_tablet_manager.cc:616] Registered 0 tablets
I20260601 13:26:29.278965 25369 ts_tablet_manager.cc:595] Time spent register tablets: real 0.000s	user 0.000s	sys 0.000s
I20260601 13:26:29.284361 25369 rpc_server.cc:307] RPC server started. Bound to: 127.24.198.67:44863
I20260601 13:26:29.284469 28165 acceptor_pool.cc:272] collecting diagnostics on the listening RPC socket 127.24.198.67:44863 every 8 connection(s)
I20260601 13:26:29.289619 28166 heartbeater.cc:344] Connected to a master server at 127.24.198.126:37359
I20260601 13:26:29.289762 28166 heartbeater.cc:461] Registering TS with master...
I20260601 13:26:29.289996 28166 heartbeater.cc:507] Master 127.24.198.126:37359 requested a full tablet report, sending...
I20260601 13:26:29.290691 27886 ts_manager.cc:194] Registered new tserver with Master: 322cb2bfc35d4049906437e243f32296 (127.24.198.67:44863)
I20260601 13:26:29.291282 27886 master_service.cc:502] Signed X509 certificate for tserver {username='slave'} at 127.0.0.1:56046
I20260601 13:26:29.291592 25369 internal_mini_cluster.cc:371] 3 TS(s) registered with all masters after 0.006752392s
I20260601 13:26:30.234835 28015 heartbeater.cc:499] Master 127.24.198.126:37359 was elected leader, sending a full tablet report...
I20260601 13:26:30.268476 28091 heartbeater.cc:499] Master 127.24.198.126:37359 was elected leader, sending a full tablet report...
I20260601 13:26:30.292466 28166 heartbeater.cc:499] Master 127.24.198.126:37359 was elected leader, sending a full tablet report...
I20260601 13:26:30.334061 27886 catalog_manager.cc:2282] Servicing CreateTable request from {username='slave'} at 127.0.0.1:56056:
name: "range_aware_auto_rebalancer_test"
schema {
  columns {
    name: "key"
    type: INT32
    is_key: true
    is_nullable: false
    encoding: AUTO_ENCODING
    compression: DEFAULT_COMPRESSION
    cfile_block_size: 0
    immutable: false
  }
}
num_replicas: 3
split_rows_range_bounds {
  rows: "\006\001\000\000\000\000\007\001\n\000\000\000\006\001\n\000\000\000\007\001\024\000\000\000""\006\001\000\000\000\000\007\001\n\000\000\000\006\001\n\000\000\000\007\001\024\000\000\000"
  indirect_data: """"
}
partition_schema {
  hash_schema {
    columns {
      name: "key"
    }
    num_buckets: 2
    seed: 0
  }
  range_schema {
    columns {
      name: "key"
    }
  }
}
W20260601 13:26:30.335445 27886 catalog_manager.cc:7076] The number of live tablet servers is not enough to re-replicate a tablet replica of the newly created table range_aware_auto_rebalancer_test in case of a server failure: 4 tablet servers would be needed, 3 are available. Consider bringing up more tablet servers.
I20260601 13:26:30.349251 28054 tablet_service.cc:1511] Processing CreateTablet for tablet 427631434db142e8b9e5ca7eb9a75794 (DEFAULT_TABLE table=range_aware_auto_rebalancer_test [id=20fd03ccaee64e538bf58f07af512dac]), partition=HASH (key) PARTITION 0, RANGE (key) PARTITION 10 <= VALUES < 20
I20260601 13:26:30.349220 28055 tablet_service.cc:1511] Processing CreateTablet for tablet 99b881eea8844fd4b4d517f3ead72a57 (DEFAULT_TABLE table=range_aware_auto_rebalancer_test [id=20fd03ccaee64e538bf58f07af512dac]), partition=HASH (key) PARTITION 0, RANGE (key) PARTITION 0 <= VALUES < 10
I20260601 13:26:30.349525 28052 tablet_service.cc:1511] Processing CreateTablet for tablet ba4f6aab68354b0c8bce86cd8ed3585a (DEFAULT_TABLE table=range_aware_auto_rebalancer_test [id=20fd03ccaee64e538bf58f07af512dac]), partition=HASH (key) PARTITION 1, RANGE (key) PARTITION 10 <= VALUES < 20
I20260601 13:26:30.349870 28055 data_dirs.cc:400] Could only allocate 1 dirs of requested 3 for tablet 99b881eea8844fd4b4d517f3ead72a57. 1 dirs total, 0 dirs full, 0 dirs failed
I20260601 13:26:30.349954 28053 tablet_service.cc:1511] Processing CreateTablet for tablet 7087c5cdc58a45afa1d9f1c14936fbff (DEFAULT_TABLE table=range_aware_auto_rebalancer_test [id=20fd03ccaee64e538bf58f07af512dac]), partition=HASH (key) PARTITION 1, RANGE (key) PARTITION 0 <= VALUES < 10
I20260601 13:26:30.350065 27979 tablet_service.cc:1511] Processing CreateTablet for tablet 99b881eea8844fd4b4d517f3ead72a57 (DEFAULT_TABLE table=range_aware_auto_rebalancer_test [id=20fd03ccaee64e538bf58f07af512dac]), partition=HASH (key) PARTITION 0, RANGE (key) PARTITION 0 <= VALUES < 10
I20260601 13:26:30.350107 27976 tablet_service.cc:1511] Processing CreateTablet for tablet ba4f6aab68354b0c8bce86cd8ed3585a (DEFAULT_TABLE table=range_aware_auto_rebalancer_test [id=20fd03ccaee64e538bf58f07af512dac]), partition=HASH (key) PARTITION 1, RANGE (key) PARTITION 10 <= VALUES < 20
I20260601 13:26:30.350214 28053 data_dirs.cc:400] Could only allocate 1 dirs of requested 3 for tablet 7087c5cdc58a45afa1d9f1c14936fbff. 1 dirs total, 0 dirs full, 0 dirs failed
I20260601 13:26:30.350298 27979 data_dirs.cc:400] Could only allocate 1 dirs of requested 3 for tablet 99b881eea8844fd4b4d517f3ead72a57. 1 dirs total, 0 dirs full, 0 dirs failed
I20260601 13:26:30.350474 27976 data_dirs.cc:400] Could only allocate 1 dirs of requested 3 for tablet ba4f6aab68354b0c8bce86cd8ed3585a. 1 dirs total, 0 dirs full, 0 dirs failed
I20260601 13:26:30.350623 28054 data_dirs.cc:400] Could only allocate 1 dirs of requested 3 for tablet 427631434db142e8b9e5ca7eb9a75794. 1 dirs total, 0 dirs full, 0 dirs failed
I20260601 13:26:30.350740 27978 tablet_service.cc:1511] Processing CreateTablet for tablet 427631434db142e8b9e5ca7eb9a75794 (DEFAULT_TABLE table=range_aware_auto_rebalancer_test [id=20fd03ccaee64e538bf58f07af512dac]), partition=HASH (key) PARTITION 0, RANGE (key) PARTITION 10 <= VALUES < 20
I20260601 13:26:30.351143 27977 tablet_service.cc:1511] Processing CreateTablet for tablet 7087c5cdc58a45afa1d9f1c14936fbff (DEFAULT_TABLE table=range_aware_auto_rebalancer_test [id=20fd03ccaee64e538bf58f07af512dac]), partition=HASH (key) PARTITION 1, RANGE (key) PARTITION 0 <= VALUES < 10
I20260601 13:26:30.351222 28052 data_dirs.cc:400] Could only allocate 1 dirs of requested 3 for tablet ba4f6aab68354b0c8bce86cd8ed3585a. 1 dirs total, 0 dirs full, 0 dirs failed
I20260601 13:26:30.353602 27977 data_dirs.cc:400] Could only allocate 1 dirs of requested 3 for tablet 7087c5cdc58a45afa1d9f1c14936fbff. 1 dirs total, 0 dirs full, 0 dirs failed
I20260601 13:26:30.354400 28187 tablet_bootstrap.cc:492] T ba4f6aab68354b0c8bce86cd8ed3585a P 3052c2babee04c87900a2737d6373333: Bootstrap starting.
I20260601 13:26:30.355098 27978 data_dirs.cc:400] Could only allocate 1 dirs of requested 3 for tablet 427631434db142e8b9e5ca7eb9a75794. 1 dirs total, 0 dirs full, 0 dirs failed
I20260601 13:26:30.355762 28187 tablet_bootstrap.cc:654] T ba4f6aab68354b0c8bce86cd8ed3585a P 3052c2babee04c87900a2737d6373333: Neither blocks nor log segments found. Creating new log.
I20260601 13:26:30.356648 28186 tablet_bootstrap.cc:492] T 99b881eea8844fd4b4d517f3ead72a57 P 9defcb4174e442a6a1d7610bec2c9a86: Bootstrap starting.
I20260601 13:26:30.357501 28187 tablet_bootstrap.cc:492] T ba4f6aab68354b0c8bce86cd8ed3585a P 3052c2babee04c87900a2737d6373333: No bootstrap required, opened a new log
I20260601 13:26:30.357599 28187 ts_tablet_manager.cc:1403] T ba4f6aab68354b0c8bce86cd8ed3585a P 3052c2babee04c87900a2737d6373333: Time spent bootstrapping tablet: real 0.003s	user 0.003s	sys 0.000s
I20260601 13:26:30.357910 28186 tablet_bootstrap.cc:654] T 99b881eea8844fd4b4d517f3ead72a57 P 9defcb4174e442a6a1d7610bec2c9a86: Neither blocks nor log segments found. Creating new log.
I20260601 13:26:30.358233 28187 raft_consensus.cc:359] T ba4f6aab68354b0c8bce86cd8ed3585a P 3052c2babee04c87900a2737d6373333 [term 0 FOLLOWER]: Replica starting. Triggering 0 pending ops. Active config: opid_index: -1 OBSOLETE_local: false peers { permanent_uuid: "3052c2babee04c87900a2737d6373333" member_type: VOTER last_known_addr { host: "127.24.198.65" port: 41141 } } peers { permanent_uuid: "9defcb4174e442a6a1d7610bec2c9a86" member_type: VOTER last_known_addr { host: "127.24.198.66" port: 36219 } } peers { permanent_uuid: "322cb2bfc35d4049906437e243f32296" member_type: VOTER last_known_addr { host: "127.24.198.67" port: 44863 } }
