I20260601 13:26:27.644059 31412 consensus_queue.cc:260] T afca9f093cd346969452ed4e2d6af366 P 9474b26823ed40ab9ff485c2a35d8b09 [NON_LEADER]: Queue going to NON_LEADER mode. State: All replicated index: 0, Majority replicated index: 0, Committed index: 0, Last appended: 0.0, Last appended by leader: 0, Current term: 0, Majority size: -1, State: 0, Mode: NON_LEADER, active raft config: opid_index: -1 OBSOLETE_local: false peers { permanent_uuid: "9474b26823ed40ab9ff485c2a35d8b09" member_type: VOTER last_known_addr { host: "127.27.153.66" port: 44879 } } peers { permanent_uuid: "e8b4fdcf63c743d4b847a47f20420a3d" member_type: VOTER last_known_addr { host: "127.27.153.65" port: 33271 } } peers { permanent_uuid: "bcf6a39cd8a3464b97b46e67dbdf77a5" member_type: VOTER last_known_addr { host: "127.27.153.67" port: 38521 } }
I20260601 13:26:27.644207 31413 ts_tablet_manager.cc:1434] T afca9f093cd346969452ed4e2d6af366 P e8b4fdcf63c743d4b847a47f20420a3d: Time spent starting tablet: real 0.001s	user 0.000s	sys 0.000s
I20260601 13:26:27.644335 31412 ts_tablet_manager.cc:1434] T afca9f093cd346969452ed4e2d6af366 P 9474b26823ed40ab9ff485c2a35d8b09: Time spent starting tablet: real 0.001s	user 0.001s	sys 0.000s
I20260601 13:26:27.644366 31413 tablet_bootstrap.cc:492] T 3223eabe95f6470288e4d09b2035764a P e8b4fdcf63c743d4b847a47f20420a3d: Bootstrap starting.
I20260601 13:26:27.644500 31412 tablet_bootstrap.cc:492] T 7aed4a2e65774932a09ec34a555c80b7 P 9474b26823ed40ab9ff485c2a35d8b09: Bootstrap starting.
I20260601 13:26:27.645313 31413 tablet_bootstrap.cc:654] T 3223eabe95f6470288e4d09b2035764a P e8b4fdcf63c743d4b847a47f20420a3d: Neither blocks nor log segments found. Creating new log.
I20260601 13:26:27.645457 31412 tablet_bootstrap.cc:654] T 7aed4a2e65774932a09ec34a555c80b7 P 9474b26823ed40ab9ff485c2a35d8b09: Neither blocks nor log segments found. Creating new log.
I20260601 13:26:27.646435 31415 tablet_bootstrap.cc:492] T d7d5d44315314431ad44d64bf202afde P bcf6a39cd8a3464b97b46e67dbdf77a5: No bootstrap required, opened a new log
I20260601 13:26:27.646551 31413 tablet_bootstrap.cc:492] T 3223eabe95f6470288e4d09b2035764a P e8b4fdcf63c743d4b847a47f20420a3d: No bootstrap required, opened a new log
I20260601 13:26:27.646646 31413 ts_tablet_manager.cc:1403] T 3223eabe95f6470288e4d09b2035764a P e8b4fdcf63c743d4b847a47f20420a3d: Time spent bootstrapping tablet: real 0.002s	user 0.000s	sys 0.002s
I20260601 13:26:27.647086 31412 tablet_bootstrap.cc:492] T 7aed4a2e65774932a09ec34a555c80b7 P 9474b26823ed40ab9ff485c2a35d8b09: No bootstrap required, opened a new log
I20260601 13:26:27.647089 31413 raft_consensus.cc:359] T 3223eabe95f6470288e4d09b2035764a P e8b4fdcf63c743d4b847a47f20420a3d [term 0 FOLLOWER]: Replica starting. Triggering 0 pending ops. Active config: opid_index: -1 OBSOLETE_local: false peers { permanent_uuid: "e8b4fdcf63c743d4b847a47f20420a3d" member_type: VOTER last_known_addr { host: "127.27.153.65" port: 33271 } } peers { permanent_uuid: "9474b26823ed40ab9ff485c2a35d8b09" member_type: VOTER last_known_addr { host: "127.27.153.66" port: 44879 } } peers { permanent_uuid: "bcf6a39cd8a3464b97b46e67dbdf77a5" member_type: VOTER last_known_addr { host: "127.27.153.67" port: 38521 } }
I20260601 13:26:27.646526 31415 ts_tablet_manager.cc:1403] T d7d5d44315314431ad44d64bf202afde P bcf6a39cd8a3464b97b46e67dbdf77a5: Time spent bootstrapping tablet: real 0.008s	user 0.002s	sys 0.000s
I20260601 13:26:27.647257 31413 raft_consensus.cc:385] T 3223eabe95f6470288e4d09b2035764a P e8b4fdcf63c743d4b847a47f20420a3d [term 0 FOLLOWER]: Consensus starting up: Expiring failure detector timer to make a prompt election more likely
I20260601 13:26:27.647284 31412 ts_tablet_manager.cc:1403] T 7aed4a2e65774932a09ec34a555c80b7 P 9474b26823ed40ab9ff485c2a35d8b09: Time spent bootstrapping tablet: real 0.003s	user 0.001s	sys 0.000s
I20260601 13:26:27.647328 31413 raft_consensus.cc:740] T 3223eabe95f6470288e4d09b2035764a P e8b4fdcf63c743d4b847a47f20420a3d [term 0 FOLLOWER]: Becoming Follower/Learner. State: Replica: e8b4fdcf63c743d4b847a47f20420a3d, State: Initialized, Role: FOLLOWER
I20260601 13:26:27.647461 31413 consensus_queue.cc:260] T 3223eabe95f6470288e4d09b2035764a P e8b4fdcf63c743d4b847a47f20420a3d [NON_LEADER]: Queue going to NON_LEADER mode. State: All replicated index: 0, Majority replicated index: 0, Committed index: 0, Last appended: 0.0, Last appended by leader: 0, Current term: 0, Majority size: -1, State: 0, Mode: NON_LEADER, active raft config: opid_index: -1 OBSOLETE_local: false peers { permanent_uuid: "e8b4fdcf63c743d4b847a47f20420a3d" member_type: VOTER last_known_addr { host: "127.27.153.65" port: 33271 } } peers { permanent_uuid: "9474b26823ed40ab9ff485c2a35d8b09" member_type: VOTER last_known_addr { host: "127.27.153.66" port: 44879 } } peers { permanent_uuid: "bcf6a39cd8a3464b97b46e67dbdf77a5" member_type: VOTER last_known_addr { host: "127.27.153.67" port: 38521 } }
I20260601 13:26:27.647713 31413 ts_tablet_manager.cc:1434] T 3223eabe95f6470288e4d09b2035764a P e8b4fdcf63c743d4b847a47f20420a3d: Time spent starting tablet: real 0.001s	user 0.001s	sys 0.000s
I20260601 13:26:27.647709 31412 raft_consensus.cc:359] T 7aed4a2e65774932a09ec34a555c80b7 P 9474b26823ed40ab9ff485c2a35d8b09 [term 0 FOLLOWER]: Replica starting. Triggering 0 pending ops. Active config: opid_index: -1 OBSOLETE_local: false peers { permanent_uuid: "e8b4fdcf63c743d4b847a47f20420a3d" member_type: VOTER last_known_addr { host: "127.27.153.65" port: 33271 } } peers { permanent_uuid: "9474b26823ed40ab9ff485c2a35d8b09" member_type: VOTER last_known_addr { host: "127.27.153.66" port: 44879 } } peers { permanent_uuid: "bcf6a39cd8a3464b97b46e67dbdf77a5" member_type: VOTER last_known_addr { host: "127.27.153.67" port: 38521 } }
I20260601 13:26:27.647812 31412 raft_consensus.cc:385] T 7aed4a2e65774932a09ec34a555c80b7 P 9474b26823ed40ab9ff485c2a35d8b09 [term 0 FOLLOWER]: Consensus starting up: Expiring failure detector timer to make a prompt election more likely
I20260601 13:26:27.647852 31412 raft_consensus.cc:740] T 7aed4a2e65774932a09ec34a555c80b7 P 9474b26823ed40ab9ff485c2a35d8b09 [term 0 FOLLOWER]: Becoming Follower/Learner. State: Replica: 9474b26823ed40ab9ff485c2a35d8b09, State: Initialized, Role: FOLLOWER
I20260601 13:26:27.647750 31415 raft_consensus.cc:359] T d7d5d44315314431ad44d64bf202afde P bcf6a39cd8a3464b97b46e67dbdf77a5 [term 0 FOLLOWER]: Replica starting. Triggering 0 pending ops. Active config: opid_index: -1 OBSOLETE_local: false peers { permanent_uuid: "9474b26823ed40ab9ff485c2a35d8b09" member_type: VOTER last_known_addr { host: "127.27.153.66" port: 44879 } } peers { permanent_uuid: "e8b4fdcf63c743d4b847a47f20420a3d" member_type: VOTER last_known_addr { host: "127.27.153.65" port: 33271 } } peers { permanent_uuid: "bcf6a39cd8a3464b97b46e67dbdf77a5" member_type: VOTER last_known_addr { host: "127.27.153.67" port: 38521 } }
I20260601 13:26:27.647927 31415 raft_consensus.cc:385] T d7d5d44315314431ad44d64bf202afde P bcf6a39cd8a3464b97b46e67dbdf77a5 [term 0 FOLLOWER]: Consensus starting up: Expiring failure detector timer to make a prompt election more likely
I20260601 13:26:27.647929 31413 tablet_bootstrap.cc:492] T 3f834f02a1c247398862698eec3852f3 P e8b4fdcf63c743d4b847a47f20420a3d: Bootstrap starting.
I20260601 13:26:27.648028 31415 raft_consensus.cc:740] T d7d5d44315314431ad44d64bf202afde P bcf6a39cd8a3464b97b46e67dbdf77a5 [term 0 FOLLOWER]: Becoming Follower/Learner. State: Replica: bcf6a39cd8a3464b97b46e67dbdf77a5, State: Initialized, Role: FOLLOWER
I20260601 13:26:27.647975 31412 consensus_queue.cc:260] T 7aed4a2e65774932a09ec34a555c80b7 P 9474b26823ed40ab9ff485c2a35d8b09 [NON_LEADER]: Queue going to NON_LEADER mode. State: All replicated index: 0, Majority replicated index: 0, Committed index: 0, Last appended: 0.0, Last appended by leader: 0, Current term: 0, Majority size: -1, State: 0, Mode: NON_LEADER, active raft config: opid_index: -1 OBSOLETE_local: false peers { permanent_uuid: "e8b4fdcf63c743d4b847a47f20420a3d" member_type: VOTER last_known_addr { host: "127.27.153.65" port: 33271 } } peers { permanent_uuid: "9474b26823ed40ab9ff485c2a35d8b09" member_type: VOTER last_known_addr { host: "127.27.153.66" port: 44879 } } peers { permanent_uuid: "bcf6a39cd8a3464b97b46e67dbdf77a5" member_type: VOTER last_known_addr { host: "127.27.153.67" port: 38521 } }
I20260601 13:26:27.648185 31415 consensus_queue.cc:260] T d7d5d44315314431ad44d64bf202afde P bcf6a39cd8a3464b97b46e67dbdf77a5 [NON_LEADER]: Queue going to NON_LEADER mode. State: All replicated index: 0, Majority replicated index: 0, Committed index: 0, Last appended: 0.0, Last appended by leader: 0, Current term: 0, Majority size: -1, State: 0, Mode: NON_LEADER, active raft config: opid_index: -1 OBSOLETE_local: false peers { permanent_uuid: "9474b26823ed40ab9ff485c2a35d8b09" member_type: VOTER last_known_addr { host: "127.27.153.66" port: 44879 } } peers { permanent_uuid: "e8b4fdcf63c743d4b847a47f20420a3d" member_type: VOTER last_known_addr { host: "127.27.153.65" port: 33271 } } peers { permanent_uuid: "bcf6a39cd8a3464b97b46e67dbdf77a5" member_type: VOTER last_known_addr { host: "127.27.153.67" port: 38521 } }
I20260601 13:26:27.648530 31412 ts_tablet_manager.cc:1434] T 7aed4a2e65774932a09ec34a555c80b7 P 9474b26823ed40ab9ff485c2a35d8b09: Time spent starting tablet: real 0.001s	user 0.001s	sys 0.000s
I20260601 13:26:27.648751 31412 tablet_bootstrap.cc:492] T 9f1792c8a0a54fd1af699dcdebe4cb18 P 9474b26823ed40ab9ff485c2a35d8b09: Bootstrap starting.
I20260601 13:26:27.649017 31413 tablet_bootstrap.cc:654] T 3f834f02a1c247398862698eec3852f3 P e8b4fdcf63c743d4b847a47f20420a3d: Neither blocks nor log segments found. Creating new log.
I20260601 13:26:27.649809 31415 ts_tablet_manager.cc:1434] T d7d5d44315314431ad44d64bf202afde P bcf6a39cd8a3464b97b46e67dbdf77a5: Time spent starting tablet: real 0.002s	user 0.001s	sys 0.000s
I20260601 13:26:27.649919 31412 tablet_bootstrap.cc:654] T 9f1792c8a0a54fd1af699dcdebe4cb18 P 9474b26823ed40ab9ff485c2a35d8b09: Neither blocks nor log segments found. Creating new log.
I20260601 13:26:27.650504 31415 tablet_bootstrap.cc:492] T 9ce0d99ceecd4abcb2a2616a0fc10f6b P bcf6a39cd8a3464b97b46e67dbdf77a5: Bootstrap starting.
I20260601 13:26:27.651101 31413 tablet_bootstrap.cc:492] T 3f834f02a1c247398862698eec3852f3 P e8b4fdcf63c743d4b847a47f20420a3d: No bootstrap required, opened a new log
I20260601 13:26:27.651209 31413 ts_tablet_manager.cc:1403] T 3f834f02a1c247398862698eec3852f3 P e8b4fdcf63c743d4b847a47f20420a3d: Time spent bootstrapping tablet: real 0.003s	user 0.002s	sys 0.000s
I20260601 13:26:27.651535 31415 tablet_bootstrap.cc:654] T 9ce0d99ceecd4abcb2a2616a0fc10f6b P bcf6a39cd8a3464b97b46e67dbdf77a5: Neither blocks nor log segments found. Creating new log.
I20260601 13:26:27.651635 31413 raft_consensus.cc:359] T 3f834f02a1c247398862698eec3852f3 P e8b4fdcf63c743d4b847a47f20420a3d [term 0 FOLLOWER]: Replica starting. Triggering 0 pending ops. Active config: opid_index: -1 OBSOLETE_local: false peers { permanent_uuid: "9474b26823ed40ab9ff485c2a35d8b09" member_type: VOTER last_known_addr { host: "127.27.153.66" port: 44879 } } peers { permanent_uuid: "e8b4fdcf63c743d4b847a47f20420a3d" member_type: VOTER last_known_addr { host: "127.27.153.65" port: 33271 } } peers { permanent_uuid: "bcf6a39cd8a3464b97b46e67dbdf77a5" member_type: VOTER last_known_addr { host: "127.27.153.67" port: 38521 } }
I20260601 13:26:27.651744 31413 raft_consensus.cc:385] T 3f834f02a1c247398862698eec3852f3 P e8b4fdcf63c743d4b847a47f20420a3d [term 0 FOLLOWER]: Consensus starting up: Expiring failure detector timer to make a prompt election more likely
I20260601 13:26:27.651768 31413 raft_consensus.cc:740] T 3f834f02a1c247398862698eec3852f3 P e8b4fdcf63c743d4b847a47f20420a3d [term 0 FOLLOWER]: Becoming Follower/Learner. State: Replica: e8b4fdcf63c743d4b847a47f20420a3d, State: Initialized, Role: FOLLOWER
I20260601 13:26:27.651911 31413 consensus_queue.cc:260] T 3f834f02a1c247398862698eec3852f3 P e8b4fdcf63c743d4b847a47f20420a3d [NON_LEADER]: Queue going to NON_LEADER mode. State: All replicated index: 0, Majority replicated index: 0, Committed index: 0, Last appended: 0.0, Last appended by leader: 0, Current term: 0, Majority size: -1, State: 0, Mode: NON_LEADER, active raft config: opid_index: -1 OBSOLETE_local: false peers { permanent_uuid: "9474b26823ed40ab9ff485c2a35d8b09" member_type: VOTER last_known_addr { host: "127.27.153.66" port: 44879 } } peers { permanent_uuid: "e8b4fdcf63c743d4b847a47f20420a3d" member_type: VOTER last_known_addr { host: "127.27.153.65" port: 33271 } } peers { permanent_uuid: "bcf6a39cd8a3464b97b46e67dbdf77a5" member_type: VOTER last_known_addr { host: "127.27.153.67" port: 38521 } }
I20260601 13:26:27.652182 31413 ts_tablet_manager.cc:1434] T 3f834f02a1c247398862698eec3852f3 P e8b4fdcf63c743d4b847a47f20420a3d: Time spent starting tablet: real 0.001s	user 0.000s	sys 0.000s
I20260601 13:26:27.652604 31415 tablet_bootstrap.cc:492] T 9ce0d99ceecd4abcb2a2616a0fc10f6b P bcf6a39cd8a3464b97b46e67dbdf77a5: No bootstrap required, opened a new log
I20260601 13:26:27.652733 31415 ts_tablet_manager.cc:1403] T 9ce0d99ceecd4abcb2a2616a0fc10f6b P bcf6a39cd8a3464b97b46e67dbdf77a5: Time spent bootstrapping tablet: real 0.002s	user 0.002s	sys 0.000s
I20260601 13:26:27.652832 31412 tablet_bootstrap.cc:492] T 9f1792c8a0a54fd1af699dcdebe4cb18 P 9474b26823ed40ab9ff485c2a35d8b09: No bootstrap required, opened a new log
I20260601 13:26:27.652940 31412 ts_tablet_manager.cc:1403] T 9f1792c8a0a54fd1af699dcdebe4cb18 P 9474b26823ed40ab9ff485c2a35d8b09: Time spent bootstrapping tablet: real 0.004s	user 0.001s	sys 0.000s
I20260601 13:26:27.653327 31415 raft_consensus.cc:359] T 9ce0d99ceecd4abcb2a2616a0fc10f6b P bcf6a39cd8a3464b97b46e67dbdf77a5 [term 0 FOLLOWER]: Replica starting. Triggering 0 pending ops. Active config: opid_index: -1 OBSOLETE_local: false peers { permanent_uuid: "e8b4fdcf63c743d4b847a47f20420a3d" member_type: VOTER last_known_addr { host: "127.27.153.65" port: 33271 } } peers { permanent_uuid: "9474b26823ed40ab9ff485c2a35d8b09" member_type: VOTER last_known_addr { host: "127.27.153.66" port: 44879 } } peers { permanent_uuid: "bcf6a39cd8a3464b97b46e67dbdf77a5" member_type: VOTER last_known_addr { host: "127.27.153.67" port: 38521 } }
I20260601 13:26:27.653313 31412 raft_consensus.cc:359] T 9f1792c8a0a54fd1af699dcdebe4cb18 P 9474b26823ed40ab9ff485c2a35d8b09 [term 0 FOLLOWER]: Replica starting. Triggering 0 pending ops. Active config: opid_index: -1 OBSOLETE_local: false peers { permanent_uuid: "e8b4fdcf63c743d4b847a47f20420a3d" member_type: VOTER last_known_addr { host: "127.27.153.65" port: 33271 } } peers { permanent_uuid: "9474b26823ed40ab9ff485c2a35d8b09" member_type: VOTER last_known_addr { host: "127.27.153.66" port: 44879 } } peers { permanent_uuid: "bcf6a39cd8a3464b97b46e67dbdf77a5" member_type: VOTER last_known_addr { host: "127.27.153.67" port: 38521 } }
I20260601 13:26:27.653469 31412 raft_consensus.cc:385] T 9f1792c8a0a54fd1af699dcdebe4cb18 P 9474b26823ed40ab9ff485c2a35d8b09 [term 0 FOLLOWER]: Consensus starting up: Expiring failure detector timer to make a prompt election more likely
I20260601 13:26:27.653507 31412 raft_consensus.cc:740] T 9f1792c8a0a54fd1af699dcdebe4cb18 P 9474b26823ed40ab9ff485c2a35d8b09 [term 0 FOLLOWER]: Becoming Follower/Learner. State: Replica: 9474b26823ed40ab9ff485c2a35d8b09, State: Initialized, Role: FOLLOWER
I20260601 13:26:27.653651 31412 consensus_queue.cc:260] T 9f1792c8a0a54fd1af699dcdebe4cb18 P 9474b26823ed40ab9ff485c2a35d8b09 [NON_LEADER]: Queue going to NON_LEADER mode. State: All replicated index: 0, Majority replicated index: 0, Committed index: 0, Last appended: 0.0, Last appended by leader: 0, Current term: 0, Majority size: -1, State: 0, Mode: NON_LEADER, active raft config: opid_index: -1 OBSOLETE_local: false peers { permanent_uuid: "e8b4fdcf63c743d4b847a47f20420a3d" member_type: VOTER last_known_addr { host: "127.27.153.65" port: 33271 } } peers { permanent_uuid: "9474b26823ed40ab9ff485c2a35d8b09" member_type: VOTER last_known_addr { host: "127.27.153.66" port: 44879 } } peers { permanent_uuid: "bcf6a39cd8a3464b97b46e67dbdf77a5" member_type: VOTER last_known_addr { host: "127.27.153.67" port: 38521 } }
I20260601 13:26:27.653923 31412 ts_tablet_manager.cc:1434] T 9f1792c8a0a54fd1af699dcdebe4cb18 P 9474b26823ed40ab9ff485c2a35d8b09: Time spent starting tablet: real 0.001s	user 0.001s	sys 0.000s
I20260601 13:26:27.654072 31412 tablet_bootstrap.cc:492] T 9ce0d99ceecd4abcb2a2616a0fc10f6b P 9474b26823ed40ab9ff485c2a35d8b09: Bootstrap starting.
I20260601 13:26:27.654965 31412 tablet_bootstrap.cc:654] T 9ce0d99ceecd4abcb2a2616a0fc10f6b P 9474b26823ed40ab9ff485c2a35d8b09: Neither blocks nor log segments found. Creating new log.
I20260601 13:26:27.655264 31415 raft_consensus.cc:385] T 9ce0d99ceecd4abcb2a2616a0fc10f6b P bcf6a39cd8a3464b97b46e67dbdf77a5 [term 0 FOLLOWER]: Consensus starting up: Expiring failure detector timer to make a prompt election more likely
I20260601 13:26:27.655499 31415 raft_consensus.cc:740] T 9ce0d99ceecd4abcb2a2616a0fc10f6b P bcf6a39cd8a3464b97b46e67dbdf77a5 [term 0 FOLLOWER]: Becoming Follower/Learner. State: Replica: bcf6a39cd8a3464b97b46e67dbdf77a5, State: Initialized, Role: FOLLOWER
I20260601 13:26:27.655730 31415 consensus_queue.cc:260] T 9ce0d99ceecd4abcb2a2616a0fc10f6b P bcf6a39cd8a3464b97b46e67dbdf77a5 [NON_LEADER]: Queue going to NON_LEADER mode. State: All replicated index: 0, Majority replicated index: 0, Committed index: 0, Last appended: 0.0, Last appended by leader: 0, Current term: 0, Majority size: -1, State: 0, Mode: NON_LEADER, active raft config: opid_index: -1 OBSOLETE_local: false peers { permanent_uuid: "e8b4fdcf63c743d4b847a47f20420a3d" member_type: VOTER last_known_addr { host: "127.27.153.65" port: 33271 } } peers { permanent_uuid: "9474b26823ed40ab9ff485c2a35d8b09" member_type: VOTER last_known_addr { host: "127.27.153.66" port: 44879 } } peers { permanent_uuid: "bcf6a39cd8a3464b97b46e67dbdf77a5" member_type: VOTER last_known_addr { host: "127.27.153.67" port: 38521 } }
I20260601 13:26:27.656045 31412 tablet_bootstrap.cc:492] T 9ce0d99ceecd4abcb2a2616a0fc10f6b P 9474b26823ed40ab9ff485c2a35d8b09: No bootstrap required, opened a new log
I20260601 13:26:27.656136 31412 ts_tablet_manager.cc:1403] T 9ce0d99ceecd4abcb2a2616a0fc10f6b P 9474b26823ed40ab9ff485c2a35d8b09: Time spent bootstrapping tablet: real 0.002s	user 0.001s	sys 0.000s
I20260601 13:26:27.656435 31415 ts_tablet_manager.cc:1434] T 9ce0d99ceecd4abcb2a2616a0fc10f6b P bcf6a39cd8a3464b97b46e67dbdf77a5: Time spent starting tablet: real 0.004s	user 0.001s	sys 0.000s
I20260601 13:26:27.656569 31412 raft_consensus.cc:359] T 9ce0d99ceecd4abcb2a2616a0fc10f6b P 9474b26823ed40ab9ff485c2a35d8b09 [term 0 FOLLOWER]: Replica starting. Triggering 0 pending ops. Active config: opid_index: -1 OBSOLETE_local: false peers { permanent_uuid: "e8b4fdcf63c743d4b847a47f20420a3d" member_type: VOTER last_known_addr { host: "127.27.153.65" port: 33271 } } peers { permanent_uuid: "9474b26823ed40ab9ff485c2a35d8b09" member_type: VOTER last_known_addr { host: "127.27.153.66" port: 44879 } } peers { permanent_uuid: "bcf6a39cd8a3464b97b46e67dbdf77a5" member_type: VOTER last_known_addr { host: "127.27.153.67" port: 38521 } }
I20260601 13:26:27.656665 31412 raft_consensus.cc:385] T 9ce0d99ceecd4abcb2a2616a0fc10f6b P 9474b26823ed40ab9ff485c2a35d8b09 [term 0 FOLLOWER]: Consensus starting up: Expiring failure detector timer to make a prompt election more likely
I20260601 13:26:27.656713 31412 raft_consensus.cc:740] T 9ce0d99ceecd4abcb2a2616a0fc10f6b P 9474b26823ed40ab9ff485c2a35d8b09 [term 0 FOLLOWER]: Becoming Follower/Learner. State: Replica: 9474b26823ed40ab9ff485c2a35d8b09, State: Initialized, Role: FOLLOWER
I20260601 13:26:27.656837 31412 consensus_queue.cc:260] T 9ce0d99ceecd4abcb2a2616a0fc10f6b P 9474b26823ed40ab9ff485c2a35d8b09 [NON_LEADER]: Queue going to NON_LEADER mode. State: All replicated index: 0, Majority replicated index: 0, Committed index: 0, Last appended: 0.0, Last appended by leader: 0, Current term: 0, Majority size: -1, State: 0, Mode: NON_LEADER, active raft config: opid_index: -1 OBSOLETE_local: false peers { permanent_uuid: "e8b4fdcf63c743d4b847a47f20420a3d" member_type: VOTER last_known_addr { host: "127.27.153.65" port: 33271 } } peers { permanent_uuid: "9474b26823ed40ab9ff485c2a35d8b09" member_type: VOTER last_known_addr { host: "127.27.153.66" port: 44879 } } peers { permanent_uuid: "bcf6a39cd8a3464b97b46e67dbdf77a5" member_type: VOTER last_known_addr { host: "127.27.153.67" port: 38521 } }
I20260601 13:26:27.657100 31412 ts_tablet_manager.cc:1434] T 9ce0d99ceecd4abcb2a2616a0fc10f6b P 9474b26823ed40ab9ff485c2a35d8b09: Time spent starting tablet: real 0.001s	user 0.000s	sys 0.000s
I20260601 13:26:27.657254 31412 tablet_bootstrap.cc:492] T d7d5d44315314431ad44d64bf202afde P 9474b26823ed40ab9ff485c2a35d8b09: Bootstrap starting.
I20260601 13:26:27.658291 31412 tablet_bootstrap.cc:654] T d7d5d44315314431ad44d64bf202afde P 9474b26823ed40ab9ff485c2a35d8b09: Neither blocks nor log segments found. Creating new log.
I20260601 13:26:27.659411 31412 tablet_bootstrap.cc:492] T d7d5d44315314431ad44d64bf202afde P 9474b26823ed40ab9ff485c2a35d8b09: No bootstrap required, opened a new log
I20260601 13:26:27.659502 31412 ts_tablet_manager.cc:1403] T d7d5d44315314431ad44d64bf202afde P 9474b26823ed40ab9ff485c2a35d8b09: Time spent bootstrapping tablet: real 0.002s	user 0.002s	sys 0.000s
I20260601 13:26:27.659866 31412 raft_consensus.cc:359] T d7d5d44315314431ad44d64bf202afde P 9474b26823ed40ab9ff485c2a35d8b09 [term 0 FOLLOWER]: Replica starting. Triggering 0 pending ops. Active config: opid_index: -1 OBSOLETE_local: false peers { permanent_uuid: "9474b26823ed40ab9ff485c2a35d8b09" member_type: VOTER last_known_addr { host: "127.27.153.66" port: 44879 } } peers { permanent_uuid: "e8b4fdcf63c743d4b847a47f20420a3d" member_type: VOTER last_known_addr { host: "127.27.153.65" port: 33271 } } peers { permanent_uuid: "bcf6a39cd8a3464b97b46e67dbdf77a5" member_type: VOTER last_known_addr { host: "127.27.153.67" port: 38521 } }
I20260601 13:26:27.659983 31412 raft_consensus.cc:385] T d7d5d44315314431ad44d64bf202afde P 9474b26823ed40ab9ff485c2a35d8b09 [term 0 FOLLOWER]: Consensus starting up: Expiring failure detector timer to make a prompt election more likely
I20260601 13:26:27.660032 31412 raft_consensus.cc:740] T d7d5d44315314431ad44d64bf202afde P 9474b26823ed40ab9ff485c2a35d8b09 [term 0 FOLLOWER]: Becoming Follower/Learner. State: Replica: 9474b26823ed40ab9ff485c2a35d8b09, State: Initialized, Role: FOLLOWER
I20260601 13:26:27.660162 31412 consensus_queue.cc:260] T d7d5d44315314431ad44d64bf202afde P 9474b26823ed40ab9ff485c2a35d8b09 [NON_LEADER]: Queue going to NON_LEADER mode. State: All replicated index: 0, Majority replicated index: 0, Committed index: 0, Last appended: 0.0, Last appended by leader: 0, Current term: 0, Majority size: -1, State: 0, Mode: NON_LEADER, active raft config: opid_index: -1 OBSOLETE_local: false peers { permanent_uuid: "9474b26823ed40ab9ff485c2a35d8b09" member_type: VOTER last_known_addr { host: "127.27.153.66" port: 44879 } } peers { permanent_uuid: "e8b4fdcf63c743d4b847a47f20420a3d" member_type: VOTER last_known_addr { host: "127.27.153.65" port: 33271 } } peers { permanent_uuid: "bcf6a39cd8a3464b97b46e67dbdf77a5" member_type: VOTER last_known_addr { host: "127.27.153.67" port: 38521 } }
I20260601 13:26:27.660434 31412 ts_tablet_manager.cc:1434] T d7d5d44315314431ad44d64bf202afde P 9474b26823ed40ab9ff485c2a35d8b09: Time spent starting tablet: real 0.001s	user 0.000s	sys 0.000s
I20260601 13:26:27.673085 31422 raft_consensus.cc:493] T 7aed4a2e65774932a09ec34a555c80b7 P 9474b26823ed40ab9ff485c2a35d8b09 [term 0 FOLLOWER]: Starting pre-election (no leader contacted us within the election timeout)
I20260601 13:26:27.673211 31422 raft_consensus.cc:515] T 7aed4a2e65774932a09ec34a555c80b7 P 9474b26823ed40ab9ff485c2a35d8b09 [term 0 FOLLOWER]: Starting pre-election with config: opid_index: -1 OBSOLETE_local: false peers { permanent_uuid: "e8b4fdcf63c743d4b847a47f20420a3d" member_type: VOTER last_known_addr { host: "127.27.153.65" port: 33271 } } peers { permanent_uuid: "9474b26823ed40ab9ff485c2a35d8b09" member_type: VOTER last_known_addr { host: "127.27.153.66" port: 44879 } } peers { permanent_uuid: "bcf6a39cd8a3464b97b46e67dbdf77a5" member_type: VOTER last_known_addr { host: "127.27.153.67" port: 38521 } }
I20260601 13:26:27.673662 31422 leader_election.cc:290] T 7aed4a2e65774932a09ec34a555c80b7 P 9474b26823ed40ab9ff485c2a35d8b09 [CANDIDATE]: Term 1 pre-election: Requested pre-vote from peers e8b4fdcf63c743d4b847a47f20420a3d (127.27.153.65:33271), bcf6a39cd8a3464b97b46e67dbdf77a5 (127.27.153.67:38521)
I20260601 13:26:27.678309 31366 tablet_service.cc:1917] Received RequestConsensusVote() RPC: tablet_id: "7aed4a2e65774932a09ec34a555c80b7" candidate_uuid: "9474b26823ed40ab9ff485c2a35d8b09" candidate_term: 1 candidate_status { last_received { term: 0 index: 0 } } ignore_live_leader: false dest_uuid: "bcf6a39cd8a3464b97b46e67dbdf77a5" is_pre_election: true
I20260601 13:26:27.678331 31215 tablet_service.cc:1917] Received RequestConsensusVote() RPC: tablet_id: "7aed4a2e65774932a09ec34a555c80b7" candidate_uuid: "9474b26823ed40ab9ff485c2a35d8b09" candidate_term: 1 candidate_status { last_received { term: 0 index: 0 } } ignore_live_leader: false dest_uuid: "e8b4fdcf63c743d4b847a47f20420a3d" is_pre_election: true
I20260601 13:26:27.678519 31366 raft_consensus.cc:2468] T 7aed4a2e65774932a09ec34a555c80b7 P bcf6a39cd8a3464b97b46e67dbdf77a5 [term 0 FOLLOWER]: Leader pre-election vote request: Granting yes vote for candidate 9474b26823ed40ab9ff485c2a35d8b09 in term 0.
I20260601 13:26:27.678568 31215 raft_consensus.cc:2468] T 7aed4a2e65774932a09ec34a555c80b7 P e8b4fdcf63c743d4b847a47f20420a3d [term 0 FOLLOWER]: Leader pre-election vote request: Granting yes vote for candidate 9474b26823ed40ab9ff485c2a35d8b09 in term 0.
I20260601 13:26:27.678872 31256 leader_election.cc:304] T 7aed4a2e65774932a09ec34a555c80b7 P 9474b26823ed40ab9ff485c2a35d8b09 [CANDIDATE]: Term 1 pre-election: Election decided. Result: candidate won. Election summary: received 2 responses out of 3 voters: 2 yes votes; 0 no votes. yes voters: 9474b26823ed40ab9ff485c2a35d8b09, bcf6a39cd8a3464b97b46e67dbdf77a5; no voters: 
I20260601 13:26:27.679035 31422 raft_consensus.cc:2804] T 7aed4a2e65774932a09ec34a555c80b7 P 9474b26823ed40ab9ff485c2a35d8b09 [term 0 FOLLOWER]: Leader pre-election won for term 1
I20260601 13:26:27.679121 31422 raft_consensus.cc:493] T 7aed4a2e65774932a09ec34a555c80b7 P 9474b26823ed40ab9ff485c2a35d8b09 [term 0 FOLLOWER]: Starting leader election (no leader contacted us within the election timeout)
I20260601 13:26:27.679199 31422 raft_consensus.cc:3060] T 7aed4a2e65774932a09ec34a555c80b7 P 9474b26823ed40ab9ff485c2a35d8b09 [term 0 FOLLOWER]: Advancing to term 1
I20260601 13:26:27.680008 31422 raft_consensus.cc:515] T 7aed4a2e65774932a09ec34a555c80b7 P 9474b26823ed40ab9ff485c2a35d8b09 [term 1 FOLLOWER]: Starting leader election with config: opid_index: -1 OBSOLETE_local: false peers { permanent_uuid: "e8b4fdcf63c743d4b847a47f20420a3d" member_type: VOTER last_known_addr { host: "127.27.153.65" port: 33271 } } peers { permanent_uuid: "9474b26823ed40ab9ff485c2a35d8b09" member_type: VOTER last_known_addr { host: "127.27.153.66" port: 44879 } } peers { permanent_uuid: "bcf6a39cd8a3464b97b46e67dbdf77a5" member_type: VOTER last_known_addr { host: "127.27.153.67" port: 38521 } }
I20260601 13:26:27.680354 31422 leader_election.cc:290] T 7aed4a2e65774932a09ec34a555c80b7 P 9474b26823ed40ab9ff485c2a35d8b09 [CANDIDATE]: Term 1 election: Requested vote from peers e8b4fdcf63c743d4b847a47f20420a3d (127.27.153.65:33271), bcf6a39cd8a3464b97b46e67dbdf77a5 (127.27.153.67:38521)
I20260601 13:26:27.680644 31215 tablet_service.cc:1917] Received RequestConsensusVote() RPC: tablet_id: "7aed4a2e65774932a09ec34a555c80b7" candidate_uuid: "9474b26823ed40ab9ff485c2a35d8b09" candidate_term: 1 candidate_status { last_received { term: 0 index: 0 } } ignore_live_leader: false dest_uuid: "e8b4fdcf63c743d4b847a47f20420a3d"
I20260601 13:26:27.680673 31366 tablet_service.cc:1917] Received RequestConsensusVote() RPC: tablet_id: "7aed4a2e65774932a09ec34a555c80b7" candidate_uuid: "9474b26823ed40ab9ff485c2a35d8b09" candidate_term: 1 candidate_status { last_received { term: 0 index: 0 } } ignore_live_leader: false dest_uuid: "bcf6a39cd8a3464b97b46e67dbdf77a5"
I20260601 13:26:27.680735 31215 raft_consensus.cc:3060] T 7aed4a2e65774932a09ec34a555c80b7 P e8b4fdcf63c743d4b847a47f20420a3d [term 0 FOLLOWER]: Advancing to term 1
I20260601 13:26:27.680795 31366 raft_consensus.cc:3060] T 7aed4a2e65774932a09ec34a555c80b7 P bcf6a39cd8a3464b97b46e67dbdf77a5 [term 0 FOLLOWER]: Advancing to term 1
I20260601 13:26:27.681548 31215 raft_consensus.cc:2468] T 7aed4a2e65774932a09ec34a555c80b7 P e8b4fdcf63c743d4b847a47f20420a3d [term 1 FOLLOWER]: Leader election vote request: Granting yes vote for candidate 9474b26823ed40ab9ff485c2a35d8b09 in term 1.
I20260601 13:26:27.681674 31366 raft_consensus.cc:2468] T 7aed4a2e65774932a09ec34a555c80b7 P bcf6a39cd8a3464b97b46e67dbdf77a5 [term 1 FOLLOWER]: Leader election vote request: Granting yes vote for candidate 9474b26823ed40ab9ff485c2a35d8b09 in term 1.
I20260601 13:26:27.681872 31255 leader_election.cc:304] T 7aed4a2e65774932a09ec34a555c80b7 P 9474b26823ed40ab9ff485c2a35d8b09 [CANDIDATE]: Term 1 election: Election decided. Result: candidate won. Election summary: received 2 responses out of 3 voters: 2 yes votes; 0 no votes. yes voters: 9474b26823ed40ab9ff485c2a35d8b09, e8b4fdcf63c743d4b847a47f20420a3d; no voters: 
I20260601 13:26:27.682085 31422 raft_consensus.cc:2804] T 7aed4a2e65774932a09ec34a555c80b7 P 9474b26823ed40ab9ff485c2a35d8b09 [term 1 FOLLOWER]: Leader election won for term 1
I20260601 13:26:27.682354 31422 raft_consensus.cc:697] T 7aed4a2e65774932a09ec34a555c80b7 P 9474b26823ed40ab9ff485c2a35d8b09 [term 1 LEADER]: Becoming Leader. State: Replica: 9474b26823ed40ab9ff485c2a35d8b09, State: Running, Role: LEADER
I20260601 13:26:27.682528 31422 consensus_queue.cc:237] T 7aed4a2e65774932a09ec34a555c80b7 P 9474b26823ed40ab9ff485c2a35d8b09 [LEADER]: Queue going to LEADER mode. State: All replicated index: 0, Majority replicated index: 0, Committed index: 0, Last appended: 0.0, Last appended by leader: 0, Current term: 1, Majority size: 2, State: 0, Mode: LEADER, active raft config: opid_index: -1 OBSOLETE_local: false peers { permanent_uuid: "e8b4fdcf63c743d4b847a47f20420a3d" member_type: VOTER last_known_addr { host: "127.27.153.65" port: 33271 } } peers { permanent_uuid: "9474b26823ed40ab9ff485c2a35d8b09" member_type: VOTER last_known_addr { host: "127.27.153.66" port: 44879 } } peers { permanent_uuid: "bcf6a39cd8a3464b97b46e67dbdf77a5" member_type: VOTER last_known_addr { host: "127.27.153.67" port: 38521 } }
I20260601 13:26:27.684228 31110 catalog_manager.cc:5696] T 7aed4a2e65774932a09ec34a555c80b7 P 9474b26823ed40ab9ff485c2a35d8b09 reported cstate change: term changed from 0 to 1, leader changed from <none> to 9474b26823ed40ab9ff485c2a35d8b09 (127.27.153.66). New cstate: current_term: 1 leader_uuid: "9474b26823ed40ab9ff485c2a35d8b09" committed_config { opid_index: -1 OBSOLETE_local: false peers { permanent_uuid: "e8b4fdcf63c743d4b847a47f20420a3d" member_type: VOTER last_known_addr { host: "127.27.153.65" port: 33271 } health_report { overall_health: UNKNOWN } } peers { permanent_uuid: "9474b26823ed40ab9ff485c2a35d8b09" member_type: VOTER last_known_addr { host: "127.27.153.66" port: 44879 } health_report { overall_health: HEALTHY } } peers { permanent_uuid: "bcf6a39cd8a3464b97b46e67dbdf77a5" member_type: VOTER last_known_addr { host: "127.27.153.67" port: 38521 } health_report { overall_health: UNKNOWN } } }
I20260601 13:26:27.686156 31418 raft_consensus.cc:493] T 3f834f02a1c247398862698eec3852f3 P bcf6a39cd8a3464b97b46e67dbdf77a5 [term 0 FOLLOWER]: Starting pre-election (no leader contacted us within the election timeout)
I20260601 13:26:27.686285 31418 raft_consensus.cc:515] T 3f834f02a1c247398862698eec3852f3 P bcf6a39cd8a3464b97b46e67dbdf77a5 [term 0 FOLLOWER]: Starting pre-election with config: opid_index: -1 OBSOLETE_local: false peers { permanent_uuid: "9474b26823ed40ab9ff485c2a35d8b09" member_type: VOTER last_known_addr { host: "127.27.153.66" port: 44879 } } peers { permanent_uuid: "e8b4fdcf63c743d4b847a47f20420a3d" member_type: VOTER last_known_addr { host: "127.27.153.65" port: 33271 } } peers { permanent_uuid: "bcf6a39cd8a3464b97b46e67dbdf77a5" member_type: VOTER last_known_addr { host: "127.27.153.67" port: 38521 } }
I20260601 13:26:27.686755 31418 leader_election.cc:290] T 3f834f02a1c247398862698eec3852f3 P bcf6a39cd8a3464b97b46e67dbdf77a5 [CANDIDATE]: Term 1 pre-election: Requested pre-vote from peers 9474b26823ed40ab9ff485c2a35d8b09 (127.27.153.66:44879), e8b4fdcf63c743d4b847a47f20420a3d (127.27.153.65:33271)
I20260601 13:26:27.691398 31291 tablet_service.cc:1917] Received RequestConsensusVote() RPC: tablet_id: "3f834f02a1c247398862698eec3852f3" candidate_uuid: "bcf6a39cd8a3464b97b46e67dbdf77a5" candidate_term: 1 candidate_status { last_received { term: 0 index: 0 } } ignore_live_leader: false dest_uuid: "9474b26823ed40ab9ff485c2a35d8b09" is_pre_election: true
I20260601 13:26:27.691532 31291 raft_consensus.cc:2468] T 3f834f02a1c247398862698eec3852f3 P 9474b26823ed40ab9ff485c2a35d8b09 [term 0 FOLLOWER]: Leader pre-election vote request: Granting yes vote for candidate bcf6a39cd8a3464b97b46e67dbdf77a5 in term 0.
I20260601 13:26:27.691869 31330 leader_election.cc:304] T 3f834f02a1c247398862698eec3852f3 P bcf6a39cd8a3464b97b46e67dbdf77a5 [CANDIDATE]: Term 1 pre-election: Election decided. Result: candidate won. Election summary: received 2 responses out of 3 voters: 2 yes votes; 0 no votes. yes voters: 9474b26823ed40ab9ff485c2a35d8b09, bcf6a39cd8a3464b97b46e67dbdf77a5; no voters: 
I20260601 13:26:27.691932 31215 tablet_service.cc:1917] Received RequestConsensusVote() RPC: tablet_id: "3f834f02a1c247398862698eec3852f3" candidate_uuid: "bcf6a39cd8a3464b97b46e67dbdf77a5" candidate_term: 1 candidate_status { last_received { term: 0 index: 0 } } ignore_live_leader: false dest_uuid: "e8b4fdcf63c743d4b847a47f20420a3d" is_pre_election: true
I20260601 13:26:27.692058 31215 raft_consensus.cc:2468] T 3f834f02a1c247398862698eec3852f3 P e8b4fdcf63c743d4b847a47f20420a3d [term 0 FOLLOWER]: Leader pre-election vote request: Granting yes vote for candidate bcf6a39cd8a3464b97b46e67dbdf77a5 in term 0.
I20260601 13:26:27.692078 31418 raft_consensus.cc:2804] T 3f834f02a1c247398862698eec3852f3 P bcf6a39cd8a3464b97b46e67dbdf77a5 [term 0 FOLLOWER]: Leader pre-election won for term 1
I20260601 13:26:27.692143 31418 raft_consensus.cc:493] T 3f834f02a1c247398862698eec3852f3 P bcf6a39cd8a3464b97b46e67dbdf77a5 [term 0 FOLLOWER]: Starting leader election (no leader contacted us within the election timeout)
I20260601 13:26:27.692184 31418 raft_consensus.cc:3060] T 3f834f02a1c247398862698eec3852f3 P bcf6a39cd8a3464b97b46e67dbdf77a5 [term 0 FOLLOWER]: Advancing to term 1
I20260601 13:26:27.693077 31418 raft_consensus.cc:515] T 3f834f02a1c247398862698eec3852f3 P bcf6a39cd8a3464b97b46e67dbdf77a5 [term 1 FOLLOWER]: Starting leader election with config: opid_index: -1 OBSOLETE_local: false peers { permanent_uuid: "9474b26823ed40ab9ff485c2a35d8b09" member_type: VOTER last_known_addr { host: "127.27.153.66" port: 44879 } } peers { permanent_uuid: "e8b4fdcf63c743d4b847a47f20420a3d" member_type: VOTER last_known_addr { host: "127.27.153.65" port: 33271 } } peers { permanent_uuid: "bcf6a39cd8a3464b97b46e67dbdf77a5" member_type: VOTER last_known_addr { host: "127.27.153.67" port: 38521 } }
I20260601 13:26:27.693406 31418 leader_election.cc:290] T 3f834f02a1c247398862698eec3852f3 P bcf6a39cd8a3464b97b46e67dbdf77a5 [CANDIDATE]: Term 1 election: Requested vote from peers 9474b26823ed40ab9ff485c2a35d8b09 (127.27.153.66:44879), e8b4fdcf63c743d4b847a47f20420a3d (127.27.153.65:33271)
I20260601 13:26:27.693686 31291 tablet_service.cc:1917] Received RequestConsensusVote() RPC: tablet_id: "3f834f02a1c247398862698eec3852f3" candidate_uuid: "bcf6a39cd8a3464b97b46e67dbdf77a5" candidate_term: 1 candidate_status { last_received { term: 0 index: 0 } } ignore_live_leader: false dest_uuid: "9474b26823ed40ab9ff485c2a35d8b09"
I20260601 13:26:27.693783 31291 raft_consensus.cc:3060] T 3f834f02a1c247398862698eec3852f3 P 9474b26823ed40ab9ff485c2a35d8b09 [term 0 FOLLOWER]: Advancing to term 1
I20260601 13:26:27.693787 31215 tablet_service.cc:1917] Received RequestConsensusVote() RPC: tablet_id: "3f834f02a1c247398862698eec3852f3" candidate_uuid: "bcf6a39cd8a3464b97b46e67dbdf77a5" candidate_term: 1 candidate_status { last_received { term: 0 index: 0 } } ignore_live_leader: false dest_uuid: "e8b4fdcf63c743d4b847a47f20420a3d"
I20260601 13:26:27.693943 31215 raft_consensus.cc:3060] T 3f834f02a1c247398862698eec3852f3 P e8b4fdcf63c743d4b847a47f20420a3d [term 0 FOLLOWER]: Advancing to term 1
I20260601 13:26:27.694608 31291 raft_consensus.cc:2468] T 3f834f02a1c247398862698eec3852f3 P 9474b26823ed40ab9ff485c2a35d8b09 [term 1 FOLLOWER]: Leader election vote request: Granting yes vote for candidate bcf6a39cd8a3464b97b46e67dbdf77a5 in term 1.
I20260601 13:26:27.694685 31215 raft_consensus.cc:2468] T 3f834f02a1c247398862698eec3852f3 P e8b4fdcf63c743d4b847a47f20420a3d [term 1 FOLLOWER]: Leader election vote request: Granting yes vote for candidate bcf6a39cd8a3464b97b46e67dbdf77a5 in term 1.
I20260601 13:26:27.694911 31330 leader_election.cc:304] T 3f834f02a1c247398862698eec3852f3 P bcf6a39cd8a3464b97b46e67dbdf77a5 [CANDIDATE]: Term 1 election: Election decided. Result: candidate won. Election summary: received 2 responses out of 3 voters: 2 yes votes; 0 no votes. yes voters: 9474b26823ed40ab9ff485c2a35d8b09, bcf6a39cd8a3464b97b46e67dbdf77a5; no voters: 
I20260601 13:26:27.695075 31418 raft_consensus.cc:2804] T 3f834f02a1c247398862698eec3852f3 P bcf6a39cd8a3464b97b46e67dbdf77a5 [term 1 FOLLOWER]: Leader election won for term 1
I20260601 13:26:27.695349 31418 raft_consensus.cc:697] T 3f834f02a1c247398862698eec3852f3 P bcf6a39cd8a3464b97b46e67dbdf77a5 [term 1 LEADER]: Becoming Leader. State: Replica: bcf6a39cd8a3464b97b46e67dbdf77a5, State: Running, Role: LEADER
I20260601 13:26:27.695504 31418 consensus_queue.cc:237] T 3f834f02a1c247398862698eec3852f3 P bcf6a39cd8a3464b97b46e67dbdf77a5 [LEADER]: Queue going to LEADER mode. State: All replicated index: 0, Majority replicated index: 0, Committed index: 0, Last appended: 0.0, Last appended by leader: 0, Current term: 1, Majority size: 2, State: 0, Mode: LEADER, active raft config: opid_index: -1 OBSOLETE_local: false peers { permanent_uuid: "9474b26823ed40ab9ff485c2a35d8b09" member_type: VOTER last_known_addr { host: "127.27.153.66" port: 44879 } } peers { permanent_uuid: "e8b4fdcf63c743d4b847a47f20420a3d" member_type: VOTER last_known_addr { host: "127.27.153.65" port: 33271 } } peers { permanent_uuid: "bcf6a39cd8a3464b97b46e67dbdf77a5" member_type: VOTER last_known_addr { host: "127.27.153.67" port: 38521 } }
I20260601 13:26:27.697065 31110 catalog_manager.cc:5696] T 3f834f02a1c247398862698eec3852f3 P bcf6a39cd8a3464b97b46e67dbdf77a5 reported cstate change: term changed from 0 to 1, leader changed from <none> to bcf6a39cd8a3464b97b46e67dbdf77a5 (127.27.153.67). New cstate: current_term: 1 leader_uuid: "bcf6a39cd8a3464b97b46e67dbdf77a5" committed_config { opid_index: -1 OBSOLETE_local: false peers { permanent_uuid: "9474b26823ed40ab9ff485c2a35d8b09" member_type: VOTER last_known_addr { host: "127.27.153.66" port: 44879 } health_report { overall_health: UNKNOWN } } peers { permanent_uuid: "e8b4fdcf63c743d4b847a47f20420a3d" member_type: VOTER last_known_addr { host: "127.27.153.65" port: 33271 } health_report { overall_health: UNKNOWN } } peers { permanent_uuid: "bcf6a39cd8a3464b97b46e67dbdf77a5" member_type: VOTER last_known_addr { host: "127.27.153.67" port: 38521 } health_report { overall_health: HEALTHY } } }
I20260601 13:26:27.716270 31422 raft_consensus.cc:493] T d7d5d44315314431ad44d64bf202afde P 9474b26823ed40ab9ff485c2a35d8b09 [term 0 FOLLOWER]: Starting pre-election (no leader contacted us within the election timeout)
I20260601 13:26:27.716418 31422 raft_consensus.cc:515] T d7d5d44315314431ad44d64bf202afde P 9474b26823ed40ab9ff485c2a35d8b09 [term 0 FOLLOWER]: Starting pre-election with config: opid_index: -1 OBSOLETE_local: false peers { permanent_uuid: "9474b26823ed40ab9ff485c2a35d8b09" member_type: VOTER last_known_addr { host: "127.27.153.66" port: 44879 } } peers { permanent_uuid: "e8b4fdcf63c743d4b847a47f20420a3d" member_type: VOTER last_known_addr { host: "127.27.153.65" port: 33271 } } peers { permanent_uuid: "bcf6a39cd8a3464b97b46e67dbdf77a5" member_type: VOTER last_known_addr { host: "127.27.153.67" port: 38521 } }
I20260601 13:26:27.716843 31422 leader_election.cc:290] T d7d5d44315314431ad44d64bf202afde P 9474b26823ed40ab9ff485c2a35d8b09 [CANDIDATE]: Term 1 pre-election: Requested pre-vote from peers e8b4fdcf63c743d4b847a47f20420a3d (127.27.153.65:33271), bcf6a39cd8a3464b97b46e67dbdf77a5 (127.27.153.67:38521)
I20260601 13:26:27.717176 31215 tablet_service.cc:1917] Received RequestConsensusVote() RPC: tablet_id: "d7d5d44315314431ad44d64bf202afde" candidate_uuid: "9474b26823ed40ab9ff485c2a35d8b09" candidate_term: 1 candidate_status { last_received { term: 0 index: 0 } } ignore_live_leader: false dest_uuid: "e8b4fdcf63c743d4b847a47f20420a3d" is_pre_election: true
I20260601 13:26:27.717185 31366 tablet_service.cc:1917] Received RequestConsensusVote() RPC: tablet_id: "d7d5d44315314431ad44d64bf202afde" candidate_uuid: "9474b26823ed40ab9ff485c2a35d8b09" candidate_term: 1 candidate_status { last_received { term: 0 index: 0 } } ignore_live_leader: false dest_uuid: "bcf6a39cd8a3464b97b46e67dbdf77a5" is_pre_election: true
I20260601 13:26:27.717294 31215 raft_consensus.cc:2468] T d7d5d44315314431ad44d64bf202afde P e8b4fdcf63c743d4b847a47f20420a3d [term 0 FOLLOWER]: Leader pre-election vote request: Granting yes vote for candidate 9474b26823ed40ab9ff485c2a35d8b09 in term 0.
I20260601 13:26:27.717394 31366 raft_consensus.cc:2468] T d7d5d44315314431ad44d64bf202afde P bcf6a39cd8a3464b97b46e67dbdf77a5 [term 0 FOLLOWER]: Leader pre-election vote request: Granting yes vote for candidate 9474b26823ed40ab9ff485c2a35d8b09 in term 0.
I20260601 13:26:27.717639 31255 leader_election.cc:304] T d7d5d44315314431ad44d64bf202afde P 9474b26823ed40ab9ff485c2a35d8b09 [CANDIDATE]: Term 1 pre-election: Election decided. Result: candidate won. Election summary: received 2 responses out of 3 voters: 2 yes votes; 0 no votes. yes voters: 9474b26823ed40ab9ff485c2a35d8b09, e8b4fdcf63c743d4b847a47f20420a3d; no voters: 
I20260601 13:26:27.717814 31422 raft_consensus.cc:2804] T d7d5d44315314431ad44d64bf202afde P 9474b26823ed40ab9ff485c2a35d8b09 [term 0 FOLLOWER]: Leader pre-election won for term 1
I20260601 13:26:27.717872 31422 raft_consensus.cc:493] T d7d5d44315314431ad44d64bf202afde P 9474b26823ed40ab9ff485c2a35d8b09 [term 0 FOLLOWER]: Starting leader election (no leader contacted us within the election timeout)
I20260601 13:26:27.717926 31422 raft_consensus.cc:3060] T d7d5d44315314431ad44d64bf202afde P 9474b26823ed40ab9ff485c2a35d8b09 [term 0 FOLLOWER]: Advancing to term 1
I20260601 13:26:27.718791 31422 raft_consensus.cc:515] T d7d5d44315314431ad44d64bf202afde P 9474b26823ed40ab9ff485c2a35d8b09 [term 1 FOLLOWER]: Starting leader election with config: opid_index: -1 OBSOLETE_local: false peers { permanent_uuid: "9474b26823ed40ab9ff485c2a35d8b09" member_type: VOTER last_known_addr { host: "127.27.153.66" port: 44879 } } peers { permanent_uuid: "e8b4fdcf63c743d4b847a47f20420a3d" member_type: VOTER last_known_addr { host: "127.27.153.65" port: 33271 } } peers { permanent_uuid: "bcf6a39cd8a3464b97b46e67dbdf77a5" member_type: VOTER last_known_addr { host: "127.27.153.67" port: 38521 } }
I20260601 13:26:27.719197 31422 leader_election.cc:290] T d7d5d44315314431ad44d64bf202afde P 9474b26823ed40ab9ff485c2a35d8b09 [CANDIDATE]: Term 1 election: Requested vote from peers e8b4fdcf63c743d4b847a47f20420a3d (127.27.153.65:33271), bcf6a39cd8a3464b97b46e67dbdf77a5 (127.27.153.67:38521)
I20260601 13:26:27.719513 31366 tablet_service.cc:1917] Received RequestConsensusVote() RPC: tablet_id: "d7d5d44315314431ad44d64bf202afde" candidate_uuid: "9474b26823ed40ab9ff485c2a35d8b09" candidate_term: 1 candidate_status { last_received { term: 0 index: 0 } } ignore_live_leader: false dest_uuid: "bcf6a39cd8a3464b97b46e67dbdf77a5"
I20260601 13:26:27.719614 31366 raft_consensus.cc:3060] T d7d5d44315314431ad44d64bf202afde P bcf6a39cd8a3464b97b46e67dbdf77a5 [term 0 FOLLOWER]: Advancing to term 1
I20260601 13:26:27.719441 31215 tablet_service.cc:1917] Received RequestConsensusVote() RPC: tablet_id: "d7d5d44315314431ad44d64bf202afde" candidate_uuid: "9474b26823ed40ab9ff485c2a35d8b09" candidate_term: 1 candidate_status { last_received { term: 0 index: 0 } } ignore_live_leader: false dest_uuid: "e8b4fdcf63c743d4b847a47f20420a3d"
I20260601 13:26:27.719703 31215 raft_consensus.cc:3060] T d7d5d44315314431ad44d64bf202afde P e8b4fdcf63c743d4b847a47f20420a3d [term 0 FOLLOWER]: Advancing to term 1
I20260601 13:26:27.720423 31366 raft_consensus.cc:2468] T d7d5d44315314431ad44d64bf202afde P bcf6a39cd8a3464b97b46e67dbdf77a5 [term 1 FOLLOWER]: Leader election vote request: Granting yes vote for candidate 9474b26823ed40ab9ff485c2a35d8b09 in term 1.
I20260601 13:26:27.720446 31215 raft_consensus.cc:2468] T d7d5d44315314431ad44d64bf202afde P e8b4fdcf63c743d4b847a47f20420a3d [term 1 FOLLOWER]: Leader election vote request: Granting yes vote for candidate 9474b26823ed40ab9ff485c2a35d8b09 in term 1.
I20260601 13:26:27.720707 31255 leader_election.cc:304] T d7d5d44315314431ad44d64bf202afde P 9474b26823ed40ab9ff485c2a35d8b09 [CANDIDATE]: Term 1 election: Election decided. Result: candidate won. Election summary: received 2 responses out of 3 voters: 2 yes votes; 0 no votes. yes voters: 9474b26823ed40ab9ff485c2a35d8b09, e8b4fdcf63c743d4b847a47f20420a3d; no voters: 
I20260601 13:26:27.720870 31422 raft_consensus.cc:2804] T d7d5d44315314431ad44d64bf202afde P 9474b26823ed40ab9ff485c2a35d8b09 [term 1 FOLLOWER]: Leader election won for term 1
I20260601 13:26:27.720974 31422 raft_consensus.cc:697] T d7d5d44315314431ad44d64bf202afde P 9474b26823ed40ab9ff485c2a35d8b09 [term 1 LEADER]: Becoming Leader. State: Replica: 9474b26823ed40ab9ff485c2a35d8b09, State: Running, Role: LEADER
I20260601 13:26:27.721109 31422 consensus_queue.cc:237] T d7d5d44315314431ad44d64bf202afde P 9474b26823ed40ab9ff485c2a35d8b09 [LEADER]: Queue going to LEADER mode. State: All replicated index: 0, Majority replicated index: 0, Committed index: 0, Last appended: 0.0, Last appended by leader: 0, Current term: 1, Majority size: 2, State: 0, Mode: LEADER, active raft config: opid_index: -1 OBSOLETE_local: false peers { permanent_uuid: "9474b26823ed40ab9ff485c2a35d8b09" member_type: VOTER last_known_addr { host: "127.27.153.66" port: 44879 } } peers { permanent_uuid: "e8b4fdcf63c743d4b847a47f20420a3d" member_type: VOTER last_known_addr { host: "127.27.153.65" port: 33271 } } peers { permanent_uuid: "bcf6a39cd8a3464b97b46e67dbdf77a5" member_type: VOTER last_known_addr { host: "127.27.153.67" port: 38521 } }
I20260601 13:26:27.722729 31110 catalog_manager.cc:5696] T d7d5d44315314431ad44d64bf202afde P 9474b26823ed40ab9ff485c2a35d8b09 reported cstate change: term changed from 0 to 1, leader changed from <none> to 9474b26823ed40ab9ff485c2a35d8b09 (127.27.153.66). New cstate: current_term: 1 leader_uuid: "9474b26823ed40ab9ff485c2a35d8b09" committed_config { opid_index: -1 OBSOLETE_local: false peers { permanent_uuid: "9474b26823ed40ab9ff485c2a35d8b09" member_type: VOTER last_known_addr { host: "127.27.153.66" port: 44879 } health_report { overall_health: HEALTHY } } peers { permanent_uuid: "e8b4fdcf63c743d4b847a47f20420a3d" member_type: VOTER last_known_addr { host: "127.27.153.65" port: 33271 } health_report { overall_health: UNKNOWN } } peers { permanent_uuid: "bcf6a39cd8a3464b97b46e67dbdf77a5" member_type: VOTER last_known_addr { host: "127.27.153.67" port: 38521 } health_report { overall_health: UNKNOWN } } }
I20260601 13:26:27.765290 31418 raft_consensus.cc:493] T 3c841878959140eba7067a83bd7a9d5a P bcf6a39cd8a3464b97b46e67dbdf77a5 [term 0 FOLLOWER]: Starting pre-election (no leader contacted us within the election timeout)
I20260601 13:26:27.765447 31418 raft_consensus.cc:515] T 3c841878959140eba7067a83bd7a9d5a P bcf6a39cd8a3464b97b46e67dbdf77a5 [term 0 FOLLOWER]: Starting pre-election with config: opid_index: -1 OBSOLETE_local: false peers { permanent_uuid: "9474b26823ed40ab9ff485c2a35d8b09" member_type: VOTER last_known_addr { host: "127.27.153.66" port: 44879 } } peers { permanent_uuid: "e8b4fdcf63c743d4b847a47f20420a3d" member_type: VOTER last_known_addr { host: "127.27.153.65" port: 33271 } } peers { permanent_uuid: "bcf6a39cd8a3464b97b46e67dbdf77a5" member_type: VOTER last_known_addr { host: "127.27.153.67" port: 38521 } }
I20260601 13:26:27.765959 31418 leader_election.cc:290] T 3c841878959140eba7067a83bd7a9d5a P bcf6a39cd8a3464b97b46e67dbdf77a5 [CANDIDATE]: Term 1 pre-election: Requested pre-vote from peers 9474b26823ed40ab9ff485c2a35d8b09 (127.27.153.66:44879), e8b4fdcf63c743d4b847a47f20420a3d (127.27.153.65:33271)
I20260601 13:26:27.766554 31215 tablet_service.cc:1917] Received RequestConsensusVote() RPC: tablet_id: "3c841878959140eba7067a83bd7a9d5a" candidate_uuid: "bcf6a39cd8a3464b97b46e67dbdf77a5" candidate_term: 1 candidate_status { last_received { term: 0 index: 0 } } ignore_live_leader: false dest_uuid: "e8b4fdcf63c743d4b847a47f20420a3d" is_pre_election: true
