I20260601 13:21:48.186717 12703 leader_election.cc:304] T 91290ebb9d594b73ad6d71fca8fb2174 P e55be26f03f6403798dc3bdf2ee25f01 [CANDIDATE]: Term 1 election: Election decided. Result: candidate won. Election summary: received 2 responses out of 3 voters: 2 yes votes; 0 no votes. yes voters: 8f856ee335ef4d55a3684d8173506fb8, e55be26f03f6403798dc3bdf2ee25f01; no voters: 
I20260601 13:21:48.186880 12942 raft_consensus.cc:2804] T 91290ebb9d594b73ad6d71fca8fb2174 P e55be26f03f6403798dc3bdf2ee25f01 [term 1 FOLLOWER]: Leader election won for term 1
I20260601 13:21:48.187080 12942 raft_consensus.cc:697] T 91290ebb9d594b73ad6d71fca8fb2174 P e55be26f03f6403798dc3bdf2ee25f01 [term 1 LEADER]: Becoming Leader. State: Replica: e55be26f03f6403798dc3bdf2ee25f01, State: Running, Role: LEADER
I20260601 13:21:48.187202 12942 consensus_queue.cc:237] T 91290ebb9d594b73ad6d71fca8fb2174 P e55be26f03f6403798dc3bdf2ee25f01 [LEADER]: Queue going to LEADER mode. State: All replicated index: 0, Majority replicated index: 0, Committed index: 0, Last appended: 0.0, Last appended by leader: 0, Current term: 1, Majority size: 2, State: 0, Mode: LEADER, active raft config: opid_index: -1 OBSOLETE_local: false peers { permanent_uuid: "e55be26f03f6403798dc3bdf2ee25f01" member_type: VOTER last_known_addr { host: "127.9.228.1" port: 35623 } } peers { permanent_uuid: "4bbc330c80a5483fbe300e6ec313b80e" member_type: VOTER last_known_addr { host: "127.9.228.2" port: 44703 } } peers { permanent_uuid: "8f856ee335ef4d55a3684d8173506fb8" member_type: VOTER last_known_addr { host: "127.9.228.3" port: 35039 } }
I20260601 13:21:48.188567 12632 catalog_manager.cc:5696] T 91290ebb9d594b73ad6d71fca8fb2174 P e55be26f03f6403798dc3bdf2ee25f01 reported cstate change: term changed from 0 to 1, leader changed from <none> to e55be26f03f6403798dc3bdf2ee25f01 (127.9.228.1). New cstate: current_term: 1 leader_uuid: "e55be26f03f6403798dc3bdf2ee25f01" committed_config { opid_index: -1 OBSOLETE_local: false peers { permanent_uuid: "e55be26f03f6403798dc3bdf2ee25f01" member_type: VOTER last_known_addr { host: "127.9.228.1" port: 35623 } health_report { overall_health: HEALTHY } } peers { permanent_uuid: "4bbc330c80a5483fbe300e6ec313b80e" member_type: VOTER last_known_addr { host: "127.9.228.2" port: 44703 } health_report { overall_health: UNKNOWN } } peers { permanent_uuid: "8f856ee335ef4d55a3684d8173506fb8" member_type: VOTER last_known_addr { host: "127.9.228.3" port: 35039 } health_report { overall_health: UNKNOWN } } }
I20260601 13:21:48.204326 12942 raft_consensus.cc:493] T 30618478071d45b393ba70bfe350deb6 P e55be26f03f6403798dc3bdf2ee25f01 [term 0 FOLLOWER]: Starting pre-election (no leader contacted us within the election timeout)
I20260601 13:21:48.204502 12942 raft_consensus.cc:515] T 30618478071d45b393ba70bfe350deb6 P e55be26f03f6403798dc3bdf2ee25f01 [term 0 FOLLOWER]: Starting pre-election with config: opid_index: -1 OBSOLETE_local: false peers { permanent_uuid: "e55be26f03f6403798dc3bdf2ee25f01" member_type: VOTER last_known_addr { host: "127.9.228.1" port: 35623 } } peers { permanent_uuid: "4bbc330c80a5483fbe300e6ec313b80e" member_type: VOTER last_known_addr { host: "127.9.228.2" port: 44703 } } peers { permanent_uuid: "8f856ee335ef4d55a3684d8173506fb8" member_type: VOTER last_known_addr { host: "127.9.228.3" port: 35039 } }
I20260601 13:21:48.205179 12942 leader_election.cc:290] T 30618478071d45b393ba70bfe350deb6 P e55be26f03f6403798dc3bdf2ee25f01 [CANDIDATE]: Term 1 pre-election: Requested pre-vote from peers 4bbc330c80a5483fbe300e6ec313b80e (127.9.228.2:44703), 8f856ee335ef4d55a3684d8173506fb8 (127.9.228.3:35039)
I20260601 13:21:48.205636 12888 tablet_service.cc:1917] Received RequestConsensusVote() RPC: tablet_id: "30618478071d45b393ba70bfe350deb6" candidate_uuid: "e55be26f03f6403798dc3bdf2ee25f01" candidate_term: 1 candidate_status { last_received { term: 0 index: 0 } } ignore_live_leader: false dest_uuid: "8f856ee335ef4d55a3684d8173506fb8" is_pre_election: true
I20260601 13:21:48.205662 12813 tablet_service.cc:1917] Received RequestConsensusVote() RPC: tablet_id: "30618478071d45b393ba70bfe350deb6" candidate_uuid: "e55be26f03f6403798dc3bdf2ee25f01" candidate_term: 1 candidate_status { last_received { term: 0 index: 0 } } ignore_live_leader: false dest_uuid: "4bbc330c80a5483fbe300e6ec313b80e" is_pre_election: true
I20260601 13:21:48.205837 12888 raft_consensus.cc:2468] T 30618478071d45b393ba70bfe350deb6 P 8f856ee335ef4d55a3684d8173506fb8 [term 0 FOLLOWER]: Leader pre-election vote request: Granting yes vote for candidate e55be26f03f6403798dc3bdf2ee25f01 in term 0.
I20260601 13:21:48.205873 12813 raft_consensus.cc:2468] T 30618478071d45b393ba70bfe350deb6 P 4bbc330c80a5483fbe300e6ec313b80e [term 0 FOLLOWER]: Leader pre-election vote request: Granting yes vote for candidate e55be26f03f6403798dc3bdf2ee25f01 in term 0.
I20260601 13:21:48.206168 12703 leader_election.cc:304] T 30618478071d45b393ba70bfe350deb6 P e55be26f03f6403798dc3bdf2ee25f01 [CANDIDATE]: Term 1 pre-election: Election decided. Result: candidate won. Election summary: received 2 responses out of 3 voters: 2 yes votes; 0 no votes. yes voters: 8f856ee335ef4d55a3684d8173506fb8, e55be26f03f6403798dc3bdf2ee25f01; no voters: 
I20260601 13:21:48.206353 12942 raft_consensus.cc:2804] T 30618478071d45b393ba70bfe350deb6 P e55be26f03f6403798dc3bdf2ee25f01 [term 0 FOLLOWER]: Leader pre-election won for term 1
I20260601 13:21:48.206406 12942 raft_consensus.cc:493] T 30618478071d45b393ba70bfe350deb6 P e55be26f03f6403798dc3bdf2ee25f01 [term 0 FOLLOWER]: Starting leader election (no leader contacted us within the election timeout)
I20260601 13:21:48.206434 12942 raft_consensus.cc:3060] T 30618478071d45b393ba70bfe350deb6 P e55be26f03f6403798dc3bdf2ee25f01 [term 0 FOLLOWER]: Advancing to term 1
I20260601 13:21:48.207366 12942 raft_consensus.cc:515] T 30618478071d45b393ba70bfe350deb6 P e55be26f03f6403798dc3bdf2ee25f01 [term 1 FOLLOWER]: Starting leader election with config: opid_index: -1 OBSOLETE_local: false peers { permanent_uuid: "e55be26f03f6403798dc3bdf2ee25f01" member_type: VOTER last_known_addr { host: "127.9.228.1" port: 35623 } } peers { permanent_uuid: "4bbc330c80a5483fbe300e6ec313b80e" member_type: VOTER last_known_addr { host: "127.9.228.2" port: 44703 } } peers { permanent_uuid: "8f856ee335ef4d55a3684d8173506fb8" member_type: VOTER last_known_addr { host: "127.9.228.3" port: 35039 } }
I20260601 13:21:48.207813 12942 leader_election.cc:290] T 30618478071d45b393ba70bfe350deb6 P e55be26f03f6403798dc3bdf2ee25f01 [CANDIDATE]: Term 1 election: Requested vote from peers 4bbc330c80a5483fbe300e6ec313b80e (127.9.228.2:44703), 8f856ee335ef4d55a3684d8173506fb8 (127.9.228.3:35039)
I20260601 13:21:48.208148 12813 tablet_service.cc:1917] Received RequestConsensusVote() RPC: tablet_id: "30618478071d45b393ba70bfe350deb6" candidate_uuid: "e55be26f03f6403798dc3bdf2ee25f01" candidate_term: 1 candidate_status { last_received { term: 0 index: 0 } } ignore_live_leader: false dest_uuid: "4bbc330c80a5483fbe300e6ec313b80e"
I20260601 13:21:48.208199 12888 tablet_service.cc:1917] Received RequestConsensusVote() RPC: tablet_id: "30618478071d45b393ba70bfe350deb6" candidate_uuid: "e55be26f03f6403798dc3bdf2ee25f01" candidate_term: 1 candidate_status { last_received { term: 0 index: 0 } } ignore_live_leader: false dest_uuid: "8f856ee335ef4d55a3684d8173506fb8"
I20260601 13:21:48.208307 12813 raft_consensus.cc:3060] T 30618478071d45b393ba70bfe350deb6 P 4bbc330c80a5483fbe300e6ec313b80e [term 0 FOLLOWER]: Advancing to term 1
I20260601 13:21:48.208343 12888 raft_consensus.cc:3060] T 30618478071d45b393ba70bfe350deb6 P 8f856ee335ef4d55a3684d8173506fb8 [term 0 FOLLOWER]: Advancing to term 1
I20260601 13:21:48.209095 12813 raft_consensus.cc:2468] T 30618478071d45b393ba70bfe350deb6 P 4bbc330c80a5483fbe300e6ec313b80e [term 1 FOLLOWER]: Leader election vote request: Granting yes vote for candidate e55be26f03f6403798dc3bdf2ee25f01 in term 1.
I20260601 13:21:48.209177 12888 raft_consensus.cc:2468] T 30618478071d45b393ba70bfe350deb6 P 8f856ee335ef4d55a3684d8173506fb8 [term 1 FOLLOWER]: Leader election vote request: Granting yes vote for candidate e55be26f03f6403798dc3bdf2ee25f01 in term 1.
I20260601 13:21:48.209359 12702 leader_election.cc:304] T 30618478071d45b393ba70bfe350deb6 P e55be26f03f6403798dc3bdf2ee25f01 [CANDIDATE]: Term 1 election: Election decided. Result: candidate won. Election summary: received 2 responses out of 3 voters: 2 yes votes; 0 no votes. yes voters: 4bbc330c80a5483fbe300e6ec313b80e, e55be26f03f6403798dc3bdf2ee25f01; no voters: 
I20260601 13:21:48.209523 12942 raft_consensus.cc:2804] T 30618478071d45b393ba70bfe350deb6 P e55be26f03f6403798dc3bdf2ee25f01 [term 1 FOLLOWER]: Leader election won for term 1
I20260601 13:21:48.209636 12942 raft_consensus.cc:697] T 30618478071d45b393ba70bfe350deb6 P e55be26f03f6403798dc3bdf2ee25f01 [term 1 LEADER]: Becoming Leader. State: Replica: e55be26f03f6403798dc3bdf2ee25f01, State: Running, Role: LEADER
I20260601 13:21:48.209801 12942 consensus_queue.cc:237] T 30618478071d45b393ba70bfe350deb6 P e55be26f03f6403798dc3bdf2ee25f01 [LEADER]: Queue going to LEADER mode. State: All replicated index: 0, Majority replicated index: 0, Committed index: 0, Last appended: 0.0, Last appended by leader: 0, Current term: 1, Majority size: 2, State: 0, Mode: LEADER, active raft config: opid_index: -1 OBSOLETE_local: false peers { permanent_uuid: "e55be26f03f6403798dc3bdf2ee25f01" member_type: VOTER last_known_addr { host: "127.9.228.1" port: 35623 } } peers { permanent_uuid: "4bbc330c80a5483fbe300e6ec313b80e" member_type: VOTER last_known_addr { host: "127.9.228.2" port: 44703 } } peers { permanent_uuid: "8f856ee335ef4d55a3684d8173506fb8" member_type: VOTER last_known_addr { host: "127.9.228.3" port: 35039 } }
I20260601 13:21:48.211506 12632 catalog_manager.cc:5696] T 30618478071d45b393ba70bfe350deb6 P e55be26f03f6403798dc3bdf2ee25f01 reported cstate change: term changed from 0 to 1, leader changed from <none> to e55be26f03f6403798dc3bdf2ee25f01 (127.9.228.1). New cstate: current_term: 1 leader_uuid: "e55be26f03f6403798dc3bdf2ee25f01" committed_config { opid_index: -1 OBSOLETE_local: false peers { permanent_uuid: "e55be26f03f6403798dc3bdf2ee25f01" member_type: VOTER last_known_addr { host: "127.9.228.1" port: 35623 } health_report { overall_health: HEALTHY } } peers { permanent_uuid: "4bbc330c80a5483fbe300e6ec313b80e" member_type: VOTER last_known_addr { host: "127.9.228.2" port: 44703 } health_report { overall_health: UNKNOWN } } peers { permanent_uuid: "8f856ee335ef4d55a3684d8173506fb8" member_type: VOTER last_known_addr { host: "127.9.228.3" port: 35039 } health_report { overall_health: UNKNOWN } } }
I20260601 13:21:48.263017 10128 tablet_server.cc:179] TabletServer@127.9.228.1:0 shutting down...
I20260601 13:21:48.267596 10128 ts_tablet_manager.cc:1507] Shutting down tablet manager...
I20260601 13:21:48.267920 10128 tablet_replica.cc:333] T b3c1f0afc49a4e7586a57f99fd8dd44a P e55be26f03f6403798dc3bdf2ee25f01: stopping tablet replica
I20260601 13:21:48.268044 10128 raft_consensus.cc:2243] T b3c1f0afc49a4e7586a57f99fd8dd44a P e55be26f03f6403798dc3bdf2ee25f01 [term 1 FOLLOWER]: Raft consensus shutting down.
I20260601 13:21:48.268157 10128 raft_consensus.cc:2272] T b3c1f0afc49a4e7586a57f99fd8dd44a P e55be26f03f6403798dc3bdf2ee25f01 [term 1 FOLLOWER]: Raft consensus is shut down!
I20260601 13:21:48.268641 10128 tablet_replica.cc:333] T 30618478071d45b393ba70bfe350deb6 P e55be26f03f6403798dc3bdf2ee25f01: stopping tablet replica
I20260601 13:21:48.268721 10128 raft_consensus.cc:2243] T 30618478071d45b393ba70bfe350deb6 P e55be26f03f6403798dc3bdf2ee25f01 [term 1 LEADER]: Raft consensus shutting down.
I20260601 13:21:48.268831 10128 pending_rounds.cc:70] T 30618478071d45b393ba70bfe350deb6 P e55be26f03f6403798dc3bdf2ee25f01: Trying to abort 1 pending ops.
I20260601 13:21:48.268857 10128 pending_rounds.cc:77] T 30618478071d45b393ba70bfe350deb6 P e55be26f03f6403798dc3bdf2ee25f01: Aborting op as it isn't in flight: id { term: 1 index: 1 } timestamp: 7292191163228938240 op_type: NO_OP noop_request { }
I20260601 13:21:48.268922 10128 raft_consensus.cc:2889] T 30618478071d45b393ba70bfe350deb6 P e55be26f03f6403798dc3bdf2ee25f01 [term 1 LEADER]: NO_OP replication failed: Aborted: Op aborted
I20260601 13:21:48.268970 10128 raft_consensus.cc:2272] T 30618478071d45b393ba70bfe350deb6 P e55be26f03f6403798dc3bdf2ee25f01 [term 1 FOLLOWER]: Raft consensus is shut down!
I20260601 13:21:48.269486 10128 tablet_replica.cc:333] T 66c06beeb7b34b25bc5cd32d1a63486f P e55be26f03f6403798dc3bdf2ee25f01: stopping tablet replica
I20260601 13:21:48.269563 10128 raft_consensus.cc:2243] T 66c06beeb7b34b25bc5cd32d1a63486f P e55be26f03f6403798dc3bdf2ee25f01 [term 1 FOLLOWER]: Raft consensus shutting down.
I20260601 13:21:48.269629 10128 raft_consensus.cc:2272] T 66c06beeb7b34b25bc5cd32d1a63486f P e55be26f03f6403798dc3bdf2ee25f01 [term 1 FOLLOWER]: Raft consensus is shut down!
I20260601 13:21:48.270049 10128 tablet_replica.cc:333] T 91290ebb9d594b73ad6d71fca8fb2174 P e55be26f03f6403798dc3bdf2ee25f01: stopping tablet replica
I20260601 13:21:48.270115 10128 raft_consensus.cc:2243] T 91290ebb9d594b73ad6d71fca8fb2174 P e55be26f03f6403798dc3bdf2ee25f01 [term 1 LEADER]: Raft consensus shutting down.
I20260601 13:21:48.270217 10128 pending_rounds.cc:70] T 91290ebb9d594b73ad6d71fca8fb2174 P e55be26f03f6403798dc3bdf2ee25f01: Trying to abort 1 pending ops.
I20260601 13:21:48.270241 10128 pending_rounds.cc:77] T 91290ebb9d594b73ad6d71fca8fb2174 P e55be26f03f6403798dc3bdf2ee25f01: Aborting op as it isn't in flight: id { term: 1 index: 1 } timestamp: 7292191163136114688 op_type: NO_OP noop_request { }
I20260601 13:21:48.270285 10128 raft_consensus.cc:2889] T 91290ebb9d594b73ad6d71fca8fb2174 P e55be26f03f6403798dc3bdf2ee25f01 [term 1 LEADER]: NO_OP replication failed: Aborted: Op aborted
I20260601 13:21:48.270318 10128 raft_consensus.cc:2272] T 91290ebb9d594b73ad6d71fca8fb2174 P e55be26f03f6403798dc3bdf2ee25f01 [term 1 FOLLOWER]: Raft consensus is shut down!
I20260601 13:21:48.273911 10128 tablet_server.cc:196] TabletServer@127.9.228.1:0 shutdown complete.
I20260601 13:21:48.276294 10128 tablet_server.cc:179] TabletServer@127.9.228.2:0 shutting down...
I20260601 13:21:48.280766 10128 ts_tablet_manager.cc:1507] Shutting down tablet manager...
I20260601 13:21:48.281025 10128 tablet_replica.cc:333] T b3c1f0afc49a4e7586a57f99fd8dd44a P 4bbc330c80a5483fbe300e6ec313b80e: stopping tablet replica
I20260601 13:21:48.281149 10128 raft_consensus.cc:2243] T b3c1f0afc49a4e7586a57f99fd8dd44a P 4bbc330c80a5483fbe300e6ec313b80e [term 1 LEADER]: Raft consensus shutting down.
I20260601 13:21:48.281291 10128 pending_rounds.cc:70] T b3c1f0afc49a4e7586a57f99fd8dd44a P 4bbc330c80a5483fbe300e6ec313b80e: Trying to abort 1 pending ops.
I20260601 13:21:48.281317 10128 pending_rounds.cc:77] T b3c1f0afc49a4e7586a57f99fd8dd44a P 4bbc330c80a5483fbe300e6ec313b80e: Aborting op as it isn't in flight: id { term: 1 index: 1 } timestamp: 7292191162170339328 op_type: NO_OP noop_request { }
I20260601 13:21:48.281379 10128 raft_consensus.cc:2889] T b3c1f0afc49a4e7586a57f99fd8dd44a P 4bbc330c80a5483fbe300e6ec313b80e [term 1 LEADER]: NO_OP replication failed: Aborted: Op aborted
I20260601 13:21:48.281423 10128 raft_consensus.cc:2272] T b3c1f0afc49a4e7586a57f99fd8dd44a P 4bbc330c80a5483fbe300e6ec313b80e [term 1 FOLLOWER]: Raft consensus is shut down!
I20260601 13:21:48.282119 10128 tablet_replica.cc:333] T 91290ebb9d594b73ad6d71fca8fb2174 P 4bbc330c80a5483fbe300e6ec313b80e: stopping tablet replica
I20260601 13:21:48.282194 10128 raft_consensus.cc:2243] T 91290ebb9d594b73ad6d71fca8fb2174 P 4bbc330c80a5483fbe300e6ec313b80e [term 1 FOLLOWER]: Raft consensus shutting down.
I20260601 13:21:48.282272 10128 raft_consensus.cc:2272] T 91290ebb9d594b73ad6d71fca8fb2174 P 4bbc330c80a5483fbe300e6ec313b80e [term 1 FOLLOWER]: Raft consensus is shut down!
I20260601 13:21:48.282706 10128 tablet_replica.cc:333] T 66c06beeb7b34b25bc5cd32d1a63486f P 4bbc330c80a5483fbe300e6ec313b80e: stopping tablet replica
I20260601 13:21:48.282788 10128 raft_consensus.cc:2243] T 66c06beeb7b34b25bc5cd32d1a63486f P 4bbc330c80a5483fbe300e6ec313b80e [term 1 FOLLOWER]: Raft consensus shutting down.
I20260601 13:21:48.282858 10128 raft_consensus.cc:2272] T 66c06beeb7b34b25bc5cd32d1a63486f P 4bbc330c80a5483fbe300e6ec313b80e [term 1 FOLLOWER]: Raft consensus is shut down!
I20260601 13:21:48.283263 10128 tablet_replica.cc:333] T 30618478071d45b393ba70bfe350deb6 P 4bbc330c80a5483fbe300e6ec313b80e: stopping tablet replica
I20260601 13:21:48.283329 10128 raft_consensus.cc:2243] T 30618478071d45b393ba70bfe350deb6 P 4bbc330c80a5483fbe300e6ec313b80e [term 1 FOLLOWER]: Raft consensus shutting down.
I20260601 13:21:48.283394 10128 raft_consensus.cc:2272] T 30618478071d45b393ba70bfe350deb6 P 4bbc330c80a5483fbe300e6ec313b80e [term 1 FOLLOWER]: Raft consensus is shut down!
I20260601 13:21:48.286468 10128 tablet_server.cc:196] TabletServer@127.9.228.2:0 shutdown complete.
I20260601 13:21:48.288848 10128 tablet_server.cc:179] TabletServer@127.9.228.3:0 shutting down...
I20260601 13:21:48.293192 10128 ts_tablet_manager.cc:1507] Shutting down tablet manager...
I20260601 13:21:48.293514 10128 tablet_replica.cc:333] T b3c1f0afc49a4e7586a57f99fd8dd44a P 8f856ee335ef4d55a3684d8173506fb8: stopping tablet replica
I20260601 13:21:48.293638 10128 raft_consensus.cc:2243] T b3c1f0afc49a4e7586a57f99fd8dd44a P 8f856ee335ef4d55a3684d8173506fb8 [term 1 FOLLOWER]: Raft consensus shutting down.
I20260601 13:21:48.293804 10128 raft_consensus.cc:2272] T b3c1f0afc49a4e7586a57f99fd8dd44a P 8f856ee335ef4d55a3684d8173506fb8 [term 1 FOLLOWER]: Raft consensus is shut down!
I20260601 13:21:48.294266 10128 tablet_replica.cc:333] T 30618478071d45b393ba70bfe350deb6 P 8f856ee335ef4d55a3684d8173506fb8: stopping tablet replica
I20260601 13:21:48.294337 10128 raft_consensus.cc:2243] T 30618478071d45b393ba70bfe350deb6 P 8f856ee335ef4d55a3684d8173506fb8 [term 1 FOLLOWER]: Raft consensus shutting down.
I20260601 13:21:48.294400 10128 raft_consensus.cc:2272] T 30618478071d45b393ba70bfe350deb6 P 8f856ee335ef4d55a3684d8173506fb8 [term 1 FOLLOWER]: Raft consensus is shut down!
I20260601 13:21:48.294806 10128 tablet_replica.cc:333] T 66c06beeb7b34b25bc5cd32d1a63486f P 8f856ee335ef4d55a3684d8173506fb8: stopping tablet replica
I20260601 13:21:48.294876 10128 raft_consensus.cc:2243] T 66c06beeb7b34b25bc5cd32d1a63486f P 8f856ee335ef4d55a3684d8173506fb8 [term 1 LEADER]: Raft consensus shutting down.
I20260601 13:21:48.294982 10128 pending_rounds.cc:70] T 66c06beeb7b34b25bc5cd32d1a63486f P 8f856ee335ef4d55a3684d8173506fb8: Trying to abort 1 pending ops.
I20260601 13:21:48.295007 10128 pending_rounds.cc:77] T 66c06beeb7b34b25bc5cd32d1a63486f P 8f856ee335ef4d55a3684d8173506fb8: Aborting op as it isn't in flight: id { term: 1 index: 1 } timestamp: 7292191163125776384 op_type: NO_OP noop_request { }
I20260601 13:21:48.295073 10128 raft_consensus.cc:2889] T 66c06beeb7b34b25bc5cd32d1a63486f P 8f856ee335ef4d55a3684d8173506fb8 [term 1 LEADER]: NO_OP replication failed: Aborted: Op aborted
I20260601 13:21:48.295112 10128 raft_consensus.cc:2272] T 66c06beeb7b34b25bc5cd32d1a63486f P 8f856ee335ef4d55a3684d8173506fb8 [term 1 FOLLOWER]: Raft consensus is shut down!
I20260601 13:21:48.295591 10128 tablet_replica.cc:333] T 91290ebb9d594b73ad6d71fca8fb2174 P 8f856ee335ef4d55a3684d8173506fb8: stopping tablet replica
I20260601 13:21:48.295656 10128 raft_consensus.cc:2243] T 91290ebb9d594b73ad6d71fca8fb2174 P 8f856ee335ef4d55a3684d8173506fb8 [term 1 FOLLOWER]: Raft consensus shutting down.
I20260601 13:21:48.295715 10128 raft_consensus.cc:2272] T 91290ebb9d594b73ad6d71fca8fb2174 P 8f856ee335ef4d55a3684d8173506fb8 [term 1 FOLLOWER]: Raft consensus is shut down!
I20260601 13:21:48.309069 10128 tablet_server.cc:196] TabletServer@127.9.228.3:0 shutdown complete.
I20260601 13:21:48.311503 10128 master.cc:562] Master@127.9.228.62:45693 shutting down...
I20260601 13:21:48.315338 10128 raft_consensus.cc:2243] T 00000000000000000000000000000000 P 55b1a2d18dd94077aa5b351dafd9d0c0 [term 1 LEADER]: Raft consensus shutting down.
I20260601 13:21:48.315516 10128 raft_consensus.cc:2272] T 00000000000000000000000000000000 P 55b1a2d18dd94077aa5b351dafd9d0c0 [term 1 FOLLOWER]: Raft consensus is shut down!
I20260601 13:21:48.315567 10128 tablet_replica.cc:333] T 00000000000000000000000000000000 P 55b1a2d18dd94077aa5b351dafd9d0c0: stopping tablet replica
I20260601 13:21:48.318379 10128 master.cc:584] Master@127.9.228.62:45693 shutdown complete.
[       OK ] AutoRebalancerTest.RangeAwareBuildClusterInfoGroupsByRange (1652 ms)
[ RUN      ] AutoRebalancerTest.RangeAwareRebalancesNewRangeReplicas
I20260601 13:21:48.326156 10128 internal_mini_cluster.cc:156] Creating distributed mini masters. Addrs: 127.9.228.62:33905
I20260601 13:21:48.326493 10128 file_cache.cc:492] Constructed file cache file cache with capacity 419430
W20260601 13:21:48.328286 12967 instance_detector.cc:116] could not retrieve Azure instance metadata: Network error: curl error: HTTP response code said error: The requested URL returned error: 404
W20260601 13:21:48.328389 12969 instance_detector.cc:116] could not retrieve OpenStack instance metadata: Network error: curl error: HTTP response code said error: The requested URL returned error: 404
I20260601 13:21:48.328438 10128 server_base.cc:1061] running on GCE node
W20260601 13:21:48.328446 12966 instance_detector.cc:116] could not retrieve AWS instance metadata: Network error: curl error: HTTP response code said error: The requested URL returned error: 404
I20260601 13:21:48.328775 10128 hybrid_clock.cc:584] initializing the hybrid clock with 'system_unsync' time source
W20260601 13:21:48.328814 10128 system_unsync_time.cc:38] NTP support is disabled. Clock error bounds will not be accurate. This configuration is not suitable for distributed clusters.
I20260601 13:21:48.328828 10128 hybrid_clock.cc:648] HybridClock initialized: now 1780320108328829 us; error 0 us; skew 500 ppm
I20260601 13:21:48.329726 10128 webserver.cc:533] Webserver started at http://127.9.228.62:36039/ using document root <none> and password file <none>
I20260601 13:21:48.329873 10128 fs_manager.cc:362] Metadata directory not provided
I20260601 13:21:48.329913 10128 fs_manager.cc:368] Using write-ahead log directory (fs_wal_dir) as metadata directory
I20260601 13:21:48.329968 10128 server_base.cc:909] This appears to be a new deployment of Kudu; creating new FS layout
I20260601 13:21:48.330300 10128 fs_manager.cc:1068] Generated new instance metadata in path /tmp/dist-test-task69fJIi/test-tmp/auto_rebalancer-test.0.AutoRebalancerTest.RangeAwareRebalancesNewRangeReplicas.1780320041002565-10128-0/minicluster-data/master-0-root/instance:
uuid: "4cf51b454bb34dc28a8226ba5fcaad8f"
format_stamp: "Formatted at 2026-06-01 13:21:48 on dist-test-slave-2qr8"
I20260601 13:21:48.331761 10128 fs_manager.cc:696] Time spent creating directory manager: real 0.001s	user 0.002s	sys 0.000s
I20260601 13:21:48.332765 12974 log_block_manager.cc:4031] Time spent loading block containers with low live blocks: real 0.000s	user 0.000s	sys 0.000s
I20260601 13:21:48.333189 10128 fs_manager.cc:730] Time spent opening block manager: real 0.001s	user 0.001s	sys 0.000s
I20260601 13:21:48.333293 10128 fs_manager.cc:647] Opened local filesystem: /tmp/dist-test-task69fJIi/test-tmp/auto_rebalancer-test.0.AutoRebalancerTest.RangeAwareRebalancesNewRangeReplicas.1780320041002565-10128-0/minicluster-data/master-0-root
uuid: "4cf51b454bb34dc28a8226ba5fcaad8f"
format_stamp: "Formatted at 2026-06-01 13:21:48 on dist-test-slave-2qr8"
I20260601 13:21:48.333386 10128 fs_report.cc:389] FS layout report
--------------------
wal directory: /tmp/dist-test-task69fJIi/test-tmp/auto_rebalancer-test.0.AutoRebalancerTest.RangeAwareRebalancesNewRangeReplicas.1780320041002565-10128-0/minicluster-data/master-0-root
metadata directory: /tmp/dist-test-task69fJIi/test-tmp/auto_rebalancer-test.0.AutoRebalancerTest.RangeAwareRebalancesNewRangeReplicas.1780320041002565-10128-0/minicluster-data/master-0-root
1 data directories: /tmp/dist-test-task69fJIi/test-tmp/auto_rebalancer-test.0.AutoRebalancerTest.RangeAwareRebalancesNewRangeReplicas.1780320041002565-10128-0/minicluster-data/master-0-root/data
Total live blocks: 0
Total live bytes: 0
Total live bytes (after alignment): 0
Total number of LBM containers: 0 (0 full)
Did not check for missing blocks
Did not check for orphaned blocks
Total full LBM containers with extra space: 0 (0 repaired)
Total full LBM container extra space in bytes: 0 (0 repaired)
Total incomplete LBM containers: 0 (0 repaired)
Total LBM partial records: 0 (0 repaired)
Total corrupted LBM metadata records in RocksDB: 0 (0 repaired)
I20260601 13:21:48.341002 10128 rpc_server.cc:225] running with OpenSSL 1.1.1  11 Sep 2018
I20260601 13:21:48.341408 10128 kserver.cc:163] Server-wide thread pool size limit: 3276
I20260601 13:21:48.346093 10128 rpc_server.cc:307] RPC server started. Bound to: 127.9.228.62:33905
I20260601 13:21:48.349139 13026 acceptor_pool.cc:272] collecting diagnostics on the listening RPC socket 127.9.228.62:33905 every 8 connection(s)
I20260601 13:21:48.349632 13027 data_dirs.cc:400] Could only allocate 1 dirs of requested 3 for tablet 00000000000000000000000000000000. 1 dirs total, 0 dirs full, 0 dirs failed
I20260601 13:21:48.351464 13027 tablet_bootstrap.cc:492] T 00000000000000000000000000000000 P 4cf51b454bb34dc28a8226ba5fcaad8f: Bootstrap starting.
I20260601 13:21:48.352317 13027 tablet_bootstrap.cc:654] T 00000000000000000000000000000000 P 4cf51b454bb34dc28a8226ba5fcaad8f: Neither blocks nor log segments found. Creating new log.
I20260601 13:21:48.353371 13027 tablet_bootstrap.cc:492] T 00000000000000000000000000000000 P 4cf51b454bb34dc28a8226ba5fcaad8f: No bootstrap required, opened a new log
I20260601 13:21:48.353847 13027 raft_consensus.cc:359] T 00000000000000000000000000000000 P 4cf51b454bb34dc28a8226ba5fcaad8f [term 0 FOLLOWER]: Replica starting. Triggering 0 pending ops. Active config: opid_index: -1 OBSOLETE_local: true peers { permanent_uuid: "4cf51b454bb34dc28a8226ba5fcaad8f" member_type: VOTER }
I20260601 13:21:48.353947 13027 raft_consensus.cc:385] T 00000000000000000000000000000000 P 4cf51b454bb34dc28a8226ba5fcaad8f [term 0 FOLLOWER]: Consensus starting up: Expiring failure detector timer to make a prompt election more likely
I20260601 13:21:48.353971 13027 raft_consensus.cc:740] T 00000000000000000000000000000000 P 4cf51b454bb34dc28a8226ba5fcaad8f [term 0 FOLLOWER]: Becoming Follower/Learner. State: Replica: 4cf51b454bb34dc28a8226ba5fcaad8f, State: Initialized, Role: FOLLOWER
I20260601 13:21:48.354122 13027 consensus_queue.cc:260] T 00000000000000000000000000000000 P 4cf51b454bb34dc28a8226ba5fcaad8f [NON_LEADER]: Queue going to NON_LEADER mode. State: All replicated index: 0, Majority replicated index: 0, Committed index: 0, Last appended: 0.0, Last appended by leader: 0, Current term: 0, Majority size: -1, State: 0, Mode: NON_LEADER, active raft config: opid_index: -1 OBSOLETE_local: true peers { permanent_uuid: "4cf51b454bb34dc28a8226ba5fcaad8f" member_type: VOTER }
I20260601 13:21:48.354192 13027 raft_consensus.cc:399] T 00000000000000000000000000000000 P 4cf51b454bb34dc28a8226ba5fcaad8f [term 0 FOLLOWER]: Only one voter in the Raft config. Triggering election immediately
I20260601 13:21:48.354214 13027 raft_consensus.cc:493] T 00000000000000000000000000000000 P 4cf51b454bb34dc28a8226ba5fcaad8f [term 0 FOLLOWER]: Starting leader election (initial election of a single-replica configuration)
I20260601 13:21:48.354269 13027 raft_consensus.cc:3060] T 00000000000000000000000000000000 P 4cf51b454bb34dc28a8226ba5fcaad8f [term 0 FOLLOWER]: Advancing to term 1
I20260601 13:21:48.354979 13027 raft_consensus.cc:515] T 00000000000000000000000000000000 P 4cf51b454bb34dc28a8226ba5fcaad8f [term 1 FOLLOWER]: Starting leader election with config: opid_index: -1 OBSOLETE_local: true peers { permanent_uuid: "4cf51b454bb34dc28a8226ba5fcaad8f" member_type: VOTER }
I20260601 13:21:48.355120 13027 leader_election.cc:304] T 00000000000000000000000000000000 P 4cf51b454bb34dc28a8226ba5fcaad8f [CANDIDATE]: Term 1 election: Election decided. Result: candidate won. Election summary: received 1 responses out of 1 voters: 1 yes votes; 0 no votes. yes voters: 4cf51b454bb34dc28a8226ba5fcaad8f; no voters: 
I20260601 13:21:48.355331 13027 leader_election.cc:290] T 00000000000000000000000000000000 P 4cf51b454bb34dc28a8226ba5fcaad8f [CANDIDATE]: Term 1 election: Requested vote from peers 
I20260601 13:21:48.355475 13030 raft_consensus.cc:2804] T 00000000000000000000000000000000 P 4cf51b454bb34dc28a8226ba5fcaad8f [term 1 FOLLOWER]: Leader election won for term 1
I20260601 13:21:48.355691 13030 raft_consensus.cc:697] T 00000000000000000000000000000000 P 4cf51b454bb34dc28a8226ba5fcaad8f [term 1 LEADER]: Becoming Leader. State: Replica: 4cf51b454bb34dc28a8226ba5fcaad8f, State: Running, Role: LEADER
I20260601 13:21:48.355785 13027 sys_catalog.cc:565] T 00000000000000000000000000000000 P 4cf51b454bb34dc28a8226ba5fcaad8f [sys.catalog]: configured and running, proceeding with master startup.
I20260601 13:21:48.355880 13030 consensus_queue.cc:237] T 00000000000000000000000000000000 P 4cf51b454bb34dc28a8226ba5fcaad8f [LEADER]: Queue going to LEADER mode. State: All replicated index: 0, Majority replicated index: 0, Committed index: 0, Last appended: 0.0, Last appended by leader: 0, Current term: 1, Majority size: 1, State: 0, Mode: LEADER, active raft config: opid_index: -1 OBSOLETE_local: true peers { permanent_uuid: "4cf51b454bb34dc28a8226ba5fcaad8f" member_type: VOTER }
I20260601 13:21:48.356384 13031 sys_catalog.cc:455] T 00000000000000000000000000000000 P 4cf51b454bb34dc28a8226ba5fcaad8f [sys.catalog]: SysCatalogTable state changed. Reason: RaftConsensus started. Latest consensus state: current_term: 1 leader_uuid: "4cf51b454bb34dc28a8226ba5fcaad8f" committed_config { opid_index: -1 OBSOLETE_local: true peers { permanent_uuid: "4cf51b454bb34dc28a8226ba5fcaad8f" member_type: VOTER } }
I20260601 13:21:48.356419 13032 sys_catalog.cc:455] T 00000000000000000000000000000000 P 4cf51b454bb34dc28a8226ba5fcaad8f [sys.catalog]: SysCatalogTable state changed. Reason: New leader 4cf51b454bb34dc28a8226ba5fcaad8f. Latest consensus state: current_term: 1 leader_uuid: "4cf51b454bb34dc28a8226ba5fcaad8f" committed_config { opid_index: -1 OBSOLETE_local: true peers { permanent_uuid: "4cf51b454bb34dc28a8226ba5fcaad8f" member_type: VOTER } }
I20260601 13:21:48.356520 13031 sys_catalog.cc:458] T 00000000000000000000000000000000 P 4cf51b454bb34dc28a8226ba5fcaad8f [sys.catalog]: This master's current role is: LEADER
I20260601 13:21:48.356535 13032 sys_catalog.cc:458] T 00000000000000000000000000000000 P 4cf51b454bb34dc28a8226ba5fcaad8f [sys.catalog]: This master's current role is: LEADER
I20260601 13:21:48.357244 13037 catalog_manager.cc:1510] Loading table and tablet metadata into memory...
I20260601 13:21:48.358089 13037 catalog_manager.cc:1519] Initializing Kudu cluster ID...
I20260601 13:21:48.358368 10128 internal_mini_cluster.cc:184] Waiting to initialize catalog manager on master 0
I20260601 13:21:48.360122 13037 catalog_manager.cc:1382] Generated new cluster ID: d02ecdd790df4319bd948e1f68bb7f15
I20260601 13:21:48.360209 13037 catalog_manager.cc:1530] Initializing Kudu internal certificate authority...
I20260601 13:21:48.367548 13037 catalog_manager.cc:1405] Generated new certificate authority record
I20260601 13:21:48.368161 13037 catalog_manager.cc:1539] Loading token signing keys...
I20260601 13:21:48.380231 13037 catalog_manager.cc:6069] T 00000000000000000000000000000000 P 4cf51b454bb34dc28a8226ba5fcaad8f: Generated new TSK 0
I20260601 13:21:48.380553 13037 catalog_manager.cc:1549] Initializing in-progress tserver states...
I20260601 13:21:48.390878 10128 file_cache.cc:492] Constructed file cache file cache with capacity 419430
W20260601 13:21:48.393357 13051 instance_detector.cc:116] could not retrieve OpenStack instance metadata: Network error: curl error: HTTP response code said error: The requested URL returned error: 404
I20260601 13:21:48.393594 10128 server_base.cc:1061] running on GCE node
W20260601 13:21:48.393437 13048 instance_detector.cc:116] could not retrieve AWS instance metadata: Network error: curl error: HTTP response code said error: The requested URL returned error: 404
W20260601 13:21:48.393448 13049 instance_detector.cc:116] could not retrieve Azure instance metadata: Network error: curl error: HTTP response code said error: The requested URL returned error: 404
I20260601 13:21:48.393962 10128 hybrid_clock.cc:584] initializing the hybrid clock with 'system_unsync' time source
W20260601 13:21:48.394011 10128 system_unsync_time.cc:38] NTP support is disabled. Clock error bounds will not be accurate. This configuration is not suitable for distributed clusters.
I20260601 13:21:48.394029 10128 hybrid_clock.cc:648] HybridClock initialized: now 1780320108394028 us; error 0 us; skew 500 ppm
I20260601 13:21:48.394995 10128 webserver.cc:533] Webserver started at http://127.9.228.1:40959/ using document root <none> and password file <none>
I20260601 13:21:48.395202 10128 fs_manager.cc:362] Metadata directory not provided
I20260601 13:21:48.395256 10128 fs_manager.cc:368] Using write-ahead log directory (fs_wal_dir) as metadata directory
I20260601 13:21:48.395366 10128 server_base.cc:909] This appears to be a new deployment of Kudu; creating new FS layout
I20260601 13:21:48.395860 10128 fs_manager.cc:1068] Generated new instance metadata in path /tmp/dist-test-task69fJIi/test-tmp/auto_rebalancer-test.0.AutoRebalancerTest.RangeAwareRebalancesNewRangeReplicas.1780320041002565-10128-0/minicluster-data/ts-0-root/instance:
uuid: "984af80d7ec9415cad6e71bdd003ecb8"
format_stamp: "Formatted at 2026-06-01 13:21:48 on dist-test-slave-2qr8"
I20260601 13:21:48.397449 10128 fs_manager.cc:696] Time spent creating directory manager: real 0.001s	user 0.000s	sys 0.002s
I20260601 13:21:48.398545 13056 log_block_manager.cc:4031] Time spent loading block containers with low live blocks: real 0.000s	user 0.000s	sys 0.000s
I20260601 13:21:48.398833 10128 fs_manager.cc:730] Time spent opening block manager: real 0.001s	user 0.001s	sys 0.000s
I20260601 13:21:48.398916 10128 fs_manager.cc:647] Opened local filesystem: /tmp/dist-test-task69fJIi/test-tmp/auto_rebalancer-test.0.AutoRebalancerTest.RangeAwareRebalancesNewRangeReplicas.1780320041002565-10128-0/minicluster-data/ts-0-root
uuid: "984af80d7ec9415cad6e71bdd003ecb8"
format_stamp: "Formatted at 2026-06-01 13:21:48 on dist-test-slave-2qr8"
I20260601 13:21:48.399004 10128 fs_report.cc:389] FS layout report
--------------------
wal directory: /tmp/dist-test-task69fJIi/test-tmp/auto_rebalancer-test.0.AutoRebalancerTest.RangeAwareRebalancesNewRangeReplicas.1780320041002565-10128-0/minicluster-data/ts-0-root
metadata directory: /tmp/dist-test-task69fJIi/test-tmp/auto_rebalancer-test.0.AutoRebalancerTest.RangeAwareRebalancesNewRangeReplicas.1780320041002565-10128-0/minicluster-data/ts-0-root
1 data directories: /tmp/dist-test-task69fJIi/test-tmp/auto_rebalancer-test.0.AutoRebalancerTest.RangeAwareRebalancesNewRangeReplicas.1780320041002565-10128-0/minicluster-data/ts-0-root/data
Total live blocks: 0
Total live bytes: 0
Total live bytes (after alignment): 0
Total number of LBM containers: 0 (0 full)
Did not check for missing blocks
Did not check for orphaned blocks
Total full LBM containers with extra space: 0 (0 repaired)
Total full LBM container extra space in bytes: 0 (0 repaired)
Total incomplete LBM containers: 0 (0 repaired)
Total LBM partial records: 0 (0 repaired)
Total corrupted LBM metadata records in RocksDB: 0 (0 repaired)
I20260601 13:21:48.419095 10128 rpc_server.cc:225] running with OpenSSL 1.1.1  11 Sep 2018
I20260601 13:21:48.419557 10128 kserver.cc:163] Server-wide thread pool size limit: 3276
I20260601 13:21:48.419898 10128 txn_system_client.cc:432] TxnSystemClient initialization is disabled...
I20260601 13:21:48.420403 10128 ts_tablet_manager.cc:585] Loaded tablet metadata (0 total tablets, 0 live tablets)
I20260601 13:21:48.420469 10128 ts_tablet_manager.cc:531] Time spent load tablet metadata: real 0.000s	user 0.000s	sys 0.000s
I20260601 13:21:48.420526 10128 ts_tablet_manager.cc:616] Registered 0 tablets
I20260601 13:21:48.420575 10128 ts_tablet_manager.cc:595] Time spent register tablets: real 0.000s	user 0.000s	sys 0.000s
I20260601 13:21:48.425025 10128 rpc_server.cc:307] RPC server started. Bound to: 127.9.228.1:34757
I20260601 13:21:48.425056 13119 acceptor_pool.cc:272] collecting diagnostics on the listening RPC socket 127.9.228.1:34757 every 8 connection(s)
I20260601 13:21:48.425879 10128 file_cache.cc:492] Constructed file cache file cache with capacity 419430
W20260601 13:21:48.428107 13125 instance_detector.cc:116] could not retrieve Azure instance metadata: Network error: curl error: HTTP response code said error: The requested URL returned error: 404
W20260601 13:21:48.428165 13124 instance_detector.cc:116] could not retrieve AWS instance metadata: Network error: curl error: HTTP response code said error: The requested URL returned error: 404
W20260601 13:21:48.428395 13127 instance_detector.cc:116] could not retrieve OpenStack instance metadata: Network error: curl error: HTTP response code said error: The requested URL returned error: 404
I20260601 13:21:48.428443 10128 server_base.cc:1061] running on GCE node
I20260601 13:21:48.428665 10128 hybrid_clock.cc:584] initializing the hybrid clock with 'system_unsync' time source
W20260601 13:21:48.428710 10128 system_unsync_time.cc:38] NTP support is disabled. Clock error bounds will not be accurate. This configuration is not suitable for distributed clusters.
I20260601 13:21:48.428726 10128 hybrid_clock.cc:648] HybridClock initialized: now 1780320108428726 us; error 0 us; skew 500 ppm
I20260601 13:21:48.429754 10128 webserver.cc:533] Webserver started at http://127.9.228.2:46667/ using document root <none> and password file <none>
I20260601 13:21:48.429967 10128 fs_manager.cc:362] Metadata directory not provided
I20260601 13:21:48.430032 10128 fs_manager.cc:368] Using write-ahead log directory (fs_wal_dir) as metadata directory
I20260601 13:21:48.430106 10128 server_base.cc:909] This appears to be a new deployment of Kudu; creating new FS layout
I20260601 13:21:48.430608 10128 fs_manager.cc:1068] Generated new instance metadata in path /tmp/dist-test-task69fJIi/test-tmp/auto_rebalancer-test.0.AutoRebalancerTest.RangeAwareRebalancesNewRangeReplicas.1780320041002565-10128-0/minicluster-data/ts-1-root/instance:
uuid: "9e142521027d405d8eec3b48380cf8db"
format_stamp: "Formatted at 2026-06-01 13:21:48 on dist-test-slave-2qr8"
I20260601 13:21:48.430765 13120 heartbeater.cc:344] Connected to a master server at 127.9.228.62:33905
I20260601 13:21:48.430884 13120 heartbeater.cc:461] Registering TS with master...
I20260601 13:21:48.431092 13120 heartbeater.cc:507] Master 127.9.228.62:33905 requested a full tablet report, sending...
I20260601 13:21:48.431761 12991 ts_manager.cc:194] Registered new tserver with Master: 984af80d7ec9415cad6e71bdd003ecb8 (127.9.228.1:34757)
I20260601 13:21:48.432528 10128 fs_manager.cc:696] Time spent creating directory manager: real 0.002s	user 0.000s	sys 0.002s
I20260601 13:21:48.432723 12991 master_service.cc:502] Signed X509 certificate for tserver {username='slave'} at 127.0.0.1:55958
I20260601 13:21:48.433724 13132 log_block_manager.cc:4031] Time spent loading block containers with low live blocks: real 0.000s	user 0.000s	sys 0.000s
I20260601 13:21:48.433980 10128 fs_manager.cc:730] Time spent opening block manager: real 0.001s	user 0.000s	sys 0.001s
I20260601 13:21:48.434067 10128 fs_manager.cc:647] Opened local filesystem: /tmp/dist-test-task69fJIi/test-tmp/auto_rebalancer-test.0.AutoRebalancerTest.RangeAwareRebalancesNewRangeReplicas.1780320041002565-10128-0/minicluster-data/ts-1-root
uuid: "9e142521027d405d8eec3b48380cf8db"
format_stamp: "Formatted at 2026-06-01 13:21:48 on dist-test-slave-2qr8"
I20260601 13:21:48.434159 10128 fs_report.cc:389] FS layout report
--------------------
wal directory: /tmp/dist-test-task69fJIi/test-tmp/auto_rebalancer-test.0.AutoRebalancerTest.RangeAwareRebalancesNewRangeReplicas.1780320041002565-10128-0/minicluster-data/ts-1-root
metadata directory: /tmp/dist-test-task69fJIi/test-tmp/auto_rebalancer-test.0.AutoRebalancerTest.RangeAwareRebalancesNewRangeReplicas.1780320041002565-10128-0/minicluster-data/ts-1-root
1 data directories: /tmp/dist-test-task69fJIi/test-tmp/auto_rebalancer-test.0.AutoRebalancerTest.RangeAwareRebalancesNewRangeReplicas.1780320041002565-10128-0/minicluster-data/ts-1-root/data
Total live blocks: 0
Total live bytes: 0
Total live bytes (after alignment): 0
Total number of LBM containers: 0 (0 full)
Did not check for missing blocks
Did not check for orphaned blocks
Total full LBM containers with extra space: 0 (0 repaired)
Total full LBM container extra space in bytes: 0 (0 repaired)
Total incomplete LBM containers: 0 (0 repaired)
Total LBM partial records: 0 (0 repaired)
Total corrupted LBM metadata records in RocksDB: 0 (0 repaired)
I20260601 13:21:48.449491 10128 rpc_server.cc:225] running with OpenSSL 1.1.1  11 Sep 2018
I20260601 13:21:48.449996 10128 kserver.cc:163] Server-wide thread pool size limit: 3276
I20260601 13:21:48.450317 10128 txn_system_client.cc:432] TxnSystemClient initialization is disabled...
I20260601 13:21:48.450811 10128 ts_tablet_manager.cc:585] Loaded tablet metadata (0 total tablets, 0 live tablets)
I20260601 13:21:48.450876 10128 ts_tablet_manager.cc:531] Time spent load tablet metadata: real 0.000s	user 0.000s	sys 0.000s
I20260601 13:21:48.450929 10128 ts_tablet_manager.cc:616] Registered 0 tablets
I20260601 13:21:48.450960 10128 ts_tablet_manager.cc:595] Time spent register tablets: real 0.000s	user 0.000s	sys 0.000s
I20260601 13:21:48.455348 10128 rpc_server.cc:307] RPC server started. Bound to: 127.9.228.2:35781
I20260601 13:21:48.455394 13195 acceptor_pool.cc:272] collecting diagnostics on the listening RPC socket 127.9.228.2:35781 every 8 connection(s)
I20260601 13:21:48.456830 10128 file_cache.cc:492] Constructed file cache file cache with capacity 419430
W20260601 13:21:48.459038 13200 instance_detector.cc:116] could not retrieve Azure instance metadata: Network error: curl error: HTTP response code said error: The requested URL returned error: 404
W20260601 13:21:48.459101 13199 instance_detector.cc:116] could not retrieve AWS instance metadata: Network error: curl error: HTTP response code said error: The requested URL returned error: 404
W20260601 13:21:48.459398 13202 instance_detector.cc:116] could not retrieve OpenStack instance metadata: Network error: curl error: HTTP response code said error: The requested URL returned error: 404
I20260601 13:21:48.459822 10128 server_base.cc:1061] running on GCE node
I20260601 13:21:48.460004 10128 hybrid_clock.cc:584] initializing the hybrid clock with 'system_unsync' time source
W20260601 13:21:48.460050 10128 system_unsync_time.cc:38] NTP support is disabled. Clock error bounds will not be accurate. This configuration is not suitable for distributed clusters.
I20260601 13:21:48.460081 10128 hybrid_clock.cc:648] HybridClock initialized: now 1780320108460080 us; error 0 us; skew 500 ppm
I20260601 13:21:48.461258 10128 webserver.cc:533] Webserver started at http://127.9.228.3:33549/ using document root <none> and password file <none>
I20260601 13:21:48.461442 10128 fs_manager.cc:362] Metadata directory not provided
I20260601 13:21:48.461545 10128 fs_manager.cc:368] Using write-ahead log directory (fs_wal_dir) as metadata directory
I20260601 13:21:48.461638 10128 server_base.cc:909] This appears to be a new deployment of Kudu; creating new FS layout
I20260601 13:21:48.462062 13196 heartbeater.cc:344] Connected to a master server at 127.9.228.62:33905
I20260601 13:21:48.462183 13196 heartbeater.cc:461] Registering TS with master...
I20260601 13:21:48.462246 10128 fs_manager.cc:1068] Generated new instance metadata in path /tmp/dist-test-task69fJIi/test-tmp/auto_rebalancer-test.0.AutoRebalancerTest.RangeAwareRebalancesNewRangeReplicas.1780320041002565-10128-0/minicluster-data/ts-2-root/instance:
uuid: "87e9b08214f54b1e8a90b15931bb6701"
format_stamp: "Formatted at 2026-06-01 13:21:48 on dist-test-slave-2qr8"
I20260601 13:21:48.462442 13196 heartbeater.cc:507] Master 127.9.228.62:33905 requested a full tablet report, sending...
I20260601 13:21:48.463234 12991 ts_manager.cc:194] Registered new tserver with Master: 9e142521027d405d8eec3b48380cf8db (127.9.228.2:35781)
I20260601 13:21:48.464124 10128 fs_manager.cc:696] Time spent creating directory manager: real 0.002s	user 0.002s	sys 0.000s
I20260601 13:21:48.464247 12991 master_service.cc:502] Signed X509 certificate for tserver {username='slave'} at 127.0.0.1:55962
I20260601 13:21:48.465332 13207 log_block_manager.cc:4031] Time spent loading block containers with low live blocks: real 0.000s	user 0.000s	sys 0.000s
I20260601 13:21:48.465636 10128 fs_manager.cc:730] Time spent opening block manager: real 0.001s	user 0.001s	sys 0.000s
I20260601 13:21:48.465868 10128 fs_manager.cc:647] Opened local filesystem: /tmp/dist-test-task69fJIi/test-tmp/auto_rebalancer-test.0.AutoRebalancerTest.RangeAwareRebalancesNewRangeReplicas.1780320041002565-10128-0/minicluster-data/ts-2-root
uuid: "87e9b08214f54b1e8a90b15931bb6701"
format_stamp: "Formatted at 2026-06-01 13:21:48 on dist-test-slave-2qr8"
I20260601 13:21:48.465940 10128 fs_report.cc:389] FS layout report
--------------------
wal directory: /tmp/dist-test-task69fJIi/test-tmp/auto_rebalancer-test.0.AutoRebalancerTest.RangeAwareRebalancesNewRangeReplicas.1780320041002565-10128-0/minicluster-data/ts-2-root
metadata directory: /tmp/dist-test-task69fJIi/test-tmp/auto_rebalancer-test.0.AutoRebalancerTest.RangeAwareRebalancesNewRangeReplicas.1780320041002565-10128-0/minicluster-data/ts-2-root
1 data directories: /tmp/dist-test-task69fJIi/test-tmp/auto_rebalancer-test.0.AutoRebalancerTest.RangeAwareRebalancesNewRangeReplicas.1780320041002565-10128-0/minicluster-data/ts-2-root/data
Total live blocks: 0
Total live bytes: 0
Total live bytes (after alignment): 0
Total number of LBM containers: 0 (0 full)
Did not check for missing blocks
Did not check for orphaned blocks
Total full LBM containers with extra space: 0 (0 repaired)
Total full LBM container extra space in bytes: 0 (0 repaired)
Total incomplete LBM containers: 0 (0 repaired)
Total LBM partial records: 0 (0 repaired)
Total corrupted LBM metadata records in RocksDB: 0 (0 repaired)
I20260601 13:21:48.485881 10128 rpc_server.cc:225] running with OpenSSL 1.1.1  11 Sep 2018
I20260601 13:21:48.486743 10128 kserver.cc:163] Server-wide thread pool size limit: 3276
I20260601 13:21:48.487443 10128 txn_system_client.cc:432] TxnSystemClient initialization is disabled...
I20260601 13:21:48.488188 10128 ts_tablet_manager.cc:585] Loaded tablet metadata (0 total tablets, 0 live tablets)
I20260601 13:21:48.488250 10128 ts_tablet_manager.cc:531] Time spent load tablet metadata: real 0.000s	user 0.000s	sys 0.000s
I20260601 13:21:48.488302 10128 ts_tablet_manager.cc:616] Registered 0 tablets
I20260601 13:21:48.488337 10128 ts_tablet_manager.cc:595] Time spent register tablets: real 0.000s	user 0.000s	sys 0.000s
I20260601 13:21:48.495707 10128 rpc_server.cc:307] RPC server started. Bound to: 127.9.228.3:33771
I20260601 13:21:48.495730 13270 acceptor_pool.cc:272] collecting diagnostics on the listening RPC socket 127.9.228.3:33771 every 8 connection(s)
I20260601 13:21:48.501227 13271 heartbeater.cc:344] Connected to a master server at 127.9.228.62:33905
I20260601 13:21:48.501354 13271 heartbeater.cc:461] Registering TS with master...
I20260601 13:21:48.501626 13271 heartbeater.cc:507] Master 127.9.228.62:33905 requested a full tablet report, sending...
I20260601 13:21:48.502456 12991 ts_manager.cc:194] Registered new tserver with Master: 87e9b08214f54b1e8a90b15931bb6701 (127.9.228.3:33771)
I20260601 13:21:48.503021 12991 master_service.cc:502] Signed X509 certificate for tserver {username='slave'} at 127.0.0.1:55972
I20260601 13:21:48.503159 10128 internal_mini_cluster.cc:371] 3 TS(s) registered with all masters after 0.006952986s
I20260601 13:21:49.433810 13120 heartbeater.cc:499] Master 127.9.228.62:33905 was elected leader, sending a full tablet report...
I20260601 13:21:49.465438 13196 heartbeater.cc:499] Master 127.9.228.62:33905 was elected leader, sending a full tablet report...
I20260601 13:21:49.504158 13271 heartbeater.cc:499] Master 127.9.228.62:33905 was elected leader, sending a full tablet report...
I20260601 13:21:49.538620 12991 catalog_manager.cc:2282] Servicing CreateTable request from {username='slave'} at 127.0.0.1:55982:
name: "range_aware_rebalance_new_range"
schema {
  columns {
    name: "key"
    type: INT32
    is_key: true
    is_nullable: false
    encoding: AUTO_ENCODING
    compression: DEFAULT_COMPRESSION
    cfile_block_size: 0
    immutable: false
  }
}
num_replicas: 3
split_rows_range_bounds {
  rows: "\006\001\000\000\000\000\007\001\n\000\000\000""\006\001\000\000\000\000\007\001\n\000\000\000"
  indirect_data: """"
}
partition_schema {
  hash_schema {
    columns {
      name: "key"
    }
    num_buckets: 8
    seed: 0
  }
  range_schema {
    columns {
      name: "key"
    }
  }
}
W20260601 13:21:49.539137 12991 catalog_manager.cc:7076] The number of live tablet servers is not enough to re-replicate a tablet replica of the newly created table range_aware_rebalance_new_range in case of a server failure: 4 tablet servers would be needed, 3 are available. Consider bringing up more tablet servers.
