I20260601 13:26:07.172204 19095 fs_report.cc:389] FS layout report
--------------------
wal directory: /tmp/dist-test-taskzF1fm0/test-tmp/auto_rebalancer-test.0.AutoRebalancerTest.NoReplicaMovesIfNoTablets.1780320311739822-19095-0/minicluster-data/ts-2-root
metadata directory: /tmp/dist-test-taskzF1fm0/test-tmp/auto_rebalancer-test.0.AutoRebalancerTest.NoReplicaMovesIfNoTablets.1780320311739822-19095-0/minicluster-data/ts-2-root
1 data directories: /tmp/dist-test-taskzF1fm0/test-tmp/auto_rebalancer-test.0.AutoRebalancerTest.NoReplicaMovesIfNoTablets.1780320311739822-19095-0/minicluster-data/ts-2-root/data
Total live blocks: 0
Total live bytes: 0
Total live bytes (after alignment): 0
Total number of LBM containers: 0 (0 full)
Did not check for missing blocks
Did not check for orphaned blocks
Total full LBM containers with extra space: 0 (0 repaired)
Total full LBM container extra space in bytes: 0 (0 repaired)
Total incomplete LBM containers: 0 (0 repaired)
Total LBM partial records: 0 (0 repaired)
Total corrupted LBM metadata records in RocksDB: 0 (0 repaired)
I20260601 13:26:07.177459 19095 rpc_server.cc:225] running with OpenSSL 1.1.1  11 Sep 2018
I20260601 13:26:07.177829 19095 kserver.cc:163] Server-wide thread pool size limit: 3276
I20260601 13:26:07.178128 19095 txn_system_client.cc:432] TxnSystemClient initialization is disabled...
I20260601 13:26:07.178547 19095 ts_tablet_manager.cc:585] Loaded tablet metadata (0 total tablets, 0 live tablets)
I20260601 13:26:07.178608 19095 ts_tablet_manager.cc:531] Time spent load tablet metadata: real 0.000s	user 0.000s	sys 0.000s
I20260601 13:26:07.178664 19095 ts_tablet_manager.cc:616] Registered 0 tablets
I20260601 13:26:07.178700 19095 ts_tablet_manager.cc:595] Time spent register tablets: real 0.000s	user 0.000s	sys 0.000s
I20260601 13:26:07.183792 19095 rpc_server.cc:307] RPC server started. Bound to: 127.18.165.195:38649
I20260601 13:26:07.183817 21571 acceptor_pool.cc:272] collecting diagnostics on the listening RPC socket 127.18.165.195:38649 every 8 connection(s)
I20260601 13:26:07.188206 21572 heartbeater.cc:344] Connected to a master server at 127.18.165.254:43617
I20260601 13:26:07.188311 21572 heartbeater.cc:461] Registering TS with master...
I20260601 13:26:07.188520 21572 heartbeater.cc:507] Master 127.18.165.254:43617 requested a full tablet report, sending...
I20260601 13:26:07.189147 21292 ts_manager.cc:194] Registered new tserver with Master: d1c5db40955b4c4c93a6980f26b32c17 (127.18.165.195:38649)
I20260601 13:26:07.189657 21292 master_service.cc:502] Signed X509 certificate for tserver {username='slave'} at 127.0.0.1:55926
I20260601 13:26:07.189955 19095 internal_mini_cluster.cc:371] 3 TS(s) registered with all masters after 0.00565435s
I20260601 13:26:08.134816 21421 heartbeater.cc:499] Master 127.18.165.254:43617 was elected leader, sending a full tablet report...
I20260601 13:26:08.171865 21497 heartbeater.cc:499] Master 127.18.165.254:43617 was elected leader, sending a full tablet report...
I20260601 13:26:08.190589 21572 heartbeater.cc:499] Master 127.18.165.254:43617 was elected leader, sending a full tablet report...
I20260601 13:26:09.056715 21346 auto_leader_rebalancer.cc:451] All tables' leader rebalancing finished this round
I20260601 13:26:11.057139 21346 auto_leader_rebalancer.cc:451] All tables' leader rebalancing finished this round
I20260601 13:26:13.057505 21346 auto_leader_rebalancer.cc:451] All tables' leader rebalancing finished this round
I20260601 13:26:15.057862 21346 auto_leader_rebalancer.cc:451] All tables' leader rebalancing finished this round
I20260601 13:26:17.058267 21346 auto_leader_rebalancer.cc:451] All tables' leader rebalancing finished this round
I20260601 13:26:19.058686 21346 auto_leader_rebalancer.cc:451] All tables' leader rebalancing finished this round
I20260601 13:26:19.268587 19095 tablet_server.cc:179] TabletServer@127.18.165.193:0 shutting down...
I20260601 13:26:19.272184 19095 ts_tablet_manager.cc:1507] Shutting down tablet manager...
I20260601 13:26:19.284535 19095 tablet_server.cc:196] TabletServer@127.18.165.193:0 shutdown complete.
I20260601 13:26:19.286442 19095 tablet_server.cc:179] TabletServer@127.18.165.194:0 shutting down...
I20260601 13:26:19.290186 19095 ts_tablet_manager.cc:1507] Shutting down tablet manager...
I20260601 13:26:19.302035 19095 tablet_server.cc:196] TabletServer@127.18.165.194:0 shutdown complete.
I20260601 13:26:19.304173 19095 tablet_server.cc:179] TabletServer@127.18.165.195:0 shutting down...
I20260601 13:26:19.307710 19095 ts_tablet_manager.cc:1507] Shutting down tablet manager...
I20260601 13:26:19.319774 19095 tablet_server.cc:196] TabletServer@127.18.165.195:0 shutdown complete.
I20260601 13:26:19.321496 19095 master.cc:562] Master@127.18.165.254:43617 shutting down...
I20260601 13:26:19.325023 19095 raft_consensus.cc:2243] T 00000000000000000000000000000000 P 7f5b7c5c48cd4d91a6e9fa20a451f166 [term 1 LEADER]: Raft consensus shutting down.
I20260601 13:26:19.325194 19095 raft_consensus.cc:2272] T 00000000000000000000000000000000 P 7f5b7c5c48cd4d91a6e9fa20a451f166 [term 1 FOLLOWER]: Raft consensus is shut down!
I20260601 13:26:19.325286 19095 tablet_replica.cc:333] T 00000000000000000000000000000000 P 7f5b7c5c48cd4d91a6e9fa20a451f166: stopping tablet replica
I20260601 13:26:19.337322 19095 master.cc:584] Master@127.18.165.254:43617 shutdown complete.
[       OK ] AutoRebalancerTest.NoReplicaMovesIfNoTablets (12332 ms)
[ RUN      ] AutoRebalancerTest.RangeAwareBuildClusterInfoGroupsByRange
I20260601 13:26:19.342996 19095 internal_mini_cluster.cc:156] Creating distributed mini masters. Addrs: 127.18.165.254:33299
I20260601 13:26:19.343360 19095 file_cache.cc:492] Constructed file cache file cache with capacity 419430
W20260601 13:26:19.345346 21576 instance_detector.cc:116] could not retrieve AWS instance metadata: Network error: curl error: HTTP response code said error: The requested URL returned error: 404
I20260601 13:26:19.345408 19095 server_base.cc:1061] running on GCE node
W20260601 13:26:19.345346 21577 instance_detector.cc:116] could not retrieve Azure instance metadata: Network error: curl error: HTTP response code said error: The requested URL returned error: 404
W20260601 13:26:19.345363 21579 instance_detector.cc:116] could not retrieve OpenStack instance metadata: Network error: curl error: HTTP response code said error: The requested URL returned error: 404
I20260601 13:26:19.345676 19095 hybrid_clock.cc:584] initializing the hybrid clock with 'system_unsync' time source
W20260601 13:26:19.345721 19095 system_unsync_time.cc:38] NTP support is disabled. Clock error bounds will not be accurate. This configuration is not suitable for distributed clusters.
I20260601 13:26:19.345738 19095 hybrid_clock.cc:648] HybridClock initialized: now 1780320379345738 us; error 0 us; skew 500 ppm
I20260601 13:26:19.346601 19095 webserver.cc:533] Webserver started at http://127.18.165.254:36339/ using document root <none> and password file <none>
I20260601 13:26:19.346778 19095 fs_manager.cc:362] Metadata directory not provided
I20260601 13:26:19.346828 19095 fs_manager.cc:368] Using write-ahead log directory (fs_wal_dir) as metadata directory
I20260601 13:26:19.346884 19095 server_base.cc:909] This appears to be a new deployment of Kudu; creating new FS layout
I20260601 13:26:19.347258 19095 fs_manager.cc:1068] Generated new instance metadata in path /tmp/dist-test-taskzF1fm0/test-tmp/auto_rebalancer-test.0.AutoRebalancerTest.RangeAwareBuildClusterInfoGroupsByRange.1780320311739822-19095-0/minicluster-data/master-0-root/instance:
uuid: "50db1e6dc2b94ba0934347db81af3854"
format_stamp: "Formatted at 2026-06-01 13:26:19 on dist-test-slave-l49s"
I20260601 13:26:19.348829 19095 fs_manager.cc:696] Time spent creating directory manager: real 0.001s	user 0.000s	sys 0.002s
I20260601 13:26:19.349761 21584 log_block_manager.cc:4031] Time spent loading block containers with low live blocks: real 0.000s	user 0.000s	sys 0.000s
I20260601 13:26:19.350015 19095 fs_manager.cc:730] Time spent opening block manager: real 0.001s	user 0.000s	sys 0.001s
I20260601 13:26:19.350069 19095 fs_manager.cc:647] Opened local filesystem: /tmp/dist-test-taskzF1fm0/test-tmp/auto_rebalancer-test.0.AutoRebalancerTest.RangeAwareBuildClusterInfoGroupsByRange.1780320311739822-19095-0/minicluster-data/master-0-root
uuid: "50db1e6dc2b94ba0934347db81af3854"
format_stamp: "Formatted at 2026-06-01 13:26:19 on dist-test-slave-l49s"
I20260601 13:26:19.350123 19095 fs_report.cc:389] FS layout report
--------------------
wal directory: /tmp/dist-test-taskzF1fm0/test-tmp/auto_rebalancer-test.0.AutoRebalancerTest.RangeAwareBuildClusterInfoGroupsByRange.1780320311739822-19095-0/minicluster-data/master-0-root
metadata directory: /tmp/dist-test-taskzF1fm0/test-tmp/auto_rebalancer-test.0.AutoRebalancerTest.RangeAwareBuildClusterInfoGroupsByRange.1780320311739822-19095-0/minicluster-data/master-0-root
1 data directories: /tmp/dist-test-taskzF1fm0/test-tmp/auto_rebalancer-test.0.AutoRebalancerTest.RangeAwareBuildClusterInfoGroupsByRange.1780320311739822-19095-0/minicluster-data/master-0-root/data
Total live blocks: 0
Total live bytes: 0
Total live bytes (after alignment): 0
Total number of LBM containers: 0 (0 full)
Did not check for missing blocks
Did not check for orphaned blocks
Total full LBM containers with extra space: 0 (0 repaired)
Total full LBM container extra space in bytes: 0 (0 repaired)
Total incomplete LBM containers: 0 (0 repaired)
Total LBM partial records: 0 (0 repaired)
Total corrupted LBM metadata records in RocksDB: 0 (0 repaired)
I20260601 13:26:19.378280 19095 rpc_server.cc:225] running with OpenSSL 1.1.1  11 Sep 2018
I20260601 13:26:19.378703 19095 kserver.cc:163] Server-wide thread pool size limit: 3276
I20260601 13:26:19.383064 19095 rpc_server.cc:307] RPC server started. Bound to: 127.18.165.254:33299
I20260601 13:26:19.385130 21636 acceptor_pool.cc:272] collecting diagnostics on the listening RPC socket 127.18.165.254:33299 every 8 connection(s)
I20260601 13:26:19.385715 21637 data_dirs.cc:400] Could only allocate 1 dirs of requested 3 for tablet 00000000000000000000000000000000. 1 dirs total, 0 dirs full, 0 dirs failed
I20260601 13:26:19.387440 21637 tablet_bootstrap.cc:492] T 00000000000000000000000000000000 P 50db1e6dc2b94ba0934347db81af3854: Bootstrap starting.
I20260601 13:26:19.388280 21637 tablet_bootstrap.cc:654] T 00000000000000000000000000000000 P 50db1e6dc2b94ba0934347db81af3854: Neither blocks nor log segments found. Creating new log.
I20260601 13:26:19.389269 21637 tablet_bootstrap.cc:492] T 00000000000000000000000000000000 P 50db1e6dc2b94ba0934347db81af3854: No bootstrap required, opened a new log
I20260601 13:26:19.389623 21637 raft_consensus.cc:359] T 00000000000000000000000000000000 P 50db1e6dc2b94ba0934347db81af3854 [term 0 FOLLOWER]: Replica starting. Triggering 0 pending ops. Active config: opid_index: -1 OBSOLETE_local: true peers { permanent_uuid: "50db1e6dc2b94ba0934347db81af3854" member_type: VOTER }
I20260601 13:26:19.389708 21637 raft_consensus.cc:385] T 00000000000000000000000000000000 P 50db1e6dc2b94ba0934347db81af3854 [term 0 FOLLOWER]: Consensus starting up: Expiring failure detector timer to make a prompt election more likely
I20260601 13:26:19.389730 21637 raft_consensus.cc:740] T 00000000000000000000000000000000 P 50db1e6dc2b94ba0934347db81af3854 [term 0 FOLLOWER]: Becoming Follower/Learner. State: Replica: 50db1e6dc2b94ba0934347db81af3854, State: Initialized, Role: FOLLOWER
I20260601 13:26:19.389824 21637 consensus_queue.cc:260] T 00000000000000000000000000000000 P 50db1e6dc2b94ba0934347db81af3854 [NON_LEADER]: Queue going to NON_LEADER mode. State: All replicated index: 0, Majority replicated index: 0, Committed index: 0, Last appended: 0.0, Last appended by leader: 0, Current term: 0, Majority size: -1, State: 0, Mode: NON_LEADER, active raft config: opid_index: -1 OBSOLETE_local: true peers { permanent_uuid: "50db1e6dc2b94ba0934347db81af3854" member_type: VOTER }
I20260601 13:26:19.389878 21637 raft_consensus.cc:399] T 00000000000000000000000000000000 P 50db1e6dc2b94ba0934347db81af3854 [term 0 FOLLOWER]: Only one voter in the Raft config. Triggering election immediately
I20260601 13:26:19.389899 21637 raft_consensus.cc:493] T 00000000000000000000000000000000 P 50db1e6dc2b94ba0934347db81af3854 [term 0 FOLLOWER]: Starting leader election (initial election of a single-replica configuration)
I20260601 13:26:19.389927 21637 raft_consensus.cc:3060] T 00000000000000000000000000000000 P 50db1e6dc2b94ba0934347db81af3854 [term 0 FOLLOWER]: Advancing to term 1
I20260601 13:26:19.390586 21637 raft_consensus.cc:515] T 00000000000000000000000000000000 P 50db1e6dc2b94ba0934347db81af3854 [term 1 FOLLOWER]: Starting leader election with config: opid_index: -1 OBSOLETE_local: true peers { permanent_uuid: "50db1e6dc2b94ba0934347db81af3854" member_type: VOTER }
I20260601 13:26:19.390700 21637 leader_election.cc:304] T 00000000000000000000000000000000 P 50db1e6dc2b94ba0934347db81af3854 [CANDIDATE]: Term 1 election: Election decided. Result: candidate won. Election summary: received 1 responses out of 1 voters: 1 yes votes; 0 no votes. yes voters: 50db1e6dc2b94ba0934347db81af3854; no voters: 
I20260601 13:26:19.390841 21637 leader_election.cc:290] T 00000000000000000000000000000000 P 50db1e6dc2b94ba0934347db81af3854 [CANDIDATE]: Term 1 election: Requested vote from peers 
I20260601 13:26:19.390954 21640 raft_consensus.cc:2804] T 00000000000000000000000000000000 P 50db1e6dc2b94ba0934347db81af3854 [term 1 FOLLOWER]: Leader election won for term 1
I20260601 13:26:19.391170 21640 raft_consensus.cc:697] T 00000000000000000000000000000000 P 50db1e6dc2b94ba0934347db81af3854 [term 1 LEADER]: Becoming Leader. State: Replica: 50db1e6dc2b94ba0934347db81af3854, State: Running, Role: LEADER
I20260601 13:26:19.391294 21640 consensus_queue.cc:237] T 00000000000000000000000000000000 P 50db1e6dc2b94ba0934347db81af3854 [LEADER]: Queue going to LEADER mode. State: All replicated index: 0, Majority replicated index: 0, Committed index: 0, Last appended: 0.0, Last appended by leader: 0, Current term: 1, Majority size: 1, State: 0, Mode: LEADER, active raft config: opid_index: -1 OBSOLETE_local: true peers { permanent_uuid: "50db1e6dc2b94ba0934347db81af3854" member_type: VOTER }
I20260601 13:26:19.391359 21637 sys_catalog.cc:565] T 00000000000000000000000000000000 P 50db1e6dc2b94ba0934347db81af3854 [sys.catalog]: configured and running, proceeding with master startup.
I20260601 13:26:19.391718 21641 sys_catalog.cc:455] T 00000000000000000000000000000000 P 50db1e6dc2b94ba0934347db81af3854 [sys.catalog]: SysCatalogTable state changed. Reason: RaftConsensus started. Latest consensus state: current_term: 1 leader_uuid: "50db1e6dc2b94ba0934347db81af3854" committed_config { opid_index: -1 OBSOLETE_local: true peers { permanent_uuid: "50db1e6dc2b94ba0934347db81af3854" member_type: VOTER } }
I20260601 13:26:19.391748 21642 sys_catalog.cc:455] T 00000000000000000000000000000000 P 50db1e6dc2b94ba0934347db81af3854 [sys.catalog]: SysCatalogTable state changed. Reason: New leader 50db1e6dc2b94ba0934347db81af3854. Latest consensus state: current_term: 1 leader_uuid: "50db1e6dc2b94ba0934347db81af3854" committed_config { opid_index: -1 OBSOLETE_local: true peers { permanent_uuid: "50db1e6dc2b94ba0934347db81af3854" member_type: VOTER } }
I20260601 13:26:19.391867 21641 sys_catalog.cc:458] T 00000000000000000000000000000000 P 50db1e6dc2b94ba0934347db81af3854 [sys.catalog]: This master's current role is: LEADER
I20260601 13:26:19.391886 21642 sys_catalog.cc:458] T 00000000000000000000000000000000 P 50db1e6dc2b94ba0934347db81af3854 [sys.catalog]: This master's current role is: LEADER
I20260601 13:26:19.392444 21644 catalog_manager.cc:1510] Loading table and tablet metadata into memory...
I20260601 13:26:19.393460 21644 catalog_manager.cc:1519] Initializing Kudu cluster ID...
I20260601 13:26:19.393625 19095 internal_mini_cluster.cc:184] Waiting to initialize catalog manager on master 0
I20260601 13:26:19.395273 21644 catalog_manager.cc:1382] Generated new cluster ID: ab09d3e317454f388ceb6e2d2615e110
I20260601 13:26:19.395330 21644 catalog_manager.cc:1530] Initializing Kudu internal certificate authority...
I20260601 13:26:19.405598 21644 catalog_manager.cc:1405] Generated new certificate authority record
I20260601 13:26:19.406169 21644 catalog_manager.cc:1539] Loading token signing keys...
I20260601 13:26:19.414263 21644 catalog_manager.cc:6069] T 00000000000000000000000000000000 P 50db1e6dc2b94ba0934347db81af3854: Generated new TSK 0
I20260601 13:26:19.414429 21644 catalog_manager.cc:1549] Initializing in-progress tserver states...
I20260601 13:26:19.426024 19095 file_cache.cc:492] Constructed file cache file cache with capacity 419430
W20260601 13:26:19.428100 21661 instance_detector.cc:116] could not retrieve OpenStack instance metadata: Network error: curl error: HTTP response code said error: The requested URL returned error: 404
W20260601 13:26:19.428123 21659 instance_detector.cc:116] could not retrieve Azure instance metadata: Network error: curl error: HTTP response code said error: The requested URL returned error: 404
I20260601 13:26:19.428164 19095 server_base.cc:1061] running on GCE node
W20260601 13:26:19.428215 21658 instance_detector.cc:116] could not retrieve AWS instance metadata: Network error: curl error: HTTP response code said error: The requested URL returned error: 404
I20260601 13:26:19.428512 19095 hybrid_clock.cc:584] initializing the hybrid clock with 'system_unsync' time source
W20260601 13:26:19.428556 19095 system_unsync_time.cc:38] NTP support is disabled. Clock error bounds will not be accurate. This configuration is not suitable for distributed clusters.
I20260601 13:26:19.428572 19095 hybrid_clock.cc:648] HybridClock initialized: now 1780320379428572 us; error 0 us; skew 500 ppm
I20260601 13:26:19.429318 19095 webserver.cc:533] Webserver started at http://127.18.165.193:39275/ using document root <none> and password file <none>
I20260601 13:26:19.429489 19095 fs_manager.cc:362] Metadata directory not provided
I20260601 13:26:19.429533 19095 fs_manager.cc:368] Using write-ahead log directory (fs_wal_dir) as metadata directory
I20260601 13:26:19.429586 19095 server_base.cc:909] This appears to be a new deployment of Kudu; creating new FS layout
I20260601 13:26:19.429941 19095 fs_manager.cc:1068] Generated new instance metadata in path /tmp/dist-test-taskzF1fm0/test-tmp/auto_rebalancer-test.0.AutoRebalancerTest.RangeAwareBuildClusterInfoGroupsByRange.1780320311739822-19095-0/minicluster-data/ts-0-root/instance:
uuid: "00b7ccaef48d4fbd8e352b476a003a5a"
format_stamp: "Formatted at 2026-06-01 13:26:19 on dist-test-slave-l49s"
I20260601 13:26:19.431293 19095 fs_manager.cc:696] Time spent creating directory manager: real 0.001s	user 0.002s	sys 0.000s
I20260601 13:26:19.432331 21666 log_block_manager.cc:4031] Time spent loading block containers with low live blocks: real 0.000s	user 0.000s	sys 0.000s
I20260601 13:26:19.432582 19095 fs_manager.cc:730] Time spent opening block manager: real 0.001s	user 0.001s	sys 0.000s
I20260601 13:26:19.432672 19095 fs_manager.cc:647] Opened local filesystem: /tmp/dist-test-taskzF1fm0/test-tmp/auto_rebalancer-test.0.AutoRebalancerTest.RangeAwareBuildClusterInfoGroupsByRange.1780320311739822-19095-0/minicluster-data/ts-0-root
uuid: "00b7ccaef48d4fbd8e352b476a003a5a"
format_stamp: "Formatted at 2026-06-01 13:26:19 on dist-test-slave-l49s"
I20260601 13:26:19.432755 19095 fs_report.cc:389] FS layout report
--------------------
wal directory: /tmp/dist-test-taskzF1fm0/test-tmp/auto_rebalancer-test.0.AutoRebalancerTest.RangeAwareBuildClusterInfoGroupsByRange.1780320311739822-19095-0/minicluster-data/ts-0-root
metadata directory: /tmp/dist-test-taskzF1fm0/test-tmp/auto_rebalancer-test.0.AutoRebalancerTest.RangeAwareBuildClusterInfoGroupsByRange.1780320311739822-19095-0/minicluster-data/ts-0-root
1 data directories: /tmp/dist-test-taskzF1fm0/test-tmp/auto_rebalancer-test.0.AutoRebalancerTest.RangeAwareBuildClusterInfoGroupsByRange.1780320311739822-19095-0/minicluster-data/ts-0-root/data
Total live blocks: 0
Total live bytes: 0
Total live bytes (after alignment): 0
Total number of LBM containers: 0 (0 full)
Did not check for missing blocks
Did not check for orphaned blocks
Total full LBM containers with extra space: 0 (0 repaired)
Total full LBM container extra space in bytes: 0 (0 repaired)
Total incomplete LBM containers: 0 (0 repaired)
Total LBM partial records: 0 (0 repaired)
Total corrupted LBM metadata records in RocksDB: 0 (0 repaired)
I20260601 13:26:19.444214 19095 rpc_server.cc:225] running with OpenSSL 1.1.1  11 Sep 2018
I20260601 13:26:19.444559 19095 kserver.cc:163] Server-wide thread pool size limit: 3276
I20260601 13:26:19.444828 19095 txn_system_client.cc:432] TxnSystemClient initialization is disabled...
I20260601 13:26:19.445266 19095 ts_tablet_manager.cc:585] Loaded tablet metadata (0 total tablets, 0 live tablets)
I20260601 13:26:19.445324 19095 ts_tablet_manager.cc:531] Time spent load tablet metadata: real 0.000s	user 0.000s	sys 0.000s
I20260601 13:26:19.445381 19095 ts_tablet_manager.cc:616] Registered 0 tablets
I20260601 13:26:19.445415 19095 ts_tablet_manager.cc:595] Time spent register tablets: real 0.000s	user 0.000s	sys 0.000s
I20260601 13:26:19.449760 19095 rpc_server.cc:307] RPC server started. Bound to: 127.18.165.193:37921
I20260601 13:26:19.449786 21729 acceptor_pool.cc:272] collecting diagnostics on the listening RPC socket 127.18.165.193:37921 every 8 connection(s)
I20260601 13:26:19.450570 19095 file_cache.cc:492] Constructed file cache file cache with capacity 419430
W20260601 13:26:19.452521 21737 instance_detector.cc:116] could not retrieve OpenStack instance metadata: Network error: curl error: HTTP response code said error: The requested URL returned error: 404
W20260601 13:26:19.452503 21734 instance_detector.cc:116] could not retrieve AWS instance metadata: Network error: curl error: HTTP response code said error: The requested URL returned error: 404
W20260601 13:26:19.452498 21735 instance_detector.cc:116] could not retrieve Azure instance metadata: Network error: curl error: HTTP response code said error: The requested URL returned error: 404
I20260601 13:26:19.453058 19095 server_base.cc:1061] running on GCE node
I20260601 13:26:19.453281 19095 hybrid_clock.cc:584] initializing the hybrid clock with 'system_unsync' time source
W20260601 13:26:19.453321 19095 system_unsync_time.cc:38] NTP support is disabled. Clock error bounds will not be accurate. This configuration is not suitable for distributed clusters.
I20260601 13:26:19.453338 19095 hybrid_clock.cc:648] HybridClock initialized: now 1780320379453338 us; error 0 us; skew 500 ppm
I20260601 13:26:19.454262 19095 webserver.cc:533] Webserver started at http://127.18.165.194:42155/ using document root <none> and password file <none>
I20260601 13:26:19.454434 19095 fs_manager.cc:362] Metadata directory not provided
I20260601 13:26:19.454488 19095 fs_manager.cc:368] Using write-ahead log directory (fs_wal_dir) as metadata directory
I20260601 13:26:19.454555 19095 server_base.cc:909] This appears to be a new deployment of Kudu; creating new FS layout
I20260601 13:26:19.454928 19095 fs_manager.cc:1068] Generated new instance metadata in path /tmp/dist-test-taskzF1fm0/test-tmp/auto_rebalancer-test.0.AutoRebalancerTest.RangeAwareBuildClusterInfoGroupsByRange.1780320311739822-19095-0/minicluster-data/ts-1-root/instance:
uuid: "c330c5c59d61482595cc050908f993a7"
format_stamp: "Formatted at 2026-06-01 13:26:19 on dist-test-slave-l49s"
I20260601 13:26:19.456403 19095 fs_manager.cc:696] Time spent creating directory manager: real 0.001s	user 0.002s	sys 0.000s
I20260601 13:26:19.457285 21742 log_block_manager.cc:4031] Time spent loading block containers with low live blocks: real 0.000s	user 0.000s	sys 0.000s
I20260601 13:26:19.457535 19095 fs_manager.cc:730] Time spent opening block manager: real 0.001s	user 0.001s	sys 0.000s
I20260601 13:26:19.457609 19095 fs_manager.cc:647] Opened local filesystem: /tmp/dist-test-taskzF1fm0/test-tmp/auto_rebalancer-test.0.AutoRebalancerTest.RangeAwareBuildClusterInfoGroupsByRange.1780320311739822-19095-0/minicluster-data/ts-1-root
uuid: "c330c5c59d61482595cc050908f993a7"
format_stamp: "Formatted at 2026-06-01 13:26:19 on dist-test-slave-l49s"
I20260601 13:26:19.457665 19095 fs_report.cc:389] FS layout report
--------------------
wal directory: /tmp/dist-test-taskzF1fm0/test-tmp/auto_rebalancer-test.0.AutoRebalancerTest.RangeAwareBuildClusterInfoGroupsByRange.1780320311739822-19095-0/minicluster-data/ts-1-root
metadata directory: /tmp/dist-test-taskzF1fm0/test-tmp/auto_rebalancer-test.0.AutoRebalancerTest.RangeAwareBuildClusterInfoGroupsByRange.1780320311739822-19095-0/minicluster-data/ts-1-root
1 data directories: /tmp/dist-test-taskzF1fm0/test-tmp/auto_rebalancer-test.0.AutoRebalancerTest.RangeAwareBuildClusterInfoGroupsByRange.1780320311739822-19095-0/minicluster-data/ts-1-root/data
Total live blocks: 0
Total live bytes: 0
Total live bytes (after alignment): 0
Total number of LBM containers: 0 (0 full)
Did not check for missing blocks
Did not check for orphaned blocks
Total full LBM containers with extra space: 0 (0 repaired)
Total full LBM container extra space in bytes: 0 (0 repaired)
Total incomplete LBM containers: 0 (0 repaired)
Total LBM partial records: 0 (0 repaired)
Total corrupted LBM metadata records in RocksDB: 0 (0 repaired)
I20260601 13:26:19.460316 21730 heartbeater.cc:344] Connected to a master server at 127.18.165.254:33299
I20260601 13:26:19.460405 21730 heartbeater.cc:461] Registering TS with master...
I20260601 13:26:19.460619 21730 heartbeater.cc:507] Master 127.18.165.254:33299 requested a full tablet report, sending...
I20260601 13:26:19.461187 21601 ts_manager.cc:194] Registered new tserver with Master: 00b7ccaef48d4fbd8e352b476a003a5a (127.18.165.193:37921)
I20260601 13:26:19.461899 21601 master_service.cc:502] Signed X509 certificate for tserver {username='slave'} at 127.0.0.1:45110
I20260601 13:26:19.468159 19095 rpc_server.cc:225] running with OpenSSL 1.1.1  11 Sep 2018
I20260601 13:26:19.468526 19095 kserver.cc:163] Server-wide thread pool size limit: 3276
I20260601 13:26:19.468822 19095 txn_system_client.cc:432] TxnSystemClient initialization is disabled...
I20260601 13:26:19.469255 19095 ts_tablet_manager.cc:585] Loaded tablet metadata (0 total tablets, 0 live tablets)
I20260601 13:26:19.469316 19095 ts_tablet_manager.cc:531] Time spent load tablet metadata: real 0.000s	user 0.000s	sys 0.000s
I20260601 13:26:19.469370 19095 ts_tablet_manager.cc:616] Registered 0 tablets
I20260601 13:26:19.469420 19095 ts_tablet_manager.cc:595] Time spent register tablets: real 0.000s	user 0.000s	sys 0.000s
I20260601 13:26:19.474318 19095 rpc_server.cc:307] RPC server started. Bound to: 127.18.165.194:37117
I20260601 13:26:19.474391 21805 acceptor_pool.cc:272] collecting diagnostics on the listening RPC socket 127.18.165.194:37117 every 8 connection(s)
I20260601 13:26:19.475108 19095 file_cache.cc:492] Constructed file cache file cache with capacity 419430
W20260601 13:26:19.477088 21810 instance_detector.cc:116] could not retrieve Azure instance metadata: Network error: curl error: HTTP response code said error: The requested URL returned error: 404
W20260601 13:26:19.477183 21809 instance_detector.cc:116] could not retrieve AWS instance metadata: Network error: curl error: HTTP response code said error: The requested URL returned error: 404
I20260601 13:26:19.477376 19095 server_base.cc:1061] running on GCE node
W20260601 13:26:19.478300 21812 instance_detector.cc:116] could not retrieve OpenStack instance metadata: Network error: curl error: HTTP response code said error: The requested URL returned error: 404
I20260601 13:26:19.478595 19095 hybrid_clock.cc:584] initializing the hybrid clock with 'system_unsync' time source
W20260601 13:26:19.478659 19095 system_unsync_time.cc:38] NTP support is disabled. Clock error bounds will not be accurate. This configuration is not suitable for distributed clusters.
I20260601 13:26:19.478734 19095 hybrid_clock.cc:648] HybridClock initialized: now 1780320379478732 us; error 0 us; skew 500 ppm
I20260601 13:26:19.479638 21806 heartbeater.cc:344] Connected to a master server at 127.18.165.254:33299
I20260601 13:26:19.479650 19095 webserver.cc:533] Webserver started at http://127.18.165.195:42521/ using document root <none> and password file <none>
I20260601 13:26:19.479761 21806 heartbeater.cc:461] Registering TS with master...
I20260601 13:26:19.479833 19095 fs_manager.cc:362] Metadata directory not provided
I20260601 13:26:19.479888 19095 fs_manager.cc:368] Using write-ahead log directory (fs_wal_dir) as metadata directory
I20260601 13:26:19.479981 19095 server_base.cc:909] This appears to be a new deployment of Kudu; creating new FS layout
I20260601 13:26:19.480021 21806 heartbeater.cc:507] Master 127.18.165.254:33299 requested a full tablet report, sending...
I20260601 13:26:19.480468 19095 fs_manager.cc:1068] Generated new instance metadata in path /tmp/dist-test-taskzF1fm0/test-tmp/auto_rebalancer-test.0.AutoRebalancerTest.RangeAwareBuildClusterInfoGroupsByRange.1780320311739822-19095-0/minicluster-data/ts-2-root/instance:
uuid: "52c8b11481d442cbbb8afbba48ab874c"
format_stamp: "Formatted at 2026-06-01 13:26:19 on dist-test-slave-l49s"
I20260601 13:26:19.480731 21601 ts_manager.cc:194] Registered new tserver with Master: c330c5c59d61482595cc050908f993a7 (127.18.165.194:37117)
I20260601 13:26:19.481242 21601 master_service.cc:502] Signed X509 certificate for tserver {username='slave'} at 127.0.0.1:45122
I20260601 13:26:19.482136 19095 fs_manager.cc:696] Time spent creating directory manager: real 0.001s	user 0.002s	sys 0.000s
I20260601 13:26:19.483063 21817 log_block_manager.cc:4031] Time spent loading block containers with low live blocks: real 0.000s	user 0.000s	sys 0.000s
I20260601 13:26:19.483335 19095 fs_manager.cc:730] Time spent opening block manager: real 0.001s	user 0.001s	sys 0.000s
I20260601 13:26:19.483390 19095 fs_manager.cc:647] Opened local filesystem: /tmp/dist-test-taskzF1fm0/test-tmp/auto_rebalancer-test.0.AutoRebalancerTest.RangeAwareBuildClusterInfoGroupsByRange.1780320311739822-19095-0/minicluster-data/ts-2-root
uuid: "52c8b11481d442cbbb8afbba48ab874c"
format_stamp: "Formatted at 2026-06-01 13:26:19 on dist-test-slave-l49s"
I20260601 13:26:19.483471 19095 fs_report.cc:389] FS layout report
--------------------
wal directory: /tmp/dist-test-taskzF1fm0/test-tmp/auto_rebalancer-test.0.AutoRebalancerTest.RangeAwareBuildClusterInfoGroupsByRange.1780320311739822-19095-0/minicluster-data/ts-2-root
metadata directory: /tmp/dist-test-taskzF1fm0/test-tmp/auto_rebalancer-test.0.AutoRebalancerTest.RangeAwareBuildClusterInfoGroupsByRange.1780320311739822-19095-0/minicluster-data/ts-2-root
1 data directories: /tmp/dist-test-taskzF1fm0/test-tmp/auto_rebalancer-test.0.AutoRebalancerTest.RangeAwareBuildClusterInfoGroupsByRange.1780320311739822-19095-0/minicluster-data/ts-2-root/data
Total live blocks: 0
Total live bytes: 0
Total live bytes (after alignment): 0
Total number of LBM containers: 0 (0 full)
Did not check for missing blocks
Did not check for orphaned blocks
Total full LBM containers with extra space: 0 (0 repaired)
Total full LBM container extra space in bytes: 0 (0 repaired)
Total incomplete LBM containers: 0 (0 repaired)
Total LBM partial records: 0 (0 repaired)
Total corrupted LBM metadata records in RocksDB: 0 (0 repaired)
I20260601 13:26:19.494161 19095 rpc_server.cc:225] running with OpenSSL 1.1.1  11 Sep 2018
I20260601 13:26:19.494525 19095 kserver.cc:163] Server-wide thread pool size limit: 3276
I20260601 13:26:19.494803 19095 txn_system_client.cc:432] TxnSystemClient initialization is disabled...
I20260601 13:26:19.495496 19095 ts_tablet_manager.cc:585] Loaded tablet metadata (0 total tablets, 0 live tablets)
I20260601 13:26:19.495559 19095 ts_tablet_manager.cc:531] Time spent load tablet metadata: real 0.000s	user 0.000s	sys 0.000s
I20260601 13:26:19.495602 19095 ts_tablet_manager.cc:616] Registered 0 tablets
I20260601 13:26:19.495641 19095 ts_tablet_manager.cc:595] Time spent register tablets: real 0.000s	user 0.000s	sys 0.000s
I20260601 13:26:19.500593 19095 rpc_server.cc:307] RPC server started. Bound to: 127.18.165.195:35395
I20260601 13:26:19.500798 21880 acceptor_pool.cc:272] collecting diagnostics on the listening RPC socket 127.18.165.195:35395 every 8 connection(s)
I20260601 13:26:19.506146 21881 heartbeater.cc:344] Connected to a master server at 127.18.165.254:33299
I20260601 13:26:19.506265 21881 heartbeater.cc:461] Registering TS with master...
I20260601 13:26:19.506500 21881 heartbeater.cc:507] Master 127.18.165.254:33299 requested a full tablet report, sending...
I20260601 13:26:19.507171 21601 ts_manager.cc:194] Registered new tserver with Master: 52c8b11481d442cbbb8afbba48ab874c (127.18.165.195:35395)
I20260601 13:26:19.507675 21601 master_service.cc:502] Signed X509 certificate for tserver {username='slave'} at 127.0.0.1:45128
I20260601 13:26:19.507915 19095 internal_mini_cluster.cc:371] 3 TS(s) registered with all masters after 0.00674931s
I20260601 13:26:20.462798 21730 heartbeater.cc:499] Master 127.18.165.254:33299 was elected leader, sending a full tablet report...
I20260601 13:26:20.482136 21806 heartbeater.cc:499] Master 127.18.165.254:33299 was elected leader, sending a full tablet report...
I20260601 13:26:20.508662 21881 heartbeater.cc:499] Master 127.18.165.254:33299 was elected leader, sending a full tablet report...
I20260601 13:26:20.542076 21601 catalog_manager.cc:2282] Servicing CreateTable request from {username='slave'} at 127.0.0.1:45144:
name: "range_aware_auto_rebalancer_test"
schema {
  columns {
    name: "key"
    type: INT32
    is_key: true
    is_nullable: false
    encoding: AUTO_ENCODING
    compression: DEFAULT_COMPRESSION
    cfile_block_size: 0
    immutable: false
  }
}
num_replicas: 3
split_rows_range_bounds {
  rows: "\006\001\000\000\000\000\007\001\n\000\000\000\006\001\n\000\000\000\007\001\024\000\000\000""\006\001\000\000\000\000\007\001\n\000\000\000\006\001\n\000\000\000\007\001\024\000\000\000"
  indirect_data: """"
}
partition_schema {
  hash_schema {
    columns {
      name: "key"
    }
    num_buckets: 2
    seed: 0
  }
  range_schema {
    columns {
      name: "key"
    }
  }
}
W20260601 13:26:20.542843 21601 catalog_manager.cc:7076] The number of live tablet servers is not enough to re-replicate a tablet replica of the newly created table range_aware_auto_rebalancer_test in case of a server failure: 4 tablet servers would be needed, 3 are available. Consider bringing up more tablet servers.
I20260601 13:26:20.554032 21691 tablet_service.cc:1511] Processing CreateTablet for tablet f07aa0b6511b4a078d80b605b8b432d1 (DEFAULT_TABLE table=range_aware_auto_rebalancer_test [id=2c716dd81e45439293ef17369938b23f]), partition=HASH (key) PARTITION 1, RANGE (key) PARTITION 10 <= VALUES < 20
I20260601 13:26:20.554193 21693 tablet_service.cc:1511] Processing CreateTablet for tablet 10db7ba28ff0407aa36fbf4e34735b0f (DEFAULT_TABLE table=range_aware_auto_rebalancer_test [id=2c716dd81e45439293ef17369938b23f]), partition=HASH (key) PARTITION 0, RANGE (key) PARTITION 10 <= VALUES < 20
I20260601 13:26:20.554427 21691 data_dirs.cc:400] Could only allocate 1 dirs of requested 3 for tablet f07aa0b6511b4a078d80b605b8b432d1. 1 dirs total, 0 dirs full, 0 dirs failed
I20260601 13:26:20.554570 21693 data_dirs.cc:400] Could only allocate 1 dirs of requested 3 for tablet 10db7ba28ff0407aa36fbf4e34735b0f. 1 dirs total, 0 dirs full, 0 dirs failed
I20260601 13:26:20.554636 21692 tablet_service.cc:1511] Processing CreateTablet for tablet 96b0807fe36f439bae35fec1f6f66aad (DEFAULT_TABLE table=range_aware_auto_rebalancer_test [id=2c716dd81e45439293ef17369938b23f]), partition=HASH (key) PARTITION 1, RANGE (key) PARTITION 0 <= VALUES < 10
I20260601 13:26:20.554893 21692 data_dirs.cc:400] Could only allocate 1 dirs of requested 3 for tablet 96b0807fe36f439bae35fec1f6f66aad. 1 dirs total, 0 dirs full, 0 dirs failed
I20260601 13:26:20.556414 21770 tablet_service.cc:1511] Processing CreateTablet for tablet c49256f4e5a6432a8ca54f2cbd83dfb6 (DEFAULT_TABLE table=range_aware_auto_rebalancer_test [id=2c716dd81e45439293ef17369938b23f]), partition=HASH (key) PARTITION 0, RANGE (key) PARTITION 0 <= VALUES < 10
I20260601 13:26:20.554033 21694 tablet_service.cc:1511] Processing CreateTablet for tablet c49256f4e5a6432a8ca54f2cbd83dfb6 (DEFAULT_TABLE table=range_aware_auto_rebalancer_test [id=2c716dd81e45439293ef17369938b23f]), partition=HASH (key) PARTITION 0, RANGE (key) PARTITION 0 <= VALUES < 10
I20260601 13:26:20.556667 21770 data_dirs.cc:400] Could only allocate 1 dirs of requested 3 for tablet c49256f4e5a6432a8ca54f2cbd83dfb6. 1 dirs total, 0 dirs full, 0 dirs failed
I20260601 13:26:20.556706 21694 data_dirs.cc:400] Could only allocate 1 dirs of requested 3 for tablet c49256f4e5a6432a8ca54f2cbd83dfb6. 1 dirs total, 0 dirs full, 0 dirs failed
I20260601 13:26:20.558202 21901 tablet_bootstrap.cc:492] T 10db7ba28ff0407aa36fbf4e34735b0f P 00b7ccaef48d4fbd8e352b476a003a5a: Bootstrap starting.
I20260601 13:26:20.558674 21845 tablet_service.cc:1511] Processing CreateTablet for tablet c49256f4e5a6432a8ca54f2cbd83dfb6 (DEFAULT_TABLE table=range_aware_auto_rebalancer_test [id=2c716dd81e45439293ef17369938b23f]), partition=HASH (key) PARTITION 0, RANGE (key) PARTITION 0 <= VALUES < 10
I20260601 13:26:20.558943 21845 data_dirs.cc:400] Could only allocate 1 dirs of requested 3 for tablet c49256f4e5a6432a8ca54f2cbd83dfb6. 1 dirs total, 0 dirs full, 0 dirs failed
I20260601 13:26:20.559191 21769 tablet_service.cc:1511] Processing CreateTablet for tablet 10db7ba28ff0407aa36fbf4e34735b0f (DEFAULT_TABLE table=range_aware_auto_rebalancer_test [id=2c716dd81e45439293ef17369938b23f]), partition=HASH (key) PARTITION 0, RANGE (key) PARTITION 10 <= VALUES < 20
I20260601 13:26:20.559438 21769 data_dirs.cc:400] Could only allocate 1 dirs of requested 3 for tablet 10db7ba28ff0407aa36fbf4e34735b0f. 1 dirs total, 0 dirs full, 0 dirs failed
I20260601 13:26:20.559715 21901 tablet_bootstrap.cc:654] T 10db7ba28ff0407aa36fbf4e34735b0f P 00b7ccaef48d4fbd8e352b476a003a5a: Neither blocks nor log segments found. Creating new log.
I20260601 13:26:20.560267 21767 tablet_service.cc:1511] Processing CreateTablet for tablet f07aa0b6511b4a078d80b605b8b432d1 (DEFAULT_TABLE table=range_aware_auto_rebalancer_test [id=2c716dd81e45439293ef17369938b23f]), partition=HASH (key) PARTITION 1, RANGE (key) PARTITION 10 <= VALUES < 20
I20260601 13:26:20.560497 21767 data_dirs.cc:400] Could only allocate 1 dirs of requested 3 for tablet f07aa0b6511b4a078d80b605b8b432d1. 1 dirs total, 0 dirs full, 0 dirs failed
I20260601 13:26:20.560863 21901 tablet_bootstrap.cc:492] T 10db7ba28ff0407aa36fbf4e34735b0f P 00b7ccaef48d4fbd8e352b476a003a5a: No bootstrap required, opened a new log
I20260601 13:26:20.560940 21901 ts_tablet_manager.cc:1403] T 10db7ba28ff0407aa36fbf4e34735b0f P 00b7ccaef48d4fbd8e352b476a003a5a: Time spent bootstrapping tablet: real 0.003s	user 0.002s	sys 0.000s
I20260601 13:26:20.561203 21844 tablet_service.cc:1511] Processing CreateTablet for tablet 10db7ba28ff0407aa36fbf4e34735b0f (DEFAULT_TABLE table=range_aware_auto_rebalancer_test [id=2c716dd81e45439293ef17369938b23f]), partition=HASH (key) PARTITION 0, RANGE (key) PARTITION 10 <= VALUES < 20
I20260601 13:26:20.561443 21844 data_dirs.cc:400] Could only allocate 1 dirs of requested 3 for tablet 10db7ba28ff0407aa36fbf4e34735b0f. 1 dirs total, 0 dirs full, 0 dirs failed
I20260601 13:26:20.561395 21901 raft_consensus.cc:359] T 10db7ba28ff0407aa36fbf4e34735b0f P 00b7ccaef48d4fbd8e352b476a003a5a [term 0 FOLLOWER]: Replica starting. Triggering 0 pending ops. Active config: opid_index: -1 OBSOLETE_local: false peers { permanent_uuid: "00b7ccaef48d4fbd8e352b476a003a5a" member_type: VOTER last_known_addr { host: "127.18.165.193" port: 37921 } } peers { permanent_uuid: "c330c5c59d61482595cc050908f993a7" member_type: VOTER last_known_addr { host: "127.18.165.194" port: 37117 } } peers { permanent_uuid: "52c8b11481d442cbbb8afbba48ab874c" member_type: VOTER last_known_addr { host: "127.18.165.195" port: 35395 } }
I20260601 13:26:20.561503 21901 raft_consensus.cc:385] T 10db7ba28ff0407aa36fbf4e34735b0f P 00b7ccaef48d4fbd8e352b476a003a5a [term 0 FOLLOWER]: Consensus starting up: Expiring failure detector timer to make a prompt election more likely
I20260601 13:26:20.561539 21901 raft_consensus.cc:740] T 10db7ba28ff0407aa36fbf4e34735b0f P 00b7ccaef48d4fbd8e352b476a003a5a [term 0 FOLLOWER]: Becoming Follower/Learner. State: Replica: 00b7ccaef48d4fbd8e352b476a003a5a, State: Initialized, Role: FOLLOWER
I20260601 13:26:20.561586 21904 tablet_bootstrap.cc:492] T c49256f4e5a6432a8ca54f2cbd83dfb6 P 52c8b11481d442cbbb8afbba48ab874c: Bootstrap starting.
I20260601 13:26:20.561671 21901 consensus_queue.cc:260] T 10db7ba28ff0407aa36fbf4e34735b0f P 00b7ccaef48d4fbd8e352b476a003a5a [NON_LEADER]: Queue going to NON_LEADER mode. State: All replicated index: 0, Majority replicated index: 0, Committed index: 0, Last appended: 0.0, Last appended by leader: 0, Current term: 0, Majority size: -1, State: 0, Mode: NON_LEADER, active raft config: opid_index: -1 OBSOLETE_local: false peers { permanent_uuid: "00b7ccaef48d4fbd8e352b476a003a5a" member_type: VOTER last_known_addr { host: "127.18.165.193" port: 37921 } } peers { permanent_uuid: "c330c5c59d61482595cc050908f993a7" member_type: VOTER last_known_addr { host: "127.18.165.194" port: 37117 } } peers { permanent_uuid: "52c8b11481d442cbbb8afbba48ab874c" member_type: VOTER last_known_addr { host: "127.18.165.195" port: 35395 } }
I20260601 13:26:20.562016 21901 ts_tablet_manager.cc:1434] T 10db7ba28ff0407aa36fbf4e34735b0f P 00b7ccaef48d4fbd8e352b476a003a5a: Time spent starting tablet: real 0.001s	user 0.001s	sys 0.000s
I20260601 13:26:20.562208 21901 tablet_bootstrap.cc:492] T 96b0807fe36f439bae35fec1f6f66aad P 00b7ccaef48d4fbd8e352b476a003a5a: Bootstrap starting.
I20260601 13:26:20.562567 21768 tablet_service.cc:1511] Processing CreateTablet for tablet 96b0807fe36f439bae35fec1f6f66aad (DEFAULT_TABLE table=range_aware_auto_rebalancer_test [id=2c716dd81e45439293ef17369938b23f]), partition=HASH (key) PARTITION 1, RANGE (key) PARTITION 0 <= VALUES < 10
I20260601 13:26:20.562855 21768 data_dirs.cc:400] Could only allocate 1 dirs of requested 3 for tablet 96b0807fe36f439bae35fec1f6f66aad. 1 dirs total, 0 dirs full, 0 dirs failed
I20260601 13:26:20.563153 21901 tablet_bootstrap.cc:654] T 96b0807fe36f439bae35fec1f6f66aad P 00b7ccaef48d4fbd8e352b476a003a5a: Neither blocks nor log segments found. Creating new log.
I20260601 13:26:20.563527 21843 tablet_service.cc:1511] Processing CreateTablet for tablet 96b0807fe36f439bae35fec1f6f66aad (DEFAULT_TABLE table=range_aware_auto_rebalancer_test [id=2c716dd81e45439293ef17369938b23f]), partition=HASH (key) PARTITION 1, RANGE (key) PARTITION 0 <= VALUES < 10
I20260601 13:26:20.563781 21843 data_dirs.cc:400] Could only allocate 1 dirs of requested 3 for tablet 96b0807fe36f439bae35fec1f6f66aad. 1 dirs total, 0 dirs full, 0 dirs failed
I20260601 13:26:20.563836 21902 tablet_bootstrap.cc:492] T c49256f4e5a6432a8ca54f2cbd83dfb6 P c330c5c59d61482595cc050908f993a7: Bootstrap starting.
I20260601 13:26:20.564813 21902 tablet_bootstrap.cc:654] T c49256f4e5a6432a8ca54f2cbd83dfb6 P c330c5c59d61482595cc050908f993a7: Neither blocks nor log segments found. Creating new log.
I20260601 13:26:20.562584 21904 tablet_bootstrap.cc:654] T c49256f4e5a6432a8ca54f2cbd83dfb6 P 52c8b11481d442cbbb8afbba48ab874c: Neither blocks nor log segments found. Creating new log.
I20260601 13:26:20.565862 21901 tablet_bootstrap.cc:492] T 96b0807fe36f439bae35fec1f6f66aad P 00b7ccaef48d4fbd8e352b476a003a5a: No bootstrap required, opened a new log
I20260601 13:26:20.565948 21901 ts_tablet_manager.cc:1403] T 96b0807fe36f439bae35fec1f6f66aad P 00b7ccaef48d4fbd8e352b476a003a5a: Time spent bootstrapping tablet: real 0.004s	user 0.002s	sys 0.000s
I20260601 13:26:20.565909 21842 tablet_service.cc:1511] Processing CreateTablet for tablet f07aa0b6511b4a078d80b605b8b432d1 (DEFAULT_TABLE table=range_aware_auto_rebalancer_test [id=2c716dd81e45439293ef17369938b23f]), partition=HASH (key) PARTITION 1, RANGE (key) PARTITION 10 <= VALUES < 20
I20260601 13:26:20.566149 21842 data_dirs.cc:400] Could only allocate 1 dirs of requested 3 for tablet f07aa0b6511b4a078d80b605b8b432d1. 1 dirs total, 0 dirs full, 0 dirs failed
I20260601 13:26:20.566382 21901 raft_consensus.cc:359] T 96b0807fe36f439bae35fec1f6f66aad P 00b7ccaef48d4fbd8e352b476a003a5a [term 0 FOLLOWER]: Replica starting. Triggering 0 pending ops. Active config: opid_index: -1 OBSOLETE_local: false peers { permanent_uuid: "00b7ccaef48d4fbd8e352b476a003a5a" member_type: VOTER last_known_addr { host: "127.18.165.193" port: 37921 } } peers { permanent_uuid: "c330c5c59d61482595cc050908f993a7" member_type: VOTER last_known_addr { host: "127.18.165.194" port: 37117 } } peers { permanent_uuid: "52c8b11481d442cbbb8afbba48ab874c" member_type: VOTER last_known_addr { host: "127.18.165.195" port: 35395 } }
I20260601 13:26:20.566469 21901 raft_consensus.cc:385] T 96b0807fe36f439bae35fec1f6f66aad P 00b7ccaef48d4fbd8e352b476a003a5a [term 0 FOLLOWER]: Consensus starting up: Expiring failure detector timer to make a prompt election more likely
I20260601 13:26:20.566498 21901 raft_consensus.cc:740] T 96b0807fe36f439bae35fec1f6f66aad P 00b7ccaef48d4fbd8e352b476a003a5a [term 0 FOLLOWER]: Becoming Follower/Learner. State: Replica: 00b7ccaef48d4fbd8e352b476a003a5a, State: Initialized, Role: FOLLOWER
I20260601 13:26:20.566622 21901 consensus_queue.cc:260] T 96b0807fe36f439bae35fec1f6f66aad P 00b7ccaef48d4fbd8e352b476a003a5a [NON_LEADER]: Queue going to NON_LEADER mode. State: All replicated index: 0, Majority replicated index: 0, Committed index: 0, Last appended: 0.0, Last appended by leader: 0, Current term: 0, Majority size: -1, State: 0, Mode: NON_LEADER, active raft config: opid_index: -1 OBSOLETE_local: false peers { permanent_uuid: "00b7ccaef48d4fbd8e352b476a003a5a" member_type: VOTER last_known_addr { host: "127.18.165.193" port: 37921 } } peers { permanent_uuid: "c330c5c59d61482595cc050908f993a7" member_type: VOTER last_known_addr { host: "127.18.165.194" port: 37117 } } peers { permanent_uuid: "52c8b11481d442cbbb8afbba48ab874c" member_type: VOTER last_known_addr { host: "127.18.165.195" port: 35395 } }
I20260601 13:26:20.566871 21901 ts_tablet_manager.cc:1434] T 96b0807fe36f439bae35fec1f6f66aad P 00b7ccaef48d4fbd8e352b476a003a5a: Time spent starting tablet: real 0.001s	user 0.000s	sys 0.000s
I20260601 13:26:20.567035 21904 tablet_bootstrap.cc:492] T c49256f4e5a6432a8ca54f2cbd83dfb6 P 52c8b11481d442cbbb8afbba48ab874c: No bootstrap required, opened a new log
I20260601 13:26:20.567065 21901 tablet_bootstrap.cc:492] T c49256f4e5a6432a8ca54f2cbd83dfb6 P 00b7ccaef48d4fbd8e352b476a003a5a: Bootstrap starting.
I20260601 13:26:20.567145 21904 ts_tablet_manager.cc:1403] T c49256f4e5a6432a8ca54f2cbd83dfb6 P 52c8b11481d442cbbb8afbba48ab874c: Time spent bootstrapping tablet: real 0.006s	user 0.002s	sys 0.000s
I20260601 13:26:20.567582 21904 raft_consensus.cc:359] T c49256f4e5a6432a8ca54f2cbd83dfb6 P 52c8b11481d442cbbb8afbba48ab874c [term 0 FOLLOWER]: Replica starting. Triggering 0 pending ops. Active config: opid_index: -1 OBSOLETE_local: false peers { permanent_uuid: "00b7ccaef48d4fbd8e352b476a003a5a" member_type: VOTER last_known_addr { host: "127.18.165.193" port: 37921 } } peers { permanent_uuid: "52c8b11481d442cbbb8afbba48ab874c" member_type: VOTER last_known_addr { host: "127.18.165.195" port: 35395 } } peers { permanent_uuid: "c330c5c59d61482595cc050908f993a7" member_type: VOTER last_known_addr { host: "127.18.165.194" port: 37117 } }
I20260601 13:26:20.567752 21904 raft_consensus.cc:385] T c49256f4e5a6432a8ca54f2cbd83dfb6 P 52c8b11481d442cbbb8afbba48ab874c [term 0 FOLLOWER]: Consensus starting up: Expiring failure detector timer to make a prompt election more likely
I20260601 13:26:20.567837 21904 raft_consensus.cc:740] T c49256f4e5a6432a8ca54f2cbd83dfb6 P 52c8b11481d442cbbb8afbba48ab874c [term 0 FOLLOWER]: Becoming Follower/Learner. State: Replica: 52c8b11481d442cbbb8afbba48ab874c, State: Initialized, Role: FOLLOWER
I20260601 13:26:20.568281 21904 consensus_queue.cc:260] T c49256f4e5a6432a8ca54f2cbd83dfb6 P 52c8b11481d442cbbb8afbba48ab874c [NON_LEADER]: Queue going to NON_LEADER mode. State: All replicated index: 0, Majority replicated index: 0, Committed index: 0, Last appended: 0.0, Last appended by leader: 0, Current term: 0, Majority size: -1, State: 0, Mode: NON_LEADER, active raft config: opid_index: -1 OBSOLETE_local: false peers { permanent_uuid: "00b7ccaef48d4fbd8e352b476a003a5a" member_type: VOTER last_known_addr { host: "127.18.165.193" port: 37921 } } peers { permanent_uuid: "52c8b11481d442cbbb8afbba48ab874c" member_type: VOTER last_known_addr { host: "127.18.165.195" port: 35395 } } peers { permanent_uuid: "c330c5c59d61482595cc050908f993a7" member_type: VOTER last_known_addr { host: "127.18.165.194" port: 37117 } }
I20260601 13:26:20.568542 21902 tablet_bootstrap.cc:492] T c49256f4e5a6432a8ca54f2cbd83dfb6 P c330c5c59d61482595cc050908f993a7: No bootstrap required, opened a new log
I20260601 13:26:20.568665 21902 ts_tablet_manager.cc:1403] T c49256f4e5a6432a8ca54f2cbd83dfb6 P c330c5c59d61482595cc050908f993a7: Time spent bootstrapping tablet: real 0.005s	user 0.002s	sys 0.000s
I20260601 13:26:20.568787 21904 ts_tablet_manager.cc:1434] T c49256f4e5a6432a8ca54f2cbd83dfb6 P 52c8b11481d442cbbb8afbba48ab874c: Time spent starting tablet: real 0.002s	user 0.001s	sys 0.000s
