W20260601 13:26:16.282757 22183 consensus_peers.cc:597] T c487d51edf854e1db96317c30ac2efa0 P 380fc96f011d4365971ec89c9204635d -> Peer 71e562e1bfd94772a32a3634dddf99b4 (127.18.200.68:41273): Couldn't send request to peer 71e562e1bfd94772a32a3634dddf99b4. Error code: TABLET_NOT_FOUND (6). Status: Not found: Tablet not found: c487d51edf854e1db96317c30ac2efa0. This is attempt 1: this message will repeat every 5th retry.
I20260601 13:26:16.282860 22426 consensus_queue.cc:1048] T c487d51edf854e1db96317c30ac2efa0 P 380fc96f011d4365971ec89c9204635d [LEADER]: Connected to new peer: Peer: permanent_uuid: "82a3946c32624e34855e9a0f50deae23" member_type: VOTER last_known_addr { host: "127.18.200.67" port: 44169 }, Status: LMP_MISMATCH, Last received: 0.0, Next index: 2, Last known committed idx: 1, Time since last communication: 0.000s
I20260601 13:26:16.284057 22426 raft_consensus.cc:2955] T c487d51edf854e1db96317c30ac2efa0 P 380fc96f011d4365971ec89c9204635d [term 1 LEADER]: Committing config change with OpId 1.2: config changed from index -1 to 2, NON_VOTER 71e562e1bfd94772a32a3634dddf99b4 (127.18.200.68) added. New config: { opid_index: 2 OBSOLETE_local: false peers { permanent_uuid: "4bf91ce549ce41bfae2c899f3baaf20a" member_type: VOTER last_known_addr { host: "127.18.200.66" port: 33035 } attrs { replace: true } } peers { permanent_uuid: "380fc96f011d4365971ec89c9204635d" member_type: VOTER last_known_addr { host: "127.18.200.65" port: 40193 } } peers { permanent_uuid: "82a3946c32624e34855e9a0f50deae23" member_type: VOTER last_known_addr { host: "127.18.200.67" port: 44169 } } peers { permanent_uuid: "71e562e1bfd94772a32a3634dddf99b4" member_type: NON_VOTER last_known_addr { host: "127.18.200.68" port: 41273 } attrs { promote: true } } }
I20260601 13:26:16.284458 22293 raft_consensus.cc:2955] T c487d51edf854e1db96317c30ac2efa0 P 4bf91ce549ce41bfae2c899f3baaf20a [term 1 FOLLOWER]: Committing config change with OpId 1.2: config changed from index -1 to 2, NON_VOTER 71e562e1bfd94772a32a3634dddf99b4 (127.18.200.68) added. New config: { opid_index: 2 OBSOLETE_local: false peers { permanent_uuid: "4bf91ce549ce41bfae2c899f3baaf20a" member_type: VOTER last_known_addr { host: "127.18.200.66" port: 33035 } attrs { replace: true } } peers { permanent_uuid: "380fc96f011d4365971ec89c9204635d" member_type: VOTER last_known_addr { host: "127.18.200.65" port: 40193 } } peers { permanent_uuid: "82a3946c32624e34855e9a0f50deae23" member_type: VOTER last_known_addr { host: "127.18.200.67" port: 44169 } } peers { permanent_uuid: "71e562e1bfd94772a32a3634dddf99b4" member_type: NON_VOTER last_known_addr { host: "127.18.200.68" port: 41273 } attrs { promote: true } } }
I20260601 13:26:16.284885 22368 raft_consensus.cc:2955] T c487d51edf854e1db96317c30ac2efa0 P 82a3946c32624e34855e9a0f50deae23 [term 1 FOLLOWER]: Committing config change with OpId 1.2: config changed from index -1 to 2, NON_VOTER 71e562e1bfd94772a32a3634dddf99b4 (127.18.200.68) added. New config: { opid_index: 2 OBSOLETE_local: false peers { permanent_uuid: "4bf91ce549ce41bfae2c899f3baaf20a" member_type: VOTER last_known_addr { host: "127.18.200.66" port: 33035 } attrs { replace: true } } peers { permanent_uuid: "380fc96f011d4365971ec89c9204635d" member_type: VOTER last_known_addr { host: "127.18.200.65" port: 40193 } } peers { permanent_uuid: "82a3946c32624e34855e9a0f50deae23" member_type: VOTER last_known_addr { host: "127.18.200.67" port: 44169 } } peers { permanent_uuid: "71e562e1bfd94772a32a3634dddf99b4" member_type: NON_VOTER last_known_addr { host: "127.18.200.68" port: 41273 } attrs { promote: true } } }
I20260601 13:26:16.286284 22112 catalog_manager.cc:5696] T c487d51edf854e1db96317c30ac2efa0 P 380fc96f011d4365971ec89c9204635d reported cstate change: config changed from index -1 to 2, NON_VOTER 71e562e1bfd94772a32a3634dddf99b4 (127.18.200.68) added. New cstate: current_term: 1 leader_uuid: "380fc96f011d4365971ec89c9204635d" committed_config { opid_index: 2 OBSOLETE_local: false peers { permanent_uuid: "4bf91ce549ce41bfae2c899f3baaf20a" member_type: VOTER last_known_addr { host: "127.18.200.66" port: 33035 } attrs { replace: true } health_report { overall_health: HEALTHY } } peers { permanent_uuid: "380fc96f011d4365971ec89c9204635d" member_type: VOTER last_known_addr { host: "127.18.200.65" port: 40193 } health_report { overall_health: HEALTHY } } peers { permanent_uuid: "82a3946c32624e34855e9a0f50deae23" member_type: VOTER last_known_addr { host: "127.18.200.67" port: 44169 } health_report { overall_health: HEALTHY } } peers { permanent_uuid: "71e562e1bfd94772a32a3634dddf99b4" member_type: NON_VOTER last_known_addr { host: "127.18.200.68" port: 41273 } attrs { promote: true } health_report { overall_health: UNKNOWN } } }
I20260601 13:26:16.286557 22367 consensus_queue.cc:237] T a3bd341a82b947f4acb130f889b22b97 P 82a3946c32624e34855e9a0f50deae23 [LEADER]: Queue going to LEADER mode. State: All replicated index: 0, Majority replicated index: 1, Committed index: 1, Last appended: 1.1, Last appended by leader: 0, Current term: 1, Majority size: 2, State: 0, Mode: LEADER, active raft config: opid_index: 2 OBSOLETE_local: false peers { permanent_uuid: "4bf91ce549ce41bfae2c899f3baaf20a" member_type: VOTER last_known_addr { host: "127.18.200.66" port: 33035 } } peers { permanent_uuid: "380fc96f011d4365971ec89c9204635d" member_type: VOTER last_known_addr { host: "127.18.200.65" port: 40193 } attrs { replace: true } } peers { permanent_uuid: "82a3946c32624e34855e9a0f50deae23" member_type: VOTER last_known_addr { host: "127.18.200.67" port: 44169 } } peers { permanent_uuid: "71e562e1bfd94772a32a3634dddf99b4" member_type: NON_VOTER last_known_addr { host: "127.18.200.68" port: 41273 } attrs { promote: true } }
I20260601 13:26:16.287722 22293 raft_consensus.cc:1275] T a3bd341a82b947f4acb130f889b22b97 P 4bf91ce549ce41bfae2c899f3baaf20a [term 1 FOLLOWER]: Refusing update from remote peer 82a3946c32624e34855e9a0f50deae23: Log matching property violated. Preceding OpId in replica: term: 1 index: 1. Preceding OpId from leader: term: 1 index: 2. (index mismatch)
I20260601 13:26:16.287982 22217 raft_consensus.cc:1275] T a3bd341a82b947f4acb130f889b22b97 P 380fc96f011d4365971ec89c9204635d [term 1 FOLLOWER]: Refusing update from remote peer 82a3946c32624e34855e9a0f50deae23: Log matching property violated. Preceding OpId in replica: term: 1 index: 1. Preceding OpId from leader: term: 1 index: 2. (index mismatch)
I20260601 13:26:16.288081 22572 consensus_queue.cc:1048] T a3bd341a82b947f4acb130f889b22b97 P 82a3946c32624e34855e9a0f50deae23 [LEADER]: Connected to new peer: Peer: permanent_uuid: "4bf91ce549ce41bfae2c899f3baaf20a" member_type: VOTER last_known_addr { host: "127.18.200.66" port: 33035 }, Status: LMP_MISMATCH, Last received: 0.0, Next index: 2, Last known committed idx: 1, Time since last communication: 0.000s
W20260601 13:26:16.288328 22334 consensus_peers.cc:597] T a3bd341a82b947f4acb130f889b22b97 P 82a3946c32624e34855e9a0f50deae23 -> Peer 71e562e1bfd94772a32a3634dddf99b4 (127.18.200.68:41273): Couldn't send request to peer 71e562e1bfd94772a32a3634dddf99b4. Error code: TABLET_NOT_FOUND (6). Status: Not found: Tablet not found: a3bd341a82b947f4acb130f889b22b97. This is attempt 1: this message will repeat every 5th retry.
I20260601 13:26:16.288355 22572 consensus_queue.cc:1048] T a3bd341a82b947f4acb130f889b22b97 P 82a3946c32624e34855e9a0f50deae23 [LEADER]: Connected to new peer: Peer: permanent_uuid: "380fc96f011d4365971ec89c9204635d" member_type: VOTER last_known_addr { host: "127.18.200.65" port: 40193 } attrs { replace: true }, Status: LMP_MISMATCH, Last received: 0.0, Next index: 2, Last known committed idx: 1, Time since last communication: 0.000s
I20260601 13:26:16.289510 22449 raft_consensus.cc:2955] T a3bd341a82b947f4acb130f889b22b97 P 82a3946c32624e34855e9a0f50deae23 [term 1 LEADER]: Committing config change with OpId 1.2: config changed from index -1 to 2, NON_VOTER 71e562e1bfd94772a32a3634dddf99b4 (127.18.200.68) added. New config: { opid_index: 2 OBSOLETE_local: false peers { permanent_uuid: "4bf91ce549ce41bfae2c899f3baaf20a" member_type: VOTER last_known_addr { host: "127.18.200.66" port: 33035 } } peers { permanent_uuid: "380fc96f011d4365971ec89c9204635d" member_type: VOTER last_known_addr { host: "127.18.200.65" port: 40193 } attrs { replace: true } } peers { permanent_uuid: "82a3946c32624e34855e9a0f50deae23" member_type: VOTER last_known_addr { host: "127.18.200.67" port: 44169 } } peers { permanent_uuid: "71e562e1bfd94772a32a3634dddf99b4" member_type: NON_VOTER last_known_addr { host: "127.18.200.68" port: 41273 } attrs { promote: true } } }
I20260601 13:26:16.290094 22217 raft_consensus.cc:2955] T a3bd341a82b947f4acb130f889b22b97 P 380fc96f011d4365971ec89c9204635d [term 1 FOLLOWER]: Committing config change with OpId 1.2: config changed from index -1 to 2, NON_VOTER 71e562e1bfd94772a32a3634dddf99b4 (127.18.200.68) added. New config: { opid_index: 2 OBSOLETE_local: false peers { permanent_uuid: "4bf91ce549ce41bfae2c899f3baaf20a" member_type: VOTER last_known_addr { host: "127.18.200.66" port: 33035 } } peers { permanent_uuid: "380fc96f011d4365971ec89c9204635d" member_type: VOTER last_known_addr { host: "127.18.200.65" port: 40193 } attrs { replace: true } } peers { permanent_uuid: "82a3946c32624e34855e9a0f50deae23" member_type: VOTER last_known_addr { host: "127.18.200.67" port: 44169 } } peers { permanent_uuid: "71e562e1bfd94772a32a3634dddf99b4" member_type: NON_VOTER last_known_addr { host: "127.18.200.68" port: 41273 } attrs { promote: true } } }
I20260601 13:26:16.290089 22293 raft_consensus.cc:2955] T a3bd341a82b947f4acb130f889b22b97 P 4bf91ce549ce41bfae2c899f3baaf20a [term 1 FOLLOWER]: Committing config change with OpId 1.2: config changed from index -1 to 2, NON_VOTER 71e562e1bfd94772a32a3634dddf99b4 (127.18.200.68) added. New config: { opid_index: 2 OBSOLETE_local: false peers { permanent_uuid: "4bf91ce549ce41bfae2c899f3baaf20a" member_type: VOTER last_known_addr { host: "127.18.200.66" port: 33035 } } peers { permanent_uuid: "380fc96f011d4365971ec89c9204635d" member_type: VOTER last_known_addr { host: "127.18.200.65" port: 40193 } attrs { replace: true } } peers { permanent_uuid: "82a3946c32624e34855e9a0f50deae23" member_type: VOTER last_known_addr { host: "127.18.200.67" port: 44169 } } peers { permanent_uuid: "71e562e1bfd94772a32a3634dddf99b4" member_type: NON_VOTER last_known_addr { host: "127.18.200.68" port: 41273 } attrs { promote: true } } }
I20260601 13:26:16.291882 22113 catalog_manager.cc:5696] T a3bd341a82b947f4acb130f889b22b97 P 82a3946c32624e34855e9a0f50deae23 reported cstate change: config changed from index -1 to 2, NON_VOTER 71e562e1bfd94772a32a3634dddf99b4 (127.18.200.68) added. New cstate: current_term: 1 leader_uuid: "82a3946c32624e34855e9a0f50deae23" committed_config { opid_index: 2 OBSOLETE_local: false peers { permanent_uuid: "4bf91ce549ce41bfae2c899f3baaf20a" member_type: VOTER last_known_addr { host: "127.18.200.66" port: 33035 } health_report { overall_health: HEALTHY } } peers { permanent_uuid: "380fc96f011d4365971ec89c9204635d" member_type: VOTER last_known_addr { host: "127.18.200.65" port: 40193 } attrs { replace: true } health_report { overall_health: HEALTHY } } peers { permanent_uuid: "82a3946c32624e34855e9a0f50deae23" member_type: VOTER last_known_addr { host: "127.18.200.67" port: 44169 } health_report { overall_health: HEALTHY } } peers { permanent_uuid: "71e562e1bfd94772a32a3634dddf99b4" member_type: NON_VOTER last_known_addr { host: "127.18.200.68" port: 41273 } attrs { promote: true } health_report { overall_health: UNKNOWN } } }
I20260601 13:26:16.399551 22418 consensus_queue.cc:1048] T bb08b640c9c545c2b8752e02bd464e1d P 82a3946c32624e34855e9a0f50deae23 [LEADER]: Connected to new peer: Peer: permanent_uuid: "4bf91ce549ce41bfae2c899f3baaf20a" member_type: VOTER last_known_addr { host: "127.18.200.66" port: 33035 }, Status: LMP_MISMATCH, Last received: 0.0, Next index: 1, Last known committed idx: 0, Time since last communication: 0.000s
I20260601 13:26:16.403158 22418 consensus_queue.cc:1048] T bb08b640c9c545c2b8752e02bd464e1d P 82a3946c32624e34855e9a0f50deae23 [LEADER]: Connected to new peer: Peer: permanent_uuid: "71e562e1bfd94772a32a3634dddf99b4" member_type: VOTER last_known_addr { host: "127.18.200.68" port: 41273 }, Status: LMP_MISMATCH, Last received: 0.0, Next index: 1, Last known committed idx: 0, Time since last communication: 0.000s
I20260601 13:26:16.407249 22455 consensus_queue.cc:1048] T e9dd416bb82f4697bc1c56bf8670c2f6 P 380fc96f011d4365971ec89c9204635d [LEADER]: Connected to new peer: Peer: permanent_uuid: "4bf91ce549ce41bfae2c899f3baaf20a" member_type: VOTER last_known_addr { host: "127.18.200.66" port: 33035 }, Status: LMP_MISMATCH, Last received: 0.0, Next index: 1, Last known committed idx: 0, Time since last communication: 0.000s
I20260601 13:26:16.408931 22582 raft_consensus.cc:993] T e9dd416bb82f4697bc1c56bf8670c2f6 P 380fc96f011d4365971ec89c9204635d: : Instructing follower 4bf91ce549ce41bfae2c899f3baaf20a to start an election
I20260601 13:26:16.409025 22582 raft_consensus.cc:1081] T e9dd416bb82f4697bc1c56bf8670c2f6 P 380fc96f011d4365971ec89c9204635d [term 1 LEADER]: Signalling peer 4bf91ce549ce41bfae2c899f3baaf20a to start an election
I20260601 13:26:16.410347 22291 tablet_service.cc:2044] Received Run Leader Election RPC: tablet_id: "e9dd416bb82f4697bc1c56bf8670c2f6"
dest_uuid: "4bf91ce549ce41bfae2c899f3baaf20a"
 from {username='slave'} at 127.0.0.1:47664
I20260601 13:26:16.410459 22291 raft_consensus.cc:493] T e9dd416bb82f4697bc1c56bf8670c2f6 P 4bf91ce549ce41bfae2c899f3baaf20a [term 1 FOLLOWER]: Starting forced leader election (received explicit request)
I20260601 13:26:16.410527 22291 raft_consensus.cc:3060] T e9dd416bb82f4697bc1c56bf8670c2f6 P 4bf91ce549ce41bfae2c899f3baaf20a [term 1 FOLLOWER]: Advancing to term 2
I20260601 13:26:16.411566 22291 raft_consensus.cc:515] T e9dd416bb82f4697bc1c56bf8670c2f6 P 4bf91ce549ce41bfae2c899f3baaf20a [term 2 FOLLOWER]: Starting forced leader election with config: opid_index: -1 OBSOLETE_local: false peers { permanent_uuid: "380fc96f011d4365971ec89c9204635d" member_type: VOTER last_known_addr { host: "127.18.200.65" port: 40193 } } peers { permanent_uuid: "4bf91ce549ce41bfae2c899f3baaf20a" member_type: VOTER last_known_addr { host: "127.18.200.66" port: 33035 } } peers { permanent_uuid: "71e562e1bfd94772a32a3634dddf99b4" member_type: VOTER last_known_addr { host: "127.18.200.68" port: 41273 } }
I20260601 13:26:16.412031 22291 leader_election.cc:290] T e9dd416bb82f4697bc1c56bf8670c2f6 P 4bf91ce549ce41bfae2c899f3baaf20a [CANDIDATE]: Term 2 election: Requested vote from peers 380fc96f011d4365971ec89c9204635d (127.18.200.65:40193), 71e562e1bfd94772a32a3634dddf99b4 (127.18.200.68:41273)
I20260601 13:26:16.412344 22426 consensus_queue.cc:1048] T e9dd416bb82f4697bc1c56bf8670c2f6 P 380fc96f011d4365971ec89c9204635d [LEADER]: Connected to new peer: Peer: permanent_uuid: "71e562e1bfd94772a32a3634dddf99b4" member_type: VOTER last_known_addr { host: "127.18.200.68" port: 41273 }, Status: LMP_MISMATCH, Last received: 0.0, Next index: 1, Last known committed idx: 0, Time since last communication: 0.000s
I20260601 13:26:16.412400 22217 tablet_service.cc:1917] Received RequestConsensusVote() RPC: tablet_id: "e9dd416bb82f4697bc1c56bf8670c2f6" candidate_uuid: "4bf91ce549ce41bfae2c899f3baaf20a" candidate_term: 2 candidate_status { last_received { term: 1 index: 1 } } ignore_live_leader: true dest_uuid: "380fc96f011d4365971ec89c9204635d"
I20260601 13:26:16.412475 22217 raft_consensus.cc:3055] T e9dd416bb82f4697bc1c56bf8670c2f6 P 380fc96f011d4365971ec89c9204635d [term 1 LEADER]: Stepping down as leader of term 1
I20260601 13:26:16.412510 22217 raft_consensus.cc:740] T e9dd416bb82f4697bc1c56bf8670c2f6 P 380fc96f011d4365971ec89c9204635d [term 1 LEADER]: Becoming Follower/Learner. State: Replica: 380fc96f011d4365971ec89c9204635d, State: Running, Role: LEADER
I20260601 13:26:16.412534 22509 tablet_service.cc:1917] Received RequestConsensusVote() RPC: tablet_id: "e9dd416bb82f4697bc1c56bf8670c2f6" candidate_uuid: "4bf91ce549ce41bfae2c899f3baaf20a" candidate_term: 2 candidate_status { last_received { term: 1 index: 1 } } ignore_live_leader: true dest_uuid: "71e562e1bfd94772a32a3634dddf99b4"
I20260601 13:26:16.412618 22217 consensus_queue.cc:260] T e9dd416bb82f4697bc1c56bf8670c2f6 P 380fc96f011d4365971ec89c9204635d [NON_LEADER]: Queue going to NON_LEADER mode. State: All replicated index: 0, Majority replicated index: 1, Committed index: 1, Last appended: 1.1, Last appended by leader: 1, Current term: 1, Majority size: -1, State: 0, Mode: NON_LEADER, active raft config: opid_index: -1 OBSOLETE_local: false peers { permanent_uuid: "380fc96f011d4365971ec89c9204635d" member_type: VOTER last_known_addr { host: "127.18.200.65" port: 40193 } } peers { permanent_uuid: "4bf91ce549ce41bfae2c899f3baaf20a" member_type: VOTER last_known_addr { host: "127.18.200.66" port: 33035 } } peers { permanent_uuid: "71e562e1bfd94772a32a3634dddf99b4" member_type: VOTER last_known_addr { host: "127.18.200.68" port: 41273 } }
I20260601 13:26:16.412631 22509 raft_consensus.cc:3060] T e9dd416bb82f4697bc1c56bf8670c2f6 P 71e562e1bfd94772a32a3634dddf99b4 [term 1 FOLLOWER]: Advancing to term 2
I20260601 13:26:16.412744 22217 raft_consensus.cc:3060] T e9dd416bb82f4697bc1c56bf8670c2f6 P 380fc96f011d4365971ec89c9204635d [term 1 FOLLOWER]: Advancing to term 2
I20260601 13:26:16.413529 22217 raft_consensus.cc:2468] T e9dd416bb82f4697bc1c56bf8670c2f6 P 380fc96f011d4365971ec89c9204635d [term 2 FOLLOWER]: Leader election vote request: Granting yes vote for candidate 4bf91ce549ce41bfae2c899f3baaf20a in term 2.
I20260601 13:26:16.413589 22509 raft_consensus.cc:2468] T e9dd416bb82f4697bc1c56bf8670c2f6 P 71e562e1bfd94772a32a3634dddf99b4 [term 2 FOLLOWER]: Leader election vote request: Granting yes vote for candidate 4bf91ce549ce41bfae2c899f3baaf20a in term 2.
I20260601 13:26:16.413727 22508 raft_consensus.cc:1240] T e9dd416bb82f4697bc1c56bf8670c2f6 P 71e562e1bfd94772a32a3634dddf99b4 [term 2 FOLLOWER]: Rejecting Update request from peer 380fc96f011d4365971ec89c9204635d for earlier term 1. Current term is 2. Ops: [1.1-1.1]
I20260601 13:26:16.413874 22259 leader_election.cc:304] T e9dd416bb82f4697bc1c56bf8670c2f6 P 4bf91ce549ce41bfae2c899f3baaf20a [CANDIDATE]: Term 2 election: Election decided. Result: candidate won. Election summary: received 2 responses out of 3 voters: 2 yes votes; 0 no votes. yes voters: 4bf91ce549ce41bfae2c899f3baaf20a, 71e562e1bfd94772a32a3634dddf99b4; no voters: 
I20260601 13:26:16.414069 22451 raft_consensus.cc:2804] T e9dd416bb82f4697bc1c56bf8670c2f6 P 4bf91ce549ce41bfae2c899f3baaf20a [term 2 FOLLOWER]: Leader election won for term 2
I20260601 13:26:16.414149 22451 raft_consensus.cc:697] T e9dd416bb82f4697bc1c56bf8670c2f6 P 4bf91ce549ce41bfae2c899f3baaf20a [term 2 LEADER]: Becoming Leader. State: Replica: 4bf91ce549ce41bfae2c899f3baaf20a, State: Running, Role: LEADER
I20260601 13:26:16.414261 22451 consensus_queue.cc:237] T e9dd416bb82f4697bc1c56bf8670c2f6 P 4bf91ce549ce41bfae2c899f3baaf20a [LEADER]: Queue going to LEADER mode. State: All replicated index: 0, Majority replicated index: 1, Committed index: 1, Last appended: 1.1, Last appended by leader: 1, Current term: 2, Majority size: 2, State: 0, Mode: LEADER, active raft config: opid_index: -1 OBSOLETE_local: false peers { permanent_uuid: "380fc96f011d4365971ec89c9204635d" member_type: VOTER last_known_addr { host: "127.18.200.65" port: 40193 } } peers { permanent_uuid: "4bf91ce549ce41bfae2c899f3baaf20a" member_type: VOTER last_known_addr { host: "127.18.200.66" port: 33035 } } peers { permanent_uuid: "71e562e1bfd94772a32a3634dddf99b4" member_type: VOTER last_known_addr { host: "127.18.200.68" port: 41273 } }
I20260601 13:26:16.415616 22114 catalog_manager.cc:5696] T e9dd416bb82f4697bc1c56bf8670c2f6 P 4bf91ce549ce41bfae2c899f3baaf20a reported cstate change: term changed from 1 to 2, leader changed from 380fc96f011d4365971ec89c9204635d (127.18.200.65) to 4bf91ce549ce41bfae2c899f3baaf20a (127.18.200.66). New cstate: current_term: 2 leader_uuid: "4bf91ce549ce41bfae2c899f3baaf20a" committed_config { opid_index: -1 OBSOLETE_local: false peers { permanent_uuid: "380fc96f011d4365971ec89c9204635d" member_type: VOTER last_known_addr { host: "127.18.200.65" port: 40193 } health_report { overall_health: UNKNOWN } } peers { permanent_uuid: "4bf91ce549ce41bfae2c899f3baaf20a" member_type: VOTER last_known_addr { host: "127.18.200.66" port: 33035 } health_report { overall_health: HEALTHY } } peers { permanent_uuid: "71e562e1bfd94772a32a3634dddf99b4" member_type: VOTER last_known_addr { host: "127.18.200.68" port: 41273 } health_report { overall_health: UNKNOWN } } }
I20260601 13:26:16.427819 22423 consensus_queue.cc:1048] T 5c813a27738a4b8eb15450c44b3a42ce P 4bf91ce549ce41bfae2c899f3baaf20a [LEADER]: Connected to new peer: Peer: permanent_uuid: "82a3946c32624e34855e9a0f50deae23" member_type: VOTER last_known_addr { host: "127.18.200.67" port: 44169 }, Status: LMP_MISMATCH, Last received: 0.0, Next index: 1, Last known committed idx: 0, Time since last communication: 0.000s
I20260601 13:26:16.431165 22607 consensus_queue.cc:1048] T 5c813a27738a4b8eb15450c44b3a42ce P 4bf91ce549ce41bfae2c899f3baaf20a [LEADER]: Connected to new peer: Peer: permanent_uuid: "71e562e1bfd94772a32a3634dddf99b4" member_type: VOTER last_known_addr { host: "127.18.200.68" port: 41273 }, Status: LMP_MISMATCH, Last received: 0.0, Next index: 1, Last known committed idx: 0, Time since last communication: 0.000s
I20260601 13:26:16.518666 22455 raft_consensus.cc:993] T f80d262aa1484718b99acec024424ec6 P 380fc96f011d4365971ec89c9204635d: : Instructing follower 4bf91ce549ce41bfae2c899f3baaf20a to start an election
I20260601 13:26:16.518795 22455 raft_consensus.cc:1081] T f80d262aa1484718b99acec024424ec6 P 380fc96f011d4365971ec89c9204635d [term 1 LEADER]: Signalling peer 4bf91ce549ce41bfae2c899f3baaf20a to start an election
I20260601 13:26:16.519214 22291 tablet_service.cc:2044] Received Run Leader Election RPC: tablet_id: "f80d262aa1484718b99acec024424ec6"
dest_uuid: "4bf91ce549ce41bfae2c899f3baaf20a"
 from {username='slave'} at 127.0.0.1:47664
I20260601 13:26:16.519333 22291 raft_consensus.cc:493] T f80d262aa1484718b99acec024424ec6 P 4bf91ce549ce41bfae2c899f3baaf20a [term 1 FOLLOWER]: Starting forced leader election (received explicit request)
I20260601 13:26:16.519423 22291 raft_consensus.cc:3060] T f80d262aa1484718b99acec024424ec6 P 4bf91ce549ce41bfae2c899f3baaf20a [term 1 FOLLOWER]: Advancing to term 2
I20260601 13:26:16.520397 22291 raft_consensus.cc:515] T f80d262aa1484718b99acec024424ec6 P 4bf91ce549ce41bfae2c899f3baaf20a [term 2 FOLLOWER]: Starting forced leader election with config: opid_index: -1 OBSOLETE_local: false peers { permanent_uuid: "380fc96f011d4365971ec89c9204635d" member_type: VOTER last_known_addr { host: "127.18.200.65" port: 40193 } } peers { permanent_uuid: "4bf91ce549ce41bfae2c899f3baaf20a" member_type: VOTER last_known_addr { host: "127.18.200.66" port: 33035 } } peers { permanent_uuid: "82a3946c32624e34855e9a0f50deae23" member_type: VOTER last_known_addr { host: "127.18.200.67" port: 44169 } }
I20260601 13:26:16.520800 22291 leader_election.cc:290] T f80d262aa1484718b99acec024424ec6 P 4bf91ce549ce41bfae2c899f3baaf20a [CANDIDATE]: Term 2 election: Requested vote from peers 380fc96f011d4365971ec89c9204635d (127.18.200.65:40193), 82a3946c32624e34855e9a0f50deae23 (127.18.200.67:44169)
I20260601 13:26:16.521011 22217 tablet_service.cc:1917] Received RequestConsensusVote() RPC: tablet_id: "f80d262aa1484718b99acec024424ec6" candidate_uuid: "4bf91ce549ce41bfae2c899f3baaf20a" candidate_term: 2 candidate_status { last_received { term: 1 index: 1 } } ignore_live_leader: true dest_uuid: "380fc96f011d4365971ec89c9204635d"
I20260601 13:26:16.521123 22217 raft_consensus.cc:3055] T f80d262aa1484718b99acec024424ec6 P 380fc96f011d4365971ec89c9204635d [term 1 LEADER]: Stepping down as leader of term 1
I20260601 13:26:16.521147 22367 tablet_service.cc:1917] Received RequestConsensusVote() RPC: tablet_id: "f80d262aa1484718b99acec024424ec6" candidate_uuid: "4bf91ce549ce41bfae2c899f3baaf20a" candidate_term: 2 candidate_status { last_received { term: 1 index: 1 } } ignore_live_leader: true dest_uuid: "82a3946c32624e34855e9a0f50deae23"
I20260601 13:26:16.521175 22217 raft_consensus.cc:740] T f80d262aa1484718b99acec024424ec6 P 380fc96f011d4365971ec89c9204635d [term 1 LEADER]: Becoming Follower/Learner. State: Replica: 380fc96f011d4365971ec89c9204635d, State: Running, Role: LEADER
I20260601 13:26:16.521252 22367 raft_consensus.cc:3060] T f80d262aa1484718b99acec024424ec6 P 82a3946c32624e34855e9a0f50deae23 [term 1 FOLLOWER]: Advancing to term 2
I20260601 13:26:16.521346 22217 consensus_queue.cc:260] T f80d262aa1484718b99acec024424ec6 P 380fc96f011d4365971ec89c9204635d [NON_LEADER]: Queue going to NON_LEADER mode. State: All replicated index: 0, Majority replicated index: 1, Committed index: 1, Last appended: 1.1, Last appended by leader: 1, Current term: 1, Majority size: -1, State: 0, Mode: NON_LEADER, active raft config: opid_index: -1 OBSOLETE_local: false peers { permanent_uuid: "380fc96f011d4365971ec89c9204635d" member_type: VOTER last_known_addr { host: "127.18.200.65" port: 40193 } } peers { permanent_uuid: "4bf91ce549ce41bfae2c899f3baaf20a" member_type: VOTER last_known_addr { host: "127.18.200.66" port: 33035 } } peers { permanent_uuid: "82a3946c32624e34855e9a0f50deae23" member_type: VOTER last_known_addr { host: "127.18.200.67" port: 44169 } }
I20260601 13:26:16.521522 22217 raft_consensus.cc:3060] T f80d262aa1484718b99acec024424ec6 P 380fc96f011d4365971ec89c9204635d [term 1 FOLLOWER]: Advancing to term 2
I20260601 13:26:16.522222 22367 raft_consensus.cc:2468] T f80d262aa1484718b99acec024424ec6 P 82a3946c32624e34855e9a0f50deae23 [term 2 FOLLOWER]: Leader election vote request: Granting yes vote for candidate 4bf91ce549ce41bfae2c899f3baaf20a in term 2.
I20260601 13:26:16.522351 22217 raft_consensus.cc:2468] T f80d262aa1484718b99acec024424ec6 P 380fc96f011d4365971ec89c9204635d [term 2 FOLLOWER]: Leader election vote request: Granting yes vote for candidate 4bf91ce549ce41bfae2c899f3baaf20a in term 2.
I20260601 13:26:16.522600 22256 leader_election.cc:304] T f80d262aa1484718b99acec024424ec6 P 4bf91ce549ce41bfae2c899f3baaf20a [CANDIDATE]: Term 2 election: Election decided. Result: candidate won. Election summary: received 2 responses out of 3 voters: 2 yes votes; 0 no votes. yes voters: 4bf91ce549ce41bfae2c899f3baaf20a, 82a3946c32624e34855e9a0f50deae23; no voters: 
I20260601 13:26:16.522779 22423 raft_consensus.cc:2804] T f80d262aa1484718b99acec024424ec6 P 4bf91ce549ce41bfae2c899f3baaf20a [term 2 FOLLOWER]: Leader election won for term 2
I20260601 13:26:16.522892 22423 raft_consensus.cc:697] T f80d262aa1484718b99acec024424ec6 P 4bf91ce549ce41bfae2c899f3baaf20a [term 2 LEADER]: Becoming Leader. State: Replica: 4bf91ce549ce41bfae2c899f3baaf20a, State: Running, Role: LEADER
I20260601 13:26:16.523016 22423 consensus_queue.cc:237] T f80d262aa1484718b99acec024424ec6 P 4bf91ce549ce41bfae2c899f3baaf20a [LEADER]: Queue going to LEADER mode. State: All replicated index: 0, Majority replicated index: 1, Committed index: 1, Last appended: 1.1, Last appended by leader: 1, Current term: 2, Majority size: 2, State: 0, Mode: LEADER, active raft config: opid_index: -1 OBSOLETE_local: false peers { permanent_uuid: "380fc96f011d4365971ec89c9204635d" member_type: VOTER last_known_addr { host: "127.18.200.65" port: 40193 } } peers { permanent_uuid: "4bf91ce549ce41bfae2c899f3baaf20a" member_type: VOTER last_known_addr { host: "127.18.200.66" port: 33035 } } peers { permanent_uuid: "82a3946c32624e34855e9a0f50deae23" member_type: VOTER last_known_addr { host: "127.18.200.67" port: 44169 } }
I20260601 13:26:16.524326 22112 catalog_manager.cc:5696] T f80d262aa1484718b99acec024424ec6 P 4bf91ce549ce41bfae2c899f3baaf20a reported cstate change: term changed from 1 to 2, leader changed from 380fc96f011d4365971ec89c9204635d (127.18.200.65) to 4bf91ce549ce41bfae2c899f3baaf20a (127.18.200.66). New cstate: current_term: 2 leader_uuid: "4bf91ce549ce41bfae2c899f3baaf20a" committed_config { opid_index: -1 OBSOLETE_local: false peers { permanent_uuid: "380fc96f011d4365971ec89c9204635d" member_type: VOTER last_known_addr { host: "127.18.200.65" port: 40193 } health_report { overall_health: UNKNOWN } } peers { permanent_uuid: "4bf91ce549ce41bfae2c899f3baaf20a" member_type: VOTER last_known_addr { host: "127.18.200.66" port: 33035 } health_report { overall_health: HEALTHY } } peers { permanent_uuid: "82a3946c32624e34855e9a0f50deae23" member_type: VOTER last_known_addr { host: "127.18.200.67" port: 44169 } health_report { overall_health: UNKNOWN } } }
I20260601 13:26:16.526726 22455 consensus_queue.cc:1048] T 006fc2e2ac204213aecf7085682f73ca P 380fc96f011d4365971ec89c9204635d [LEADER]: Connected to new peer: Peer: permanent_uuid: "71e562e1bfd94772a32a3634dddf99b4" member_type: VOTER last_known_addr { host: "127.18.200.68" port: 41273 }, Status: LMP_MISMATCH, Last received: 0.0, Next index: 1, Last known committed idx: 0, Time since last communication: 0.000s
I20260601 13:26:16.529475 22582 consensus_queue.cc:1048] T 006fc2e2ac204213aecf7085682f73ca P 380fc96f011d4365971ec89c9204635d [LEADER]: Connected to new peer: Peer: permanent_uuid: "82a3946c32624e34855e9a0f50deae23" member_type: VOTER last_known_addr { host: "127.18.200.67" port: 44169 }, Status: LMP_MISMATCH, Last received: 0.0, Next index: 1, Last known committed idx: 0, Time since last communication: 0.000s
I20260601 13:26:16.590962 22557 consensus_queue.cc:1048] T f9c54fb1de7a479f9a010c87b6e693ef P 71e562e1bfd94772a32a3634dddf99b4 [LEADER]: Connected to new peer: Peer: permanent_uuid: "380fc96f011d4365971ec89c9204635d" member_type: VOTER last_known_addr { host: "127.18.200.65" port: 40193 }, Status: LMP_MISMATCH, Last received: 0.0, Next index: 1, Last known committed idx: 0, Time since last communication: 0.000s
I20260601 13:26:16.593983 22367 raft_consensus.cc:3060] T f9c54fb1de7a479f9a010c87b6e693ef P 82a3946c32624e34855e9a0f50deae23 [term 0 FOLLOWER]: Advancing to term 1
I20260601 13:26:16.595458 22557 consensus_queue.cc:1048] T f9c54fb1de7a479f9a010c87b6e693ef P 71e562e1bfd94772a32a3634dddf99b4 [LEADER]: Connected to new peer: Peer: permanent_uuid: "82a3946c32624e34855e9a0f50deae23" member_type: VOTER last_known_addr { host: "127.18.200.67" port: 44169 }, Status: LMP_MISMATCH, Last received: 0.0, Next index: 1, Last known committed idx: 0, Time since last communication: 0.000s
I20260601 13:26:16.615396 22557 consensus_queue.cc:1048] T a195fc8237b64c5da62114beefc14f79 P 71e562e1bfd94772a32a3634dddf99b4 [LEADER]: Connected to new peer: Peer: permanent_uuid: "4bf91ce549ce41bfae2c899f3baaf20a" member_type: VOTER last_known_addr { host: "127.18.200.66" port: 33035 }, Status: LMP_MISMATCH, Last received: 0.0, Next index: 1, Last known committed idx: 0, Time since last communication: 0.000s
I20260601 13:26:16.618570 22614 consensus_queue.cc:1048] T a195fc8237b64c5da62114beefc14f79 P 71e562e1bfd94772a32a3634dddf99b4 [LEADER]: Connected to new peer: Peer: permanent_uuid: "380fc96f011d4365971ec89c9204635d" member_type: VOTER last_known_addr { host: "127.18.200.65" port: 40193 }, Status: LMP_MISMATCH, Last received: 0.0, Next index: 1, Last known committed idx: 0, Time since last communication: 0.000s
I20260601 13:26:16.661574 22616 ts_tablet_manager.cc:933] T 68b569ba643b4e97902c0f940ff25677 P 71e562e1bfd94772a32a3634dddf99b4: Initiating tablet copy from peer 380fc96f011d4365971ec89c9204635d (127.18.200.65:40193)
I20260601 13:26:16.662017 22616 tablet_copy_client.cc:323] T 68b569ba643b4e97902c0f940ff25677 P 71e562e1bfd94772a32a3634dddf99b4: tablet copy: Beginning tablet copy session from remote peer at address 127.18.200.65:40193
I20260601 13:26:16.662520 22227 tablet_copy_service.cc:140] P 380fc96f011d4365971ec89c9204635d: Received BeginTabletCopySession request for tablet 68b569ba643b4e97902c0f940ff25677 from peer 71e562e1bfd94772a32a3634dddf99b4 ({username='slave'} at 127.0.0.1:51232)
I20260601 13:26:16.662618 22227 tablet_copy_service.cc:161] P 380fc96f011d4365971ec89c9204635d: Beginning new tablet copy session on tablet 68b569ba643b4e97902c0f940ff25677 from peer 71e562e1bfd94772a32a3634dddf99b4 at {username='slave'} at 127.0.0.1:51232: session id = 71e562e1bfd94772a32a3634dddf99b4-68b569ba643b4e97902c0f940ff25677
I20260601 13:26:16.663412 22227 tablet_copy_source_session.cc:215] T 68b569ba643b4e97902c0f940ff25677 P 380fc96f011d4365971ec89c9204635d: Tablet Copy: opened 0 blocks and 1 log segments
I20260601 13:26:16.664254 22616 data_dirs.cc:400] Could only allocate 1 dirs of requested 3 for tablet 68b569ba643b4e97902c0f940ff25677. 1 dirs total, 0 dirs full, 0 dirs failed
I20260601 13:26:16.665946 22616 tablet_copy_client.cc:806] T 68b569ba643b4e97902c0f940ff25677 P 71e562e1bfd94772a32a3634dddf99b4: tablet copy: Starting download of 0 data blocks...
I20260601 13:26:16.666123 22616 tablet_copy_client.cc:670] T 68b569ba643b4e97902c0f940ff25677 P 71e562e1bfd94772a32a3634dddf99b4: tablet copy: Starting download of 1 WAL segments...
I20260601 13:26:16.667387 22616 tablet_copy_client.cc:538] T 68b569ba643b4e97902c0f940ff25677 P 71e562e1bfd94772a32a3634dddf99b4: tablet copy: Tablet Copy complete. Replacing tablet superblock.
I20260601 13:26:16.668561 22616 tablet_bootstrap.cc:492] T 68b569ba643b4e97902c0f940ff25677 P 71e562e1bfd94772a32a3634dddf99b4: Bootstrap starting.
I20260601 13:26:16.671758 22616 tablet_bootstrap.cc:492] T 68b569ba643b4e97902c0f940ff25677 P 71e562e1bfd94772a32a3634dddf99b4: Bootstrap replayed 1/1 log segments. Stats: ops{read=2 overwritten=0 applied=2 ignored=0} inserts{seen=0 ignored=0} mutations{seen=0 ignored=0} orphaned_commits=0. Pending: 0 replicates
I20260601 13:26:16.672089 22616 tablet_bootstrap.cc:492] T 68b569ba643b4e97902c0f940ff25677 P 71e562e1bfd94772a32a3634dddf99b4: Bootstrap complete.
I20260601 13:26:16.672281 22616 ts_tablet_manager.cc:1403] T 68b569ba643b4e97902c0f940ff25677 P 71e562e1bfd94772a32a3634dddf99b4: Time spent bootstrapping tablet: real 0.004s	user 0.003s	sys 0.001s
I20260601 13:26:16.672714 22616 raft_consensus.cc:359] T 68b569ba643b4e97902c0f940ff25677 P 71e562e1bfd94772a32a3634dddf99b4 [term 1 LEARNER]: Replica starting. Triggering 0 pending ops. Active config: opid_index: 2 OBSOLETE_local: false peers { permanent_uuid: "82a3946c32624e34855e9a0f50deae23" member_type: VOTER last_known_addr { host: "127.18.200.67" port: 44169 } attrs { replace: true } } peers { permanent_uuid: "380fc96f011d4365971ec89c9204635d" member_type: VOTER last_known_addr { host: "127.18.200.65" port: 40193 } } peers { permanent_uuid: "4bf91ce549ce41bfae2c899f3baaf20a" member_type: VOTER last_known_addr { host: "127.18.200.66" port: 33035 } } peers { permanent_uuid: "71e562e1bfd94772a32a3634dddf99b4" member_type: NON_VOTER last_known_addr { host: "127.18.200.68" port: 41273 } attrs { promote: true } }
I20260601 13:26:16.672851 22616 raft_consensus.cc:740] T 68b569ba643b4e97902c0f940ff25677 P 71e562e1bfd94772a32a3634dddf99b4 [term 1 LEARNER]: Becoming Follower/Learner. State: Replica: 71e562e1bfd94772a32a3634dddf99b4, State: Initialized, Role: LEARNER
I20260601 13:26:16.672984 22616 consensus_queue.cc:260] T 68b569ba643b4e97902c0f940ff25677 P 71e562e1bfd94772a32a3634dddf99b4 [NON_LEADER]: Queue going to NON_LEADER mode. State: All replicated index: 0, Majority replicated index: 0, Committed index: 2, Last appended: 1.2, Last appended by leader: 2, Current term: 0, Majority size: -1, State: 0, Mode: NON_LEADER, active raft config: opid_index: 2 OBSOLETE_local: false peers { permanent_uuid: "82a3946c32624e34855e9a0f50deae23" member_type: VOTER last_known_addr { host: "127.18.200.67" port: 44169 } attrs { replace: true } } peers { permanent_uuid: "380fc96f011d4365971ec89c9204635d" member_type: VOTER last_known_addr { host: "127.18.200.65" port: 40193 } } peers { permanent_uuid: "4bf91ce549ce41bfae2c899f3baaf20a" member_type: VOTER last_known_addr { host: "127.18.200.66" port: 33035 } } peers { permanent_uuid: "71e562e1bfd94772a32a3634dddf99b4" member_type: NON_VOTER last_known_addr { host: "127.18.200.68" port: 41273 } attrs { promote: true } }
I20260601 13:26:16.673306 22616 ts_tablet_manager.cc:1434] T 68b569ba643b4e97902c0f940ff25677 P 71e562e1bfd94772a32a3634dddf99b4: Time spent starting tablet: real 0.001s	user 0.000s	sys 0.000s
I20260601 13:26:16.673869 22227 tablet_copy_service.cc:342] P 380fc96f011d4365971ec89c9204635d: Request end of tablet copy session 71e562e1bfd94772a32a3634dddf99b4-68b569ba643b4e97902c0f940ff25677 received from {username='slave'} at 127.0.0.1:51232
I20260601 13:26:16.673980 22227 tablet_copy_service.cc:434] P 380fc96f011d4365971ec89c9204635d: ending tablet copy session 71e562e1bfd94772a32a3634dddf99b4-68b569ba643b4e97902c0f940ff25677 on tablet 68b569ba643b4e97902c0f940ff25677 with peer 71e562e1bfd94772a32a3634dddf99b4
I20260601 13:26:16.675669 22614 consensus_queue.cc:1048] T 3cba9f4db4fa4bb19daf215dd0c7775d P 71e562e1bfd94772a32a3634dddf99b4 [LEADER]: Connected to new peer: Peer: permanent_uuid: "82a3946c32624e34855e9a0f50deae23" member_type: VOTER last_known_addr { host: "127.18.200.67" port: 44169 }, Status: LMP_MISMATCH, Last received: 0.0, Next index: 1, Last known committed idx: 0, Time since last communication: 0.000s
I20260601 13:26:16.678481 22551 consensus_queue.cc:1048] T 3cba9f4db4fa4bb19daf215dd0c7775d P 71e562e1bfd94772a32a3634dddf99b4 [LEADER]: Connected to new peer: Peer: permanent_uuid: "380fc96f011d4365971ec89c9204635d" member_type: VOTER last_known_addr { host: "127.18.200.65" port: 40193 }, Status: LMP_MISMATCH, Last received: 0.0, Next index: 1, Last known committed idx: 0, Time since last communication: 0.000s
I20260601 13:26:16.693604 22616 ts_tablet_manager.cc:933] T c487d51edf854e1db96317c30ac2efa0 P 71e562e1bfd94772a32a3634dddf99b4: Initiating tablet copy from peer 380fc96f011d4365971ec89c9204635d (127.18.200.65:40193)
I20260601 13:26:16.694046 22616 tablet_copy_client.cc:323] T c487d51edf854e1db96317c30ac2efa0 P 71e562e1bfd94772a32a3634dddf99b4: tablet copy: Beginning tablet copy session from remote peer at address 127.18.200.65:40193
I20260601 13:26:16.694519 22227 tablet_copy_service.cc:140] P 380fc96f011d4365971ec89c9204635d: Received BeginTabletCopySession request for tablet c487d51edf854e1db96317c30ac2efa0 from peer 71e562e1bfd94772a32a3634dddf99b4 ({username='slave'} at 127.0.0.1:51232)
I20260601 13:26:16.694622 22227 tablet_copy_service.cc:161] P 380fc96f011d4365971ec89c9204635d: Beginning new tablet copy session on tablet c487d51edf854e1db96317c30ac2efa0 from peer 71e562e1bfd94772a32a3634dddf99b4 at {username='slave'} at 127.0.0.1:51232: session id = 71e562e1bfd94772a32a3634dddf99b4-c487d51edf854e1db96317c30ac2efa0
I20260601 13:26:16.695581 22227 tablet_copy_source_session.cc:215] T c487d51edf854e1db96317c30ac2efa0 P 380fc96f011d4365971ec89c9204635d: Tablet Copy: opened 0 blocks and 1 log segments
I20260601 13:26:16.696477 22616 data_dirs.cc:400] Could only allocate 1 dirs of requested 3 for tablet c487d51edf854e1db96317c30ac2efa0. 1 dirs total, 0 dirs full, 0 dirs failed
I20260601 13:26:16.698603 22616 tablet_copy_client.cc:806] T c487d51edf854e1db96317c30ac2efa0 P 71e562e1bfd94772a32a3634dddf99b4: tablet copy: Starting download of 0 data blocks...
I20260601 13:26:16.698763 22616 tablet_copy_client.cc:670] T c487d51edf854e1db96317c30ac2efa0 P 71e562e1bfd94772a32a3634dddf99b4: tablet copy: Starting download of 1 WAL segments...
I20260601 13:26:16.699863 22616 tablet_copy_client.cc:538] T c487d51edf854e1db96317c30ac2efa0 P 71e562e1bfd94772a32a3634dddf99b4: tablet copy: Tablet Copy complete. Replacing tablet superblock.
I20260601 13:26:16.700881 22616 tablet_bootstrap.cc:492] T c487d51edf854e1db96317c30ac2efa0 P 71e562e1bfd94772a32a3634dddf99b4: Bootstrap starting.
I20260601 13:26:16.704104 22616 tablet_bootstrap.cc:492] T c487d51edf854e1db96317c30ac2efa0 P 71e562e1bfd94772a32a3634dddf99b4: Bootstrap replayed 1/1 log segments. Stats: ops{read=2 overwritten=0 applied=2 ignored=0} inserts{seen=0 ignored=0} mutations{seen=0 ignored=0} orphaned_commits=0. Pending: 0 replicates
I20260601 13:26:16.704346 22616 tablet_bootstrap.cc:492] T c487d51edf854e1db96317c30ac2efa0 P 71e562e1bfd94772a32a3634dddf99b4: Bootstrap complete.
I20260601 13:26:16.704514 22616 ts_tablet_manager.cc:1403] T c487d51edf854e1db96317c30ac2efa0 P 71e562e1bfd94772a32a3634dddf99b4: Time spent bootstrapping tablet: real 0.004s	user 0.001s	sys 0.003s
I20260601 13:26:16.704917 22616 raft_consensus.cc:359] T c487d51edf854e1db96317c30ac2efa0 P 71e562e1bfd94772a32a3634dddf99b4 [term 1 LEARNER]: Replica starting. Triggering 0 pending ops. Active config: opid_index: 2 OBSOLETE_local: false peers { permanent_uuid: "4bf91ce549ce41bfae2c899f3baaf20a" member_type: VOTER last_known_addr { host: "127.18.200.66" port: 33035 } attrs { replace: true } } peers { permanent_uuid: "380fc96f011d4365971ec89c9204635d" member_type: VOTER last_known_addr { host: "127.18.200.65" port: 40193 } } peers { permanent_uuid: "82a3946c32624e34855e9a0f50deae23" member_type: VOTER last_known_addr { host: "127.18.200.67" port: 44169 } } peers { permanent_uuid: "71e562e1bfd94772a32a3634dddf99b4" member_type: NON_VOTER last_known_addr { host: "127.18.200.68" port: 41273 } attrs { promote: true } }
I20260601 13:26:16.705051 22616 raft_consensus.cc:740] T c487d51edf854e1db96317c30ac2efa0 P 71e562e1bfd94772a32a3634dddf99b4 [term 1 LEARNER]: Becoming Follower/Learner. State: Replica: 71e562e1bfd94772a32a3634dddf99b4, State: Initialized, Role: LEARNER
I20260601 13:26:16.705166 22616 consensus_queue.cc:260] T c487d51edf854e1db96317c30ac2efa0 P 71e562e1bfd94772a32a3634dddf99b4 [NON_LEADER]: Queue going to NON_LEADER mode. State: All replicated index: 0, Majority replicated index: 0, Committed index: 2, Last appended: 1.2, Last appended by leader: 2, Current term: 0, Majority size: -1, State: 0, Mode: NON_LEADER, active raft config: opid_index: 2 OBSOLETE_local: false peers { permanent_uuid: "4bf91ce549ce41bfae2c899f3baaf20a" member_type: VOTER last_known_addr { host: "127.18.200.66" port: 33035 } attrs { replace: true } } peers { permanent_uuid: "380fc96f011d4365971ec89c9204635d" member_type: VOTER last_known_addr { host: "127.18.200.65" port: 40193 } } peers { permanent_uuid: "82a3946c32624e34855e9a0f50deae23" member_type: VOTER last_known_addr { host: "127.18.200.67" port: 44169 } } peers { permanent_uuid: "71e562e1bfd94772a32a3634dddf99b4" member_type: NON_VOTER last_known_addr { host: "127.18.200.68" port: 41273 } attrs { promote: true } }
I20260601 13:26:16.705457 22616 ts_tablet_manager.cc:1434] T c487d51edf854e1db96317c30ac2efa0 P 71e562e1bfd94772a32a3634dddf99b4: Time spent starting tablet: real 0.001s	user 0.000s	sys 0.000s
I20260601 13:26:16.706607 22227 tablet_copy_service.cc:342] P 380fc96f011d4365971ec89c9204635d: Request end of tablet copy session 71e562e1bfd94772a32a3634dddf99b4-c487d51edf854e1db96317c30ac2efa0 received from {username='slave'} at 127.0.0.1:51232
I20260601 13:26:16.706692 22227 tablet_copy_service.cc:434] P 380fc96f011d4365971ec89c9204635d: ending tablet copy session 71e562e1bfd94772a32a3634dddf99b4-c487d51edf854e1db96317c30ac2efa0 on tablet c487d51edf854e1db96317c30ac2efa0 with peer 71e562e1bfd94772a32a3634dddf99b4
I20260601 13:26:16.757432 22451 consensus_queue.cc:1048] T 210fe4645fcb437896fd180d4a487a1a P 4bf91ce549ce41bfae2c899f3baaf20a [LEADER]: Connected to new peer: Peer: permanent_uuid: "71e562e1bfd94772a32a3634dddf99b4" member_type: VOTER last_known_addr { host: "127.18.200.68" port: 41273 }, Status: LMP_MISMATCH, Last received: 0.0, Next index: 1, Last known committed idx: 0, Time since last communication: 0.000s
I20260601 13:26:16.760567 22607 consensus_queue.cc:1048] T 210fe4645fcb437896fd180d4a487a1a P 4bf91ce549ce41bfae2c899f3baaf20a [LEADER]: Connected to new peer: Peer: permanent_uuid: "380fc96f011d4365971ec89c9204635d" member_type: VOTER last_known_addr { host: "127.18.200.65" port: 40193 }, Status: LMP_MISMATCH, Last received: 0.0, Next index: 1, Last known committed idx: 0, Time since last communication: 0.000s
I20260601 13:26:16.763178 22616 ts_tablet_manager.cc:933] T 5828fa91217643d29321ea35b3db18f4 P 71e562e1bfd94772a32a3634dddf99b4: Initiating tablet copy from peer 82a3946c32624e34855e9a0f50deae23 (127.18.200.67:44169)
I20260601 13:26:16.763513 22616 tablet_copy_client.cc:323] T 5828fa91217643d29321ea35b3db18f4 P 71e562e1bfd94772a32a3634dddf99b4: tablet copy: Beginning tablet copy session from remote peer at address 127.18.200.67:44169
I20260601 13:26:16.764012 22378 tablet_copy_service.cc:140] P 82a3946c32624e34855e9a0f50deae23: Received BeginTabletCopySession request for tablet 5828fa91217643d29321ea35b3db18f4 from peer 71e562e1bfd94772a32a3634dddf99b4 ({username='slave'} at 127.0.0.1:49000)
I20260601 13:26:16.764110 22378 tablet_copy_service.cc:161] P 82a3946c32624e34855e9a0f50deae23: Beginning new tablet copy session on tablet 5828fa91217643d29321ea35b3db18f4 from peer 71e562e1bfd94772a32a3634dddf99b4 at {username='slave'} at 127.0.0.1:49000: session id = 71e562e1bfd94772a32a3634dddf99b4-5828fa91217643d29321ea35b3db18f4
I20260601 13:26:16.764986 22378 tablet_copy_source_session.cc:215] T 5828fa91217643d29321ea35b3db18f4 P 82a3946c32624e34855e9a0f50deae23: Tablet Copy: opened 0 blocks and 1 log segments
I20260601 13:26:16.765753 22616 data_dirs.cc:400] Could only allocate 1 dirs of requested 3 for tablet 5828fa91217643d29321ea35b3db18f4. 1 dirs total, 0 dirs full, 0 dirs failed
I20260601 13:26:16.767848 22616 tablet_copy_client.cc:806] T 5828fa91217643d29321ea35b3db18f4 P 71e562e1bfd94772a32a3634dddf99b4: tablet copy: Starting download of 0 data blocks...
I20260601 13:26:16.768214 22616 tablet_copy_client.cc:670] T 5828fa91217643d29321ea35b3db18f4 P 71e562e1bfd94772a32a3634dddf99b4: tablet copy: Starting download of 1 WAL segments...
I20260601 13:26:16.769891 22616 tablet_copy_client.cc:538] T 5828fa91217643d29321ea35b3db18f4 P 71e562e1bfd94772a32a3634dddf99b4: tablet copy: Tablet Copy complete. Replacing tablet superblock.
I20260601 13:26:16.771206 22616 tablet_bootstrap.cc:492] T 5828fa91217643d29321ea35b3db18f4 P 71e562e1bfd94772a32a3634dddf99b4: Bootstrap starting.
I20260601 13:26:16.775189 22616 tablet_bootstrap.cc:492] T 5828fa91217643d29321ea35b3db18f4 P 71e562e1bfd94772a32a3634dddf99b4: Bootstrap replayed 1/1 log segments. Stats: ops{read=2 overwritten=0 applied=2 ignored=0} inserts{seen=0 ignored=0} mutations{seen=0 ignored=0} orphaned_commits=0. Pending: 0 replicates
I20260601 13:26:16.775449 22616 tablet_bootstrap.cc:492] T 5828fa91217643d29321ea35b3db18f4 P 71e562e1bfd94772a32a3634dddf99b4: Bootstrap complete.
I20260601 13:26:16.775620 22616 ts_tablet_manager.cc:1403] T 5828fa91217643d29321ea35b3db18f4 P 71e562e1bfd94772a32a3634dddf99b4: Time spent bootstrapping tablet: real 0.004s	user 0.004s	sys 0.000s
I20260601 13:26:16.776126 22616 raft_consensus.cc:359] T 5828fa91217643d29321ea35b3db18f4 P 71e562e1bfd94772a32a3634dddf99b4 [term 1 LEARNER]: Replica starting. Triggering 0 pending ops. Active config: opid_index: 2 OBSOLETE_local: false peers { permanent_uuid: "380fc96f011d4365971ec89c9204635d" member_type: VOTER last_known_addr { host: "127.18.200.65" port: 40193 } attrs { replace: true } } peers { permanent_uuid: "4bf91ce549ce41bfae2c899f3baaf20a" member_type: VOTER last_known_addr { host: "127.18.200.66" port: 33035 } } peers { permanent_uuid: "82a3946c32624e34855e9a0f50deae23" member_type: VOTER last_known_addr { host: "127.18.200.67" port: 44169 } } peers { permanent_uuid: "71e562e1bfd94772a32a3634dddf99b4" member_type: NON_VOTER last_known_addr { host: "127.18.200.68" port: 41273 } attrs { promote: true } }
I20260601 13:26:16.776275 22616 raft_consensus.cc:740] T 5828fa91217643d29321ea35b3db18f4 P 71e562e1bfd94772a32a3634dddf99b4 [term 1 LEARNER]: Becoming Follower/Learner. State: Replica: 71e562e1bfd94772a32a3634dddf99b4, State: Initialized, Role: LEARNER
I20260601 13:26:16.776369 22616 consensus_queue.cc:260] T 5828fa91217643d29321ea35b3db18f4 P 71e562e1bfd94772a32a3634dddf99b4 [NON_LEADER]: Queue going to NON_LEADER mode. State: All replicated index: 0, Majority replicated index: 0, Committed index: 2, Last appended: 1.2, Last appended by leader: 2, Current term: 0, Majority size: -1, State: 0, Mode: NON_LEADER, active raft config: opid_index: 2 OBSOLETE_local: false peers { permanent_uuid: "380fc96f011d4365971ec89c9204635d" member_type: VOTER last_known_addr { host: "127.18.200.65" port: 40193 } attrs { replace: true } } peers { permanent_uuid: "4bf91ce549ce41bfae2c899f3baaf20a" member_type: VOTER last_known_addr { host: "127.18.200.66" port: 33035 } } peers { permanent_uuid: "82a3946c32624e34855e9a0f50deae23" member_type: VOTER last_known_addr { host: "127.18.200.67" port: 44169 } } peers { permanent_uuid: "71e562e1bfd94772a32a3634dddf99b4" member_type: NON_VOTER last_known_addr { host: "127.18.200.68" port: 41273 } attrs { promote: true } }
I20260601 13:26:16.776765 22616 ts_tablet_manager.cc:1434] T 5828fa91217643d29321ea35b3db18f4 P 71e562e1bfd94772a32a3634dddf99b4: Time spent starting tablet: real 0.001s	user 0.002s	sys 0.000s
I20260601 13:26:16.777294 22378 tablet_copy_service.cc:342] P 82a3946c32624e34855e9a0f50deae23: Request end of tablet copy session 71e562e1bfd94772a32a3634dddf99b4-5828fa91217643d29321ea35b3db18f4 received from {username='slave'} at 127.0.0.1:49000
I20260601 13:26:16.777379 22378 tablet_copy_service.cc:434] P 82a3946c32624e34855e9a0f50deae23: ending tablet copy session 71e562e1bfd94772a32a3634dddf99b4-5828fa91217643d29321ea35b3db18f4 on tablet 5828fa91217643d29321ea35b3db18f4 with peer 71e562e1bfd94772a32a3634dddf99b4
