I20260601 13:26:15.980672 26434 raft_consensus.cc:2955] T 286de2f74c614de39e4acc40b2db526e P 8a52d7c45d6b47ecabd43c877281386a [term 1 FOLLOWER]: Committing config change with OpId 1.2: config changed from index -1 to 2, NON_VOTER 06ff3c5853424d5697e6f7d48f4d8092 (127.22.233.3) added. New config: { opid_index: 2 OBSOLETE_local: false peers { permanent_uuid: "8a52d7c45d6b47ecabd43c877281386a" member_type: VOTER last_known_addr { host: "127.22.233.1" port: 45437 } } peers { permanent_uuid: "ea6691e4fa0e4f799c405b6e7f19f6a3" member_type: VOTER last_known_addr { host: "127.22.233.4" port: 45021 } attrs { replace: true } } peers { permanent_uuid: "78db997e4b1d4e0084ad24d5a110843c" member_type: VOTER last_known_addr { host: "127.22.233.2" port: 45601 } } peers { permanent_uuid: "06ff3c5853424d5697e6f7d48f4d8092" member_type: NON_VOTER last_known_addr { host: "127.22.233.3" port: 46647 } attrs { promote: true } } }
I20260601 13:26:15.982782 26332 catalog_manager.cc:5696] T 286de2f74c614de39e4acc40b2db526e P ea6691e4fa0e4f799c405b6e7f19f6a3 reported cstate change: config changed from index -1 to 2, NON_VOTER 06ff3c5853424d5697e6f7d48f4d8092 (127.22.233.3) added. New cstate: current_term: 1 leader_uuid: "78db997e4b1d4e0084ad24d5a110843c" committed_config { opid_index: 2 OBSOLETE_local: false peers { permanent_uuid: "8a52d7c45d6b47ecabd43c877281386a" member_type: VOTER last_known_addr { host: "127.22.233.1" port: 45437 } } peers { permanent_uuid: "ea6691e4fa0e4f799c405b6e7f19f6a3" member_type: VOTER last_known_addr { host: "127.22.233.4" port: 45021 } attrs { replace: true } } peers { permanent_uuid: "78db997e4b1d4e0084ad24d5a110843c" member_type: VOTER last_known_addr { host: "127.22.233.2" port: 45601 } } peers { permanent_uuid: "06ff3c5853424d5697e6f7d48f4d8092" member_type: NON_VOTER last_known_addr { host: "127.22.233.3" port: 46647 } attrs { promote: true } } }
I20260601 13:26:15.983944 26511 consensus_queue.cc:237] T c9aadec4762a419190fa8a3ff54d05ed P 78db997e4b1d4e0084ad24d5a110843c [LEADER]: Queue going to LEADER mode. State: All replicated index: 0, Majority replicated index: 2, Committed index: 2, Last appended: 2.2, Last appended by leader: 1, Current term: 2, Majority size: 2, State: 0, Mode: LEADER, active raft config: opid_index: 3 OBSOLETE_local: false peers { permanent_uuid: "78db997e4b1d4e0084ad24d5a110843c" member_type: VOTER last_known_addr { host: "127.22.233.2" port: 45601 } } peers { permanent_uuid: "8a52d7c45d6b47ecabd43c877281386a" member_type: VOTER last_known_addr { host: "127.22.233.1" port: 45437 } } peers { permanent_uuid: "06ff3c5853424d5697e6f7d48f4d8092" member_type: VOTER last_known_addr { host: "127.22.233.3" port: 46647 } attrs { replace: true } } peers { permanent_uuid: "ea6691e4fa0e4f799c405b6e7f19f6a3" member_type: NON_VOTER last_known_addr { host: "127.22.233.4" port: 45021 } attrs { promote: true } }
I20260601 13:26:15.985634 26586 raft_consensus.cc:1275] T c9aadec4762a419190fa8a3ff54d05ed P 06ff3c5853424d5697e6f7d48f4d8092 [term 2 FOLLOWER]: Refusing update from remote peer 78db997e4b1d4e0084ad24d5a110843c: Log matching property violated. Preceding OpId in replica: term: 2 index: 2. Preceding OpId from leader: term: 2 index: 3. (index mismatch)
I20260601 13:26:15.985641 26434 raft_consensus.cc:1275] T c9aadec4762a419190fa8a3ff54d05ed P 8a52d7c45d6b47ecabd43c877281386a [term 2 FOLLOWER]: Refusing update from remote peer 78db997e4b1d4e0084ad24d5a110843c: Log matching property violated. Preceding OpId in replica: term: 2 index: 2. Preceding OpId from leader: term: 2 index: 3. (index mismatch)
W20260601 13:26:15.985675 26475 consensus_peers.cc:597] T c9aadec4762a419190fa8a3ff54d05ed P 78db997e4b1d4e0084ad24d5a110843c -> Peer ea6691e4fa0e4f799c405b6e7f19f6a3 (127.22.233.4:45021): Couldn't send request to peer ea6691e4fa0e4f799c405b6e7f19f6a3. Error code: TABLET_NOT_FOUND (6). Status: Not found: Tablet not found: c9aadec4762a419190fa8a3ff54d05ed. This is attempt 1: this message will repeat every 5th retry.
I20260601 13:26:15.985988 26891 consensus_queue.cc:1048] T c9aadec4762a419190fa8a3ff54d05ed P 78db997e4b1d4e0084ad24d5a110843c [LEADER]: Connected to new peer: Peer: permanent_uuid: "06ff3c5853424d5697e6f7d48f4d8092" member_type: VOTER last_known_addr { host: "127.22.233.3" port: 46647 } attrs { replace: true }, Status: LMP_MISMATCH, Last received: 0.0, Next index: 3, Last known committed idx: 2, Time since last communication: 0.000s
I20260601 13:26:15.986227 26867 consensus_queue.cc:1048] T c9aadec4762a419190fa8a3ff54d05ed P 78db997e4b1d4e0084ad24d5a110843c [LEADER]: Connected to new peer: Peer: permanent_uuid: "8a52d7c45d6b47ecabd43c877281386a" member_type: VOTER last_known_addr { host: "127.22.233.1" port: 45437 }, Status: LMP_MISMATCH, Last received: 0.0, Next index: 3, Last known committed idx: 2, Time since last communication: 0.000s
I20260601 13:26:15.988015 26867 raft_consensus.cc:2955] T c9aadec4762a419190fa8a3ff54d05ed P 78db997e4b1d4e0084ad24d5a110843c [term 2 LEADER]: Committing config change with OpId 2.3: config changed from index -1 to 3, NON_VOTER ea6691e4fa0e4f799c405b6e7f19f6a3 (127.22.233.4) added. New config: { opid_index: 3 OBSOLETE_local: false peers { permanent_uuid: "78db997e4b1d4e0084ad24d5a110843c" member_type: VOTER last_known_addr { host: "127.22.233.2" port: 45601 } } peers { permanent_uuid: "8a52d7c45d6b47ecabd43c877281386a" member_type: VOTER last_known_addr { host: "127.22.233.1" port: 45437 } } peers { permanent_uuid: "06ff3c5853424d5697e6f7d48f4d8092" member_type: VOTER last_known_addr { host: "127.22.233.3" port: 46647 } attrs { replace: true } } peers { permanent_uuid: "ea6691e4fa0e4f799c405b6e7f19f6a3" member_type: NON_VOTER last_known_addr { host: "127.22.233.4" port: 45021 } attrs { promote: true } } }
I20260601 13:26:15.988566 26586 raft_consensus.cc:2955] T c9aadec4762a419190fa8a3ff54d05ed P 06ff3c5853424d5697e6f7d48f4d8092 [term 2 FOLLOWER]: Committing config change with OpId 2.3: config changed from index -1 to 3, NON_VOTER ea6691e4fa0e4f799c405b6e7f19f6a3 (127.22.233.4) added. New config: { opid_index: 3 OBSOLETE_local: false peers { permanent_uuid: "78db997e4b1d4e0084ad24d5a110843c" member_type: VOTER last_known_addr { host: "127.22.233.2" port: 45601 } } peers { permanent_uuid: "8a52d7c45d6b47ecabd43c877281386a" member_type: VOTER last_known_addr { host: "127.22.233.1" port: 45437 } } peers { permanent_uuid: "06ff3c5853424d5697e6f7d48f4d8092" member_type: VOTER last_known_addr { host: "127.22.233.3" port: 46647 } attrs { replace: true } } peers { permanent_uuid: "ea6691e4fa0e4f799c405b6e7f19f6a3" member_type: NON_VOTER last_known_addr { host: "127.22.233.4" port: 45021 } attrs { promote: true } } }
I20260601 13:26:15.988564 26434 raft_consensus.cc:2955] T c9aadec4762a419190fa8a3ff54d05ed P 8a52d7c45d6b47ecabd43c877281386a [term 2 FOLLOWER]: Committing config change with OpId 2.3: config changed from index -1 to 3, NON_VOTER ea6691e4fa0e4f799c405b6e7f19f6a3 (127.22.233.4) added. New config: { opid_index: 3 OBSOLETE_local: false peers { permanent_uuid: "78db997e4b1d4e0084ad24d5a110843c" member_type: VOTER last_known_addr { host: "127.22.233.2" port: 45601 } } peers { permanent_uuid: "8a52d7c45d6b47ecabd43c877281386a" member_type: VOTER last_known_addr { host: "127.22.233.1" port: 45437 } } peers { permanent_uuid: "06ff3c5853424d5697e6f7d48f4d8092" member_type: VOTER last_known_addr { host: "127.22.233.3" port: 46647 } attrs { replace: true } } peers { permanent_uuid: "ea6691e4fa0e4f799c405b6e7f19f6a3" member_type: NON_VOTER last_known_addr { host: "127.22.233.4" port: 45021 } attrs { promote: true } } }
I20260601 13:26:15.990998 26329 catalog_manager.cc:5696] T c9aadec4762a419190fa8a3ff54d05ed P 8a52d7c45d6b47ecabd43c877281386a reported cstate change: config changed from index -1 to 3, NON_VOTER ea6691e4fa0e4f799c405b6e7f19f6a3 (127.22.233.4) added. New cstate: current_term: 2 leader_uuid: "78db997e4b1d4e0084ad24d5a110843c" committed_config { opid_index: 3 OBSOLETE_local: false peers { permanent_uuid: "78db997e4b1d4e0084ad24d5a110843c" member_type: VOTER last_known_addr { host: "127.22.233.2" port: 45601 } } peers { permanent_uuid: "8a52d7c45d6b47ecabd43c877281386a" member_type: VOTER last_known_addr { host: "127.22.233.1" port: 45437 } } peers { permanent_uuid: "06ff3c5853424d5697e6f7d48f4d8092" member_type: VOTER last_known_addr { host: "127.22.233.3" port: 46647 } attrs { replace: true } } peers { permanent_uuid: "ea6691e4fa0e4f799c405b6e7f19f6a3" member_type: NON_VOTER last_known_addr { host: "127.22.233.4" port: 45021 } attrs { promote: true } } }
I20260601 13:26:16.299834 26586 raft_consensus.cc:1275] T 241fbc3ba15c4ae9a014633e60e8db14 P 06ff3c5853424d5697e6f7d48f4d8092 [term 2 FOLLOWER]: Refusing update from remote peer ea6691e4fa0e4f799c405b6e7f19f6a3: Log matching property violated. Preceding OpId in replica: term: 1 index: 4. Preceding OpId from leader: term: 2 index: 5. (index mismatch)
I20260601 13:26:16.300338 26761 consensus_queue.cc:1048] T 241fbc3ba15c4ae9a014633e60e8db14 P ea6691e4fa0e4f799c405b6e7f19f6a3 [LEADER]: Connected to new peer: Peer: permanent_uuid: "06ff3c5853424d5697e6f7d48f4d8092" member_type: VOTER last_known_addr { host: "127.22.233.3" port: 46647 }, Status: LMP_MISMATCH, Last received: 0.0, Next index: 5, Last known committed idx: 4, Time since last communication: 0.000s
I20260601 13:26:16.303248 26511 raft_consensus.cc:1275] T 241fbc3ba15c4ae9a014633e60e8db14 P 78db997e4b1d4e0084ad24d5a110843c [term 2 FOLLOWER]: Refusing update from remote peer ea6691e4fa0e4f799c405b6e7f19f6a3: Log matching property violated. Preceding OpId in replica: term: 1 index: 4. Preceding OpId from leader: term: 2 index: 5. (index mismatch)
I20260601 13:26:16.303654 26898 consensus_queue.cc:1048] T 241fbc3ba15c4ae9a014633e60e8db14 P ea6691e4fa0e4f799c405b6e7f19f6a3 [LEADER]: Connected to new peer: Peer: permanent_uuid: "78db997e4b1d4e0084ad24d5a110843c" member_type: VOTER last_known_addr { host: "127.22.233.2" port: 45601 }, Status: LMP_MISMATCH, Last received: 0.0, Next index: 5, Last known committed idx: 4, Time since last communication: 0.000s
I20260601 13:26:16.380112 26904 ts_tablet_manager.cc:933] T e869c4789c8b460d8fece471d073bb8b P 78db997e4b1d4e0084ad24d5a110843c: Initiating tablet copy from peer 06ff3c5853424d5697e6f7d48f4d8092 (127.22.233.3:46647)
I20260601 13:26:16.380573 26904 tablet_copy_client.cc:323] T e869c4789c8b460d8fece471d073bb8b P 78db997e4b1d4e0084ad24d5a110843c: tablet copy: Beginning tablet copy session from remote peer at address 127.22.233.3:46647
I20260601 13:26:16.381150 26596 tablet_copy_service.cc:140] P 06ff3c5853424d5697e6f7d48f4d8092: Received BeginTabletCopySession request for tablet e869c4789c8b460d8fece471d073bb8b from peer 78db997e4b1d4e0084ad24d5a110843c ({username='slave'} at 127.0.0.1:55608)
I20260601 13:26:16.381268 26596 tablet_copy_service.cc:161] P 06ff3c5853424d5697e6f7d48f4d8092: Beginning new tablet copy session on tablet e869c4789c8b460d8fece471d073bb8b from peer 78db997e4b1d4e0084ad24d5a110843c at {username='slave'} at 127.0.0.1:55608: session id = 78db997e4b1d4e0084ad24d5a110843c-e869c4789c8b460d8fece471d073bb8b
I20260601 13:26:16.382264 26596 tablet_copy_source_session.cc:215] T e869c4789c8b460d8fece471d073bb8b P 06ff3c5853424d5697e6f7d48f4d8092: Tablet Copy: opened 0 blocks and 1 log segments
I20260601 13:26:16.383244 26904 data_dirs.cc:400] Could only allocate 1 dirs of requested 3 for tablet e869c4789c8b460d8fece471d073bb8b. 1 dirs total, 0 dirs full, 0 dirs failed
I20260601 13:26:16.385293 26904 tablet_copy_client.cc:806] T e869c4789c8b460d8fece471d073bb8b P 78db997e4b1d4e0084ad24d5a110843c: tablet copy: Starting download of 0 data blocks...
I20260601 13:26:16.385476 26904 tablet_copy_client.cc:670] T e869c4789c8b460d8fece471d073bb8b P 78db997e4b1d4e0084ad24d5a110843c: tablet copy: Starting download of 1 WAL segments...
I20260601 13:26:16.386746 26904 tablet_copy_client.cc:538] T e869c4789c8b460d8fece471d073bb8b P 78db997e4b1d4e0084ad24d5a110843c: tablet copy: Tablet Copy complete. Replacing tablet superblock.
I20260601 13:26:16.387871 26904 tablet_bootstrap.cc:492] T e869c4789c8b460d8fece471d073bb8b P 78db997e4b1d4e0084ad24d5a110843c: Bootstrap starting.
I20260601 13:26:16.391203 26904 tablet_bootstrap.cc:492] T e869c4789c8b460d8fece471d073bb8b P 78db997e4b1d4e0084ad24d5a110843c: Bootstrap replayed 1/1 log segments. Stats: ops{read=3 overwritten=0 applied=3 ignored=0} inserts{seen=0 ignored=0} mutations{seen=0 ignored=0} orphaned_commits=0. Pending: 0 replicates
I20260601 13:26:16.391449 26904 tablet_bootstrap.cc:492] T e869c4789c8b460d8fece471d073bb8b P 78db997e4b1d4e0084ad24d5a110843c: Bootstrap complete.
I20260601 13:26:16.391633 26904 ts_tablet_manager.cc:1403] T e869c4789c8b460d8fece471d073bb8b P 78db997e4b1d4e0084ad24d5a110843c: Time spent bootstrapping tablet: real 0.004s	user 0.003s	sys 0.000s
I20260601 13:26:16.392046 26904 raft_consensus.cc:359] T e869c4789c8b460d8fece471d073bb8b P 78db997e4b1d4e0084ad24d5a110843c [term 2 LEARNER]: Replica starting. Triggering 0 pending ops. Active config: opid_index: 3 OBSOLETE_local: false peers { permanent_uuid: "06ff3c5853424d5697e6f7d48f4d8092" member_type: VOTER last_known_addr { host: "127.22.233.3" port: 46647 } } peers { permanent_uuid: "8a52d7c45d6b47ecabd43c877281386a" member_type: VOTER last_known_addr { host: "127.22.233.1" port: 45437 } } peers { permanent_uuid: "ea6691e4fa0e4f799c405b6e7f19f6a3" member_type: VOTER last_known_addr { host: "127.22.233.4" port: 45021 } attrs { replace: true } } peers { permanent_uuid: "78db997e4b1d4e0084ad24d5a110843c" member_type: NON_VOTER last_known_addr { host: "127.22.233.2" port: 45601 } attrs { promote: true } }
I20260601 13:26:16.392154 26904 raft_consensus.cc:740] T e869c4789c8b460d8fece471d073bb8b P 78db997e4b1d4e0084ad24d5a110843c [term 2 LEARNER]: Becoming Follower/Learner. State: Replica: 78db997e4b1d4e0084ad24d5a110843c, State: Initialized, Role: LEARNER
I20260601 13:26:16.392285 26904 consensus_queue.cc:260] T e869c4789c8b460d8fece471d073bb8b P 78db997e4b1d4e0084ad24d5a110843c [NON_LEADER]: Queue going to NON_LEADER mode. State: All replicated index: 0, Majority replicated index: 0, Committed index: 3, Last appended: 2.3, Last appended by leader: 3, Current term: 0, Majority size: -1, State: 0, Mode: NON_LEADER, active raft config: opid_index: 3 OBSOLETE_local: false peers { permanent_uuid: "06ff3c5853424d5697e6f7d48f4d8092" member_type: VOTER last_known_addr { host: "127.22.233.3" port: 46647 } } peers { permanent_uuid: "8a52d7c45d6b47ecabd43c877281386a" member_type: VOTER last_known_addr { host: "127.22.233.1" port: 45437 } } peers { permanent_uuid: "ea6691e4fa0e4f799c405b6e7f19f6a3" member_type: VOTER last_known_addr { host: "127.22.233.4" port: 45021 } attrs { replace: true } } peers { permanent_uuid: "78db997e4b1d4e0084ad24d5a110843c" member_type: NON_VOTER last_known_addr { host: "127.22.233.2" port: 45601 } attrs { promote: true } }
I20260601 13:26:16.392592 26904 ts_tablet_manager.cc:1434] T e869c4789c8b460d8fece471d073bb8b P 78db997e4b1d4e0084ad24d5a110843c: Time spent starting tablet: real 0.001s	user 0.000s	sys 0.000s
I20260601 13:26:16.393241 26596 tablet_copy_service.cc:342] P 06ff3c5853424d5697e6f7d48f4d8092: Request end of tablet copy session 78db997e4b1d4e0084ad24d5a110843c-e869c4789c8b460d8fece471d073bb8b received from {username='slave'} at 127.0.0.1:55608
I20260601 13:26:16.393321 26596 tablet_copy_service.cc:434] P 06ff3c5853424d5697e6f7d48f4d8092: ending tablet copy session 78db997e4b1d4e0084ad24d5a110843c-e869c4789c8b460d8fece471d073bb8b on tablet e869c4789c8b460d8fece471d073bb8b with peer 78db997e4b1d4e0084ad24d5a110843c
I20260601 13:26:16.409947 26907 ts_tablet_manager.cc:933] T c9aadec4762a419190fa8a3ff54d05ed P ea6691e4fa0e4f799c405b6e7f19f6a3: Initiating tablet copy from peer 78db997e4b1d4e0084ad24d5a110843c (127.22.233.2:45601)
I20260601 13:26:16.410471 26907 tablet_copy_client.cc:323] T c9aadec4762a419190fa8a3ff54d05ed P ea6691e4fa0e4f799c405b6e7f19f6a3: tablet copy: Beginning tablet copy session from remote peer at address 127.22.233.2:45601
I20260601 13:26:16.411072 26521 tablet_copy_service.cc:140] P 78db997e4b1d4e0084ad24d5a110843c: Received BeginTabletCopySession request for tablet c9aadec4762a419190fa8a3ff54d05ed from peer ea6691e4fa0e4f799c405b6e7f19f6a3 ({username='slave'} at 127.0.0.1:53850)
I20260601 13:26:16.411198 26521 tablet_copy_service.cc:161] P 78db997e4b1d4e0084ad24d5a110843c: Beginning new tablet copy session on tablet c9aadec4762a419190fa8a3ff54d05ed from peer ea6691e4fa0e4f799c405b6e7f19f6a3 at {username='slave'} at 127.0.0.1:53850: session id = ea6691e4fa0e4f799c405b6e7f19f6a3-c9aadec4762a419190fa8a3ff54d05ed
I20260601 13:26:16.412048 26521 tablet_copy_source_session.cc:215] T c9aadec4762a419190fa8a3ff54d05ed P 78db997e4b1d4e0084ad24d5a110843c: Tablet Copy: opened 0 blocks and 1 log segments
I20260601 13:26:16.413003 26907 data_dirs.cc:400] Could only allocate 1 dirs of requested 3 for tablet c9aadec4762a419190fa8a3ff54d05ed. 1 dirs total, 0 dirs full, 0 dirs failed
I20260601 13:26:16.415043 26907 tablet_copy_client.cc:806] T c9aadec4762a419190fa8a3ff54d05ed P ea6691e4fa0e4f799c405b6e7f19f6a3: tablet copy: Starting download of 0 data blocks...
I20260601 13:26:16.415233 26907 tablet_copy_client.cc:670] T c9aadec4762a419190fa8a3ff54d05ed P ea6691e4fa0e4f799c405b6e7f19f6a3: tablet copy: Starting download of 1 WAL segments...
I20260601 13:26:16.416338 26907 tablet_copy_client.cc:538] T c9aadec4762a419190fa8a3ff54d05ed P ea6691e4fa0e4f799c405b6e7f19f6a3: tablet copy: Tablet Copy complete. Replacing tablet superblock.
I20260601 13:26:16.417503 26907 tablet_bootstrap.cc:492] T c9aadec4762a419190fa8a3ff54d05ed P ea6691e4fa0e4f799c405b6e7f19f6a3: Bootstrap starting.
I20260601 13:26:16.421203 26907 tablet_bootstrap.cc:492] T c9aadec4762a419190fa8a3ff54d05ed P ea6691e4fa0e4f799c405b6e7f19f6a3: Bootstrap replayed 1/1 log segments. Stats: ops{read=3 overwritten=0 applied=3 ignored=0} inserts{seen=0 ignored=0} mutations{seen=0 ignored=0} orphaned_commits=0. Pending: 0 replicates
I20260601 13:26:16.421527 26907 tablet_bootstrap.cc:492] T c9aadec4762a419190fa8a3ff54d05ed P ea6691e4fa0e4f799c405b6e7f19f6a3: Bootstrap complete.
I20260601 13:26:16.421739 26907 ts_tablet_manager.cc:1403] T c9aadec4762a419190fa8a3ff54d05ed P ea6691e4fa0e4f799c405b6e7f19f6a3: Time spent bootstrapping tablet: real 0.004s	user 0.001s	sys 0.003s
I20260601 13:26:16.422276 26907 raft_consensus.cc:359] T c9aadec4762a419190fa8a3ff54d05ed P ea6691e4fa0e4f799c405b6e7f19f6a3 [term 2 LEARNER]: Replica starting. Triggering 0 pending ops. Active config: opid_index: 3 OBSOLETE_local: false peers { permanent_uuid: "78db997e4b1d4e0084ad24d5a110843c" member_type: VOTER last_known_addr { host: "127.22.233.2" port: 45601 } } peers { permanent_uuid: "8a52d7c45d6b47ecabd43c877281386a" member_type: VOTER last_known_addr { host: "127.22.233.1" port: 45437 } } peers { permanent_uuid: "06ff3c5853424d5697e6f7d48f4d8092" member_type: VOTER last_known_addr { host: "127.22.233.3" port: 46647 } attrs { replace: true } } peers { permanent_uuid: "ea6691e4fa0e4f799c405b6e7f19f6a3" member_type: NON_VOTER last_known_addr { host: "127.22.233.4" port: 45021 } attrs { promote: true } }
I20260601 13:26:16.422501 26907 raft_consensus.cc:740] T c9aadec4762a419190fa8a3ff54d05ed P ea6691e4fa0e4f799c405b6e7f19f6a3 [term 2 LEARNER]: Becoming Follower/Learner. State: Replica: ea6691e4fa0e4f799c405b6e7f19f6a3, State: Initialized, Role: LEARNER
I20260601 13:26:16.422590 26910 ts_tablet_manager.cc:933] T 286de2f74c614de39e4acc40b2db526e P 06ff3c5853424d5697e6f7d48f4d8092: Initiating tablet copy from peer 78db997e4b1d4e0084ad24d5a110843c (127.22.233.2:45601)
I20260601 13:26:16.422659 26907 consensus_queue.cc:260] T c9aadec4762a419190fa8a3ff54d05ed P ea6691e4fa0e4f799c405b6e7f19f6a3 [NON_LEADER]: Queue going to NON_LEADER mode. State: All replicated index: 0, Majority replicated index: 0, Committed index: 3, Last appended: 2.3, Last appended by leader: 3, Current term: 0, Majority size: -1, State: 0, Mode: NON_LEADER, active raft config: opid_index: 3 OBSOLETE_local: false peers { permanent_uuid: "78db997e4b1d4e0084ad24d5a110843c" member_type: VOTER last_known_addr { host: "127.22.233.2" port: 45601 } } peers { permanent_uuid: "8a52d7c45d6b47ecabd43c877281386a" member_type: VOTER last_known_addr { host: "127.22.233.1" port: 45437 } } peers { permanent_uuid: "06ff3c5853424d5697e6f7d48f4d8092" member_type: VOTER last_known_addr { host: "127.22.233.3" port: 46647 } attrs { replace: true } } peers { permanent_uuid: "ea6691e4fa0e4f799c405b6e7f19f6a3" member_type: NON_VOTER last_known_addr { host: "127.22.233.4" port: 45021 } attrs { promote: true } }
I20260601 13:26:16.423002 26907 ts_tablet_manager.cc:1434] T c9aadec4762a419190fa8a3ff54d05ed P ea6691e4fa0e4f799c405b6e7f19f6a3: Time spent starting tablet: real 0.001s	user 0.001s	sys 0.000s
I20260601 13:26:16.423063 26910 tablet_copy_client.cc:323] T 286de2f74c614de39e4acc40b2db526e P 06ff3c5853424d5697e6f7d48f4d8092: tablet copy: Beginning tablet copy session from remote peer at address 127.22.233.2:45601
I20260601 13:26:16.423544 26521 tablet_copy_service.cc:342] P 78db997e4b1d4e0084ad24d5a110843c: Request end of tablet copy session ea6691e4fa0e4f799c405b6e7f19f6a3-c9aadec4762a419190fa8a3ff54d05ed received from {username='slave'} at 127.0.0.1:53850
I20260601 13:26:16.423647 26521 tablet_copy_service.cc:434] P 78db997e4b1d4e0084ad24d5a110843c: ending tablet copy session ea6691e4fa0e4f799c405b6e7f19f6a3-c9aadec4762a419190fa8a3ff54d05ed on tablet c9aadec4762a419190fa8a3ff54d05ed with peer ea6691e4fa0e4f799c405b6e7f19f6a3
I20260601 13:26:16.424440 26521 tablet_copy_service.cc:140] P 78db997e4b1d4e0084ad24d5a110843c: Received BeginTabletCopySession request for tablet 286de2f74c614de39e4acc40b2db526e from peer 06ff3c5853424d5697e6f7d48f4d8092 ({username='slave'} at 127.0.0.1:53838)
I20260601 13:26:16.424530 26521 tablet_copy_service.cc:161] P 78db997e4b1d4e0084ad24d5a110843c: Beginning new tablet copy session on tablet 286de2f74c614de39e4acc40b2db526e from peer 06ff3c5853424d5697e6f7d48f4d8092 at {username='slave'} at 127.0.0.1:53838: session id = 06ff3c5853424d5697e6f7d48f4d8092-286de2f74c614de39e4acc40b2db526e
I20260601 13:26:16.425482 26521 tablet_copy_source_session.cc:215] T 286de2f74c614de39e4acc40b2db526e P 78db997e4b1d4e0084ad24d5a110843c: Tablet Copy: opened 0 blocks and 1 log segments
I20260601 13:26:16.426222 26910 data_dirs.cc:400] Could only allocate 1 dirs of requested 3 for tablet 286de2f74c614de39e4acc40b2db526e. 1 dirs total, 0 dirs full, 0 dirs failed
I20260601 13:26:16.428660 26910 tablet_copy_client.cc:806] T 286de2f74c614de39e4acc40b2db526e P 06ff3c5853424d5697e6f7d48f4d8092: tablet copy: Starting download of 0 data blocks...
I20260601 13:26:16.428829 26910 tablet_copy_client.cc:670] T 286de2f74c614de39e4acc40b2db526e P 06ff3c5853424d5697e6f7d48f4d8092: tablet copy: Starting download of 1 WAL segments...
I20260601 13:26:16.430006 26910 tablet_copy_client.cc:538] T 286de2f74c614de39e4acc40b2db526e P 06ff3c5853424d5697e6f7d48f4d8092: tablet copy: Tablet Copy complete. Replacing tablet superblock.
I20260601 13:26:16.431421 26910 tablet_bootstrap.cc:492] T 286de2f74c614de39e4acc40b2db526e P 06ff3c5853424d5697e6f7d48f4d8092: Bootstrap starting.
I20260601 13:26:16.435498 26910 tablet_bootstrap.cc:492] T 286de2f74c614de39e4acc40b2db526e P 06ff3c5853424d5697e6f7d48f4d8092: Bootstrap replayed 1/1 log segments. Stats: ops{read=2 overwritten=0 applied=2 ignored=0} inserts{seen=0 ignored=0} mutations{seen=0 ignored=0} orphaned_commits=0. Pending: 0 replicates
I20260601 13:26:16.435770 26910 tablet_bootstrap.cc:492] T 286de2f74c614de39e4acc40b2db526e P 06ff3c5853424d5697e6f7d48f4d8092: Bootstrap complete.
I20260601 13:26:16.435941 26910 ts_tablet_manager.cc:1403] T 286de2f74c614de39e4acc40b2db526e P 06ff3c5853424d5697e6f7d48f4d8092: Time spent bootstrapping tablet: real 0.005s	user 0.004s	sys 0.000s
I20260601 13:26:16.436414 26910 raft_consensus.cc:359] T 286de2f74c614de39e4acc40b2db526e P 06ff3c5853424d5697e6f7d48f4d8092 [term 1 LEARNER]: Replica starting. Triggering 0 pending ops. Active config: opid_index: 2 OBSOLETE_local: false peers { permanent_uuid: "8a52d7c45d6b47ecabd43c877281386a" member_type: VOTER last_known_addr { host: "127.22.233.1" port: 45437 } } peers { permanent_uuid: "ea6691e4fa0e4f799c405b6e7f19f6a3" member_type: VOTER last_known_addr { host: "127.22.233.4" port: 45021 } attrs { replace: true } } peers { permanent_uuid: "78db997e4b1d4e0084ad24d5a110843c" member_type: VOTER last_known_addr { host: "127.22.233.2" port: 45601 } } peers { permanent_uuid: "06ff3c5853424d5697e6f7d48f4d8092" member_type: NON_VOTER last_known_addr { host: "127.22.233.3" port: 46647 } attrs { promote: true } }
I20260601 13:26:16.436561 26910 raft_consensus.cc:740] T 286de2f74c614de39e4acc40b2db526e P 06ff3c5853424d5697e6f7d48f4d8092 [term 1 LEARNER]: Becoming Follower/Learner. State: Replica: 06ff3c5853424d5697e6f7d48f4d8092, State: Initialized, Role: LEARNER
I20260601 13:26:16.436673 26910 consensus_queue.cc:260] T 286de2f74c614de39e4acc40b2db526e P 06ff3c5853424d5697e6f7d48f4d8092 [NON_LEADER]: Queue going to NON_LEADER mode. State: All replicated index: 0, Majority replicated index: 0, Committed index: 2, Last appended: 1.2, Last appended by leader: 2, Current term: 0, Majority size: -1, State: 0, Mode: NON_LEADER, active raft config: opid_index: 2 OBSOLETE_local: false peers { permanent_uuid: "8a52d7c45d6b47ecabd43c877281386a" member_type: VOTER last_known_addr { host: "127.22.233.1" port: 45437 } } peers { permanent_uuid: "ea6691e4fa0e4f799c405b6e7f19f6a3" member_type: VOTER last_known_addr { host: "127.22.233.4" port: 45021 } attrs { replace: true } } peers { permanent_uuid: "78db997e4b1d4e0084ad24d5a110843c" member_type: VOTER last_known_addr { host: "127.22.233.2" port: 45601 } } peers { permanent_uuid: "06ff3c5853424d5697e6f7d48f4d8092" member_type: NON_VOTER last_known_addr { host: "127.22.233.3" port: 46647 } attrs { promote: true } }
I20260601 13:26:16.437117 26910 ts_tablet_manager.cc:1434] T 286de2f74c614de39e4acc40b2db526e P 06ff3c5853424d5697e6f7d48f4d8092: Time spent starting tablet: real 0.001s	user 0.003s	sys 0.000s
I20260601 13:26:16.437707 26521 tablet_copy_service.cc:342] P 78db997e4b1d4e0084ad24d5a110843c: Request end of tablet copy session 06ff3c5853424d5697e6f7d48f4d8092-286de2f74c614de39e4acc40b2db526e received from {username='slave'} at 127.0.0.1:53838
I20260601 13:26:16.437793 26521 tablet_copy_service.cc:434] P 78db997e4b1d4e0084ad24d5a110843c: ending tablet copy session 06ff3c5853424d5697e6f7d48f4d8092-286de2f74c614de39e4acc40b2db526e on tablet 286de2f74c614de39e4acc40b2db526e with peer 06ff3c5853424d5697e6f7d48f4d8092
I20260601 13:26:16.472338 26907 ts_tablet_manager.cc:933] T d796ceaa892e4520880fd5d4f8c459ad P ea6691e4fa0e4f799c405b6e7f19f6a3: Initiating tablet copy from peer 06ff3c5853424d5697e6f7d48f4d8092 (127.22.233.3:46647)
I20260601 13:26:16.472750 26907 tablet_copy_client.cc:323] T d796ceaa892e4520880fd5d4f8c459ad P ea6691e4fa0e4f799c405b6e7f19f6a3: tablet copy: Beginning tablet copy session from remote peer at address 127.22.233.3:46647
I20260601 13:26:16.473255 26596 tablet_copy_service.cc:140] P 06ff3c5853424d5697e6f7d48f4d8092: Received BeginTabletCopySession request for tablet d796ceaa892e4520880fd5d4f8c459ad from peer ea6691e4fa0e4f799c405b6e7f19f6a3 ({username='slave'} at 127.0.0.1:55620)
I20260601 13:26:16.473383 26596 tablet_copy_service.cc:161] P 06ff3c5853424d5697e6f7d48f4d8092: Beginning new tablet copy session on tablet d796ceaa892e4520880fd5d4f8c459ad from peer ea6691e4fa0e4f799c405b6e7f19f6a3 at {username='slave'} at 127.0.0.1:55620: session id = ea6691e4fa0e4f799c405b6e7f19f6a3-d796ceaa892e4520880fd5d4f8c459ad
I20260601 13:26:16.474203 26596 tablet_copy_source_session.cc:215] T d796ceaa892e4520880fd5d4f8c459ad P 06ff3c5853424d5697e6f7d48f4d8092: Tablet Copy: opened 0 blocks and 1 log segments
I20260601 13:26:16.475174 26907 data_dirs.cc:400] Could only allocate 1 dirs of requested 3 for tablet d796ceaa892e4520880fd5d4f8c459ad. 1 dirs total, 0 dirs full, 0 dirs failed
I20260601 13:26:16.477178 26907 tablet_copy_client.cc:806] T d796ceaa892e4520880fd5d4f8c459ad P ea6691e4fa0e4f799c405b6e7f19f6a3: tablet copy: Starting download of 0 data blocks...
I20260601 13:26:16.477351 26907 tablet_copy_client.cc:670] T d796ceaa892e4520880fd5d4f8c459ad P ea6691e4fa0e4f799c405b6e7f19f6a3: tablet copy: Starting download of 1 WAL segments...
I20260601 13:26:16.478655 26907 tablet_copy_client.cc:538] T d796ceaa892e4520880fd5d4f8c459ad P ea6691e4fa0e4f799c405b6e7f19f6a3: tablet copy: Tablet Copy complete. Replacing tablet superblock.
I20260601 13:26:16.479715 26907 tablet_bootstrap.cc:492] T d796ceaa892e4520880fd5d4f8c459ad P ea6691e4fa0e4f799c405b6e7f19f6a3: Bootstrap starting.
I20260601 13:26:16.483026 26907 tablet_bootstrap.cc:492] T d796ceaa892e4520880fd5d4f8c459ad P ea6691e4fa0e4f799c405b6e7f19f6a3: Bootstrap replayed 1/1 log segments. Stats: ops{read=2 overwritten=0 applied=2 ignored=0} inserts{seen=0 ignored=0} mutations{seen=0 ignored=0} orphaned_commits=0. Pending: 0 replicates
I20260601 13:26:16.483309 26907 tablet_bootstrap.cc:492] T d796ceaa892e4520880fd5d4f8c459ad P ea6691e4fa0e4f799c405b6e7f19f6a3: Bootstrap complete.
I20260601 13:26:16.483494 26907 ts_tablet_manager.cc:1403] T d796ceaa892e4520880fd5d4f8c459ad P ea6691e4fa0e4f799c405b6e7f19f6a3: Time spent bootstrapping tablet: real 0.004s	user 0.000s	sys 0.003s
I20260601 13:26:16.484025 26907 raft_consensus.cc:359] T d796ceaa892e4520880fd5d4f8c459ad P ea6691e4fa0e4f799c405b6e7f19f6a3 [term 1 LEARNER]: Replica starting. Triggering 0 pending ops. Active config: opid_index: 2 OBSOLETE_local: false peers { permanent_uuid: "8a52d7c45d6b47ecabd43c877281386a" member_type: VOTER last_known_addr { host: "127.22.233.1" port: 45437 } } peers { permanent_uuid: "78db997e4b1d4e0084ad24d5a110843c" member_type: VOTER last_known_addr { host: "127.22.233.2" port: 45601 } attrs { replace: true } } peers { permanent_uuid: "06ff3c5853424d5697e6f7d48f4d8092" member_type: VOTER last_known_addr { host: "127.22.233.3" port: 46647 } } peers { permanent_uuid: "ea6691e4fa0e4f799c405b6e7f19f6a3" member_type: NON_VOTER last_known_addr { host: "127.22.233.4" port: 45021 } attrs { promote: true } }
I20260601 13:26:16.484221 26907 raft_consensus.cc:740] T d796ceaa892e4520880fd5d4f8c459ad P ea6691e4fa0e4f799c405b6e7f19f6a3 [term 1 LEARNER]: Becoming Follower/Learner. State: Replica: ea6691e4fa0e4f799c405b6e7f19f6a3, State: Initialized, Role: LEARNER
I20260601 13:26:16.484345 26907 consensus_queue.cc:260] T d796ceaa892e4520880fd5d4f8c459ad P ea6691e4fa0e4f799c405b6e7f19f6a3 [NON_LEADER]: Queue going to NON_LEADER mode. State: All replicated index: 0, Majority replicated index: 0, Committed index: 2, Last appended: 1.2, Last appended by leader: 2, Current term: 0, Majority size: -1, State: 0, Mode: NON_LEADER, active raft config: opid_index: 2 OBSOLETE_local: false peers { permanent_uuid: "8a52d7c45d6b47ecabd43c877281386a" member_type: VOTER last_known_addr { host: "127.22.233.1" port: 45437 } } peers { permanent_uuid: "78db997e4b1d4e0084ad24d5a110843c" member_type: VOTER last_known_addr { host: "127.22.233.2" port: 45601 } attrs { replace: true } } peers { permanent_uuid: "06ff3c5853424d5697e6f7d48f4d8092" member_type: VOTER last_known_addr { host: "127.22.233.3" port: 46647 } } peers { permanent_uuid: "ea6691e4fa0e4f799c405b6e7f19f6a3" member_type: NON_VOTER last_known_addr { host: "127.22.233.4" port: 45021 } attrs { promote: true } }
I20260601 13:26:16.484679 26907 ts_tablet_manager.cc:1434] T d796ceaa892e4520880fd5d4f8c459ad P ea6691e4fa0e4f799c405b6e7f19f6a3: Time spent starting tablet: real 0.001s	user 0.001s	sys 0.001s
I20260601 13:26:16.485176 26596 tablet_copy_service.cc:342] P 06ff3c5853424d5697e6f7d48f4d8092: Request end of tablet copy session ea6691e4fa0e4f799c405b6e7f19f6a3-d796ceaa892e4520880fd5d4f8c459ad received from {username='slave'} at 127.0.0.1:55620
I20260601 13:26:16.485261 26596 tablet_copy_service.cc:434] P 06ff3c5853424d5697e6f7d48f4d8092: ending tablet copy session ea6691e4fa0e4f799c405b6e7f19f6a3-d796ceaa892e4520880fd5d4f8c459ad on tablet d796ceaa892e4520880fd5d4f8c459ad with peer ea6691e4fa0e4f799c405b6e7f19f6a3
I20260601 13:26:16.848392 26724 raft_consensus.cc:1217] T d796ceaa892e4520880fd5d4f8c459ad P ea6691e4fa0e4f799c405b6e7f19f6a3 [term 1 LEARNER]: Deduplicated request from leader. Original: 1.1->[1.2-1.2]   Dedup: 1.2->[]
I20260601 13:26:16.869760 26724 raft_consensus.cc:1217] T c9aadec4762a419190fa8a3ff54d05ed P ea6691e4fa0e4f799c405b6e7f19f6a3 [term 2 LEARNER]: Deduplicated request from leader. Original: 2.2->[2.3-2.3]   Dedup: 2.3->[]
I20260601 13:26:16.895218 26511 raft_consensus.cc:1217] T e869c4789c8b460d8fece471d073bb8b P 78db997e4b1d4e0084ad24d5a110843c [term 2 LEARNER]: Deduplicated request from leader. Original: 2.2->[2.3-2.3]   Dedup: 2.3->[]
I20260601 13:26:16.926708 26586 raft_consensus.cc:1217] T 286de2f74c614de39e4acc40b2db526e P 06ff3c5853424d5697e6f7d48f4d8092 [term 1 LEARNER]: Deduplicated request from leader. Original: 1.1->[1.2-1.2]   Dedup: 1.2->[]
I20260601 13:26:17.341260 26918 raft_consensus.cc:1064] T d796ceaa892e4520880fd5d4f8c459ad P 06ff3c5853424d5697e6f7d48f4d8092: attempting to promote NON_VOTER ea6691e4fa0e4f799c405b6e7f19f6a3 to VOTER
I20260601 13:26:17.341704 26918 consensus_queue.cc:237] T d796ceaa892e4520880fd5d4f8c459ad P 06ff3c5853424d5697e6f7d48f4d8092 [LEADER]: Queue going to LEADER mode. State: All replicated index: 0, Majority replicated index: 2, Committed index: 2, Last appended: 1.2, Last appended by leader: 0, Current term: 1, Majority size: 3, State: 0, Mode: LEADER, active raft config: opid_index: 3 OBSOLETE_local: false peers { permanent_uuid: "8a52d7c45d6b47ecabd43c877281386a" member_type: VOTER last_known_addr { host: "127.22.233.1" port: 45437 } } peers { permanent_uuid: "78db997e4b1d4e0084ad24d5a110843c" member_type: VOTER last_known_addr { host: "127.22.233.2" port: 45601 } attrs { replace: true } } peers { permanent_uuid: "06ff3c5853424d5697e6f7d48f4d8092" member_type: VOTER last_known_addr { host: "127.22.233.3" port: 46647 } } peers { permanent_uuid: "ea6691e4fa0e4f799c405b6e7f19f6a3" member_type: VOTER last_known_addr { host: "127.22.233.4" port: 45021 } attrs { promote: false } }
I20260601 13:26:17.343190 26723 raft_consensus.cc:1275] T d796ceaa892e4520880fd5d4f8c459ad P ea6691e4fa0e4f799c405b6e7f19f6a3 [term 1 LEARNER]: Refusing update from remote peer 06ff3c5853424d5697e6f7d48f4d8092: Log matching property violated. Preceding OpId in replica: term: 1 index: 2. Preceding OpId from leader: term: 1 index: 3. (index mismatch)
I20260601 13:26:17.343755 26917 consensus_queue.cc:1048] T d796ceaa892e4520880fd5d4f8c459ad P 06ff3c5853424d5697e6f7d48f4d8092 [LEADER]: Connected to new peer: Peer: permanent_uuid: "ea6691e4fa0e4f799c405b6e7f19f6a3" member_type: VOTER last_known_addr { host: "127.22.233.4" port: 45021 } attrs { promote: false }, Status: LMP_MISMATCH, Last received: 0.0, Next index: 3, Last known committed idx: 2, Time since last communication: 0.000s
I20260601 13:26:17.344071 26511 raft_consensus.cc:1275] T d796ceaa892e4520880fd5d4f8c459ad P 78db997e4b1d4e0084ad24d5a110843c [term 1 FOLLOWER]: Refusing update from remote peer 06ff3c5853424d5697e6f7d48f4d8092: Log matching property violated. Preceding OpId in replica: term: 1 index: 2. Preceding OpId from leader: term: 1 index: 3. (index mismatch)
I20260601 13:26:17.344717 26434 raft_consensus.cc:1275] T d796ceaa892e4520880fd5d4f8c459ad P 8a52d7c45d6b47ecabd43c877281386a [term 1 FOLLOWER]: Refusing update from remote peer 06ff3c5853424d5697e6f7d48f4d8092: Log matching property violated. Preceding OpId in replica: term: 1 index: 2. Preceding OpId from leader: term: 1 index: 3. (index mismatch)
I20260601 13:26:17.345140 26876 consensus_queue.cc:1048] T d796ceaa892e4520880fd5d4f8c459ad P 06ff3c5853424d5697e6f7d48f4d8092 [LEADER]: Connected to new peer: Peer: permanent_uuid: "78db997e4b1d4e0084ad24d5a110843c" member_type: VOTER last_known_addr { host: "127.22.233.2" port: 45601 } attrs { replace: true }, Status: LMP_MISMATCH, Last received: 0.0, Next index: 3, Last known committed idx: 2, Time since last communication: 0.000s
I20260601 13:26:17.345518 26917 consensus_queue.cc:1048] T d796ceaa892e4520880fd5d4f8c459ad P 06ff3c5853424d5697e6f7d48f4d8092 [LEADER]: Connected to new peer: Peer: permanent_uuid: "8a52d7c45d6b47ecabd43c877281386a" member_type: VOTER last_known_addr { host: "127.22.233.1" port: 45437 }, Status: LMP_MISMATCH, Last received: 0.0, Next index: 3, Last known committed idx: 2, Time since last communication: 0.000s
I20260601 13:26:17.346778 26918 raft_consensus.cc:2955] T d796ceaa892e4520880fd5d4f8c459ad P 06ff3c5853424d5697e6f7d48f4d8092 [term 1 LEADER]: Committing config change with OpId 1.3: config changed from index 2 to 3, ea6691e4fa0e4f799c405b6e7f19f6a3 (127.22.233.4) changed from NON_VOTER to VOTER. New config: { opid_index: 3 OBSOLETE_local: false peers { permanent_uuid: "8a52d7c45d6b47ecabd43c877281386a" member_type: VOTER last_known_addr { host: "127.22.233.1" port: 45437 } } peers { permanent_uuid: "78db997e4b1d4e0084ad24d5a110843c" member_type: VOTER last_known_addr { host: "127.22.233.2" port: 45601 } attrs { replace: true } } peers { permanent_uuid: "06ff3c5853424d5697e6f7d48f4d8092" member_type: VOTER last_known_addr { host: "127.22.233.3" port: 46647 } } peers { permanent_uuid: "ea6691e4fa0e4f799c405b6e7f19f6a3" member_type: VOTER last_known_addr { host: "127.22.233.4" port: 45021 } attrs { promote: false } } }
I20260601 13:26:17.347266 26511 raft_consensus.cc:2955] T d796ceaa892e4520880fd5d4f8c459ad P 78db997e4b1d4e0084ad24d5a110843c [term 1 FOLLOWER]: Committing config change with OpId 1.3: config changed from index 2 to 3, ea6691e4fa0e4f799c405b6e7f19f6a3 (127.22.233.4) changed from NON_VOTER to VOTER. New config: { opid_index: 3 OBSOLETE_local: false peers { permanent_uuid: "8a52d7c45d6b47ecabd43c877281386a" member_type: VOTER last_known_addr { host: "127.22.233.1" port: 45437 } } peers { permanent_uuid: "78db997e4b1d4e0084ad24d5a110843c" member_type: VOTER last_known_addr { host: "127.22.233.2" port: 45601 } attrs { replace: true } } peers { permanent_uuid: "06ff3c5853424d5697e6f7d48f4d8092" member_type: VOTER last_known_addr { host: "127.22.233.3" port: 46647 } } peers { permanent_uuid: "ea6691e4fa0e4f799c405b6e7f19f6a3" member_type: VOTER last_known_addr { host: "127.22.233.4" port: 45021 } attrs { promote: false } } }
I20260601 13:26:17.349591 26332 catalog_manager.cc:5696] T d796ceaa892e4520880fd5d4f8c459ad P 78db997e4b1d4e0084ad24d5a110843c reported cstate change: config changed from index 2 to 3, ea6691e4fa0e4f799c405b6e7f19f6a3 (127.22.233.4) changed from NON_VOTER to VOTER. New cstate: current_term: 1 leader_uuid: "06ff3c5853424d5697e6f7d48f4d8092" committed_config { opid_index: 3 OBSOLETE_local: false peers { permanent_uuid: "8a52d7c45d6b47ecabd43c877281386a" member_type: VOTER last_known_addr { host: "127.22.233.1" port: 45437 } } peers { permanent_uuid: "78db997e4b1d4e0084ad24d5a110843c" member_type: VOTER last_known_addr { host: "127.22.233.2" port: 45601 } attrs { replace: true } } peers { permanent_uuid: "06ff3c5853424d5697e6f7d48f4d8092" member_type: VOTER last_known_addr { host: "127.22.233.3" port: 46647 } } peers { permanent_uuid: "ea6691e4fa0e4f799c405b6e7f19f6a3" member_type: VOTER last_known_addr { host: "127.22.233.4" port: 45021 } attrs { promote: false } } }
I20260601 13:26:17.350355 26434 raft_consensus.cc:2955] T d796ceaa892e4520880fd5d4f8c459ad P 8a52d7c45d6b47ecabd43c877281386a [term 1 FOLLOWER]: Committing config change with OpId 1.3: config changed from index 2 to 3, ea6691e4fa0e4f799c405b6e7f19f6a3 (127.22.233.4) changed from NON_VOTER to VOTER. New config: { opid_index: 3 OBSOLETE_local: false peers { permanent_uuid: "8a52d7c45d6b47ecabd43c877281386a" member_type: VOTER last_known_addr { host: "127.22.233.1" port: 45437 } } peers { permanent_uuid: "78db997e4b1d4e0084ad24d5a110843c" member_type: VOTER last_known_addr { host: "127.22.233.2" port: 45601 } attrs { replace: true } } peers { permanent_uuid: "06ff3c5853424d5697e6f7d48f4d8092" member_type: VOTER last_known_addr { host: "127.22.233.3" port: 46647 } } peers { permanent_uuid: "ea6691e4fa0e4f799c405b6e7f19f6a3" member_type: VOTER last_known_addr { host: "127.22.233.4" port: 45021 } attrs { promote: false } } }
I20260601 13:26:17.350368 26723 raft_consensus.cc:2955] T d796ceaa892e4520880fd5d4f8c459ad P ea6691e4fa0e4f799c405b6e7f19f6a3 [term 1 FOLLOWER]: Committing config change with OpId 1.3: config changed from index 2 to 3, ea6691e4fa0e4f799c405b6e7f19f6a3 (127.22.233.4) changed from NON_VOTER to VOTER. New config: { opid_index: 3 OBSOLETE_local: false peers { permanent_uuid: "8a52d7c45d6b47ecabd43c877281386a" member_type: VOTER last_known_addr { host: "127.22.233.1" port: 45437 } } peers { permanent_uuid: "78db997e4b1d4e0084ad24d5a110843c" member_type: VOTER last_known_addr { host: "127.22.233.2" port: 45601 } attrs { replace: true } } peers { permanent_uuid: "06ff3c5853424d5697e6f7d48f4d8092" member_type: VOTER last_known_addr { host: "127.22.233.3" port: 46647 } } peers { permanent_uuid: "ea6691e4fa0e4f799c405b6e7f19f6a3" member_type: VOTER last_known_addr { host: "127.22.233.4" port: 45021 } attrs { promote: false } } }
I20260601 13:26:17.363881 26920 raft_consensus.cc:1064] T 286de2f74c614de39e4acc40b2db526e P 78db997e4b1d4e0084ad24d5a110843c: attempting to promote NON_VOTER 06ff3c5853424d5697e6f7d48f4d8092 to VOTER
I20260601 13:26:17.363881 26585 consensus_queue.cc:237] T d796ceaa892e4520880fd5d4f8c459ad P 06ff3c5853424d5697e6f7d48f4d8092 [LEADER]: Queue going to LEADER mode. State: All replicated index: 0, Majority replicated index: 3, Committed index: 3, Last appended: 1.3, Last appended by leader: 0, Current term: 1, Majority size: 2, State: 0, Mode: LEADER, active raft config: opid_index: 4 OBSOLETE_local: false peers { permanent_uuid: "8a52d7c45d6b47ecabd43c877281386a" member_type: VOTER last_known_addr { host: "127.22.233.1" port: 45437 } } peers { permanent_uuid: "06ff3c5853424d5697e6f7d48f4d8092" member_type: VOTER last_known_addr { host: "127.22.233.3" port: 46647 } } peers { permanent_uuid: "ea6691e4fa0e4f799c405b6e7f19f6a3" member_type: VOTER last_known_addr { host: "127.22.233.4" port: 45021 } attrs { promote: false } }
I20260601 13:26:17.364316 26920 consensus_queue.cc:237] T 286de2f74c614de39e4acc40b2db526e P 78db997e4b1d4e0084ad24d5a110843c [LEADER]: Queue going to LEADER mode. State: All replicated index: 0, Majority replicated index: 2, Committed index: 2, Last appended: 1.2, Last appended by leader: 0, Current term: 1, Majority size: 3, State: 0, Mode: LEADER, active raft config: opid_index: 3 OBSOLETE_local: false peers { permanent_uuid: "8a52d7c45d6b47ecabd43c877281386a" member_type: VOTER last_known_addr { host: "127.22.233.1" port: 45437 } } peers { permanent_uuid: "ea6691e4fa0e4f799c405b6e7f19f6a3" member_type: VOTER last_known_addr { host: "127.22.233.4" port: 45021 } attrs { replace: true } } peers { permanent_uuid: "78db997e4b1d4e0084ad24d5a110843c" member_type: VOTER last_known_addr { host: "127.22.233.2" port: 45601 } } peers { permanent_uuid: "06ff3c5853424d5697e6f7d48f4d8092" member_type: VOTER last_known_addr { host: "127.22.233.3" port: 46647 } attrs { promote: false } }
I20260601 13:26:17.365237 26723 raft_consensus.cc:1275] T d796ceaa892e4520880fd5d4f8c459ad P ea6691e4fa0e4f799c405b6e7f19f6a3 [term 1 FOLLOWER]: Refusing update from remote peer 06ff3c5853424d5697e6f7d48f4d8092: Log matching property violated. Preceding OpId in replica: term: 1 index: 3. Preceding OpId from leader: term: 1 index: 4. (index mismatch)
I20260601 13:26:17.365300 26434 raft_consensus.cc:1275] T d796ceaa892e4520880fd5d4f8c459ad P 8a52d7c45d6b47ecabd43c877281386a [term 1 FOLLOWER]: Refusing update from remote peer 06ff3c5853424d5697e6f7d48f4d8092: Log matching property violated. Preceding OpId in replica: term: 1 index: 3. Preceding OpId from leader: term: 1 index: 4. (index mismatch)
I20260601 13:26:17.365702 26918 consensus_queue.cc:1048] T d796ceaa892e4520880fd5d4f8c459ad P 06ff3c5853424d5697e6f7d48f4d8092 [LEADER]: Connected to new peer: Peer: permanent_uuid: "ea6691e4fa0e4f799c405b6e7f19f6a3" member_type: VOTER last_known_addr { host: "127.22.233.4" port: 45021 } attrs { promote: false }, Status: LMP_MISMATCH, Last received: 0.0, Next index: 4, Last known committed idx: 3, Time since last communication: 0.000s
I20260601 13:26:17.365937 26723 raft_consensus.cc:1275] T 286de2f74c614de39e4acc40b2db526e P ea6691e4fa0e4f799c405b6e7f19f6a3 [term 1 FOLLOWER]: Refusing update from remote peer 78db997e4b1d4e0084ad24d5a110843c: Log matching property violated. Preceding OpId in replica: term: 1 index: 2. Preceding OpId from leader: term: 1 index: 3. (index mismatch)
I20260601 13:26:17.366163 26434 raft_consensus.cc:1275] T 286de2f74c614de39e4acc40b2db526e P 8a52d7c45d6b47ecabd43c877281386a [term 1 FOLLOWER]: Refusing update from remote peer 78db997e4b1d4e0084ad24d5a110843c: Log matching property violated. Preceding OpId in replica: term: 1 index: 2. Preceding OpId from leader: term: 1 index: 3. (index mismatch)
I20260601 13:26:17.366487 26931 consensus_queue.cc:1048] T 286de2f74c614de39e4acc40b2db526e P 78db997e4b1d4e0084ad24d5a110843c [LEADER]: Connected to new peer: Peer: permanent_uuid: "ea6691e4fa0e4f799c405b6e7f19f6a3" member_type: VOTER last_known_addr { host: "127.22.233.4" port: 45021 } attrs { replace: true }, Status: LMP_MISMATCH, Last received: 0.0, Next index: 3, Last known committed idx: 2, Time since last communication: 0.000s
I20260601 13:26:17.366698 26919 consensus_queue.cc:1048] T 286de2f74c614de39e4acc40b2db526e P 78db997e4b1d4e0084ad24d5a110843c [LEADER]: Connected to new peer: Peer: permanent_uuid: "8a52d7c45d6b47ecabd43c877281386a" member_type: VOTER last_known_addr { host: "127.22.233.1" port: 45437 }, Status: LMP_MISMATCH, Last received: 0.0, Next index: 3, Last known committed idx: 2, Time since last communication: 0.000s
I20260601 13:26:17.367399 26585 raft_consensus.cc:1275] T 286de2f74c614de39e4acc40b2db526e P 06ff3c5853424d5697e6f7d48f4d8092 [term 1 LEARNER]: Refusing update from remote peer 78db997e4b1d4e0084ad24d5a110843c: Log matching property violated. Preceding OpId in replica: term: 1 index: 2. Preceding OpId from leader: term: 1 index: 3. (index mismatch)
I20260601 13:26:17.367674 26918 raft_consensus.cc:2955] T d796ceaa892e4520880fd5d4f8c459ad P 06ff3c5853424d5697e6f7d48f4d8092 [term 1 LEADER]: Committing config change with OpId 1.4: config changed from index 3 to 4, VOTER 78db997e4b1d4e0084ad24d5a110843c (127.22.233.2) evicted. New config: { opid_index: 4 OBSOLETE_local: false peers { permanent_uuid: "8a52d7c45d6b47ecabd43c877281386a" member_type: VOTER last_known_addr { host: "127.22.233.1" port: 45437 } } peers { permanent_uuid: "06ff3c5853424d5697e6f7d48f4d8092" member_type: VOTER last_known_addr { host: "127.22.233.3" port: 46647 } } peers { permanent_uuid: "ea6691e4fa0e4f799c405b6e7f19f6a3" member_type: VOTER last_known_addr { host: "127.22.233.4" port: 45021 } attrs { promote: false } } }
I20260601 13:26:17.368959 26919 raft_consensus.cc:2955] T 286de2f74c614de39e4acc40b2db526e P 78db997e4b1d4e0084ad24d5a110843c [term 1 LEADER]: Committing config change with OpId 1.3: config changed from index 2 to 3, 06ff3c5853424d5697e6f7d48f4d8092 (127.22.233.3) changed from NON_VOTER to VOTER. New config: { opid_index: 3 OBSOLETE_local: false peers { permanent_uuid: "8a52d7c45d6b47ecabd43c877281386a" member_type: VOTER last_known_addr { host: "127.22.233.1" port: 45437 } } peers { permanent_uuid: "ea6691e4fa0e4f799c405b6e7f19f6a3" member_type: VOTER last_known_addr { host: "127.22.233.4" port: 45021 } attrs { replace: true } } peers { permanent_uuid: "78db997e4b1d4e0084ad24d5a110843c" member_type: VOTER last_known_addr { host: "127.22.233.2" port: 45601 } } peers { permanent_uuid: "06ff3c5853424d5697e6f7d48f4d8092" member_type: VOTER last_known_addr { host: "127.22.233.3" port: 46647 } attrs { promote: false } } }
I20260601 13:26:17.369107 26918 consensus_queue.cc:1048] T d796ceaa892e4520880fd5d4f8c459ad P 06ff3c5853424d5697e6f7d48f4d8092 [LEADER]: Connected to new peer: Peer: permanent_uuid: "8a52d7c45d6b47ecabd43c877281386a" member_type: VOTER last_known_addr { host: "127.22.233.1" port: 45437 }, Status: LMP_MISMATCH, Last received: 0.0, Next index: 4, Last known committed idx: 3, Time since last communication: 0.000s
I20260601 13:26:17.370194 26891 consensus_queue.cc:1048] T 286de2f74c614de39e4acc40b2db526e P 78db997e4b1d4e0084ad24d5a110843c [LEADER]: Connected to new peer: Peer: permanent_uuid: "06ff3c5853424d5697e6f7d48f4d8092" member_type: VOTER last_known_addr { host: "127.22.233.3" port: 46647 } attrs { promote: false }, Status: LMP_MISMATCH, Last received: 0.0, Next index: 3, Last known committed idx: 2, Time since last communication: 0.000s
