I20260601 13:26:11.485455 11072 raft_consensus.cc:515] T 703682c27f7a4352a16740bddf91107e P e8465c0b59c14afe8a66e63f3a091525 [term 1 FOLLOWER]: Starting leader election with config: opid_index: -1 OBSOLETE_local: false peers { permanent_uuid: "efa1546449cc4484ad9922f9f4495fd0" member_type: VOTER last_known_addr { host: "127.7.186.196" port: 42431 } } peers { permanent_uuid: "f7b4472c557448f780158f8f6f3d1373" member_type: VOTER last_known_addr { host: "127.7.186.193" port: 42807 } } peers { permanent_uuid: "e8465c0b59c14afe8a66e63f3a091525" member_type: VOTER last_known_addr { host: "127.7.186.195" port: 38529 } }
I20260601 13:26:11.485754 11072 leader_election.cc:290] T 703682c27f7a4352a16740bddf91107e P e8465c0b59c14afe8a66e63f3a091525 [CANDIDATE]: Term 1 election: Requested vote from peers efa1546449cc4484ad9922f9f4495fd0 (127.7.186.196:42431), f7b4472c557448f780158f8f6f3d1373 (127.7.186.193:42807)
I20260601 13:26:11.486088 11165 tablet_service.cc:1917] Received RequestConsensusVote() RPC: tablet_id: "703682c27f7a4352a16740bddf91107e" candidate_uuid: "e8465c0b59c14afe8a66e63f3a091525" candidate_term: 1 candidate_status { last_received { term: 0 index: 0 } } ignore_live_leader: false dest_uuid: "efa1546449cc4484ad9922f9f4495fd0"
I20260601 13:26:11.486187 10872 tablet_service.cc:1917] Received RequestConsensusVote() RPC: tablet_id: "703682c27f7a4352a16740bddf91107e" candidate_uuid: "e8465c0b59c14afe8a66e63f3a091525" candidate_term: 1 candidate_status { last_received { term: 0 index: 0 } } ignore_live_leader: false dest_uuid: "f7b4472c557448f780158f8f6f3d1373"
I20260601 13:26:11.486200 11165 raft_consensus.cc:3060] T 703682c27f7a4352a16740bddf91107e P efa1546449cc4484ad9922f9f4495fd0 [term 0 FOLLOWER]: Advancing to term 1
I20260601 13:26:11.486322 10872 raft_consensus.cc:3060] T 703682c27f7a4352a16740bddf91107e P f7b4472c557448f780158f8f6f3d1373 [term 0 FOLLOWER]: Advancing to term 1
I20260601 13:26:11.487035 10872 raft_consensus.cc:2468] T 703682c27f7a4352a16740bddf91107e P f7b4472c557448f780158f8f6f3d1373 [term 1 FOLLOWER]: Leader election vote request: Granting yes vote for candidate e8465c0b59c14afe8a66e63f3a091525 in term 1.
I20260601 13:26:11.487075 11165 raft_consensus.cc:2468] T 703682c27f7a4352a16740bddf91107e P efa1546449cc4484ad9922f9f4495fd0 [term 1 FOLLOWER]: Leader election vote request: Granting yes vote for candidate e8465c0b59c14afe8a66e63f3a091525 in term 1.
I20260601 13:26:11.487320 10988 leader_election.cc:304] T 703682c27f7a4352a16740bddf91107e P e8465c0b59c14afe8a66e63f3a091525 [CANDIDATE]: Term 1 election: Election decided. Result: candidate won. Election summary: received 2 responses out of 3 voters: 2 yes votes; 0 no votes. yes voters: e8465c0b59c14afe8a66e63f3a091525, f7b4472c557448f780158f8f6f3d1373; no voters: 
I20260601 13:26:11.487480 11072 raft_consensus.cc:2804] T 703682c27f7a4352a16740bddf91107e P e8465c0b59c14afe8a66e63f3a091525 [term 1 FOLLOWER]: Leader election won for term 1
I20260601 13:26:11.487584 11072 raft_consensus.cc:697] T 703682c27f7a4352a16740bddf91107e P e8465c0b59c14afe8a66e63f3a091525 [term 1 LEADER]: Becoming Leader. State: Replica: e8465c0b59c14afe8a66e63f3a091525, State: Running, Role: LEADER
I20260601 13:26:11.487718 11072 consensus_queue.cc:237] T 703682c27f7a4352a16740bddf91107e P e8465c0b59c14afe8a66e63f3a091525 [LEADER]: Queue going to LEADER mode. State: All replicated index: 0, Majority replicated index: 0, Committed index: 0, Last appended: 0.0, Last appended by leader: 0, Current term: 1, Majority size: 2, State: 0, Mode: LEADER, active raft config: opid_index: -1 OBSOLETE_local: false peers { permanent_uuid: "efa1546449cc4484ad9922f9f4495fd0" member_type: VOTER last_known_addr { host: "127.7.186.196" port: 42431 } } peers { permanent_uuid: "f7b4472c557448f780158f8f6f3d1373" member_type: VOTER last_known_addr { host: "127.7.186.193" port: 42807 } } peers { permanent_uuid: "e8465c0b59c14afe8a66e63f3a091525" member_type: VOTER last_known_addr { host: "127.7.186.195" port: 38529 } }
I20260601 13:26:11.489208 10768 catalog_manager.cc:5696] T 703682c27f7a4352a16740bddf91107e P e8465c0b59c14afe8a66e63f3a091525 reported cstate change: term changed from 0 to 1, leader changed from <none> to e8465c0b59c14afe8a66e63f3a091525 (127.7.186.195). New cstate: current_term: 1 leader_uuid: "e8465c0b59c14afe8a66e63f3a091525" committed_config { opid_index: -1 OBSOLETE_local: false peers { permanent_uuid: "efa1546449cc4484ad9922f9f4495fd0" member_type: VOTER last_known_addr { host: "127.7.186.196" port: 42431 } health_report { overall_health: UNKNOWN } } peers { permanent_uuid: "f7b4472c557448f780158f8f6f3d1373" member_type: VOTER last_known_addr { host: "127.7.186.193" port: 42807 } health_report { overall_health: UNKNOWN } } peers { permanent_uuid: "e8465c0b59c14afe8a66e63f3a091525" member_type: VOTER last_known_addr { host: "127.7.186.195" port: 38529 } health_report { overall_health: HEALTHY } } }
I20260601 13:26:11.489334 11072 raft_consensus.cc:493] T e199ced5fab842a5804e736735946d06 P e8465c0b59c14afe8a66e63f3a091525 [term 0 FOLLOWER]: Starting pre-election (no leader contacted us within the election timeout)
I20260601 13:26:11.489415 11072 raft_consensus.cc:515] T e199ced5fab842a5804e736735946d06 P e8465c0b59c14afe8a66e63f3a091525 [term 0 FOLLOWER]: Starting pre-election with config: opid_index: -1 OBSOLETE_local: false peers { permanent_uuid: "efa1546449cc4484ad9922f9f4495fd0" member_type: VOTER last_known_addr { host: "127.7.186.196" port: 42431 } } peers { permanent_uuid: "e8465c0b59c14afe8a66e63f3a091525" member_type: VOTER last_known_addr { host: "127.7.186.195" port: 38529 } } peers { permanent_uuid: "f7b4472c557448f780158f8f6f3d1373" member_type: VOTER last_known_addr { host: "127.7.186.193" port: 42807 } }
I20260601 13:26:11.489744 11072 leader_election.cc:290] T e199ced5fab842a5804e736735946d06 P e8465c0b59c14afe8a66e63f3a091525 [CANDIDATE]: Term 1 pre-election: Requested pre-vote from peers efa1546449cc4484ad9922f9f4495fd0 (127.7.186.196:42431), f7b4472c557448f780158f8f6f3d1373 (127.7.186.193:42807)
I20260601 13:26:11.489770 11109 raft_consensus.cc:493] T 9df854dd45df4f949963cbabd8837103 P f7b4472c557448f780158f8f6f3d1373 [term 0 FOLLOWER]: Starting pre-election (no leader contacted us within the election timeout)
I20260601 13:26:11.489835 11109 raft_consensus.cc:515] T 9df854dd45df4f949963cbabd8837103 P f7b4472c557448f780158f8f6f3d1373 [term 0 FOLLOWER]: Starting pre-election with config: opid_index: -1 OBSOLETE_local: false peers { permanent_uuid: "efa1546449cc4484ad9922f9f4495fd0" member_type: VOTER last_known_addr { host: "127.7.186.196" port: 42431 } } peers { permanent_uuid: "f7b4472c557448f780158f8f6f3d1373" member_type: VOTER last_known_addr { host: "127.7.186.193" port: 42807 } } peers { permanent_uuid: "2ab37fd48d6941b59c78a4b200e43fb0" member_type: VOTER last_known_addr { host: "127.7.186.194" port: 35217 } }
I20260601 13:26:11.490103 11165 tablet_service.cc:1917] Received RequestConsensusVote() RPC: tablet_id: "e199ced5fab842a5804e736735946d06" candidate_uuid: "e8465c0b59c14afe8a66e63f3a091525" candidate_term: 1 candidate_status { last_received { term: 0 index: 0 } } ignore_live_leader: false dest_uuid: "efa1546449cc4484ad9922f9f4495fd0" is_pre_election: true
I20260601 13:26:11.490116 10872 tablet_service.cc:1917] Received RequestConsensusVote() RPC: tablet_id: "e199ced5fab842a5804e736735946d06" candidate_uuid: "e8465c0b59c14afe8a66e63f3a091525" candidate_term: 1 candidate_status { last_received { term: 0 index: 0 } } ignore_live_leader: false dest_uuid: "f7b4472c557448f780158f8f6f3d1373" is_pre_election: true
I20260601 13:26:11.490212 11165 raft_consensus.cc:2468] T e199ced5fab842a5804e736735946d06 P efa1546449cc4484ad9922f9f4495fd0 [term 0 FOLLOWER]: Leader pre-election vote request: Granting yes vote for candidate e8465c0b59c14afe8a66e63f3a091525 in term 0.
I20260601 13:26:11.490234 10872 raft_consensus.cc:2468] T e199ced5fab842a5804e736735946d06 P f7b4472c557448f780158f8f6f3d1373 [term 0 FOLLOWER]: Leader pre-election vote request: Granting yes vote for candidate e8465c0b59c14afe8a66e63f3a091525 in term 0.
I20260601 13:26:11.490279 11109 leader_election.cc:290] T 9df854dd45df4f949963cbabd8837103 P f7b4472c557448f780158f8f6f3d1373 [CANDIDATE]: Term 1 pre-election: Requested pre-vote from peers efa1546449cc4484ad9922f9f4495fd0 (127.7.186.196:42431), 2ab37fd48d6941b59c78a4b200e43fb0 (127.7.186.194:35217)
I20260601 13:26:11.490482 10988 leader_election.cc:304] T e199ced5fab842a5804e736735946d06 P e8465c0b59c14afe8a66e63f3a091525 [CANDIDATE]: Term 1 pre-election: Election decided. Result: candidate won. Election summary: received 2 responses out of 3 voters: 2 yes votes; 0 no votes. yes voters: e8465c0b59c14afe8a66e63f3a091525, f7b4472c557448f780158f8f6f3d1373; no voters: 
I20260601 13:26:11.490782 11072 raft_consensus.cc:2804] T e199ced5fab842a5804e736735946d06 P e8465c0b59c14afe8a66e63f3a091525 [term 0 FOLLOWER]: Leader pre-election won for term 1
I20260601 13:26:11.490847 11072 raft_consensus.cc:493] T e199ced5fab842a5804e736735946d06 P e8465c0b59c14afe8a66e63f3a091525 [term 0 FOLLOWER]: Starting leader election (no leader contacted us within the election timeout)
I20260601 13:26:11.490895 11072 raft_consensus.cc:3060] T e199ced5fab842a5804e736735946d06 P e8465c0b59c14afe8a66e63f3a091525 [term 0 FOLLOWER]: Advancing to term 1
I20260601 13:26:11.491261 10947 tablet_service.cc:1917] Received RequestConsensusVote() RPC: tablet_id: "9df854dd45df4f949963cbabd8837103" candidate_uuid: "f7b4472c557448f780158f8f6f3d1373" candidate_term: 1 candidate_status { last_received { term: 0 index: 0 } } ignore_live_leader: false dest_uuid: "2ab37fd48d6941b59c78a4b200e43fb0" is_pre_election: true
I20260601 13:26:11.491369 10947 raft_consensus.cc:2468] T 9df854dd45df4f949963cbabd8837103 P 2ab37fd48d6941b59c78a4b200e43fb0 [term 0 FOLLOWER]: Leader pre-election vote request: Granting yes vote for candidate f7b4472c557448f780158f8f6f3d1373 in term 0.
I20260601 13:26:11.491583 10835 leader_election.cc:304] T 9df854dd45df4f949963cbabd8837103 P f7b4472c557448f780158f8f6f3d1373 [CANDIDATE]: Term 1 pre-election: Election decided. Result: candidate won. Election summary: received 2 responses out of 3 voters: 2 yes votes; 0 no votes. yes voters: 2ab37fd48d6941b59c78a4b200e43fb0, f7b4472c557448f780158f8f6f3d1373; no voters: 
I20260601 13:26:11.491748 11109 raft_consensus.cc:2804] T 9df854dd45df4f949963cbabd8837103 P f7b4472c557448f780158f8f6f3d1373 [term 0 FOLLOWER]: Leader pre-election won for term 1
I20260601 13:26:11.491806 11109 raft_consensus.cc:493] T 9df854dd45df4f949963cbabd8837103 P f7b4472c557448f780158f8f6f3d1373 [term 0 FOLLOWER]: Starting leader election (no leader contacted us within the election timeout)
I20260601 13:26:11.491864 11109 raft_consensus.cc:3060] T 9df854dd45df4f949963cbabd8837103 P f7b4472c557448f780158f8f6f3d1373 [term 0 FOLLOWER]: Advancing to term 1
I20260601 13:26:11.491942 11072 raft_consensus.cc:515] T e199ced5fab842a5804e736735946d06 P e8465c0b59c14afe8a66e63f3a091525 [term 1 FOLLOWER]: Starting leader election with config: opid_index: -1 OBSOLETE_local: false peers { permanent_uuid: "efa1546449cc4484ad9922f9f4495fd0" member_type: VOTER last_known_addr { host: "127.7.186.196" port: 42431 } } peers { permanent_uuid: "e8465c0b59c14afe8a66e63f3a091525" member_type: VOTER last_known_addr { host: "127.7.186.195" port: 38529 } } peers { permanent_uuid: "f7b4472c557448f780158f8f6f3d1373" member_type: VOTER last_known_addr { host: "127.7.186.193" port: 42807 } }
I20260601 13:26:11.492240 11072 leader_election.cc:290] T e199ced5fab842a5804e736735946d06 P e8465c0b59c14afe8a66e63f3a091525 [CANDIDATE]: Term 1 election: Requested vote from peers efa1546449cc4484ad9922f9f4495fd0 (127.7.186.196:42431), f7b4472c557448f780158f8f6f3d1373 (127.7.186.193:42807)
I20260601 13:26:11.492600 11165 tablet_service.cc:1917] Received RequestConsensusVote() RPC: tablet_id: "e199ced5fab842a5804e736735946d06" candidate_uuid: "e8465c0b59c14afe8a66e63f3a091525" candidate_term: 1 candidate_status { last_received { term: 0 index: 0 } } ignore_live_leader: false dest_uuid: "efa1546449cc4484ad9922f9f4495fd0"
I20260601 13:26:11.492709 11165 raft_consensus.cc:3060] T e199ced5fab842a5804e736735946d06 P efa1546449cc4484ad9922f9f4495fd0 [term 0 FOLLOWER]: Advancing to term 1
I20260601 13:26:11.492822 11109 raft_consensus.cc:515] T 9df854dd45df4f949963cbabd8837103 P f7b4472c557448f780158f8f6f3d1373 [term 1 FOLLOWER]: Starting leader election with config: opid_index: -1 OBSOLETE_local: false peers { permanent_uuid: "efa1546449cc4484ad9922f9f4495fd0" member_type: VOTER last_known_addr { host: "127.7.186.196" port: 42431 } } peers { permanent_uuid: "f7b4472c557448f780158f8f6f3d1373" member_type: VOTER last_known_addr { host: "127.7.186.193" port: 42807 } } peers { permanent_uuid: "2ab37fd48d6941b59c78a4b200e43fb0" member_type: VOTER last_known_addr { host: "127.7.186.194" port: 35217 } }
I20260601 13:26:11.493076 10872 tablet_service.cc:1917] Received RequestConsensusVote() RPC: tablet_id: "e199ced5fab842a5804e736735946d06" candidate_uuid: "e8465c0b59c14afe8a66e63f3a091525" candidate_term: 1 candidate_status { last_received { term: 0 index: 0 } } ignore_live_leader: false dest_uuid: "f7b4472c557448f780158f8f6f3d1373"
I20260601 13:26:11.493156 11109 leader_election.cc:290] T 9df854dd45df4f949963cbabd8837103 P f7b4472c557448f780158f8f6f3d1373 [CANDIDATE]: Term 1 election: Requested vote from peers efa1546449cc4484ad9922f9f4495fd0 (127.7.186.196:42431), 2ab37fd48d6941b59c78a4b200e43fb0 (127.7.186.194:35217)
I20260601 13:26:11.493167 10872 raft_consensus.cc:3060] T e199ced5fab842a5804e736735946d06 P f7b4472c557448f780158f8f6f3d1373 [term 0 FOLLOWER]: Advancing to term 1
I20260601 13:26:11.493507 11165 raft_consensus.cc:2468] T e199ced5fab842a5804e736735946d06 P efa1546449cc4484ad9922f9f4495fd0 [term 1 FOLLOWER]: Leader election vote request: Granting yes vote for candidate e8465c0b59c14afe8a66e63f3a091525 in term 1.
I20260601 13:26:11.493535 10947 tablet_service.cc:1917] Received RequestConsensusVote() RPC: tablet_id: "9df854dd45df4f949963cbabd8837103" candidate_uuid: "f7b4472c557448f780158f8f6f3d1373" candidate_term: 1 candidate_status { last_received { term: 0 index: 0 } } ignore_live_leader: false dest_uuid: "2ab37fd48d6941b59c78a4b200e43fb0"
I20260601 13:26:11.493613 10947 raft_consensus.cc:3060] T 9df854dd45df4f949963cbabd8837103 P 2ab37fd48d6941b59c78a4b200e43fb0 [term 0 FOLLOWER]: Advancing to term 1
I20260601 13:26:11.493763 10988 leader_election.cc:304] T e199ced5fab842a5804e736735946d06 P e8465c0b59c14afe8a66e63f3a091525 [CANDIDATE]: Term 1 election: Election decided. Result: candidate won. Election summary: received 2 responses out of 3 voters: 2 yes votes; 0 no votes. yes voters: e8465c0b59c14afe8a66e63f3a091525, efa1546449cc4484ad9922f9f4495fd0; no voters: 
I20260601 13:26:11.494027 10872 raft_consensus.cc:2468] T e199ced5fab842a5804e736735946d06 P f7b4472c557448f780158f8f6f3d1373 [term 1 FOLLOWER]: Leader election vote request: Granting yes vote for candidate e8465c0b59c14afe8a66e63f3a091525 in term 1.
I20260601 13:26:11.494431 10947 raft_consensus.cc:2468] T 9df854dd45df4f949963cbabd8837103 P 2ab37fd48d6941b59c78a4b200e43fb0 [term 1 FOLLOWER]: Leader election vote request: Granting yes vote for candidate f7b4472c557448f780158f8f6f3d1373 in term 1.
I20260601 13:26:11.494693 10835 leader_election.cc:304] T 9df854dd45df4f949963cbabd8837103 P f7b4472c557448f780158f8f6f3d1373 [CANDIDATE]: Term 1 election: Election decided. Result: candidate won. Election summary: received 2 responses out of 3 voters: 2 yes votes; 0 no votes. yes voters: 2ab37fd48d6941b59c78a4b200e43fb0, f7b4472c557448f780158f8f6f3d1373; no voters: 
I20260601 13:26:11.494854 11109 raft_consensus.cc:2804] T 9df854dd45df4f949963cbabd8837103 P f7b4472c557448f780158f8f6f3d1373 [term 1 FOLLOWER]: Leader election won for term 1
I20260601 13:26:11.494951 11109 raft_consensus.cc:697] T 9df854dd45df4f949963cbabd8837103 P f7b4472c557448f780158f8f6f3d1373 [term 1 LEADER]: Becoming Leader. State: Replica: f7b4472c557448f780158f8f6f3d1373, State: Running, Role: LEADER
I20260601 13:26:11.495069 11109 consensus_queue.cc:237] T 9df854dd45df4f949963cbabd8837103 P f7b4472c557448f780158f8f6f3d1373 [LEADER]: Queue going to LEADER mode. State: All replicated index: 0, Majority replicated index: 0, Committed index: 0, Last appended: 0.0, Last appended by leader: 0, Current term: 1, Majority size: 2, State: 0, Mode: LEADER, active raft config: opid_index: -1 OBSOLETE_local: false peers { permanent_uuid: "efa1546449cc4484ad9922f9f4495fd0" member_type: VOTER last_known_addr { host: "127.7.186.196" port: 42431 } } peers { permanent_uuid: "f7b4472c557448f780158f8f6f3d1373" member_type: VOTER last_known_addr { host: "127.7.186.193" port: 42807 } } peers { permanent_uuid: "2ab37fd48d6941b59c78a4b200e43fb0" member_type: VOTER last_known_addr { host: "127.7.186.194" port: 35217 } }
I20260601 13:26:11.496137 11072 raft_consensus.cc:2804] T e199ced5fab842a5804e736735946d06 P e8465c0b59c14afe8a66e63f3a091525 [term 1 FOLLOWER]: Leader election won for term 1
I20260601 13:26:11.496269 11165 tablet_service.cc:1917] Received RequestConsensusVote() RPC: tablet_id: "9df854dd45df4f949963cbabd8837103" candidate_uuid: "f7b4472c557448f780158f8f6f3d1373" candidate_term: 1 candidate_status { last_received { term: 0 index: 0 } } ignore_live_leader: false dest_uuid: "efa1546449cc4484ad9922f9f4495fd0" is_pre_election: true
I20260601 13:26:11.496300 11072 raft_consensus.cc:697] T e199ced5fab842a5804e736735946d06 P e8465c0b59c14afe8a66e63f3a091525 [term 1 LEADER]: Becoming Leader. State: Replica: e8465c0b59c14afe8a66e63f3a091525, State: Running, Role: LEADER
I20260601 13:26:11.496356 11164 tablet_service.cc:1917] Received RequestConsensusVote() RPC: tablet_id: "9df854dd45df4f949963cbabd8837103" candidate_uuid: "f7b4472c557448f780158f8f6f3d1373" candidate_term: 1 candidate_status { last_received { term: 0 index: 0 } } ignore_live_leader: false dest_uuid: "efa1546449cc4484ad9922f9f4495fd0"
I20260601 13:26:11.496372 11165 raft_consensus.cc:2468] T 9df854dd45df4f949963cbabd8837103 P efa1546449cc4484ad9922f9f4495fd0 [term 0 FOLLOWER]: Leader pre-election vote request: Granting yes vote for candidate f7b4472c557448f780158f8f6f3d1373 in term 0.
I20260601 13:26:11.496423 11072 consensus_queue.cc:237] T e199ced5fab842a5804e736735946d06 P e8465c0b59c14afe8a66e63f3a091525 [LEADER]: Queue going to LEADER mode. State: All replicated index: 0, Majority replicated index: 0, Committed index: 0, Last appended: 0.0, Last appended by leader: 0, Current term: 1, Majority size: 2, State: 0, Mode: LEADER, active raft config: opid_index: -1 OBSOLETE_local: false peers { permanent_uuid: "efa1546449cc4484ad9922f9f4495fd0" member_type: VOTER last_known_addr { host: "127.7.186.196" port: 42431 } } peers { permanent_uuid: "e8465c0b59c14afe8a66e63f3a091525" member_type: VOTER last_known_addr { host: "127.7.186.195" port: 38529 } } peers { permanent_uuid: "f7b4472c557448f780158f8f6f3d1373" member_type: VOTER last_known_addr { host: "127.7.186.193" port: 42807 } }
I20260601 13:26:11.496500 10768 catalog_manager.cc:5696] T 9df854dd45df4f949963cbabd8837103 P f7b4472c557448f780158f8f6f3d1373 reported cstate change: term changed from 0 to 1, leader changed from <none> to f7b4472c557448f780158f8f6f3d1373 (127.7.186.193). New cstate: current_term: 1 leader_uuid: "f7b4472c557448f780158f8f6f3d1373" committed_config { opid_index: -1 OBSOLETE_local: false peers { permanent_uuid: "efa1546449cc4484ad9922f9f4495fd0" member_type: VOTER last_known_addr { host: "127.7.186.196" port: 42431 } health_report { overall_health: UNKNOWN } } peers { permanent_uuid: "f7b4472c557448f780158f8f6f3d1373" member_type: VOTER last_known_addr { host: "127.7.186.193" port: 42807 } health_report { overall_health: HEALTHY } } peers { permanent_uuid: "2ab37fd48d6941b59c78a4b200e43fb0" member_type: VOTER last_known_addr { host: "127.7.186.194" port: 35217 } health_report { overall_health: UNKNOWN } } }
I20260601 13:26:11.497882 10766 catalog_manager.cc:5696] T e199ced5fab842a5804e736735946d06 P e8465c0b59c14afe8a66e63f3a091525 reported cstate change: term changed from 0 to 1, leader changed from <none> to e8465c0b59c14afe8a66e63f3a091525 (127.7.186.195). New cstate: current_term: 1 leader_uuid: "e8465c0b59c14afe8a66e63f3a091525" committed_config { opid_index: -1 OBSOLETE_local: false peers { permanent_uuid: "efa1546449cc4484ad9922f9f4495fd0" member_type: VOTER last_known_addr { host: "127.7.186.196" port: 42431 } health_report { overall_health: UNKNOWN } } peers { permanent_uuid: "e8465c0b59c14afe8a66e63f3a091525" member_type: VOTER last_known_addr { host: "127.7.186.195" port: 38529 } health_report { overall_health: HEALTHY } } peers { permanent_uuid: "f7b4472c557448f780158f8f6f3d1373" member_type: VOTER last_known_addr { host: "127.7.186.193" port: 42807 } health_report { overall_health: UNKNOWN } } }
I20260601 13:26:11.537386 11109 consensus_queue.cc:1048] T 751bb7908551440f814a55fb64529e5c P f7b4472c557448f780158f8f6f3d1373 [LEADER]: Connected to new peer: Peer: permanent_uuid: "e8465c0b59c14afe8a66e63f3a091525" member_type: VOTER last_known_addr { host: "127.7.186.195" port: 38529 }, Status: LMP_MISMATCH, Last received: 0.0, Next index: 1, Last known committed idx: 0, Time since last communication: 0.000s
I20260601 13:26:11.538653 11083 raft_consensus.cc:493] T 111cb7bca8de4fc4920c0262db604a01 P 2ab37fd48d6941b59c78a4b200e43fb0 [term 0 FOLLOWER]: Starting pre-election (no leader contacted us within the election timeout)
I20260601 13:26:11.538762 11083 raft_consensus.cc:515] T 111cb7bca8de4fc4920c0262db604a01 P 2ab37fd48d6941b59c78a4b200e43fb0 [term 0 FOLLOWER]: Starting pre-election with config: opid_index: -1 OBSOLETE_local: false peers { permanent_uuid: "f7b4472c557448f780158f8f6f3d1373" member_type: VOTER last_known_addr { host: "127.7.186.193" port: 42807 } } peers { permanent_uuid: "efa1546449cc4484ad9922f9f4495fd0" member_type: VOTER last_known_addr { host: "127.7.186.196" port: 42431 } } peers { permanent_uuid: "2ab37fd48d6941b59c78a4b200e43fb0" member_type: VOTER last_known_addr { host: "127.7.186.194" port: 35217 } }
I20260601 13:26:11.539165 11083 leader_election.cc:290] T 111cb7bca8de4fc4920c0262db604a01 P 2ab37fd48d6941b59c78a4b200e43fb0 [CANDIDATE]: Term 1 pre-election: Requested pre-vote from peers f7b4472c557448f780158f8f6f3d1373 (127.7.186.193:42807), efa1546449cc4484ad9922f9f4495fd0 (127.7.186.196:42431)
I20260601 13:26:11.539469 11164 tablet_service.cc:1917] Received RequestConsensusVote() RPC: tablet_id: "111cb7bca8de4fc4920c0262db604a01" candidate_uuid: "2ab37fd48d6941b59c78a4b200e43fb0" candidate_term: 1 candidate_status { last_received { term: 0 index: 0 } } ignore_live_leader: false dest_uuid: "efa1546449cc4484ad9922f9f4495fd0" is_pre_election: true
I20260601 13:26:11.539551 10872 tablet_service.cc:1917] Received RequestConsensusVote() RPC: tablet_id: "111cb7bca8de4fc4920c0262db604a01" candidate_uuid: "2ab37fd48d6941b59c78a4b200e43fb0" candidate_term: 1 candidate_status { last_received { term: 0 index: 0 } } ignore_live_leader: false dest_uuid: "f7b4472c557448f780158f8f6f3d1373" is_pre_election: true
I20260601 13:26:11.539589 11164 raft_consensus.cc:2468] T 111cb7bca8de4fc4920c0262db604a01 P efa1546449cc4484ad9922f9f4495fd0 [term 0 FOLLOWER]: Leader pre-election vote request: Granting yes vote for candidate 2ab37fd48d6941b59c78a4b200e43fb0 in term 0.
I20260601 13:26:11.539657 10872 raft_consensus.cc:2468] T 111cb7bca8de4fc4920c0262db604a01 P f7b4472c557448f780158f8f6f3d1373 [term 0 FOLLOWER]: Leader pre-election vote request: Granting yes vote for candidate 2ab37fd48d6941b59c78a4b200e43fb0 in term 0.
I20260601 13:26:11.540282 10913 leader_election.cc:304] T 111cb7bca8de4fc4920c0262db604a01 P 2ab37fd48d6941b59c78a4b200e43fb0 [CANDIDATE]: Term 1 pre-election: Election decided. Result: candidate won. Election summary: received 2 responses out of 3 voters: 2 yes votes; 0 no votes. yes voters: 2ab37fd48d6941b59c78a4b200e43fb0, f7b4472c557448f780158f8f6f3d1373; no voters: 
I20260601 13:26:11.540449 11083 raft_consensus.cc:2804] T 111cb7bca8de4fc4920c0262db604a01 P 2ab37fd48d6941b59c78a4b200e43fb0 [term 0 FOLLOWER]: Leader pre-election won for term 1
I20260601 13:26:11.540501 11083 raft_consensus.cc:493] T 111cb7bca8de4fc4920c0262db604a01 P 2ab37fd48d6941b59c78a4b200e43fb0 [term 0 FOLLOWER]: Starting leader election (no leader contacted us within the election timeout)
I20260601 13:26:11.540537 11083 raft_consensus.cc:3060] T 111cb7bca8de4fc4920c0262db604a01 P 2ab37fd48d6941b59c78a4b200e43fb0 [term 0 FOLLOWER]: Advancing to term 1
I20260601 13:26:11.541064 11086 consensus_queue.cc:1048] T 751bb7908551440f814a55fb64529e5c P f7b4472c557448f780158f8f6f3d1373 [LEADER]: Connected to new peer: Peer: permanent_uuid: "2ab37fd48d6941b59c78a4b200e43fb0" member_type: VOTER last_known_addr { host: "127.7.186.194" port: 35217 }, Status: LMP_MISMATCH, Last received: 0.0, Next index: 1, Last known committed idx: 0, Time since last communication: 0.000s
I20260601 13:26:11.541600 11083 raft_consensus.cc:515] T 111cb7bca8de4fc4920c0262db604a01 P 2ab37fd48d6941b59c78a4b200e43fb0 [term 1 FOLLOWER]: Starting leader election with config: opid_index: -1 OBSOLETE_local: false peers { permanent_uuid: "f7b4472c557448f780158f8f6f3d1373" member_type: VOTER last_known_addr { host: "127.7.186.193" port: 42807 } } peers { permanent_uuid: "efa1546449cc4484ad9922f9f4495fd0" member_type: VOTER last_known_addr { host: "127.7.186.196" port: 42431 } } peers { permanent_uuid: "2ab37fd48d6941b59c78a4b200e43fb0" member_type: VOTER last_known_addr { host: "127.7.186.194" port: 35217 } }
I20260601 13:26:11.541914 11083 leader_election.cc:290] T 111cb7bca8de4fc4920c0262db604a01 P 2ab37fd48d6941b59c78a4b200e43fb0 [CANDIDATE]: Term 1 election: Requested vote from peers f7b4472c557448f780158f8f6f3d1373 (127.7.186.193:42807), efa1546449cc4484ad9922f9f4495fd0 (127.7.186.196:42431)
I20260601 13:26:11.542364 10872 tablet_service.cc:1917] Received RequestConsensusVote() RPC: tablet_id: "111cb7bca8de4fc4920c0262db604a01" candidate_uuid: "2ab37fd48d6941b59c78a4b200e43fb0" candidate_term: 1 candidate_status { last_received { term: 0 index: 0 } } ignore_live_leader: false dest_uuid: "f7b4472c557448f780158f8f6f3d1373"
I20260601 13:26:11.542502 10872 raft_consensus.cc:3060] T 111cb7bca8de4fc4920c0262db604a01 P f7b4472c557448f780158f8f6f3d1373 [term 0 FOLLOWER]: Advancing to term 1
I20260601 13:26:11.542619 11164 tablet_service.cc:1917] Received RequestConsensusVote() RPC: tablet_id: "111cb7bca8de4fc4920c0262db604a01" candidate_uuid: "2ab37fd48d6941b59c78a4b200e43fb0" candidate_term: 1 candidate_status { last_received { term: 0 index: 0 } } ignore_live_leader: false dest_uuid: "efa1546449cc4484ad9922f9f4495fd0"
I20260601 13:26:11.542727 11164 raft_consensus.cc:3060] T 111cb7bca8de4fc4920c0262db604a01 P efa1546449cc4484ad9922f9f4495fd0 [term 0 FOLLOWER]: Advancing to term 1
I20260601 13:26:11.543483 10872 raft_consensus.cc:2468] T 111cb7bca8de4fc4920c0262db604a01 P f7b4472c557448f780158f8f6f3d1373 [term 1 FOLLOWER]: Leader election vote request: Granting yes vote for candidate 2ab37fd48d6941b59c78a4b200e43fb0 in term 1.
I20260601 13:26:11.543650 11164 raft_consensus.cc:2468] T 111cb7bca8de4fc4920c0262db604a01 P efa1546449cc4484ad9922f9f4495fd0 [term 1 FOLLOWER]: Leader election vote request: Granting yes vote for candidate 2ab37fd48d6941b59c78a4b200e43fb0 in term 1.
I20260601 13:26:11.543757 10913 leader_election.cc:304] T 111cb7bca8de4fc4920c0262db604a01 P 2ab37fd48d6941b59c78a4b200e43fb0 [CANDIDATE]: Term 1 election: Election decided. Result: candidate won. Election summary: received 2 responses out of 3 voters: 2 yes votes; 0 no votes. yes voters: 2ab37fd48d6941b59c78a4b200e43fb0, f7b4472c557448f780158f8f6f3d1373; no voters: 
I20260601 13:26:11.543947 11112 raft_consensus.cc:2804] T 111cb7bca8de4fc4920c0262db604a01 P 2ab37fd48d6941b59c78a4b200e43fb0 [term 1 FOLLOWER]: Leader election won for term 1
I20260601 13:26:11.544039 11112 raft_consensus.cc:697] T 111cb7bca8de4fc4920c0262db604a01 P 2ab37fd48d6941b59c78a4b200e43fb0 [term 1 LEADER]: Becoming Leader. State: Replica: 2ab37fd48d6941b59c78a4b200e43fb0, State: Running, Role: LEADER
I20260601 13:26:11.544193 11112 consensus_queue.cc:237] T 111cb7bca8de4fc4920c0262db604a01 P 2ab37fd48d6941b59c78a4b200e43fb0 [LEADER]: Queue going to LEADER mode. State: All replicated index: 0, Majority replicated index: 0, Committed index: 0, Last appended: 0.0, Last appended by leader: 0, Current term: 1, Majority size: 2, State: 0, Mode: LEADER, active raft config: opid_index: -1 OBSOLETE_local: false peers { permanent_uuid: "f7b4472c557448f780158f8f6f3d1373" member_type: VOTER last_known_addr { host: "127.7.186.193" port: 42807 } } peers { permanent_uuid: "efa1546449cc4484ad9922f9f4495fd0" member_type: VOTER last_known_addr { host: "127.7.186.196" port: 42431 } } peers { permanent_uuid: "2ab37fd48d6941b59c78a4b200e43fb0" member_type: VOTER last_known_addr { host: "127.7.186.194" port: 35217 } }
I20260601 13:26:11.545578 10768 catalog_manager.cc:5696] T 111cb7bca8de4fc4920c0262db604a01 P 2ab37fd48d6941b59c78a4b200e43fb0 reported cstate change: term changed from 0 to 1, leader changed from <none> to 2ab37fd48d6941b59c78a4b200e43fb0 (127.7.186.194). New cstate: current_term: 1 leader_uuid: "2ab37fd48d6941b59c78a4b200e43fb0" committed_config { opid_index: -1 OBSOLETE_local: false peers { permanent_uuid: "f7b4472c557448f780158f8f6f3d1373" member_type: VOTER last_known_addr { host: "127.7.186.193" port: 42807 } health_report { overall_health: UNKNOWN } } peers { permanent_uuid: "efa1546449cc4484ad9922f9f4495fd0" member_type: VOTER last_known_addr { host: "127.7.186.196" port: 42431 } health_report { overall_health: UNKNOWN } } peers { permanent_uuid: "2ab37fd48d6941b59c78a4b200e43fb0" member_type: VOTER last_known_addr { host: "127.7.186.194" port: 35217 } health_report { overall_health: HEALTHY } } }
I20260601 13:26:11.549270 11213 raft_consensus.cc:493] T 7211025b45334df8986b6522a15bb06a P efa1546449cc4484ad9922f9f4495fd0 [term 0 FOLLOWER]: Starting pre-election (no leader contacted us within the election timeout)
I20260601 13:26:11.549281 11023 raft_consensus.cc:3060] T cdde437bf72642f6bf110fa9392aebe6 P e8465c0b59c14afe8a66e63f3a091525 [term 0 FOLLOWER]: Advancing to term 1
I20260601 13:26:11.549422 11213 raft_consensus.cc:515] T 7211025b45334df8986b6522a15bb06a P efa1546449cc4484ad9922f9f4495fd0 [term 0 FOLLOWER]: Starting pre-election with config: opid_index: -1 OBSOLETE_local: false peers { permanent_uuid: "e8465c0b59c14afe8a66e63f3a091525" member_type: VOTER last_known_addr { host: "127.7.186.195" port: 38529 } } peers { permanent_uuid: "efa1546449cc4484ad9922f9f4495fd0" member_type: VOTER last_known_addr { host: "127.7.186.196" port: 42431 } } peers { permanent_uuid: "2ab37fd48d6941b59c78a4b200e43fb0" member_type: VOTER last_known_addr { host: "127.7.186.194" port: 35217 } }
I20260601 13:26:11.549875 11213 leader_election.cc:290] T 7211025b45334df8986b6522a15bb06a P efa1546449cc4484ad9922f9f4495fd0 [CANDIDATE]: Term 1 pre-election: Requested pre-vote from peers e8465c0b59c14afe8a66e63f3a091525 (127.7.186.195:38529), 2ab37fd48d6941b59c78a4b200e43fb0 (127.7.186.194:35217)
I20260601 13:26:11.550701 11112 consensus_queue.cc:1048] T cdde437bf72642f6bf110fa9392aebe6 P 2ab37fd48d6941b59c78a4b200e43fb0 [LEADER]: Connected to new peer: Peer: permanent_uuid: "e8465c0b59c14afe8a66e63f3a091525" member_type: VOTER last_known_addr { host: "127.7.186.195" port: 38529 }, Status: LMP_MISMATCH, Last received: 0.0, Next index: 1, Last known committed idx: 0, Time since last communication: 0.000s
I20260601 13:26:11.554520 10947 tablet_service.cc:1917] Received RequestConsensusVote() RPC: tablet_id: "7211025b45334df8986b6522a15bb06a" candidate_uuid: "efa1546449cc4484ad9922f9f4495fd0" candidate_term: 1 candidate_status { last_received { term: 0 index: 0 } } ignore_live_leader: false dest_uuid: "2ab37fd48d6941b59c78a4b200e43fb0" is_pre_election: true
I20260601 13:26:11.554638 10947 raft_consensus.cc:2468] T 7211025b45334df8986b6522a15bb06a P 2ab37fd48d6941b59c78a4b200e43fb0 [term 0 FOLLOWER]: Leader pre-election vote request: Granting yes vote for candidate efa1546449cc4484ad9922f9f4495fd0 in term 0.
I20260601 13:26:11.554689 11023 tablet_service.cc:1917] Received RequestConsensusVote() RPC: tablet_id: "7211025b45334df8986b6522a15bb06a" candidate_uuid: "efa1546449cc4484ad9922f9f4495fd0" candidate_term: 1 candidate_status { last_received { term: 0 index: 0 } } ignore_live_leader: false dest_uuid: "e8465c0b59c14afe8a66e63f3a091525" is_pre_election: true
I20260601 13:26:11.554711 11083 consensus_queue.cc:1048] T cdde437bf72642f6bf110fa9392aebe6 P 2ab37fd48d6941b59c78a4b200e43fb0 [LEADER]: Connected to new peer: Peer: permanent_uuid: "f7b4472c557448f780158f8f6f3d1373" member_type: VOTER last_known_addr { host: "127.7.186.193" port: 42807 }, Status: LMP_MISMATCH, Last received: 0.0, Next index: 1, Last known committed idx: 0, Time since last communication: 0.000s
I20260601 13:26:11.554814 11023 raft_consensus.cc:2468] T 7211025b45334df8986b6522a15bb06a P e8465c0b59c14afe8a66e63f3a091525 [term 0 FOLLOWER]: Leader pre-election vote request: Granting yes vote for candidate efa1546449cc4484ad9922f9f4495fd0 in term 0.
I20260601 13:26:11.555087 11131 leader_election.cc:304] T 7211025b45334df8986b6522a15bb06a P efa1546449cc4484ad9922f9f4495fd0 [CANDIDATE]: Term 1 pre-election: Election decided. Result: candidate won. Election summary: received 2 responses out of 3 voters: 2 yes votes; 0 no votes. yes voters: e8465c0b59c14afe8a66e63f3a091525, efa1546449cc4484ad9922f9f4495fd0; no voters: 
I20260601 13:26:11.555258 11213 raft_consensus.cc:2804] T 7211025b45334df8986b6522a15bb06a P efa1546449cc4484ad9922f9f4495fd0 [term 0 FOLLOWER]: Leader pre-election won for term 1
I20260601 13:26:11.555341 11213 raft_consensus.cc:493] T 7211025b45334df8986b6522a15bb06a P efa1546449cc4484ad9922f9f4495fd0 [term 0 FOLLOWER]: Starting leader election (no leader contacted us within the election timeout)
I20260601 13:26:11.555403 11213 raft_consensus.cc:3060] T 7211025b45334df8986b6522a15bb06a P efa1546449cc4484ad9922f9f4495fd0 [term 0 FOLLOWER]: Advancing to term 1
I20260601 13:26:11.556398 11213 raft_consensus.cc:515] T 7211025b45334df8986b6522a15bb06a P efa1546449cc4484ad9922f9f4495fd0 [term 1 FOLLOWER]: Starting leader election with config: opid_index: -1 OBSOLETE_local: false peers { permanent_uuid: "e8465c0b59c14afe8a66e63f3a091525" member_type: VOTER last_known_addr { host: "127.7.186.195" port: 38529 } } peers { permanent_uuid: "efa1546449cc4484ad9922f9f4495fd0" member_type: VOTER last_known_addr { host: "127.7.186.196" port: 42431 } } peers { permanent_uuid: "2ab37fd48d6941b59c78a4b200e43fb0" member_type: VOTER last_known_addr { host: "127.7.186.194" port: 35217 } }
I20260601 13:26:11.556748 11213 leader_election.cc:290] T 7211025b45334df8986b6522a15bb06a P efa1546449cc4484ad9922f9f4495fd0 [CANDIDATE]: Term 1 election: Requested vote from peers e8465c0b59c14afe8a66e63f3a091525 (127.7.186.195:38529), 2ab37fd48d6941b59c78a4b200e43fb0 (127.7.186.194:35217)
I20260601 13:26:11.556972 11023 tablet_service.cc:1917] Received RequestConsensusVote() RPC: tablet_id: "7211025b45334df8986b6522a15bb06a" candidate_uuid: "efa1546449cc4484ad9922f9f4495fd0" candidate_term: 1 candidate_status { last_received { term: 0 index: 0 } } ignore_live_leader: false dest_uuid: "e8465c0b59c14afe8a66e63f3a091525"
I20260601 13:26:11.557075 11023 raft_consensus.cc:3060] T 7211025b45334df8986b6522a15bb06a P e8465c0b59c14afe8a66e63f3a091525 [term 0 FOLLOWER]: Advancing to term 1
I20260601 13:26:11.557106 10947 tablet_service.cc:1917] Received RequestConsensusVote() RPC: tablet_id: "7211025b45334df8986b6522a15bb06a" candidate_uuid: "efa1546449cc4484ad9922f9f4495fd0" candidate_term: 1 candidate_status { last_received { term: 0 index: 0 } } ignore_live_leader: false dest_uuid: "2ab37fd48d6941b59c78a4b200e43fb0"
I20260601 13:26:11.557180 10947 raft_consensus.cc:3060] T 7211025b45334df8986b6522a15bb06a P 2ab37fd48d6941b59c78a4b200e43fb0 [term 0 FOLLOWER]: Advancing to term 1
I20260601 13:26:11.557685 11023 raft_consensus.cc:2468] T 7211025b45334df8986b6522a15bb06a P e8465c0b59c14afe8a66e63f3a091525 [term 1 FOLLOWER]: Leader election vote request: Granting yes vote for candidate efa1546449cc4484ad9922f9f4495fd0 in term 1.
I20260601 13:26:11.557821 10947 raft_consensus.cc:2468] T 7211025b45334df8986b6522a15bb06a P 2ab37fd48d6941b59c78a4b200e43fb0 [term 1 FOLLOWER]: Leader election vote request: Granting yes vote for candidate efa1546449cc4484ad9922f9f4495fd0 in term 1.
I20260601 13:26:11.557971 11131 leader_election.cc:304] T 7211025b45334df8986b6522a15bb06a P efa1546449cc4484ad9922f9f4495fd0 [CANDIDATE]: Term 1 election: Election decided. Result: candidate won. Election summary: received 2 responses out of 3 voters: 2 yes votes; 0 no votes. yes voters: e8465c0b59c14afe8a66e63f3a091525, efa1546449cc4484ad9922f9f4495fd0; no voters: 
I20260601 13:26:11.558135 11213 raft_consensus.cc:2804] T 7211025b45334df8986b6522a15bb06a P efa1546449cc4484ad9922f9f4495fd0 [term 1 FOLLOWER]: Leader election won for term 1
I20260601 13:26:11.558326 11213 raft_consensus.cc:697] T 7211025b45334df8986b6522a15bb06a P efa1546449cc4484ad9922f9f4495fd0 [term 1 LEADER]: Becoming Leader. State: Replica: efa1546449cc4484ad9922f9f4495fd0, State: Running, Role: LEADER
I20260601 13:26:11.558465 11213 consensus_queue.cc:237] T 7211025b45334df8986b6522a15bb06a P efa1546449cc4484ad9922f9f4495fd0 [LEADER]: Queue going to LEADER mode. State: All replicated index: 0, Majority replicated index: 0, Committed index: 0, Last appended: 0.0, Last appended by leader: 0, Current term: 1, Majority size: 2, State: 0, Mode: LEADER, active raft config: opid_index: -1 OBSOLETE_local: false peers { permanent_uuid: "e8465c0b59c14afe8a66e63f3a091525" member_type: VOTER last_known_addr { host: "127.7.186.195" port: 38529 } } peers { permanent_uuid: "efa1546449cc4484ad9922f9f4495fd0" member_type: VOTER last_known_addr { host: "127.7.186.196" port: 42431 } } peers { permanent_uuid: "2ab37fd48d6941b59c78a4b200e43fb0" member_type: VOTER last_known_addr { host: "127.7.186.194" port: 35217 } }
I20260601 13:26:11.559729 10768 catalog_manager.cc:5696] T 7211025b45334df8986b6522a15bb06a P efa1546449cc4484ad9922f9f4495fd0 reported cstate change: term changed from 0 to 1, leader changed from <none> to efa1546449cc4484ad9922f9f4495fd0 (127.7.186.196). New cstate: current_term: 1 leader_uuid: "efa1546449cc4484ad9922f9f4495fd0" committed_config { opid_index: -1 OBSOLETE_local: false peers { permanent_uuid: "e8465c0b59c14afe8a66e63f3a091525" member_type: VOTER last_known_addr { host: "127.7.186.195" port: 38529 } health_report { overall_health: UNKNOWN } } peers { permanent_uuid: "efa1546449cc4484ad9922f9f4495fd0" member_type: VOTER last_known_addr { host: "127.7.186.196" port: 42431 } health_report { overall_health: HEALTHY } } peers { permanent_uuid: "2ab37fd48d6941b59c78a4b200e43fb0" member_type: VOTER last_known_addr { host: "127.7.186.194" port: 35217 } health_report { overall_health: UNKNOWN } } }
I20260601 13:26:11.565500 11072 consensus_queue.cc:1048] T 9f42b41cb204466fa50633107ddd557c P e8465c0b59c14afe8a66e63f3a091525 [LEADER]: Connected to new peer: Peer: permanent_uuid: "f7b4472c557448f780158f8f6f3d1373" member_type: VOTER last_known_addr { host: "127.7.186.193" port: 42807 }, Status: LMP_MISMATCH, Last received: 0.0, Next index: 1, Last known committed idx: 0, Time since last communication: 0.000s
I20260601 13:26:11.568193 11072 consensus_queue.cc:1048] T 9f42b41cb204466fa50633107ddd557c P e8465c0b59c14afe8a66e63f3a091525 [LEADER]: Connected to new peer: Peer: permanent_uuid: "2ab37fd48d6941b59c78a4b200e43fb0" member_type: VOTER last_known_addr { host: "127.7.186.194" port: 35217 }, Status: LMP_MISMATCH, Last received: 0.0, Next index: 1, Last known committed idx: 0, Time since last communication: 0.000s
I20260601 13:26:11.582667 11233 consensus_queue.cc:1048] T bc648a5947d147f9a0ed1ce4a4946b09 P 2ab37fd48d6941b59c78a4b200e43fb0 [LEADER]: Connected to new peer: Peer: permanent_uuid: "f7b4472c557448f780158f8f6f3d1373" member_type: VOTER last_known_addr { host: "127.7.186.193" port: 42807 }, Status: LMP_MISMATCH, Last received: 0.0, Next index: 1, Last known committed idx: 0, Time since last communication: 0.000s
I20260601 13:26:11.585269 11233 consensus_queue.cc:1048] T bc648a5947d147f9a0ed1ce4a4946b09 P 2ab37fd48d6941b59c78a4b200e43fb0 [LEADER]: Connected to new peer: Peer: permanent_uuid: "e8465c0b59c14afe8a66e63f3a091525" member_type: VOTER last_known_addr { host: "127.7.186.195" port: 38529 }, Status: LMP_MISMATCH, Last received: 0.0, Next index: 1, Last known committed idx: 0, Time since last communication: 0.000s
I20260601 13:26:11.664772 11086 consensus_queue.cc:1048] T 45e3bc8c74a046c3ab881d9af540dccc P f7b4472c557448f780158f8f6f3d1373 [LEADER]: Connected to new peer: Peer: permanent_uuid: "e8465c0b59c14afe8a66e63f3a091525" member_type: VOTER last_known_addr { host: "127.7.186.195" port: 38529 }, Status: LMP_MISMATCH, Last received: 0.0, Next index: 1, Last known committed idx: 0, Time since last communication: 0.000s
I20260601 13:26:11.667778 11109 consensus_queue.cc:1048] T 45e3bc8c74a046c3ab881d9af540dccc P f7b4472c557448f780158f8f6f3d1373 [LEADER]: Connected to new peer: Peer: permanent_uuid: "2ab37fd48d6941b59c78a4b200e43fb0" member_type: VOTER last_known_addr { host: "127.7.186.194" port: 35217 }, Status: LMP_MISMATCH, Last received: 0.0, Next index: 1, Last known committed idx: 0, Time since last communication: 0.000s
I20260601 13:26:11.668999 11213 raft_consensus.cc:493] T 5ebfd26184074eadb2ffdba0fbb00e63 P efa1546449cc4484ad9922f9f4495fd0 [term 0 FOLLOWER]: Starting pre-election (no leader contacted us within the election timeout)
I20260601 13:26:11.669240 11213 raft_consensus.cc:515] T 5ebfd26184074eadb2ffdba0fbb00e63 P efa1546449cc4484ad9922f9f4495fd0 [term 0 FOLLOWER]: Starting pre-election with config: opid_index: -1 OBSOLETE_local: false peers { permanent_uuid: "efa1546449cc4484ad9922f9f4495fd0" member_type: VOTER last_known_addr { host: "127.7.186.196" port: 42431 } } peers { permanent_uuid: "f7b4472c557448f780158f8f6f3d1373" member_type: VOTER last_known_addr { host: "127.7.186.193" port: 42807 } } peers { permanent_uuid: "e8465c0b59c14afe8a66e63f3a091525" member_type: VOTER last_known_addr { host: "127.7.186.195" port: 38529 } }
I20260601 13:26:11.669720 11213 leader_election.cc:290] T 5ebfd26184074eadb2ffdba0fbb00e63 P efa1546449cc4484ad9922f9f4495fd0 [CANDIDATE]: Term 1 pre-election: Requested pre-vote from peers f7b4472c557448f780158f8f6f3d1373 (127.7.186.193:42807), e8465c0b59c14afe8a66e63f3a091525 (127.7.186.195:38529)
I20260601 13:26:11.670030 11023 tablet_service.cc:1917] Received RequestConsensusVote() RPC: tablet_id: "5ebfd26184074eadb2ffdba0fbb00e63" candidate_uuid: "efa1546449cc4484ad9922f9f4495fd0" candidate_term: 1 candidate_status { last_received { term: 0 index: 0 } } ignore_live_leader: false dest_uuid: "e8465c0b59c14afe8a66e63f3a091525" is_pre_election: true
I20260601 13:26:11.670171 11023 raft_consensus.cc:2468] T 5ebfd26184074eadb2ffdba0fbb00e63 P e8465c0b59c14afe8a66e63f3a091525 [term 0 FOLLOWER]: Leader pre-election vote request: Granting yes vote for candidate efa1546449cc4484ad9922f9f4495fd0 in term 0.
I20260601 13:26:11.670439 11131 leader_election.cc:304] T 5ebfd26184074eadb2ffdba0fbb00e63 P efa1546449cc4484ad9922f9f4495fd0 [CANDIDATE]: Term 1 pre-election: Election decided. Result: candidate won. Election summary: received 2 responses out of 3 voters: 2 yes votes; 0 no votes. yes voters: e8465c0b59c14afe8a66e63f3a091525, efa1546449cc4484ad9922f9f4495fd0; no voters: 
I20260601 13:26:11.670605 11213 raft_consensus.cc:2804] T 5ebfd26184074eadb2ffdba0fbb00e63 P efa1546449cc4484ad9922f9f4495fd0 [term 0 FOLLOWER]: Leader pre-election won for term 1
I20260601 13:26:11.670658 11213 raft_consensus.cc:493] T 5ebfd26184074eadb2ffdba0fbb00e63 P efa1546449cc4484ad9922f9f4495fd0 [term 0 FOLLOWER]: Starting leader election (no leader contacted us within the election timeout)
I20260601 13:26:11.670686 11213 raft_consensus.cc:3060] T 5ebfd26184074eadb2ffdba0fbb00e63 P efa1546449cc4484ad9922f9f4495fd0 [term 0 FOLLOWER]: Advancing to term 1
I20260601 13:26:11.671674 11213 raft_consensus.cc:515] T 5ebfd26184074eadb2ffdba0fbb00e63 P efa1546449cc4484ad9922f9f4495fd0 [term 1 FOLLOWER]: Starting leader election with config: opid_index: -1 OBSOLETE_local: false peers { permanent_uuid: "efa1546449cc4484ad9922f9f4495fd0" member_type: VOTER last_known_addr { host: "127.7.186.196" port: 42431 } } peers { permanent_uuid: "f7b4472c557448f780158f8f6f3d1373" member_type: VOTER last_known_addr { host: "127.7.186.193" port: 42807 } } peers { permanent_uuid: "e8465c0b59c14afe8a66e63f3a091525" member_type: VOTER last_known_addr { host: "127.7.186.195" port: 38529 } }
I20260601 13:26:11.672048 11213 leader_election.cc:290] T 5ebfd26184074eadb2ffdba0fbb00e63 P efa1546449cc4484ad9922f9f4495fd0 [CANDIDATE]: Term 1 election: Requested vote from peers f7b4472c557448f780158f8f6f3d1373 (127.7.186.193:42807), e8465c0b59c14afe8a66e63f3a091525 (127.7.186.195:38529)
I20260601 13:26:11.672430 11023 tablet_service.cc:1917] Received RequestConsensusVote() RPC: tablet_id: "5ebfd26184074eadb2ffdba0fbb00e63" candidate_uuid: "efa1546449cc4484ad9922f9f4495fd0" candidate_term: 1 candidate_status { last_received { term: 0 index: 0 } } ignore_live_leader: false dest_uuid: "e8465c0b59c14afe8a66e63f3a091525"
I20260601 13:26:11.672534 11023 raft_consensus.cc:3060] T 5ebfd26184074eadb2ffdba0fbb00e63 P e8465c0b59c14afe8a66e63f3a091525 [term 0 FOLLOWER]: Advancing to term 1
I20260601 13:26:11.673394 11023 raft_consensus.cc:2468] T 5ebfd26184074eadb2ffdba0fbb00e63 P e8465c0b59c14afe8a66e63f3a091525 [term 1 FOLLOWER]: Leader election vote request: Granting yes vote for candidate efa1546449cc4484ad9922f9f4495fd0 in term 1.
I20260601 13:26:11.673374 10872 tablet_service.cc:1917] Received RequestConsensusVote() RPC: tablet_id: "5ebfd26184074eadb2ffdba0fbb00e63" candidate_uuid: "efa1546449cc4484ad9922f9f4495fd0" candidate_term: 1 candidate_status { last_received { term: 0 index: 0 } } ignore_live_leader: false dest_uuid: "f7b4472c557448f780158f8f6f3d1373" is_pre_election: true
I20260601 13:26:11.673417 10871 tablet_service.cc:1917] Received RequestConsensusVote() RPC: tablet_id: "5ebfd26184074eadb2ffdba0fbb00e63" candidate_uuid: "efa1546449cc4484ad9922f9f4495fd0" candidate_term: 1 candidate_status { last_received { term: 0 index: 0 } } ignore_live_leader: false dest_uuid: "f7b4472c557448f780158f8f6f3d1373"
I20260601 13:26:11.673514 10872 raft_consensus.cc:2468] T 5ebfd26184074eadb2ffdba0fbb00e63 P f7b4472c557448f780158f8f6f3d1373 [term 0 FOLLOWER]: Leader pre-election vote request: Granting yes vote for candidate efa1546449cc4484ad9922f9f4495fd0 in term 0.
I20260601 13:26:11.673699 11131 leader_election.cc:304] T 5ebfd26184074eadb2ffdba0fbb00e63 P efa1546449cc4484ad9922f9f4495fd0 [CANDIDATE]: Term 1 election: Election decided. Result: candidate won. Election summary: received 2 responses out of 3 voters: 2 yes votes; 0 no votes. yes voters: e8465c0b59c14afe8a66e63f3a091525, efa1546449cc4484ad9922f9f4495fd0; no voters: 
I20260601 13:26:11.673849 11213 raft_consensus.cc:2804] T 5ebfd26184074eadb2ffdba0fbb00e63 P efa1546449cc4484ad9922f9f4495fd0 [term 1 FOLLOWER]: Leader election won for term 1
I20260601 13:26:11.673959 11213 raft_consensus.cc:697] T 5ebfd26184074eadb2ffdba0fbb00e63 P efa1546449cc4484ad9922f9f4495fd0 [term 1 LEADER]: Becoming Leader. State: Replica: efa1546449cc4484ad9922f9f4495fd0, State: Running, Role: LEADER
I20260601 13:26:11.674099 11213 consensus_queue.cc:237] T 5ebfd26184074eadb2ffdba0fbb00e63 P efa1546449cc4484ad9922f9f4495fd0 [LEADER]: Queue going to LEADER mode. State: All replicated index: 0, Majority replicated index: 0, Committed index: 0, Last appended: 0.0, Last appended by leader: 0, Current term: 1, Majority size: 2, State: 0, Mode: LEADER, active raft config: opid_index: -1 OBSOLETE_local: false peers { permanent_uuid: "efa1546449cc4484ad9922f9f4495fd0" member_type: VOTER last_known_addr { host: "127.7.186.196" port: 42431 } } peers { permanent_uuid: "f7b4472c557448f780158f8f6f3d1373" member_type: VOTER last_known_addr { host: "127.7.186.193" port: 42807 } } peers { permanent_uuid: "e8465c0b59c14afe8a66e63f3a091525" member_type: VOTER last_known_addr { host: "127.7.186.195" port: 38529 } }
I20260601 13:26:11.675351 10766 catalog_manager.cc:5696] T 5ebfd26184074eadb2ffdba0fbb00e63 P efa1546449cc4484ad9922f9f4495fd0 reported cstate change: term changed from 0 to 1, leader changed from <none> to efa1546449cc4484ad9922f9f4495fd0 (127.7.186.196). New cstate: current_term: 1 leader_uuid: "efa1546449cc4484ad9922f9f4495fd0" committed_config { opid_index: -1 OBSOLETE_local: false peers { permanent_uuid: "efa1546449cc4484ad9922f9f4495fd0" member_type: VOTER last_known_addr { host: "127.7.186.196" port: 42431 } health_report { overall_health: HEALTHY } } peers { permanent_uuid: "f7b4472c557448f780158f8f6f3d1373" member_type: VOTER last_known_addr { host: "127.7.186.193" port: 42807 } health_report { overall_health: UNKNOWN } } peers { permanent_uuid: "e8465c0b59c14afe8a66e63f3a091525" member_type: VOTER last_known_addr { host: "127.7.186.195" port: 38529 } health_report { overall_health: UNKNOWN } } }
