[==========] Running 24 tests from 2 test suites.
[----------] Global test environment set-up.
[----------] 22 tests from AutoRebalancerTest
[ RUN      ] AutoRebalancerTest.OnlyLeaderDoesAutoRebalancing
WARNING: Logging before InitGoogleLogging() is written to STDERR
I20260601 13:20:39.120489 20624 internal_mini_cluster.cc:156] Creating distributed mini masters. Addrs: 127.20.36.62:42261,127.20.36.61:46773,127.20.36.60:39599
I20260601 13:20:39.121614 20624 env_posix.cc:2267] Not raising this process' open files per process limit of 1048576; it is already as high as it can go
I20260601 13:20:39.122185 20624 file_cache.cc:492] Constructed file cache file cache with capacity 419430
W20260601 13:20:39.129438 20632 instance_detector.cc:116] could not retrieve OpenStack instance metadata: Network error: curl error: HTTP response code said error: The requested URL returned error: 404
W20260601 13:20:39.129455 20630 instance_detector.cc:116] could not retrieve Azure instance metadata: Network error: curl error: HTTP response code said error: The requested URL returned error: 404
I20260601 13:20:39.129628 20624 server_base.cc:1061] running on GCE node
W20260601 13:20:39.129456 20629 instance_detector.cc:116] could not retrieve AWS instance metadata: Network error: curl error: HTTP response code said error: The requested URL returned error: 404
I20260601 13:20:39.130366 20624 hybrid_clock.cc:584] initializing the hybrid clock with 'system_unsync' time source
W20260601 13:20:39.130523 20624 system_unsync_time.cc:38] NTP support is disabled. Clock error bounds will not be accurate. This configuration is not suitable for distributed clusters.
I20260601 13:20:39.130580 20624 hybrid_clock.cc:648] HybridClock initialized: now 1780320039130576 us; error 0 us; skew 500 ppm
I20260601 13:20:39.132750 20624 webserver.cc:533] Webserver started at http://127.20.36.62:46583/ using document root <none> and password file <none>
I20260601 13:20:39.133419 20624 fs_manager.cc:362] Metadata directory not provided
I20260601 13:20:39.133507 20624 fs_manager.cc:368] Using write-ahead log directory (fs_wal_dir) as metadata directory
I20260601 13:20:39.133787 20624 server_base.cc:909] This appears to be a new deployment of Kudu; creating new FS layout
I20260601 13:20:39.135545 20624 fs_manager.cc:1068] Generated new instance metadata in path /tmp/dist-test-task49phBh/test-tmp/auto_rebalancer-test.0.AutoRebalancerTest.OnlyLeaderDoesAutoRebalancing.1780320039109056-20624-0/minicluster-data/master-0-root/instance:
uuid: "1ab6fade00f8449fae5e8290bb269552"
format_stamp: "Formatted at 2026-06-01 13:20:39 on dist-test-slave-3zm3"
I20260601 13:20:39.139367 20624 fs_manager.cc:696] Time spent creating directory manager: real 0.003s	user 0.004s	sys 0.000s
I20260601 13:20:39.141670 20637 log_block_manager.cc:4031] Time spent loading block containers with low live blocks: real 0.000s	user 0.000s	sys 0.000s
I20260601 13:20:39.142956 20624 fs_manager.cc:730] Time spent opening block manager: real 0.002s	user 0.003s	sys 0.000s
I20260601 13:20:39.143097 20624 fs_manager.cc:647] Opened local filesystem: /tmp/dist-test-task49phBh/test-tmp/auto_rebalancer-test.0.AutoRebalancerTest.OnlyLeaderDoesAutoRebalancing.1780320039109056-20624-0/minicluster-data/master-0-root
uuid: "1ab6fade00f8449fae5e8290bb269552"
format_stamp: "Formatted at 2026-06-01 13:20:39 on dist-test-slave-3zm3"
I20260601 13:20:39.143215 20624 fs_report.cc:389] FS layout report
--------------------
wal directory: /tmp/dist-test-task49phBh/test-tmp/auto_rebalancer-test.0.AutoRebalancerTest.OnlyLeaderDoesAutoRebalancing.1780320039109056-20624-0/minicluster-data/master-0-root
metadata directory: /tmp/dist-test-task49phBh/test-tmp/auto_rebalancer-test.0.AutoRebalancerTest.OnlyLeaderDoesAutoRebalancing.1780320039109056-20624-0/minicluster-data/master-0-root
1 data directories: /tmp/dist-test-task49phBh/test-tmp/auto_rebalancer-test.0.AutoRebalancerTest.OnlyLeaderDoesAutoRebalancing.1780320039109056-20624-0/minicluster-data/master-0-root/data
Total live blocks: 0
Total live bytes: 0
Total live bytes (after alignment): 0
Total number of LBM containers: 0 (0 full)
Did not check for missing blocks
Did not check for orphaned blocks
Total full LBM containers with extra space: 0 (0 repaired)
Total full LBM container extra space in bytes: 0 (0 repaired)
Total incomplete LBM containers: 0 (0 repaired)
Total LBM partial records: 0 (0 repaired)
Total corrupted LBM metadata records in RocksDB: 0 (0 repaired)
I20260601 13:20:39.159315 20624 rpc_server.cc:225] running with OpenSSL 1.1.1  11 Sep 2018
I20260601 13:20:39.159950 20624 env_posix.cc:2267] Not raising this process' running threads per effective uid limit of 18446744073709551615; it is already as high as it can go
I20260601 13:20:39.160135 20624 kserver.cc:163] Server-wide thread pool size limit: 3276
I20260601 13:20:39.167676 20689 acceptor_pool.cc:272] collecting diagnostics on the listening RPC socket 127.20.36.62:42261 every 8 connection(s)
I20260601 13:20:39.167673 20624 rpc_server.cc:307] RPC server started. Bound to: 127.20.36.62:42261
I20260601 13:20:39.169029 20624 file_cache.cc:492] Constructed file cache file cache with capacity 419430
W20260601 13:20:39.170838 20693 instance_detector.cc:116] could not retrieve Azure instance metadata: Network error: curl error: HTTP response code said error: The requested URL returned error: 404
W20260601 13:20:39.170930 20692 instance_detector.cc:116] could not retrieve AWS instance metadata: Network error: curl error: HTTP response code said error: The requested URL returned error: 404
W20260601 13:20:39.170930 20695 instance_detector.cc:116] could not retrieve OpenStack instance metadata: Network error: curl error: HTTP response code said error: The requested URL returned error: 404
I20260601 13:20:39.171123 20690 data_dirs.cc:400] Could only allocate 1 dirs of requested 3 for tablet 00000000000000000000000000000000. 1 dirs total, 0 dirs full, 0 dirs failed
I20260601 13:20:39.171411 20624 server_base.cc:1061] running on GCE node
I20260601 13:20:39.171590 20624 hybrid_clock.cc:584] initializing the hybrid clock with 'system_unsync' time source
W20260601 13:20:39.171630 20624 system_unsync_time.cc:38] NTP support is disabled. Clock error bounds will not be accurate. This configuration is not suitable for distributed clusters.
I20260601 13:20:39.171646 20624 hybrid_clock.cc:648] HybridClock initialized: now 1780320039171645 us; error 0 us; skew 500 ppm
I20260601 13:20:39.172536 20624 webserver.cc:533] Webserver started at http://127.20.36.61:37479/ using document root <none> and password file <none>
I20260601 13:20:39.172693 20624 fs_manager.cc:362] Metadata directory not provided
I20260601 13:20:39.172737 20624 fs_manager.cc:368] Using write-ahead log directory (fs_wal_dir) as metadata directory
I20260601 13:20:39.172811 20624 server_base.cc:909] This appears to be a new deployment of Kudu; creating new FS layout
I20260601 13:20:39.173192 20624 fs_manager.cc:1068] Generated new instance metadata in path /tmp/dist-test-task49phBh/test-tmp/auto_rebalancer-test.0.AutoRebalancerTest.OnlyLeaderDoesAutoRebalancing.1780320039109056-20624-0/minicluster-data/master-1-root/instance:
uuid: "693481128ad642c793f61c1a74b93dec"
format_stamp: "Formatted at 2026-06-01 13:20:39 on dist-test-slave-3zm3"
I20260601 13:20:39.174787 20624 fs_manager.cc:696] Time spent creating directory manager: real 0.001s	user 0.002s	sys 0.000s
I20260601 13:20:39.175240 20690 sys_catalog.cc:422] member_type: VOTER last_known_addr { host: "127.20.36.62" port: 42261 } has no permanent_uuid. Determining permanent_uuid...
I20260601 13:20:39.175735 20700 log_block_manager.cc:4031] Time spent loading block containers with low live blocks: real 0.000s	user 0.000s	sys 0.000s
I20260601 13:20:39.176008 20624 fs_manager.cc:730] Time spent opening block manager: real 0.001s	user 0.001s	sys 0.000s
I20260601 13:20:39.176072 20624 fs_manager.cc:647] Opened local filesystem: /tmp/dist-test-task49phBh/test-tmp/auto_rebalancer-test.0.AutoRebalancerTest.OnlyLeaderDoesAutoRebalancing.1780320039109056-20624-0/minicluster-data/master-1-root
uuid: "693481128ad642c793f61c1a74b93dec"
format_stamp: "Formatted at 2026-06-01 13:20:39 on dist-test-slave-3zm3"
I20260601 13:20:39.176156 20624 fs_report.cc:389] FS layout report
--------------------
wal directory: /tmp/dist-test-task49phBh/test-tmp/auto_rebalancer-test.0.AutoRebalancerTest.OnlyLeaderDoesAutoRebalancing.1780320039109056-20624-0/minicluster-data/master-1-root
metadata directory: /tmp/dist-test-task49phBh/test-tmp/auto_rebalancer-test.0.AutoRebalancerTest.OnlyLeaderDoesAutoRebalancing.1780320039109056-20624-0/minicluster-data/master-1-root
1 data directories: /tmp/dist-test-task49phBh/test-tmp/auto_rebalancer-test.0.AutoRebalancerTest.OnlyLeaderDoesAutoRebalancing.1780320039109056-20624-0/minicluster-data/master-1-root/data
Total live blocks: 0
Total live bytes: 0
Total live bytes (after alignment): 0
Total number of LBM containers: 0 (0 full)
Did not check for missing blocks
Did not check for orphaned blocks
Total full LBM containers with extra space: 0 (0 repaired)
Total full LBM container extra space in bytes: 0 (0 repaired)
Total incomplete LBM containers: 0 (0 repaired)
Total LBM partial records: 0 (0 repaired)
Total corrupted LBM metadata records in RocksDB: 0 (0 repaired)
I20260601 13:20:39.189152 20690 sys_catalog.cc:422] member_type: VOTER last_known_addr { host: "127.20.36.61" port: 46773 } has no permanent_uuid. Determining permanent_uuid...
W20260601 13:20:39.189981 20638 proxy.cc:239] Call had error, refreshing address and retrying: Network error: Client connection negotiation failed: client connection to 127.20.36.61:46773: connect: Connection refused (error 111)
W20260601 13:20:39.190788 20690 consensus_peers.cc:760] Error getting permanent uuid from config peer 127.20.36.61:46773: Network error: Client connection negotiation failed: client connection to 127.20.36.61:46773: connect: Connection refused (error 111)
I20260601 13:20:39.198226 20624 rpc_server.cc:225] running with OpenSSL 1.1.1  11 Sep 2018
I20260601 13:20:39.198691 20624 kserver.cc:163] Server-wide thread pool size limit: 3276
I20260601 13:20:39.204078 20624 rpc_server.cc:307] RPC server started. Bound to: 127.20.36.61:46773
I20260601 13:20:39.204106 20755 acceptor_pool.cc:272] collecting diagnostics on the listening RPC socket 127.20.36.61:46773 every 8 connection(s)
I20260601 13:20:39.204870 20624 file_cache.cc:492] Constructed file cache file cache with capacity 419430
I20260601 13:20:39.204995 20756 data_dirs.cc:400] Could only allocate 1 dirs of requested 3 for tablet 00000000000000000000000000000000. 1 dirs total, 0 dirs full, 0 dirs failed
I20260601 13:20:39.206451 20756 sys_catalog.cc:422] member_type: VOTER last_known_addr { host: "127.20.36.62" port: 42261 } has no permanent_uuid. Determining permanent_uuid...
W20260601 13:20:39.206599 20758 instance_detector.cc:116] could not retrieve AWS instance metadata: Network error: curl error: HTTP response code said error: The requested URL returned error: 404
W20260601 13:20:39.206758 20759 instance_detector.cc:116] could not retrieve Azure instance metadata: Network error: curl error: HTTP response code said error: The requested URL returned error: 404
W20260601 13:20:39.207015 20761 instance_detector.cc:116] could not retrieve OpenStack instance metadata: Network error: curl error: HTTP response code said error: The requested URL returned error: 404
I20260601 13:20:39.207031 20624 server_base.cc:1061] running on GCE node
I20260601 13:20:39.207276 20624 hybrid_clock.cc:584] initializing the hybrid clock with 'system_unsync' time source
W20260601 13:20:39.207331 20624 system_unsync_time.cc:38] NTP support is disabled. Clock error bounds will not be accurate. This configuration is not suitable for distributed clusters.
I20260601 13:20:39.207353 20624 hybrid_clock.cc:648] HybridClock initialized: now 1780320039207352 us; error 0 us; skew 500 ppm
I20260601 13:20:39.208210 20624 webserver.cc:533] Webserver started at http://127.20.36.60:37837/ using document root <none> and password file <none>
I20260601 13:20:39.208382 20624 fs_manager.cc:362] Metadata directory not provided
I20260601 13:20:39.208455 20624 fs_manager.cc:368] Using write-ahead log directory (fs_wal_dir) as metadata directory
I20260601 13:20:39.208527 20624 server_base.cc:909] This appears to be a new deployment of Kudu; creating new FS layout
I20260601 13:20:39.208909 20624 fs_manager.cc:1068] Generated new instance metadata in path /tmp/dist-test-task49phBh/test-tmp/auto_rebalancer-test.0.AutoRebalancerTest.OnlyLeaderDoesAutoRebalancing.1780320039109056-20624-0/minicluster-data/master-2-root/instance:
uuid: "88222e2a562a44f2ad20ffc3173629e1"
format_stamp: "Formatted at 2026-06-01 13:20:39 on dist-test-slave-3zm3"
I20260601 13:20:39.210589 20624 fs_manager.cc:696] Time spent creating directory manager: real 0.001s	user 0.000s	sys 0.002s
I20260601 13:20:39.211215 20756 sys_catalog.cc:422] member_type: VOTER last_known_addr { host: "127.20.36.61" port: 46773 } has no permanent_uuid. Determining permanent_uuid...
I20260601 13:20:39.211658 20767 log_block_manager.cc:4031] Time spent loading block containers with low live blocks: real 0.000s	user 0.000s	sys 0.000s
I20260601 13:20:39.211908 20624 fs_manager.cc:730] Time spent opening block manager: real 0.001s	user 0.000s	sys 0.001s
I20260601 13:20:39.211992 20624 fs_manager.cc:647] Opened local filesystem: /tmp/dist-test-task49phBh/test-tmp/auto_rebalancer-test.0.AutoRebalancerTest.OnlyLeaderDoesAutoRebalancing.1780320039109056-20624-0/minicluster-data/master-2-root
uuid: "88222e2a562a44f2ad20ffc3173629e1"
format_stamp: "Formatted at 2026-06-01 13:20:39 on dist-test-slave-3zm3"
I20260601 13:20:39.212057 20624 fs_report.cc:389] FS layout report
--------------------
wal directory: /tmp/dist-test-task49phBh/test-tmp/auto_rebalancer-test.0.AutoRebalancerTest.OnlyLeaderDoesAutoRebalancing.1780320039109056-20624-0/minicluster-data/master-2-root
metadata directory: /tmp/dist-test-task49phBh/test-tmp/auto_rebalancer-test.0.AutoRebalancerTest.OnlyLeaderDoesAutoRebalancing.1780320039109056-20624-0/minicluster-data/master-2-root
1 data directories: /tmp/dist-test-task49phBh/test-tmp/auto_rebalancer-test.0.AutoRebalancerTest.OnlyLeaderDoesAutoRebalancing.1780320039109056-20624-0/minicluster-data/master-2-root/data
Total live blocks: 0
Total live bytes: 0
Total live bytes (after alignment): 0
Total number of LBM containers: 0 (0 full)
Did not check for missing blocks
Did not check for orphaned blocks
Total full LBM containers with extra space: 0 (0 repaired)
Total full LBM container extra space in bytes: 0 (0 repaired)
Total incomplete LBM containers: 0 (0 repaired)
Total LBM partial records: 0 (0 repaired)
Total corrupted LBM metadata records in RocksDB: 0 (0 repaired)
I20260601 13:20:39.215266 20756 sys_catalog.cc:422] member_type: VOTER last_known_addr { host: "127.20.36.60" port: 39599 } has no permanent_uuid. Determining permanent_uuid...
W20260601 13:20:39.216466 20756 consensus_peers.cc:760] Error getting permanent uuid from config peer 127.20.36.60:39599: Network error: Client connection negotiation failed: client connection to 127.20.36.60:39599: connect: Connection refused (error 111)
I20260601 13:20:39.232743 20624 rpc_server.cc:225] running with OpenSSL 1.1.1  11 Sep 2018
I20260601 13:20:39.233264 20624 kserver.cc:163] Server-wide thread pool size limit: 3276
I20260601 13:20:39.238060 20624 rpc_server.cc:307] RPC server started. Bound to: 127.20.36.60:39599
I20260601 13:20:39.238092 20821 acceptor_pool.cc:272] collecting diagnostics on the listening RPC socket 127.20.36.60:39599 every 8 connection(s)
I20260601 13:20:39.238495 20624 internal_mini_cluster.cc:184] Waiting to initialize catalog manager on master 0
I20260601 13:20:39.238994 20822 data_dirs.cc:400] Could only allocate 1 dirs of requested 3 for tablet 00000000000000000000000000000000. 1 dirs total, 0 dirs full, 0 dirs failed
I20260601 13:20:39.240044 20822 sys_catalog.cc:422] member_type: VOTER last_known_addr { host: "127.20.36.62" port: 42261 } has no permanent_uuid. Determining permanent_uuid...
I20260601 13:20:39.240077 20690 consensus_peers.cc:770] Retrying to get permanent uuid for remote peer: member_type: VOTER last_known_addr { host: "127.20.36.61" port: 46773 } attempt: 1
I20260601 13:20:39.244762 20822 sys_catalog.cc:422] member_type: VOTER last_known_addr { host: "127.20.36.61" port: 46773 } has no permanent_uuid. Determining permanent_uuid...
I20260601 13:20:39.245404 20690 sys_catalog.cc:422] member_type: VOTER last_known_addr { host: "127.20.36.60" port: 39599 } has no permanent_uuid. Determining permanent_uuid...
I20260601 13:20:39.248338 20822 sys_catalog.cc:422] member_type: VOTER last_known_addr { host: "127.20.36.60" port: 39599 } has no permanent_uuid. Determining permanent_uuid...
I20260601 13:20:39.252422 20690 tablet_bootstrap.cc:492] T 00000000000000000000000000000000 P 1ab6fade00f8449fae5e8290bb269552: Bootstrap starting.
I20260601 13:20:39.252957 20822 tablet_bootstrap.cc:492] T 00000000000000000000000000000000 P 88222e2a562a44f2ad20ffc3173629e1: Bootstrap starting.
I20260601 13:20:39.254951 20822 tablet_bootstrap.cc:654] T 00000000000000000000000000000000 P 88222e2a562a44f2ad20ffc3173629e1: Neither blocks nor log segments found. Creating new log.
I20260601 13:20:39.254951 20690 tablet_bootstrap.cc:654] T 00000000000000000000000000000000 P 1ab6fade00f8449fae5e8290bb269552: Neither blocks nor log segments found. Creating new log.
I20260601 13:20:39.255805 20822 log.cc:826] T 00000000000000000000000000000000 P 88222e2a562a44f2ad20ffc3173629e1: Log is configured to *not* fsync() on all Append() calls
I20260601 13:20:39.257196 20822 tablet_bootstrap.cc:492] T 00000000000000000000000000000000 P 88222e2a562a44f2ad20ffc3173629e1: No bootstrap required, opened a new log
I20260601 13:20:39.257196 20690 tablet_bootstrap.cc:492] T 00000000000000000000000000000000 P 1ab6fade00f8449fae5e8290bb269552: No bootstrap required, opened a new log
I20260601 13:20:39.259635 20822 raft_consensus.cc:359] T 00000000000000000000000000000000 P 88222e2a562a44f2ad20ffc3173629e1 [term 0 FOLLOWER]: Replica starting. Triggering 0 pending ops. Active config: opid_index: -1 OBSOLETE_local: false peers { permanent_uuid: "1ab6fade00f8449fae5e8290bb269552" member_type: VOTER last_known_addr { host: "127.20.36.62" port: 42261 } } peers { permanent_uuid: "693481128ad642c793f61c1a74b93dec" member_type: VOTER last_known_addr { host: "127.20.36.61" port: 46773 } } peers { permanent_uuid: "88222e2a562a44f2ad20ffc3173629e1" member_type: VOTER last_known_addr { host: "127.20.36.60" port: 39599 } }
I20260601 13:20:39.259641 20690 raft_consensus.cc:359] T 00000000000000000000000000000000 P 1ab6fade00f8449fae5e8290bb269552 [term 0 FOLLOWER]: Replica starting. Triggering 0 pending ops. Active config: opid_index: -1 OBSOLETE_local: false peers { permanent_uuid: "1ab6fade00f8449fae5e8290bb269552" member_type: VOTER last_known_addr { host: "127.20.36.62" port: 42261 } } peers { permanent_uuid: "693481128ad642c793f61c1a74b93dec" member_type: VOTER last_known_addr { host: "127.20.36.61" port: 46773 } } peers { permanent_uuid: "88222e2a562a44f2ad20ffc3173629e1" member_type: VOTER last_known_addr { host: "127.20.36.60" port: 39599 } }
I20260601 13:20:39.259812 20822 raft_consensus.cc:385] T 00000000000000000000000000000000 P 88222e2a562a44f2ad20ffc3173629e1 [term 0 FOLLOWER]: Consensus starting up: Expiring failure detector timer to make a prompt election more likely
I20260601 13:20:39.259833 20690 raft_consensus.cc:385] T 00000000000000000000000000000000 P 1ab6fade00f8449fae5e8290bb269552 [term 0 FOLLOWER]: Consensus starting up: Expiring failure detector timer to make a prompt election more likely
I20260601 13:20:39.259910 20822 raft_consensus.cc:740] T 00000000000000000000000000000000 P 88222e2a562a44f2ad20ffc3173629e1 [term 0 FOLLOWER]: Becoming Follower/Learner. State: Replica: 88222e2a562a44f2ad20ffc3173629e1, State: Initialized, Role: FOLLOWER
I20260601 13:20:39.259918 20690 raft_consensus.cc:740] T 00000000000000000000000000000000 P 1ab6fade00f8449fae5e8290bb269552 [term 0 FOLLOWER]: Becoming Follower/Learner. State: Replica: 1ab6fade00f8449fae5e8290bb269552, State: Initialized, Role: FOLLOWER
I20260601 13:20:39.260294 20690 consensus_queue.cc:260] T 00000000000000000000000000000000 P 1ab6fade00f8449fae5e8290bb269552 [NON_LEADER]: Queue going to NON_LEADER mode. State: All replicated index: 0, Majority replicated index: 0, Committed index: 0, Last appended: 0.0, Last appended by leader: 0, Current term: 0, Majority size: -1, State: 0, Mode: NON_LEADER, active raft config: opid_index: -1 OBSOLETE_local: false peers { permanent_uuid: "1ab6fade00f8449fae5e8290bb269552" member_type: VOTER last_known_addr { host: "127.20.36.62" port: 42261 } } peers { permanent_uuid: "693481128ad642c793f61c1a74b93dec" member_type: VOTER last_known_addr { host: "127.20.36.61" port: 46773 } } peers { permanent_uuid: "88222e2a562a44f2ad20ffc3173629e1" member_type: VOTER last_known_addr { host: "127.20.36.60" port: 39599 } }
I20260601 13:20:39.260294 20822 consensus_queue.cc:260] T 00000000000000000000000000000000 P 88222e2a562a44f2ad20ffc3173629e1 [NON_LEADER]: Queue going to NON_LEADER mode. State: All replicated index: 0, Majority replicated index: 0, Committed index: 0, Last appended: 0.0, Last appended by leader: 0, Current term: 0, Majority size: -1, State: 0, Mode: NON_LEADER, active raft config: opid_index: -1 OBSOLETE_local: false peers { permanent_uuid: "1ab6fade00f8449fae5e8290bb269552" member_type: VOTER last_known_addr { host: "127.20.36.62" port: 42261 } } peers { permanent_uuid: "693481128ad642c793f61c1a74b93dec" member_type: VOTER last_known_addr { host: "127.20.36.61" port: 46773 } } peers { permanent_uuid: "88222e2a562a44f2ad20ffc3173629e1" member_type: VOTER last_known_addr { host: "127.20.36.60" port: 39599 } }
I20260601 13:20:39.260727 20829 sys_catalog.cc:455] T 00000000000000000000000000000000 P 88222e2a562a44f2ad20ffc3173629e1 [sys.catalog]: SysCatalogTable state changed. Reason: RaftConsensus started. Latest consensus state: current_term: 0 committed_config { opid_index: -1 OBSOLETE_local: false peers { permanent_uuid: "1ab6fade00f8449fae5e8290bb269552" member_type: VOTER last_known_addr { host: "127.20.36.62" port: 42261 } } peers { permanent_uuid: "693481128ad642c793f61c1a74b93dec" member_type: VOTER last_known_addr { host: "127.20.36.61" port: 46773 } } peers { permanent_uuid: "88222e2a562a44f2ad20ffc3173629e1" member_type: VOTER last_known_addr { host: "127.20.36.60" port: 39599 } } }
I20260601 13:20:39.260859 20829 sys_catalog.cc:458] T 00000000000000000000000000000000 P 88222e2a562a44f2ad20ffc3173629e1 [sys.catalog]: This master's current role is: FOLLOWER
I20260601 13:20:39.260733 20830 sys_catalog.cc:455] T 00000000000000000000000000000000 P 1ab6fade00f8449fae5e8290bb269552 [sys.catalog]: SysCatalogTable state changed. Reason: RaftConsensus started. Latest consensus state: current_term: 0 committed_config { opid_index: -1 OBSOLETE_local: false peers { permanent_uuid: "1ab6fade00f8449fae5e8290bb269552" member_type: VOTER last_known_addr { host: "127.20.36.62" port: 42261 } } peers { permanent_uuid: "693481128ad642c793f61c1a74b93dec" member_type: VOTER last_known_addr { host: "127.20.36.61" port: 46773 } } peers { permanent_uuid: "88222e2a562a44f2ad20ffc3173629e1" member_type: VOTER last_known_addr { host: "127.20.36.60" port: 39599 } } }
I20260601 13:20:39.260978 20830 sys_catalog.cc:458] T 00000000000000000000000000000000 P 1ab6fade00f8449fae5e8290bb269552 [sys.catalog]: This master's current role is: FOLLOWER
I20260601 13:20:39.261436 20822 sys_catalog.cc:565] T 00000000000000000000000000000000 P 88222e2a562a44f2ad20ffc3173629e1 [sys.catalog]: configured and running, proceeding with master startup.
I20260601 13:20:39.261436 20690 sys_catalog.cc:565] T 00000000000000000000000000000000 P 1ab6fade00f8449fae5e8290bb269552 [sys.catalog]: configured and running, proceeding with master startup.
I20260601 13:20:39.263733 20624 internal_mini_cluster.cc:184] Waiting to initialize catalog manager on master 1
W20260601 13:20:39.266117 20851 catalog_manager.cc:1593] T 00000000000000000000000000000000 P 88222e2a562a44f2ad20ffc3173629e1: loading cluster ID for follower catalog manager: Not found: cluster ID entry not found
W20260601 13:20:39.266119 20852 catalog_manager.cc:1593] T 00000000000000000000000000000000 P 1ab6fade00f8449fae5e8290bb269552: loading cluster ID for follower catalog manager: Not found: cluster ID entry not found
W20260601 13:20:39.266227 20851 catalog_manager.cc:883] Not found: cluster ID entry not found: failed to prepare follower catalog manager, will retry
W20260601 13:20:39.266239 20852 catalog_manager.cc:883] Not found: cluster ID entry not found: failed to prepare follower catalog manager, will retry
I20260601 13:20:39.268635 20756 consensus_peers.cc:770] Retrying to get permanent uuid for remote peer: member_type: VOTER last_known_addr { host: "127.20.36.60" port: 39599 } attempt: 1
I20260601 13:20:39.273494 20756 tablet_bootstrap.cc:492] T 00000000000000000000000000000000 P 693481128ad642c793f61c1a74b93dec: Bootstrap starting.
I20260601 13:20:39.274487 20756 tablet_bootstrap.cc:654] T 00000000000000000000000000000000 P 693481128ad642c793f61c1a74b93dec: Neither blocks nor log segments found. Creating new log.
I20260601 13:20:39.275508 20756 tablet_bootstrap.cc:492] T 00000000000000000000000000000000 P 693481128ad642c793f61c1a74b93dec: No bootstrap required, opened a new log
I20260601 13:20:39.275916 20756 raft_consensus.cc:359] T 00000000000000000000000000000000 P 693481128ad642c793f61c1a74b93dec [term 0 FOLLOWER]: Replica starting. Triggering 0 pending ops. Active config: opid_index: -1 OBSOLETE_local: false peers { permanent_uuid: "1ab6fade00f8449fae5e8290bb269552" member_type: VOTER last_known_addr { host: "127.20.36.62" port: 42261 } } peers { permanent_uuid: "693481128ad642c793f61c1a74b93dec" member_type: VOTER last_known_addr { host: "127.20.36.61" port: 46773 } } peers { permanent_uuid: "88222e2a562a44f2ad20ffc3173629e1" member_type: VOTER last_known_addr { host: "127.20.36.60" port: 39599 } }
I20260601 13:20:39.276002 20756 raft_consensus.cc:385] T 00000000000000000000000000000000 P 693481128ad642c793f61c1a74b93dec [term 0 FOLLOWER]: Consensus starting up: Expiring failure detector timer to make a prompt election more likely
I20260601 13:20:39.276024 20756 raft_consensus.cc:740] T 00000000000000000000000000000000 P 693481128ad642c793f61c1a74b93dec [term 0 FOLLOWER]: Becoming Follower/Learner. State: Replica: 693481128ad642c793f61c1a74b93dec, State: Initialized, Role: FOLLOWER
I20260601 13:20:39.276191 20756 consensus_queue.cc:260] T 00000000000000000000000000000000 P 693481128ad642c793f61c1a74b93dec [NON_LEADER]: Queue going to NON_LEADER mode. State: All replicated index: 0, Majority replicated index: 0, Committed index: 0, Last appended: 0.0, Last appended by leader: 0, Current term: 0, Majority size: -1, State: 0, Mode: NON_LEADER, active raft config: opid_index: -1 OBSOLETE_local: false peers { permanent_uuid: "1ab6fade00f8449fae5e8290bb269552" member_type: VOTER last_known_addr { host: "127.20.36.62" port: 42261 } } peers { permanent_uuid: "693481128ad642c793f61c1a74b93dec" member_type: VOTER last_known_addr { host: "127.20.36.61" port: 46773 } } peers { permanent_uuid: "88222e2a562a44f2ad20ffc3173629e1" member_type: VOTER last_known_addr { host: "127.20.36.60" port: 39599 } }
I20260601 13:20:39.276741 20756 sys_catalog.cc:565] T 00000000000000000000000000000000 P 693481128ad642c793f61c1a74b93dec [sys.catalog]: configured and running, proceeding with master startup.
I20260601 13:20:39.276831 20855 sys_catalog.cc:455] T 00000000000000000000000000000000 P 693481128ad642c793f61c1a74b93dec [sys.catalog]: SysCatalogTable state changed. Reason: RaftConsensus started. Latest consensus state: current_term: 0 committed_config { opid_index: -1 OBSOLETE_local: false peers { permanent_uuid: "1ab6fade00f8449fae5e8290bb269552" member_type: VOTER last_known_addr { host: "127.20.36.62" port: 42261 } } peers { permanent_uuid: "693481128ad642c793f61c1a74b93dec" member_type: VOTER last_known_addr { host: "127.20.36.61" port: 46773 } } peers { permanent_uuid: "88222e2a562a44f2ad20ffc3173629e1" member_type: VOTER last_known_addr { host: "127.20.36.60" port: 39599 } } }
I20260601 13:20:39.276912 20855 sys_catalog.cc:458] T 00000000000000000000000000000000 P 693481128ad642c793f61c1a74b93dec [sys.catalog]: This master's current role is: FOLLOWER
I20260601 13:20:39.278764 20624 internal_mini_cluster.cc:184] Waiting to initialize catalog manager on master 2
W20260601 13:20:39.279312 20866 catalog_manager.cc:1593] T 00000000000000000000000000000000 P 693481128ad642c793f61c1a74b93dec: loading cluster ID for follower catalog manager: Not found: cluster ID entry not found
I20260601 13:20:39.279368 20624 file_cache.cc:492] Constructed file cache file cache with capacity 419430
W20260601 13:20:39.279386 20866 catalog_manager.cc:883] Not found: cluster ID entry not found: failed to prepare follower catalog manager, will retry
W20260601 13:20:39.281953 20867 instance_detector.cc:116] could not retrieve AWS instance metadata: Network error: curl error: HTTP response code said error: The requested URL returned error: 404
W20260601 13:20:39.281953 20868 instance_detector.cc:116] could not retrieve Azure instance metadata: Network error: curl error: HTTP response code said error: The requested URL returned error: 404
W20260601 13:20:39.282238 20870 instance_detector.cc:116] could not retrieve OpenStack instance metadata: Network error: curl error: HTTP response code said error: The requested URL returned error: 404
I20260601 13:20:39.282290 20624 server_base.cc:1061] running on GCE node
I20260601 13:20:39.282475 20624 hybrid_clock.cc:584] initializing the hybrid clock with 'system_unsync' time source
W20260601 13:20:39.282513 20624 system_unsync_time.cc:38] NTP support is disabled. Clock error bounds will not be accurate. This configuration is not suitable for distributed clusters.
I20260601 13:20:39.282528 20624 hybrid_clock.cc:648] HybridClock initialized: now 1780320039282529 us; error 0 us; skew 500 ppm
I20260601 13:20:39.283507 20624 webserver.cc:533] Webserver started at http://127.20.36.1:40485/ using document root <none> and password file <none>
I20260601 13:20:39.283663 20624 fs_manager.cc:362] Metadata directory not provided
I20260601 13:20:39.283726 20624 fs_manager.cc:368] Using write-ahead log directory (fs_wal_dir) as metadata directory
I20260601 13:20:39.283802 20624 server_base.cc:909] This appears to be a new deployment of Kudu; creating new FS layout
I20260601 13:20:39.284157 20624 fs_manager.cc:1068] Generated new instance metadata in path /tmp/dist-test-task49phBh/test-tmp/auto_rebalancer-test.0.AutoRebalancerTest.OnlyLeaderDoesAutoRebalancing.1780320039109056-20624-0/minicluster-data/ts-0-root/instance:
uuid: "c391e8f19bce4d7093232cfc9601072e"
format_stamp: "Formatted at 2026-06-01 13:20:39 on dist-test-slave-3zm3"
I20260601 13:20:39.285591 20624 fs_manager.cc:696] Time spent creating directory manager: real 0.001s	user 0.001s	sys 0.000s
I20260601 13:20:39.286561 20875 log_block_manager.cc:4031] Time spent loading block containers with low live blocks: real 0.000s	user 0.000s	sys 0.000s
I20260601 13:20:39.286840 20624 fs_manager.cc:730] Time spent opening block manager: real 0.001s	user 0.000s	sys 0.001s
I20260601 13:20:39.286895 20624 fs_manager.cc:647] Opened local filesystem: /tmp/dist-test-task49phBh/test-tmp/auto_rebalancer-test.0.AutoRebalancerTest.OnlyLeaderDoesAutoRebalancing.1780320039109056-20624-0/minicluster-data/ts-0-root
uuid: "c391e8f19bce4d7093232cfc9601072e"
format_stamp: "Formatted at 2026-06-01 13:20:39 on dist-test-slave-3zm3"
I20260601 13:20:39.286970 20624 fs_report.cc:389] FS layout report
--------------------
wal directory: /tmp/dist-test-task49phBh/test-tmp/auto_rebalancer-test.0.AutoRebalancerTest.OnlyLeaderDoesAutoRebalancing.1780320039109056-20624-0/minicluster-data/ts-0-root
metadata directory: /tmp/dist-test-task49phBh/test-tmp/auto_rebalancer-test.0.AutoRebalancerTest.OnlyLeaderDoesAutoRebalancing.1780320039109056-20624-0/minicluster-data/ts-0-root
1 data directories: /tmp/dist-test-task49phBh/test-tmp/auto_rebalancer-test.0.AutoRebalancerTest.OnlyLeaderDoesAutoRebalancing.1780320039109056-20624-0/minicluster-data/ts-0-root/data
Total live blocks: 0
Total live bytes: 0
Total live bytes (after alignment): 0
Total number of LBM containers: 0 (0 full)
Did not check for missing blocks
Did not check for orphaned blocks
Total full LBM containers with extra space: 0 (0 repaired)
Total full LBM container extra space in bytes: 0 (0 repaired)
Total incomplete LBM containers: 0 (0 repaired)
Total LBM partial records: 0 (0 repaired)
Total corrupted LBM metadata records in RocksDB: 0 (0 repaired)
I20260601 13:20:39.304137 20624 rpc_server.cc:225] running with OpenSSL 1.1.1  11 Sep 2018
I20260601 13:20:39.304605 20624 kserver.cc:163] Server-wide thread pool size limit: 3276
I20260601 13:20:39.305022 20624 txn_system_client.cc:432] TxnSystemClient initialization is disabled...
I20260601 13:20:39.305919 20624 ts_tablet_manager.cc:585] Loaded tablet metadata (0 total tablets, 0 live tablets)
I20260601 13:20:39.305981 20624 ts_tablet_manager.cc:531] Time spent load tablet metadata: real 0.000s	user 0.000s	sys 0.000s
I20260601 13:20:39.306041 20624 ts_tablet_manager.cc:616] Registered 0 tablets
I20260601 13:20:39.306077 20624 ts_tablet_manager.cc:595] Time spent register tablets: real 0.000s	user 0.000s	sys 0.000s
I20260601 13:20:39.312186 20624 rpc_server.cc:307] RPC server started. Bound to: 127.20.36.1:42867
I20260601 13:20:39.312245 20938 acceptor_pool.cc:272] collecting diagnostics on the listening RPC socket 127.20.36.1:42867 every 8 connection(s)
I20260601 13:20:39.313462 20624 file_cache.cc:492] Constructed file cache file cache with capacity 419430
I20260601 13:20:39.318846 20940 heartbeater.cc:344] Connected to a master server at 127.20.36.62:42261
I20260601 13:20:39.319000 20940 heartbeater.cc:461] Registering TS with master...
I20260601 13:20:39.319535 20940 heartbeater.cc:507] Master 127.20.36.62:42261 requested a full tablet report, sending...
W20260601 13:20:39.320220 20947 instance_detector.cc:116] could not retrieve Azure instance metadata: Network error: curl error: HTTP response code said error: The requested URL returned error: 404
I20260601 13:20:39.320518 20941 heartbeater.cc:344] Connected to a master server at 127.20.36.61:46773
I20260601 13:20:39.320616 20939 heartbeater.cc:344] Connected to a master server at 127.20.36.60:39599
I20260601 13:20:39.320668 20939 heartbeater.cc:461] Registering TS with master...
W20260601 13:20:39.320587 20946 instance_detector.cc:116] could not retrieve AWS instance metadata: Network error: curl error: HTTP response code said error: The requested URL returned error: 404
I20260601 13:20:39.320860 20939 heartbeater.cc:507] Master 127.20.36.60:39599 requested a full tablet report, sending...
I20260601 13:20:39.320940 20624 server_base.cc:1061] running on GCE node
I20260601 13:20:39.320593 20941 heartbeater.cc:461] Registering TS with master...
W20260601 13:20:39.321200 20949 instance_detector.cc:116] could not retrieve OpenStack instance metadata: Network error: curl error: HTTP response code said error: The requested URL returned error: 404
I20260601 13:20:39.321257 20941 heartbeater.cc:507] Master 127.20.36.61:46773 requested a full tablet report, sending...
I20260601 13:20:39.321409 20624 hybrid_clock.cc:584] initializing the hybrid clock with 'system_unsync' time source
W20260601 13:20:39.321457 20624 system_unsync_time.cc:38] NTP support is disabled. Clock error bounds will not be accurate. This configuration is not suitable for distributed clusters.
I20260601 13:20:39.321439 20654 ts_manager.cc:194] Registered new tserver with Master: c391e8f19bce4d7093232cfc9601072e (127.20.36.1:42867)
I20260601 13:20:39.321501 20624 hybrid_clock.cc:648] HybridClock initialized: now 1780320039321501 us; error 0 us; skew 500 ppm
I20260601 13:20:39.322003 20720 ts_manager.cc:194] Registered new tserver with Master: c391e8f19bce4d7093232cfc9601072e (127.20.36.1:42867)
I20260601 13:20:39.322024 20786 ts_manager.cc:194] Registered new tserver with Master: c391e8f19bce4d7093232cfc9601072e (127.20.36.1:42867)
I20260601 13:20:39.322392 20624 webserver.cc:533] Webserver started at http://127.20.36.2:33777/ using document root <none> and password file <none>
I20260601 13:20:39.322532 20624 fs_manager.cc:362] Metadata directory not provided
I20260601 13:20:39.322587 20624 fs_manager.cc:368] Using write-ahead log directory (fs_wal_dir) as metadata directory
I20260601 13:20:39.322654 20624 server_base.cc:909] This appears to be a new deployment of Kudu; creating new FS layout
I20260601 13:20:39.323077 20624 fs_manager.cc:1068] Generated new instance metadata in path /tmp/dist-test-task49phBh/test-tmp/auto_rebalancer-test.0.AutoRebalancerTest.OnlyLeaderDoesAutoRebalancing.1780320039109056-20624-0/minicluster-data/ts-1-root/instance:
uuid: "0b3c3ca7dbd842168c24ec21f8351407"
format_stamp: "Formatted at 2026-06-01 13:20:39 on dist-test-slave-3zm3"
I20260601 13:20:39.324800 20624 fs_manager.cc:696] Time spent creating directory manager: real 0.001s	user 0.002s	sys 0.000s
I20260601 13:20:39.325925 20954 log_block_manager.cc:4031] Time spent loading block containers with low live blocks: real 0.000s	user 0.000s	sys 0.000s
I20260601 13:20:39.326207 20624 fs_manager.cc:730] Time spent opening block manager: real 0.001s	user 0.001s	sys 0.000s
I20260601 13:20:39.326296 20624 fs_manager.cc:647] Opened local filesystem: /tmp/dist-test-task49phBh/test-tmp/auto_rebalancer-test.0.AutoRebalancerTest.OnlyLeaderDoesAutoRebalancing.1780320039109056-20624-0/minicluster-data/ts-1-root
uuid: "0b3c3ca7dbd842168c24ec21f8351407"
format_stamp: "Formatted at 2026-06-01 13:20:39 on dist-test-slave-3zm3"
I20260601 13:20:39.326366 20624 fs_report.cc:389] FS layout report
--------------------
wal directory: /tmp/dist-test-task49phBh/test-tmp/auto_rebalancer-test.0.AutoRebalancerTest.OnlyLeaderDoesAutoRebalancing.1780320039109056-20624-0/minicluster-data/ts-1-root
metadata directory: /tmp/dist-test-task49phBh/test-tmp/auto_rebalancer-test.0.AutoRebalancerTest.OnlyLeaderDoesAutoRebalancing.1780320039109056-20624-0/minicluster-data/ts-1-root
1 data directories: /tmp/dist-test-task49phBh/test-tmp/auto_rebalancer-test.0.AutoRebalancerTest.OnlyLeaderDoesAutoRebalancing.1780320039109056-20624-0/minicluster-data/ts-1-root/data
Total live blocks: 0
Total live bytes: 0
Total live bytes (after alignment): 0
Total number of LBM containers: 0 (0 full)
Did not check for missing blocks
Did not check for orphaned blocks
Total full LBM containers with extra space: 0 (0 repaired)
Total full LBM container extra space in bytes: 0 (0 repaired)
Total incomplete LBM containers: 0 (0 repaired)
Total LBM partial records: 0 (0 repaired)
Total corrupted LBM metadata records in RocksDB: 0 (0 repaired)
I20260601 13:20:39.343016 20624 rpc_server.cc:225] running with OpenSSL 1.1.1  11 Sep 2018
I20260601 13:20:39.343513 20624 kserver.cc:163] Server-wide thread pool size limit: 3276
I20260601 13:20:39.343866 20624 txn_system_client.cc:432] TxnSystemClient initialization is disabled...
I20260601 13:20:39.344376 20624 ts_tablet_manager.cc:585] Loaded tablet metadata (0 total tablets, 0 live tablets)
I20260601 13:20:39.344436 20624 ts_tablet_manager.cc:531] Time spent load tablet metadata: real 0.000s	user 0.000s	sys 0.000s
I20260601 13:20:39.344492 20624 ts_tablet_manager.cc:616] Registered 0 tablets
I20260601 13:20:39.344543 20624 ts_tablet_manager.cc:595] Time spent register tablets: real 0.000s	user 0.000s	sys 0.000s
I20260601 13:20:39.349583 20830 raft_consensus.cc:493] T 00000000000000000000000000000000 P 1ab6fade00f8449fae5e8290bb269552 [term 0 FOLLOWER]: Starting pre-election (no leader contacted us within the election timeout)
I20260601 13:20:39.349766 20830 raft_consensus.cc:515] T 00000000000000000000000000000000 P 1ab6fade00f8449fae5e8290bb269552 [term 0 FOLLOWER]: Starting pre-election with config: opid_index: -1 OBSOLETE_local: false peers { permanent_uuid: "1ab6fade00f8449fae5e8290bb269552" member_type: VOTER last_known_addr { host: "127.20.36.62" port: 42261 } } peers { permanent_uuid: "693481128ad642c793f61c1a74b93dec" member_type: VOTER last_known_addr { host: "127.20.36.61" port: 46773 } } peers { permanent_uuid: "88222e2a562a44f2ad20ffc3173629e1" member_type: VOTER last_known_addr { host: "127.20.36.60" port: 39599 } }
I20260601 13:20:39.350330 20624 rpc_server.cc:307] RPC server started. Bound to: 127.20.36.2:43433
I20260601 13:20:39.350404 21017 acceptor_pool.cc:272] collecting diagnostics on the listening RPC socket 127.20.36.2:43433 every 8 connection(s)
I20260601 13:20:39.350844 20830 leader_election.cc:290] T 00000000000000000000000000000000 P 1ab6fade00f8449fae5e8290bb269552 [CANDIDATE]: Term 1 pre-election: Requested pre-vote from peers 693481128ad642c793f61c1a74b93dec (127.20.36.61:46773), 88222e2a562a44f2ad20ffc3173629e1 (127.20.36.60:39599)
I20260601 13:20:39.351349 20624 file_cache.cc:492] Constructed file cache file cache with capacity 419430
I20260601 13:20:39.351740 20730 tablet_service.cc:1917] Received RequestConsensusVote() RPC: tablet_id: "00000000000000000000000000000000" candidate_uuid: "1ab6fade00f8449fae5e8290bb269552" candidate_term: 1 candidate_status { last_received { term: 0 index: 0 } } ignore_live_leader: false dest_uuid: "693481128ad642c793f61c1a74b93dec" is_pre_election: true
I20260601 13:20:39.351930 20730 raft_consensus.cc:2468] T 00000000000000000000000000000000 P 693481128ad642c793f61c1a74b93dec [term 0 FOLLOWER]: Leader pre-election vote request: Granting yes vote for candidate 1ab6fade00f8449fae5e8290bb269552 in term 0.
I20260601 13:20:39.352169 20796 tablet_service.cc:1917] Received RequestConsensusVote() RPC: tablet_id: "00000000000000000000000000000000" candidate_uuid: "1ab6fade00f8449fae5e8290bb269552" candidate_term: 1 candidate_status { last_received { term: 0 index: 0 } } ignore_live_leader: false dest_uuid: "88222e2a562a44f2ad20ffc3173629e1" is_pre_election: true
I20260601 13:20:39.352293 20796 raft_consensus.cc:2468] T 00000000000000000000000000000000 P 88222e2a562a44f2ad20ffc3173629e1 [term 0 FOLLOWER]: Leader pre-election vote request: Granting yes vote for candidate 1ab6fade00f8449fae5e8290bb269552 in term 0.
I20260601 13:20:39.352336 20638 leader_election.cc:304] T 00000000000000000000000000000000 P 1ab6fade00f8449fae5e8290bb269552 [CANDIDATE]: Term 1 pre-election: Election decided. Result: candidate won. Election summary: received 2 responses out of 3 voters: 2 yes votes; 0 no votes. yes voters: 1ab6fade00f8449fae5e8290bb269552, 693481128ad642c793f61c1a74b93dec; no voters: 
I20260601 13:20:39.353268 20830 raft_consensus.cc:2804] T 00000000000000000000000000000000 P 1ab6fade00f8449fae5e8290bb269552 [term 0 FOLLOWER]: Leader pre-election won for term 1
I20260601 13:20:39.353343 20830 raft_consensus.cc:493] T 00000000000000000000000000000000 P 1ab6fade00f8449fae5e8290bb269552 [term 0 FOLLOWER]: Starting leader election (no leader contacted us within the election timeout)
I20260601 13:20:39.353391 20830 raft_consensus.cc:3060] T 00000000000000000000000000000000 P 1ab6fade00f8449fae5e8290bb269552 [term 0 FOLLOWER]: Advancing to term 1
I20260601 13:20:39.353824 20624 server_base.cc:1061] running on GCE node
I20260601 13:20:39.354521 20830 raft_consensus.cc:515] T 00000000000000000000000000000000 P 1ab6fade00f8449fae5e8290bb269552 [term 1 FOLLOWER]: Starting leader election with config: opid_index: -1 OBSOLETE_local: false peers { permanent_uuid: "1ab6fade00f8449fae5e8290bb269552" member_type: VOTER last_known_addr { host: "127.20.36.62" port: 42261 } } peers { permanent_uuid: "693481128ad642c793f61c1a74b93dec" member_type: VOTER last_known_addr { host: "127.20.36.61" port: 46773 } } peers { permanent_uuid: "88222e2a562a44f2ad20ffc3173629e1" member_type: VOTER last_known_addr { host: "127.20.36.60" port: 39599 } }
I20260601 13:20:39.354887 20830 leader_election.cc:290] T 00000000000000000000000000000000 P 1ab6fade00f8449fae5e8290bb269552 [CANDIDATE]: Term 1 election: Requested vote from peers 693481128ad642c793f61c1a74b93dec (127.20.36.61:46773), 88222e2a562a44f2ad20ffc3173629e1 (127.20.36.60:39599)
I20260601 13:20:39.355382 20730 tablet_service.cc:1917] Received RequestConsensusVote() RPC: tablet_id: "00000000000000000000000000000000" candidate_uuid: "1ab6fade00f8449fae5e8290bb269552" candidate_term: 1 candidate_status { last_received { term: 0 index: 0 } } ignore_live_leader: false dest_uuid: "693481128ad642c793f61c1a74b93dec"
I20260601 13:20:39.355487 20730 raft_consensus.cc:3060] T 00000000000000000000000000000000 P 693481128ad642c793f61c1a74b93dec [term 0 FOLLOWER]: Advancing to term 1
W20260601 13:20:39.356369 21026 instance_detector.cc:116] could not retrieve OpenStack instance metadata: Network error: curl error: HTTP response code said error: The requested URL returned error: 404
I20260601 13:20:39.356436 20730 raft_consensus.cc:2468] T 00000000000000000000000000000000 P 693481128ad642c793f61c1a74b93dec [term 1 FOLLOWER]: Leader election vote request: Granting yes vote for candidate 1ab6fade00f8449fae5e8290bb269552 in term 1.
I20260601 13:20:39.355496 20796 tablet_service.cc:1917] Received RequestConsensusVote() RPC: tablet_id: "00000000000000000000000000000000" candidate_uuid: "1ab6fade00f8449fae5e8290bb269552" candidate_term: 1 candidate_status { last_received { term: 0 index: 0 } } ignore_live_leader: false dest_uuid: "88222e2a562a44f2ad20ffc3173629e1"
I20260601 13:20:39.356663 20796 raft_consensus.cc:3060] T 00000000000000000000000000000000 P 88222e2a562a44f2ad20ffc3173629e1 [term 0 FOLLOWER]: Advancing to term 1
I20260601 13:20:39.357024 21018 heartbeater.cc:344] Connected to a master server at 127.20.36.60:39599
I20260601 13:20:39.357105 21018 heartbeater.cc:461] Registering TS with master...
I20260601 13:20:39.357282 21018 heartbeater.cc:507] Master 127.20.36.60:39599 requested a full tablet report, sending...
I20260601 13:20:39.357486 20796 raft_consensus.cc:2468] T 00000000000000000000000000000000 P 88222e2a562a44f2ad20ffc3173629e1 [term 1 FOLLOWER]: Leader election vote request: Granting yes vote for candidate 1ab6fade00f8449fae5e8290bb269552 in term 1.
I20260601 13:20:39.357810 20638 leader_election.cc:304] T 00000000000000000000000000000000 P 1ab6fade00f8449fae5e8290bb269552 [CANDIDATE]: Term 1 election: Election decided. Result: candidate won. Election summary: received 2 responses out of 3 voters: 2 yes votes; 0 no votes. yes voters: 1ab6fade00f8449fae5e8290bb269552, 693481128ad642c793f61c1a74b93dec; no voters: 
I20260601 13:20:39.357956 20786 ts_manager.cc:194] Registered new tserver with Master: 0b3c3ca7dbd842168c24ec21f8351407 (127.20.36.2:43433)
I20260601 13:20:39.358136 20830 raft_consensus.cc:2804] T 00000000000000000000000000000000 P 1ab6fade00f8449fae5e8290bb269552 [term 1 FOLLOWER]: Leader election won for term 1
I20260601 13:20:39.358304 20830 raft_consensus.cc:697] T 00000000000000000000000000000000 P 1ab6fade00f8449fae5e8290bb269552 [term 1 LEADER]: Becoming Leader. State: Replica: 1ab6fade00f8449fae5e8290bb269552, State: Running, Role: LEADER
I20260601 13:20:39.358541 20830 consensus_queue.cc:237] T 00000000000000000000000000000000 P 1ab6fade00f8449fae5e8290bb269552 [LEADER]: Queue going to LEADER mode. State: All replicated index: 0, Majority replicated index: 0, Committed index: 0, Last appended: 0.0, Last appended by leader: 0, Current term: 1, Majority size: 2, State: 0, Mode: LEADER, active raft config: opid_index: -1 OBSOLETE_local: false peers { permanent_uuid: "1ab6fade00f8449fae5e8290bb269552" member_type: VOTER last_known_addr { host: "127.20.36.62" port: 42261 } } peers { permanent_uuid: "693481128ad642c793f61c1a74b93dec" member_type: VOTER last_known_addr { host: "127.20.36.61" port: 46773 } } peers { permanent_uuid: "88222e2a562a44f2ad20ffc3173629e1" member_type: VOTER last_known_addr { host: "127.20.36.60" port: 39599 } }
I20260601 13:20:39.360114 21028 sys_catalog.cc:455] T 00000000000000000000000000000000 P 1ab6fade00f8449fae5e8290bb269552 [sys.catalog]: SysCatalogTable state changed. Reason: New leader 1ab6fade00f8449fae5e8290bb269552. Latest consensus state: current_term: 1 leader_uuid: "1ab6fade00f8449fae5e8290bb269552" committed_config { opid_index: -1 OBSOLETE_local: false peers { permanent_uuid: "1ab6fade00f8449fae5e8290bb269552" member_type: VOTER last_known_addr { host: "127.20.36.62" port: 42261 } } peers { permanent_uuid: "693481128ad642c793f61c1a74b93dec" member_type: VOTER last_known_addr { host: "127.20.36.61" port: 46773 } } peers { permanent_uuid: "88222e2a562a44f2ad20ffc3173629e1" member_type: VOTER last_known_addr { host: "127.20.36.60" port: 39599 } } }
I20260601 13:20:39.360217 21028 sys_catalog.cc:458] T 00000000000000000000000000000000 P 1ab6fade00f8449fae5e8290bb269552 [sys.catalog]: This master's current role is: LEADER
I20260601 13:20:39.360615 21030 catalog_manager.cc:1510] Loading table and tablet metadata into memory...
I20260601 13:20:39.361471 21030 catalog_manager.cc:1519] Initializing Kudu cluster ID...
W20260601 13:20:39.363973 21023 instance_detector.cc:116] could not retrieve AWS instance metadata: Network error: curl error: HTTP response code said error: The requested URL returned error: 404
W20260601 13:20:39.364183 21024 instance_detector.cc:116] could not retrieve Azure instance metadata: Network error: curl error: HTTP response code said error: The requested URL returned error: 404
I20260601 13:20:39.364434 20624 hybrid_clock.cc:584] initializing the hybrid clock with 'system_unsync' time source
