I20260601 13:26:08.771476 14367 consensus_queue.cc:260] T 60215a1554bb4add9c6410f4ff8c9476 P ac0a0fbd374a4724ad9ccaf6db1bfbe5 [NON_LEADER]: Queue going to NON_LEADER mode. State: All replicated index: 0, Majority replicated index: 0, Committed index: 0, Last appended: 0.0, Last appended by leader: 0, Current term: 0, Majority size: -1, State: 0, Mode: NON_LEADER, active raft config: opid_index: -1 OBSOLETE_local: false peers { permanent_uuid: "ac0a0fbd374a4724ad9ccaf6db1bfbe5" member_type: VOTER last_known_addr { host: "127.10.202.196" port: 37643 } } peers { permanent_uuid: "899d652bd6db41f49cbec55b45b2ca86" member_type: VOTER last_known_addr { host: "127.10.202.195" port: 46189 } } peers { permanent_uuid: "b1c1f333f42c4f6aaed28d6eaa505166" member_type: VOTER last_known_addr { host: "127.10.202.194" port: 45265 } }
I20260601 13:26:08.771742 14367 ts_tablet_manager.cc:1434] T 60215a1554bb4add9c6410f4ff8c9476 P ac0a0fbd374a4724ad9ccaf6db1bfbe5: Time spent starting tablet: real 0.001s	user 0.000s	sys 0.000s
I20260601 13:26:08.771947 14367 tablet_bootstrap.cc:492] T 80ca72eb39f84956a3f57e69fe200712 P ac0a0fbd374a4724ad9ccaf6db1bfbe5: Bootstrap starting.
I20260601 13:26:08.773006 14367 tablet_bootstrap.cc:654] T 80ca72eb39f84956a3f57e69fe200712 P ac0a0fbd374a4724ad9ccaf6db1bfbe5: Neither blocks nor log segments found. Creating new log.
I20260601 13:26:08.774109 14367 tablet_bootstrap.cc:492] T 80ca72eb39f84956a3f57e69fe200712 P ac0a0fbd374a4724ad9ccaf6db1bfbe5: No bootstrap required, opened a new log
I20260601 13:26:08.774210 14367 ts_tablet_manager.cc:1403] T 80ca72eb39f84956a3f57e69fe200712 P ac0a0fbd374a4724ad9ccaf6db1bfbe5: Time spent bootstrapping tablet: real 0.002s	user 0.002s	sys 0.000s
I20260601 13:26:08.774557 14367 raft_consensus.cc:359] T 80ca72eb39f84956a3f57e69fe200712 P ac0a0fbd374a4724ad9ccaf6db1bfbe5 [term 0 FOLLOWER]: Replica starting. Triggering 0 pending ops. Active config: opid_index: -1 OBSOLETE_local: false peers { permanent_uuid: "ac0a0fbd374a4724ad9ccaf6db1bfbe5" member_type: VOTER last_known_addr { host: "127.10.202.196" port: 37643 } } peers { permanent_uuid: "b1c1f333f42c4f6aaed28d6eaa505166" member_type: VOTER last_known_addr { host: "127.10.202.194" port: 45265 } } peers { permanent_uuid: "b11809e6a9584434934b510af872577e" member_type: VOTER last_known_addr { host: "127.10.202.193" port: 42041 } }
I20260601 13:26:08.774662 14367 raft_consensus.cc:385] T 80ca72eb39f84956a3f57e69fe200712 P ac0a0fbd374a4724ad9ccaf6db1bfbe5 [term 0 FOLLOWER]: Consensus starting up: Expiring failure detector timer to make a prompt election more likely
I20260601 13:26:08.774709 14367 raft_consensus.cc:740] T 80ca72eb39f84956a3f57e69fe200712 P ac0a0fbd374a4724ad9ccaf6db1bfbe5 [term 0 FOLLOWER]: Becoming Follower/Learner. State: Replica: ac0a0fbd374a4724ad9ccaf6db1bfbe5, State: Initialized, Role: FOLLOWER
I20260601 13:26:08.774835 14367 consensus_queue.cc:260] T 80ca72eb39f84956a3f57e69fe200712 P ac0a0fbd374a4724ad9ccaf6db1bfbe5 [NON_LEADER]: Queue going to NON_LEADER mode. State: All replicated index: 0, Majority replicated index: 0, Committed index: 0, Last appended: 0.0, Last appended by leader: 0, Current term: 0, Majority size: -1, State: 0, Mode: NON_LEADER, active raft config: opid_index: -1 OBSOLETE_local: false peers { permanent_uuid: "ac0a0fbd374a4724ad9ccaf6db1bfbe5" member_type: VOTER last_known_addr { host: "127.10.202.196" port: 37643 } } peers { permanent_uuid: "b1c1f333f42c4f6aaed28d6eaa505166" member_type: VOTER last_known_addr { host: "127.10.202.194" port: 45265 } } peers { permanent_uuid: "b11809e6a9584434934b510af872577e" member_type: VOTER last_known_addr { host: "127.10.202.193" port: 42041 } }
I20260601 13:26:08.775099 14367 ts_tablet_manager.cc:1434] T 80ca72eb39f84956a3f57e69fe200712 P ac0a0fbd374a4724ad9ccaf6db1bfbe5: Time spent starting tablet: real 0.001s	user 0.000s	sys 0.000s
I20260601 13:26:08.775305 14367 tablet_bootstrap.cc:492] T 71b61ccd1266424d83362e48c5394e32 P ac0a0fbd374a4724ad9ccaf6db1bfbe5: Bootstrap starting.
I20260601 13:26:08.776285 14367 tablet_bootstrap.cc:654] T 71b61ccd1266424d83362e48c5394e32 P ac0a0fbd374a4724ad9ccaf6db1bfbe5: Neither blocks nor log segments found. Creating new log.
I20260601 13:26:08.777314 14367 tablet_bootstrap.cc:492] T 71b61ccd1266424d83362e48c5394e32 P ac0a0fbd374a4724ad9ccaf6db1bfbe5: No bootstrap required, opened a new log
I20260601 13:26:08.777418 14367 ts_tablet_manager.cc:1403] T 71b61ccd1266424d83362e48c5394e32 P ac0a0fbd374a4724ad9ccaf6db1bfbe5: Time spent bootstrapping tablet: real 0.002s	user 0.002s	sys 0.000s
I20260601 13:26:08.777791 14367 raft_consensus.cc:359] T 71b61ccd1266424d83362e48c5394e32 P ac0a0fbd374a4724ad9ccaf6db1bfbe5 [term 0 FOLLOWER]: Replica starting. Triggering 0 pending ops. Active config: opid_index: -1 OBSOLETE_local: false peers { permanent_uuid: "b11809e6a9584434934b510af872577e" member_type: VOTER last_known_addr { host: "127.10.202.193" port: 42041 } } peers { permanent_uuid: "ac0a0fbd374a4724ad9ccaf6db1bfbe5" member_type: VOTER last_known_addr { host: "127.10.202.196" port: 37643 } } peers { permanent_uuid: "899d652bd6db41f49cbec55b45b2ca86" member_type: VOTER last_known_addr { host: "127.10.202.195" port: 46189 } }
I20260601 13:26:08.777894 14367 raft_consensus.cc:385] T 71b61ccd1266424d83362e48c5394e32 P ac0a0fbd374a4724ad9ccaf6db1bfbe5 [term 0 FOLLOWER]: Consensus starting up: Expiring failure detector timer to make a prompt election more likely
I20260601 13:26:08.777971 14367 raft_consensus.cc:740] T 71b61ccd1266424d83362e48c5394e32 P ac0a0fbd374a4724ad9ccaf6db1bfbe5 [term 0 FOLLOWER]: Becoming Follower/Learner. State: Replica: ac0a0fbd374a4724ad9ccaf6db1bfbe5, State: Initialized, Role: FOLLOWER
I20260601 13:26:08.778126 14367 consensus_queue.cc:260] T 71b61ccd1266424d83362e48c5394e32 P ac0a0fbd374a4724ad9ccaf6db1bfbe5 [NON_LEADER]: Queue going to NON_LEADER mode. State: All replicated index: 0, Majority replicated index: 0, Committed index: 0, Last appended: 0.0, Last appended by leader: 0, Current term: 0, Majority size: -1, State: 0, Mode: NON_LEADER, active raft config: opid_index: -1 OBSOLETE_local: false peers { permanent_uuid: "b11809e6a9584434934b510af872577e" member_type: VOTER last_known_addr { host: "127.10.202.193" port: 42041 } } peers { permanent_uuid: "ac0a0fbd374a4724ad9ccaf6db1bfbe5" member_type: VOTER last_known_addr { host: "127.10.202.196" port: 37643 } } peers { permanent_uuid: "899d652bd6db41f49cbec55b45b2ca86" member_type: VOTER last_known_addr { host: "127.10.202.195" port: 46189 } }
I20260601 13:26:08.778403 14367 ts_tablet_manager.cc:1434] T 71b61ccd1266424d83362e48c5394e32 P ac0a0fbd374a4724ad9ccaf6db1bfbe5: Time spent starting tablet: real 0.001s	user 0.000s	sys 0.001s
I20260601 13:26:08.780296 14376 raft_consensus.cc:493] T 98e20d30dda74115a3228ae2cf5b675e P ac0a0fbd374a4724ad9ccaf6db1bfbe5 [term 0 FOLLOWER]: Starting pre-election (no leader contacted us within the election timeout)
I20260601 13:26:08.780404 14376 raft_consensus.cc:515] T 98e20d30dda74115a3228ae2cf5b675e P ac0a0fbd374a4724ad9ccaf6db1bfbe5 [term 0 FOLLOWER]: Starting pre-election with config: opid_index: -1 OBSOLETE_local: false peers { permanent_uuid: "ac0a0fbd374a4724ad9ccaf6db1bfbe5" member_type: VOTER last_known_addr { host: "127.10.202.196" port: 37643 } } peers { permanent_uuid: "b11809e6a9584434934b510af872577e" member_type: VOTER last_known_addr { host: "127.10.202.193" port: 42041 } } peers { permanent_uuid: "899d652bd6db41f49cbec55b45b2ca86" member_type: VOTER last_known_addr { host: "127.10.202.195" port: 46189 } }
I20260601 13:26:08.780999 14376 leader_election.cc:290] T 98e20d30dda74115a3228ae2cf5b675e P ac0a0fbd374a4724ad9ccaf6db1bfbe5 [CANDIDATE]: Term 1 pre-election: Requested pre-vote from peers b11809e6a9584434934b510af872577e (127.10.202.193:42041), 899d652bd6db41f49cbec55b45b2ca86 (127.10.202.195:46189)
I20260601 13:26:08.782498 14183 raft_consensus.cc:3060] T bab70940994849b6b6bed3e782d76968 P 899d652bd6db41f49cbec55b45b2ca86 [term 0 FOLLOWER]: Advancing to term 1
I20260601 13:26:08.783936 14234 consensus_queue.cc:1048] T bab70940994849b6b6bed3e782d76968 P b11809e6a9584434934b510af872577e [LEADER]: Connected to new peer: Peer: permanent_uuid: "899d652bd6db41f49cbec55b45b2ca86" member_type: VOTER last_known_addr { host: "127.10.202.195" port: 46189 }, Status: LMP_MISMATCH, Last received: 0.0, Next index: 1, Last known committed idx: 0, Time since last communication: 0.000s
I20260601 13:26:08.784837 14184 tablet_service.cc:1917] Received RequestConsensusVote() RPC: tablet_id: "98e20d30dda74115a3228ae2cf5b675e" candidate_uuid: "ac0a0fbd374a4724ad9ccaf6db1bfbe5" candidate_term: 1 candidate_status { last_received { term: 0 index: 0 } } ignore_live_leader: false dest_uuid: "899d652bd6db41f49cbec55b45b2ca86" is_pre_election: true
I20260601 13:26:08.785550 14033 tablet_service.cc:1917] Received RequestConsensusVote() RPC: tablet_id: "98e20d30dda74115a3228ae2cf5b675e" candidate_uuid: "ac0a0fbd374a4724ad9ccaf6db1bfbe5" candidate_term: 1 candidate_status { last_received { term: 0 index: 0 } } ignore_live_leader: false dest_uuid: "b11809e6a9584434934b510af872577e" is_pre_election: true
I20260601 13:26:08.785696 14033 raft_consensus.cc:2393] T 98e20d30dda74115a3228ae2cf5b675e P b11809e6a9584434934b510af872577e [term 1 FOLLOWER]: Leader pre-election vote request: Denying vote to candidate ac0a0fbd374a4724ad9ccaf6db1bfbe5 in current term 1: Already voted for candidate 899d652bd6db41f49cbec55b45b2ca86 in this term.
I20260601 13:26:08.786055 14291 leader_election.cc:304] T 98e20d30dda74115a3228ae2cf5b675e P ac0a0fbd374a4724ad9ccaf6db1bfbe5 [CANDIDATE]: Term 1 pre-election: Election decided. Result: candidate lost. Election summary: received 3 responses out of 3 voters: 1 yes votes; 2 no votes. yes voters: ac0a0fbd374a4724ad9ccaf6db1bfbe5; no voters: 899d652bd6db41f49cbec55b45b2ca86, b11809e6a9584434934b510af872577e
I20260601 13:26:08.786299 14376 raft_consensus.cc:3060] T 98e20d30dda74115a3228ae2cf5b675e P ac0a0fbd374a4724ad9ccaf6db1bfbe5 [term 0 FOLLOWER]: Advancing to term 1
I20260601 13:26:08.787009 14234 consensus_queue.cc:1048] T bab70940994849b6b6bed3e782d76968 P b11809e6a9584434934b510af872577e [LEADER]: Connected to new peer: Peer: permanent_uuid: "b1c1f333f42c4f6aaed28d6eaa505166" member_type: VOTER last_known_addr { host: "127.10.202.194" port: 45265 }, Status: LMP_MISMATCH, Last received: 0.0, Next index: 1, Last known committed idx: 0, Time since last communication: 0.000s
I20260601 13:26:08.787261 14376 raft_consensus.cc:2749] T 98e20d30dda74115a3228ae2cf5b675e P ac0a0fbd374a4724ad9ccaf6db1bfbe5 [term 1 FOLLOWER]: Leader pre-election lost for term 1. Reason: could not achieve majority
I20260601 13:26:08.791023 14183 raft_consensus.cc:3060] T cf66ed839f0d42efbe0befd8b14eadef P 899d652bd6db41f49cbec55b45b2ca86 [term 0 FOLLOWER]: Advancing to term 1
I20260601 13:26:08.792320 14236 consensus_queue.cc:1048] T cf66ed839f0d42efbe0befd8b14eadef P b1c1f333f42c4f6aaed28d6eaa505166 [LEADER]: Connected to new peer: Peer: permanent_uuid: "899d652bd6db41f49cbec55b45b2ca86" member_type: VOTER last_known_addr { host: "127.10.202.195" port: 46189 }, Status: LMP_MISMATCH, Last received: 0.0, Next index: 1, Last known committed idx: 0, Time since last communication: 0.000s
I20260601 13:26:08.794430 14234 raft_consensus.cc:493] T 80ca72eb39f84956a3f57e69fe200712 P b11809e6a9584434934b510af872577e [term 0 FOLLOWER]: Starting pre-election (no leader contacted us within the election timeout)
I20260601 13:26:08.794528 14234 raft_consensus.cc:515] T 80ca72eb39f84956a3f57e69fe200712 P b11809e6a9584434934b510af872577e [term 0 FOLLOWER]: Starting pre-election with config: opid_index: -1 OBSOLETE_local: false peers { permanent_uuid: "ac0a0fbd374a4724ad9ccaf6db1bfbe5" member_type: VOTER last_known_addr { host: "127.10.202.196" port: 37643 } } peers { permanent_uuid: "b1c1f333f42c4f6aaed28d6eaa505166" member_type: VOTER last_known_addr { host: "127.10.202.194" port: 45265 } } peers { permanent_uuid: "b11809e6a9584434934b510af872577e" member_type: VOTER last_known_addr { host: "127.10.202.193" port: 42041 } }
I20260601 13:26:08.794965 14234 leader_election.cc:290] T 80ca72eb39f84956a3f57e69fe200712 P b11809e6a9584434934b510af872577e [CANDIDATE]: Term 1 pre-election: Requested pre-vote from peers ac0a0fbd374a4724ad9ccaf6db1bfbe5 (127.10.202.196:37643), b1c1f333f42c4f6aaed28d6eaa505166 (127.10.202.194:45265)
I20260601 13:26:08.795827 14393 consensus_queue.cc:1048] T cf66ed839f0d42efbe0befd8b14eadef P b1c1f333f42c4f6aaed28d6eaa505166 [LEADER]: Connected to new peer: Peer: permanent_uuid: "b11809e6a9584434934b510af872577e" member_type: VOTER last_known_addr { host: "127.10.202.193" port: 42041 }, Status: LMP_MISMATCH, Last received: 0.0, Next index: 1, Last known committed idx: 0, Time since last communication: 0.000s
I20260601 13:26:08.796053 14108 tablet_service.cc:1917] Received RequestConsensusVote() RPC: tablet_id: "80ca72eb39f84956a3f57e69fe200712" candidate_uuid: "b11809e6a9584434934b510af872577e" candidate_term: 1 candidate_status { last_received { term: 0 index: 0 } } ignore_live_leader: false dest_uuid: "b1c1f333f42c4f6aaed28d6eaa505166" is_pre_election: true
I20260601 13:26:08.796167 14108 raft_consensus.cc:2468] T 80ca72eb39f84956a3f57e69fe200712 P b1c1f333f42c4f6aaed28d6eaa505166 [term 0 FOLLOWER]: Leader pre-election vote request: Granting yes vote for candidate b11809e6a9584434934b510af872577e in term 0.
I20260601 13:26:08.796422 13996 leader_election.cc:304] T 80ca72eb39f84956a3f57e69fe200712 P b11809e6a9584434934b510af872577e [CANDIDATE]: Term 1 pre-election: Election decided. Result: candidate won. Election summary: received 2 responses out of 3 voters: 2 yes votes; 0 no votes. yes voters: b11809e6a9584434934b510af872577e, b1c1f333f42c4f6aaed28d6eaa505166; no voters: 
I20260601 13:26:08.796945 14260 raft_consensus.cc:2804] T 80ca72eb39f84956a3f57e69fe200712 P b11809e6a9584434934b510af872577e [term 0 FOLLOWER]: Leader pre-election won for term 1
I20260601 13:26:08.797022 14260 raft_consensus.cc:493] T 80ca72eb39f84956a3f57e69fe200712 P b11809e6a9584434934b510af872577e [term 0 FOLLOWER]: Starting leader election (no leader contacted us within the election timeout)
I20260601 13:26:08.797093 14260 raft_consensus.cc:3060] T 80ca72eb39f84956a3f57e69fe200712 P b11809e6a9584434934b510af872577e [term 0 FOLLOWER]: Advancing to term 1
I20260601 13:26:08.798233 14260 raft_consensus.cc:515] T 80ca72eb39f84956a3f57e69fe200712 P b11809e6a9584434934b510af872577e [term 1 FOLLOWER]: Starting leader election with config: opid_index: -1 OBSOLETE_local: false peers { permanent_uuid: "ac0a0fbd374a4724ad9ccaf6db1bfbe5" member_type: VOTER last_known_addr { host: "127.10.202.196" port: 37643 } } peers { permanent_uuid: "b1c1f333f42c4f6aaed28d6eaa505166" member_type: VOTER last_known_addr { host: "127.10.202.194" port: 45265 } } peers { permanent_uuid: "b11809e6a9584434934b510af872577e" member_type: VOTER last_known_addr { host: "127.10.202.193" port: 42041 } }
I20260601 13:26:08.798650 14260 leader_election.cc:290] T 80ca72eb39f84956a3f57e69fe200712 P b11809e6a9584434934b510af872577e [CANDIDATE]: Term 1 election: Requested vote from peers ac0a0fbd374a4724ad9ccaf6db1bfbe5 (127.10.202.196:37643), b1c1f333f42c4f6aaed28d6eaa505166 (127.10.202.194:45265)
I20260601 13:26:08.798907 14324 tablet_service.cc:1917] Received RequestConsensusVote() RPC: tablet_id: "80ca72eb39f84956a3f57e69fe200712" candidate_uuid: "b11809e6a9584434934b510af872577e" candidate_term: 1 candidate_status { last_received { term: 0 index: 0 } } ignore_live_leader: false dest_uuid: "ac0a0fbd374a4724ad9ccaf6db1bfbe5" is_pre_election: true
I20260601 13:26:08.799037 14324 raft_consensus.cc:2468] T 80ca72eb39f84956a3f57e69fe200712 P ac0a0fbd374a4724ad9ccaf6db1bfbe5 [term 0 FOLLOWER]: Leader pre-election vote request: Granting yes vote for candidate b11809e6a9584434934b510af872577e in term 0.
I20260601 13:26:08.799090 14325 tablet_service.cc:1917] Received RequestConsensusVote() RPC: tablet_id: "80ca72eb39f84956a3f57e69fe200712" candidate_uuid: "b11809e6a9584434934b510af872577e" candidate_term: 1 candidate_status { last_received { term: 0 index: 0 } } ignore_live_leader: false dest_uuid: "ac0a0fbd374a4724ad9ccaf6db1bfbe5"
I20260601 13:26:08.799099 14108 tablet_service.cc:1917] Received RequestConsensusVote() RPC: tablet_id: "80ca72eb39f84956a3f57e69fe200712" candidate_uuid: "b11809e6a9584434934b510af872577e" candidate_term: 1 candidate_status { last_received { term: 0 index: 0 } } ignore_live_leader: false dest_uuid: "b1c1f333f42c4f6aaed28d6eaa505166"
I20260601 13:26:08.799201 14325 raft_consensus.cc:3060] T 80ca72eb39f84956a3f57e69fe200712 P ac0a0fbd374a4724ad9ccaf6db1bfbe5 [term 0 FOLLOWER]: Advancing to term 1
I20260601 13:26:08.799232 14108 raft_consensus.cc:3060] T 80ca72eb39f84956a3f57e69fe200712 P b1c1f333f42c4f6aaed28d6eaa505166 [term 0 FOLLOWER]: Advancing to term 1
I20260601 13:26:08.800132 14108 raft_consensus.cc:2468] T 80ca72eb39f84956a3f57e69fe200712 P b1c1f333f42c4f6aaed28d6eaa505166 [term 1 FOLLOWER]: Leader election vote request: Granting yes vote for candidate b11809e6a9584434934b510af872577e in term 1.
I20260601 13:26:08.800186 14325 raft_consensus.cc:2468] T 80ca72eb39f84956a3f57e69fe200712 P ac0a0fbd374a4724ad9ccaf6db1bfbe5 [term 1 FOLLOWER]: Leader election vote request: Granting yes vote for candidate b11809e6a9584434934b510af872577e in term 1.
I20260601 13:26:08.800493 13998 leader_election.cc:304] T 80ca72eb39f84956a3f57e69fe200712 P b11809e6a9584434934b510af872577e [CANDIDATE]: Term 1 election: Election decided. Result: candidate won. Election summary: received 2 responses out of 3 voters: 2 yes votes; 0 no votes. yes voters: ac0a0fbd374a4724ad9ccaf6db1bfbe5, b11809e6a9584434934b510af872577e; no voters: 
I20260601 13:26:08.800719 14260 raft_consensus.cc:2804] T 80ca72eb39f84956a3f57e69fe200712 P b11809e6a9584434934b510af872577e [term 1 FOLLOWER]: Leader election won for term 1
I20260601 13:26:08.800817 14260 raft_consensus.cc:697] T 80ca72eb39f84956a3f57e69fe200712 P b11809e6a9584434934b510af872577e [term 1 LEADER]: Becoming Leader. State: Replica: b11809e6a9584434934b510af872577e, State: Running, Role: LEADER
I20260601 13:26:08.800944 14260 consensus_queue.cc:237] T 80ca72eb39f84956a3f57e69fe200712 P b11809e6a9584434934b510af872577e [LEADER]: Queue going to LEADER mode. State: All replicated index: 0, Majority replicated index: 0, Committed index: 0, Last appended: 0.0, Last appended by leader: 0, Current term: 1, Majority size: 2, State: 0, Mode: LEADER, active raft config: opid_index: -1 OBSOLETE_local: false peers { permanent_uuid: "ac0a0fbd374a4724ad9ccaf6db1bfbe5" member_type: VOTER last_known_addr { host: "127.10.202.196" port: 37643 } } peers { permanent_uuid: "b1c1f333f42c4f6aaed28d6eaa505166" member_type: VOTER last_known_addr { host: "127.10.202.194" port: 45265 } } peers { permanent_uuid: "b11809e6a9584434934b510af872577e" member_type: VOTER last_known_addr { host: "127.10.202.193" port: 42041 } }
I20260601 13:26:08.802416 13930 catalog_manager.cc:5696] T 80ca72eb39f84956a3f57e69fe200712 P b11809e6a9584434934b510af872577e reported cstate change: term changed from 0 to 1, leader changed from <none> to b11809e6a9584434934b510af872577e (127.10.202.193). New cstate: current_term: 1 leader_uuid: "b11809e6a9584434934b510af872577e" committed_config { opid_index: -1 OBSOLETE_local: false peers { permanent_uuid: "ac0a0fbd374a4724ad9ccaf6db1bfbe5" member_type: VOTER last_known_addr { host: "127.10.202.196" port: 37643 } health_report { overall_health: UNKNOWN } } peers { permanent_uuid: "b1c1f333f42c4f6aaed28d6eaa505166" member_type: VOTER last_known_addr { host: "127.10.202.194" port: 45265 } health_report { overall_health: UNKNOWN } } peers { permanent_uuid: "b11809e6a9584434934b510af872577e" member_type: VOTER last_known_addr { host: "127.10.202.193" port: 42041 } health_report { overall_health: HEALTHY } } }
I20260601 13:26:08.813436 14243 consensus_queue.cc:1048] T 6fc6977b193b4e2b8b060b930cd4b478 P 899d652bd6db41f49cbec55b45b2ca86 [LEADER]: Connected to new peer: Peer: permanent_uuid: "b11809e6a9584434934b510af872577e" member_type: VOTER last_known_addr { host: "127.10.202.193" port: 42041 }, Status: LMP_MISMATCH, Last received: 0.0, Next index: 1, Last known committed idx: 0, Time since last communication: 0.000s
I20260601 13:26:08.817459 14243 consensus_queue.cc:1048] T 6fc6977b193b4e2b8b060b930cd4b478 P 899d652bd6db41f49cbec55b45b2ca86 [LEADER]: Connected to new peer: Peer: permanent_uuid: "b1c1f333f42c4f6aaed28d6eaa505166" member_type: VOTER last_known_addr { host: "127.10.202.194" port: 45265 }, Status: LMP_MISMATCH, Last received: 0.0, Next index: 1, Last known committed idx: 0, Time since last communication: 0.000s
I20260601 13:26:08.834534 14243 raft_consensus.cc:493] T b9a17cae57e8406aa067ca3228f0c0d2 P 899d652bd6db41f49cbec55b45b2ca86 [term 0 FOLLOWER]: Starting pre-election (no leader contacted us within the election timeout)
I20260601 13:26:08.834724 14243 raft_consensus.cc:515] T b9a17cae57e8406aa067ca3228f0c0d2 P 899d652bd6db41f49cbec55b45b2ca86 [term 0 FOLLOWER]: Starting pre-election with config: opid_index: -1 OBSOLETE_local: false peers { permanent_uuid: "ac0a0fbd374a4724ad9ccaf6db1bfbe5" member_type: VOTER last_known_addr { host: "127.10.202.196" port: 37643 } } peers { permanent_uuid: "b11809e6a9584434934b510af872577e" member_type: VOTER last_known_addr { host: "127.10.202.193" port: 42041 } } peers { permanent_uuid: "899d652bd6db41f49cbec55b45b2ca86" member_type: VOTER last_known_addr { host: "127.10.202.195" port: 46189 } }
I20260601 13:26:08.835314 14243 leader_election.cc:290] T b9a17cae57e8406aa067ca3228f0c0d2 P 899d652bd6db41f49cbec55b45b2ca86 [CANDIDATE]: Term 1 pre-election: Requested pre-vote from peers ac0a0fbd374a4724ad9ccaf6db1bfbe5 (127.10.202.196:37643), b11809e6a9584434934b510af872577e (127.10.202.193:42041)
I20260601 13:26:08.835729 14325 tablet_service.cc:1917] Received RequestConsensusVote() RPC: tablet_id: "b9a17cae57e8406aa067ca3228f0c0d2" candidate_uuid: "899d652bd6db41f49cbec55b45b2ca86" candidate_term: 1 candidate_status { last_received { term: 0 index: 0 } } ignore_live_leader: false dest_uuid: "ac0a0fbd374a4724ad9ccaf6db1bfbe5" is_pre_election: true
I20260601 13:26:08.835772 14033 tablet_service.cc:1917] Received RequestConsensusVote() RPC: tablet_id: "b9a17cae57e8406aa067ca3228f0c0d2" candidate_uuid: "899d652bd6db41f49cbec55b45b2ca86" candidate_term: 1 candidate_status { last_received { term: 0 index: 0 } } ignore_live_leader: false dest_uuid: "b11809e6a9584434934b510af872577e" is_pre_election: true
I20260601 13:26:08.835860 14325 raft_consensus.cc:2468] T b9a17cae57e8406aa067ca3228f0c0d2 P ac0a0fbd374a4724ad9ccaf6db1bfbe5 [term 0 FOLLOWER]: Leader pre-election vote request: Granting yes vote for candidate 899d652bd6db41f49cbec55b45b2ca86 in term 0.
I20260601 13:26:08.835963 14033 raft_consensus.cc:2468] T b9a17cae57e8406aa067ca3228f0c0d2 P b11809e6a9584434934b510af872577e [term 0 FOLLOWER]: Leader pre-election vote request: Granting yes vote for candidate 899d652bd6db41f49cbec55b45b2ca86 in term 0.
I20260601 13:26:08.836233 14149 leader_election.cc:304] T b9a17cae57e8406aa067ca3228f0c0d2 P 899d652bd6db41f49cbec55b45b2ca86 [CANDIDATE]: Term 1 pre-election: Election decided. Result: candidate won. Election summary: received 2 responses out of 3 voters: 2 yes votes; 0 no votes. yes voters: 899d652bd6db41f49cbec55b45b2ca86, ac0a0fbd374a4724ad9ccaf6db1bfbe5; no voters: 
I20260601 13:26:08.836407 14243 raft_consensus.cc:2804] T b9a17cae57e8406aa067ca3228f0c0d2 P 899d652bd6db41f49cbec55b45b2ca86 [term 0 FOLLOWER]: Leader pre-election won for term 1
I20260601 13:26:08.836472 14243 raft_consensus.cc:493] T b9a17cae57e8406aa067ca3228f0c0d2 P 899d652bd6db41f49cbec55b45b2ca86 [term 0 FOLLOWER]: Starting leader election (no leader contacted us within the election timeout)
I20260601 13:26:08.836524 14243 raft_consensus.cc:3060] T b9a17cae57e8406aa067ca3228f0c0d2 P 899d652bd6db41f49cbec55b45b2ca86 [term 0 FOLLOWER]: Advancing to term 1
I20260601 13:26:08.837374 14243 raft_consensus.cc:515] T b9a17cae57e8406aa067ca3228f0c0d2 P 899d652bd6db41f49cbec55b45b2ca86 [term 1 FOLLOWER]: Starting leader election with config: opid_index: -1 OBSOLETE_local: false peers { permanent_uuid: "ac0a0fbd374a4724ad9ccaf6db1bfbe5" member_type: VOTER last_known_addr { host: "127.10.202.196" port: 37643 } } peers { permanent_uuid: "b11809e6a9584434934b510af872577e" member_type: VOTER last_known_addr { host: "127.10.202.193" port: 42041 } } peers { permanent_uuid: "899d652bd6db41f49cbec55b45b2ca86" member_type: VOTER last_known_addr { host: "127.10.202.195" port: 46189 } }
I20260601 13:26:08.837791 14243 leader_election.cc:290] T b9a17cae57e8406aa067ca3228f0c0d2 P 899d652bd6db41f49cbec55b45b2ca86 [CANDIDATE]: Term 1 election: Requested vote from peers ac0a0fbd374a4724ad9ccaf6db1bfbe5 (127.10.202.196:37643), b11809e6a9584434934b510af872577e (127.10.202.193:42041)
I20260601 13:26:08.838158 14325 tablet_service.cc:1917] Received RequestConsensusVote() RPC: tablet_id: "b9a17cae57e8406aa067ca3228f0c0d2" candidate_uuid: "899d652bd6db41f49cbec55b45b2ca86" candidate_term: 1 candidate_status { last_received { term: 0 index: 0 } } ignore_live_leader: false dest_uuid: "ac0a0fbd374a4724ad9ccaf6db1bfbe5"
I20260601 13:26:08.838290 14325 raft_consensus.cc:3060] T b9a17cae57e8406aa067ca3228f0c0d2 P ac0a0fbd374a4724ad9ccaf6db1bfbe5 [term 0 FOLLOWER]: Advancing to term 1
I20260601 13:26:08.838325 14033 tablet_service.cc:1917] Received RequestConsensusVote() RPC: tablet_id: "b9a17cae57e8406aa067ca3228f0c0d2" candidate_uuid: "899d652bd6db41f49cbec55b45b2ca86" candidate_term: 1 candidate_status { last_received { term: 0 index: 0 } } ignore_live_leader: false dest_uuid: "b11809e6a9584434934b510af872577e"
I20260601 13:26:08.838428 14033 raft_consensus.cc:3060] T b9a17cae57e8406aa067ca3228f0c0d2 P b11809e6a9584434934b510af872577e [term 0 FOLLOWER]: Advancing to term 1
I20260601 13:26:08.839118 14033 raft_consensus.cc:2468] T b9a17cae57e8406aa067ca3228f0c0d2 P b11809e6a9584434934b510af872577e [term 1 FOLLOWER]: Leader election vote request: Granting yes vote for candidate 899d652bd6db41f49cbec55b45b2ca86 in term 1.
I20260601 13:26:08.839128 14325 raft_consensus.cc:2468] T b9a17cae57e8406aa067ca3228f0c0d2 P ac0a0fbd374a4724ad9ccaf6db1bfbe5 [term 1 FOLLOWER]: Leader election vote request: Granting yes vote for candidate 899d652bd6db41f49cbec55b45b2ca86 in term 1.
I20260601 13:26:08.839423 14150 leader_election.cc:304] T b9a17cae57e8406aa067ca3228f0c0d2 P 899d652bd6db41f49cbec55b45b2ca86 [CANDIDATE]: Term 1 election: Election decided. Result: candidate won. Election summary: received 2 responses out of 3 voters: 2 yes votes; 0 no votes. yes voters: 899d652bd6db41f49cbec55b45b2ca86, b11809e6a9584434934b510af872577e; no voters: 
I20260601 13:26:08.839610 14243 raft_consensus.cc:2804] T b9a17cae57e8406aa067ca3228f0c0d2 P 899d652bd6db41f49cbec55b45b2ca86 [term 1 FOLLOWER]: Leader election won for term 1
I20260601 13:26:08.839695 14243 raft_consensus.cc:697] T b9a17cae57e8406aa067ca3228f0c0d2 P 899d652bd6db41f49cbec55b45b2ca86 [term 1 LEADER]: Becoming Leader. State: Replica: 899d652bd6db41f49cbec55b45b2ca86, State: Running, Role: LEADER
I20260601 13:26:08.839833 14243 consensus_queue.cc:237] T b9a17cae57e8406aa067ca3228f0c0d2 P 899d652bd6db41f49cbec55b45b2ca86 [LEADER]: Queue going to LEADER mode. State: All replicated index: 0, Majority replicated index: 0, Committed index: 0, Last appended: 0.0, Last appended by leader: 0, Current term: 1, Majority size: 2, State: 0, Mode: LEADER, active raft config: opid_index: -1 OBSOLETE_local: false peers { permanent_uuid: "ac0a0fbd374a4724ad9ccaf6db1bfbe5" member_type: VOTER last_known_addr { host: "127.10.202.196" port: 37643 } } peers { permanent_uuid: "b11809e6a9584434934b510af872577e" member_type: VOTER last_known_addr { host: "127.10.202.193" port: 42041 } } peers { permanent_uuid: "899d652bd6db41f49cbec55b45b2ca86" member_type: VOTER last_known_addr { host: "127.10.202.195" port: 46189 } }
I20260601 13:26:08.841524 13927 catalog_manager.cc:5696] T b9a17cae57e8406aa067ca3228f0c0d2 P 899d652bd6db41f49cbec55b45b2ca86 reported cstate change: term changed from 0 to 1, leader changed from <none> to 899d652bd6db41f49cbec55b45b2ca86 (127.10.202.195). New cstate: current_term: 1 leader_uuid: "899d652bd6db41f49cbec55b45b2ca86" committed_config { opid_index: -1 OBSOLETE_local: false peers { permanent_uuid: "ac0a0fbd374a4724ad9ccaf6db1bfbe5" member_type: VOTER last_known_addr { host: "127.10.202.196" port: 37643 } health_report { overall_health: UNKNOWN } } peers { permanent_uuid: "b11809e6a9584434934b510af872577e" member_type: VOTER last_known_addr { host: "127.10.202.193" port: 42041 } health_report { overall_health: UNKNOWN } } peers { permanent_uuid: "899d652bd6db41f49cbec55b45b2ca86" member_type: VOTER last_known_addr { host: "127.10.202.195" port: 46189 } health_report { overall_health: HEALTHY } } }
I20260601 13:26:08.844606 14243 raft_consensus.cc:493] T 71b61ccd1266424d83362e48c5394e32 P 899d652bd6db41f49cbec55b45b2ca86 [term 0 FOLLOWER]: Starting pre-election (no leader contacted us within the election timeout)
I20260601 13:26:08.844723 14243 raft_consensus.cc:515] T 71b61ccd1266424d83362e48c5394e32 P 899d652bd6db41f49cbec55b45b2ca86 [term 0 FOLLOWER]: Starting pre-election with config: opid_index: -1 OBSOLETE_local: false peers { permanent_uuid: "b11809e6a9584434934b510af872577e" member_type: VOTER last_known_addr { host: "127.10.202.193" port: 42041 } } peers { permanent_uuid: "ac0a0fbd374a4724ad9ccaf6db1bfbe5" member_type: VOTER last_known_addr { host: "127.10.202.196" port: 37643 } } peers { permanent_uuid: "899d652bd6db41f49cbec55b45b2ca86" member_type: VOTER last_known_addr { host: "127.10.202.195" port: 46189 } }
I20260601 13:26:08.845089 14243 leader_election.cc:290] T 71b61ccd1266424d83362e48c5394e32 P 899d652bd6db41f49cbec55b45b2ca86 [CANDIDATE]: Term 1 pre-election: Requested pre-vote from peers b11809e6a9584434934b510af872577e (127.10.202.193:42041), ac0a0fbd374a4724ad9ccaf6db1bfbe5 (127.10.202.196:37643)
I20260601 13:26:08.845422 14325 tablet_service.cc:1917] Received RequestConsensusVote() RPC: tablet_id: "71b61ccd1266424d83362e48c5394e32" candidate_uuid: "899d652bd6db41f49cbec55b45b2ca86" candidate_term: 1 candidate_status { last_received { term: 0 index: 0 } } ignore_live_leader: false dest_uuid: "ac0a0fbd374a4724ad9ccaf6db1bfbe5" is_pre_election: true
I20260601 13:26:08.845559 14325 raft_consensus.cc:2468] T 71b61ccd1266424d83362e48c5394e32 P ac0a0fbd374a4724ad9ccaf6db1bfbe5 [term 0 FOLLOWER]: Leader pre-election vote request: Granting yes vote for candidate 899d652bd6db41f49cbec55b45b2ca86 in term 0.
I20260601 13:26:08.845790 14033 tablet_service.cc:1917] Received RequestConsensusVote() RPC: tablet_id: "71b61ccd1266424d83362e48c5394e32" candidate_uuid: "899d652bd6db41f49cbec55b45b2ca86" candidate_term: 1 candidate_status { last_received { term: 0 index: 0 } } ignore_live_leader: false dest_uuid: "b11809e6a9584434934b510af872577e" is_pre_election: true
I20260601 13:26:08.845852 14149 leader_election.cc:304] T 71b61ccd1266424d83362e48c5394e32 P 899d652bd6db41f49cbec55b45b2ca86 [CANDIDATE]: Term 1 pre-election: Election decided. Result: candidate won. Election summary: received 2 responses out of 3 voters: 2 yes votes; 0 no votes. yes voters: 899d652bd6db41f49cbec55b45b2ca86, ac0a0fbd374a4724ad9ccaf6db1bfbe5; no voters: 
I20260601 13:26:08.846027 14243 raft_consensus.cc:2804] T 71b61ccd1266424d83362e48c5394e32 P 899d652bd6db41f49cbec55b45b2ca86 [term 0 FOLLOWER]: Leader pre-election won for term 1
I20260601 13:26:08.845896 14033 raft_consensus.cc:2468] T 71b61ccd1266424d83362e48c5394e32 P b11809e6a9584434934b510af872577e [term 0 FOLLOWER]: Leader pre-election vote request: Granting yes vote for candidate 899d652bd6db41f49cbec55b45b2ca86 in term 0.
I20260601 13:26:08.846107 14243 raft_consensus.cc:493] T 71b61ccd1266424d83362e48c5394e32 P 899d652bd6db41f49cbec55b45b2ca86 [term 0 FOLLOWER]: Starting leader election (no leader contacted us within the election timeout)
I20260601 13:26:08.846184 14243 raft_consensus.cc:3060] T 71b61ccd1266424d83362e48c5394e32 P 899d652bd6db41f49cbec55b45b2ca86 [term 0 FOLLOWER]: Advancing to term 1
I20260601 13:26:08.847019 14243 raft_consensus.cc:515] T 71b61ccd1266424d83362e48c5394e32 P 899d652bd6db41f49cbec55b45b2ca86 [term 1 FOLLOWER]: Starting leader election with config: opid_index: -1 OBSOLETE_local: false peers { permanent_uuid: "b11809e6a9584434934b510af872577e" member_type: VOTER last_known_addr { host: "127.10.202.193" port: 42041 } } peers { permanent_uuid: "ac0a0fbd374a4724ad9ccaf6db1bfbe5" member_type: VOTER last_known_addr { host: "127.10.202.196" port: 37643 } } peers { permanent_uuid: "899d652bd6db41f49cbec55b45b2ca86" member_type: VOTER last_known_addr { host: "127.10.202.195" port: 46189 } }
I20260601 13:26:08.847395 14243 leader_election.cc:290] T 71b61ccd1266424d83362e48c5394e32 P 899d652bd6db41f49cbec55b45b2ca86 [CANDIDATE]: Term 1 election: Requested vote from peers b11809e6a9584434934b510af872577e (127.10.202.193:42041), ac0a0fbd374a4724ad9ccaf6db1bfbe5 (127.10.202.196:37643)
I20260601 13:26:08.847676 14033 tablet_service.cc:1917] Received RequestConsensusVote() RPC: tablet_id: "71b61ccd1266424d83362e48c5394e32" candidate_uuid: "899d652bd6db41f49cbec55b45b2ca86" candidate_term: 1 candidate_status { last_received { term: 0 index: 0 } } ignore_live_leader: false dest_uuid: "b11809e6a9584434934b510af872577e"
I20260601 13:26:08.847731 14325 tablet_service.cc:1917] Received RequestConsensusVote() RPC: tablet_id: "71b61ccd1266424d83362e48c5394e32" candidate_uuid: "899d652bd6db41f49cbec55b45b2ca86" candidate_term: 1 candidate_status { last_received { term: 0 index: 0 } } ignore_live_leader: false dest_uuid: "ac0a0fbd374a4724ad9ccaf6db1bfbe5"
I20260601 13:26:08.847779 14033 raft_consensus.cc:3060] T 71b61ccd1266424d83362e48c5394e32 P b11809e6a9584434934b510af872577e [term 0 FOLLOWER]: Advancing to term 1
I20260601 13:26:08.847800 14325 raft_consensus.cc:3060] T 71b61ccd1266424d83362e48c5394e32 P ac0a0fbd374a4724ad9ccaf6db1bfbe5 [term 0 FOLLOWER]: Advancing to term 1
I20260601 13:26:08.848634 14033 raft_consensus.cc:2468] T 71b61ccd1266424d83362e48c5394e32 P b11809e6a9584434934b510af872577e [term 1 FOLLOWER]: Leader election vote request: Granting yes vote for candidate 899d652bd6db41f49cbec55b45b2ca86 in term 1.
I20260601 13:26:08.848932 14150 leader_election.cc:304] T 71b61ccd1266424d83362e48c5394e32 P 899d652bd6db41f49cbec55b45b2ca86 [CANDIDATE]: Term 1 election: Election decided. Result: candidate won. Election summary: received 2 responses out of 3 voters: 2 yes votes; 0 no votes. yes voters: 899d652bd6db41f49cbec55b45b2ca86, b11809e6a9584434934b510af872577e; no voters: 
I20260601 13:26:08.848634 14325 raft_consensus.cc:2468] T 71b61ccd1266424d83362e48c5394e32 P ac0a0fbd374a4724ad9ccaf6db1bfbe5 [term 1 FOLLOWER]: Leader election vote request: Granting yes vote for candidate 899d652bd6db41f49cbec55b45b2ca86 in term 1.
I20260601 13:26:08.849159 14243 raft_consensus.cc:2804] T 71b61ccd1266424d83362e48c5394e32 P 899d652bd6db41f49cbec55b45b2ca86 [term 1 FOLLOWER]: Leader election won for term 1
I20260601 13:26:08.849254 14243 raft_consensus.cc:697] T 71b61ccd1266424d83362e48c5394e32 P 899d652bd6db41f49cbec55b45b2ca86 [term 1 LEADER]: Becoming Leader. State: Replica: 899d652bd6db41f49cbec55b45b2ca86, State: Running, Role: LEADER
I20260601 13:26:08.849393 14243 consensus_queue.cc:237] T 71b61ccd1266424d83362e48c5394e32 P 899d652bd6db41f49cbec55b45b2ca86 [LEADER]: Queue going to LEADER mode. State: All replicated index: 0, Majority replicated index: 0, Committed index: 0, Last appended: 0.0, Last appended by leader: 0, Current term: 1, Majority size: 2, State: 0, Mode: LEADER, active raft config: opid_index: -1 OBSOLETE_local: false peers { permanent_uuid: "b11809e6a9584434934b510af872577e" member_type: VOTER last_known_addr { host: "127.10.202.193" port: 42041 } } peers { permanent_uuid: "ac0a0fbd374a4724ad9ccaf6db1bfbe5" member_type: VOTER last_known_addr { host: "127.10.202.196" port: 37643 } } peers { permanent_uuid: "899d652bd6db41f49cbec55b45b2ca86" member_type: VOTER last_known_addr { host: "127.10.202.195" port: 46189 } }
I20260601 13:26:08.850920 13927 catalog_manager.cc:5696] T 71b61ccd1266424d83362e48c5394e32 P 899d652bd6db41f49cbec55b45b2ca86 reported cstate change: term changed from 0 to 1, leader changed from <none> to 899d652bd6db41f49cbec55b45b2ca86 (127.10.202.195). New cstate: current_term: 1 leader_uuid: "899d652bd6db41f49cbec55b45b2ca86" committed_config { opid_index: -1 OBSOLETE_local: false peers { permanent_uuid: "b11809e6a9584434934b510af872577e" member_type: VOTER last_known_addr { host: "127.10.202.193" port: 42041 } health_report { overall_health: UNKNOWN } } peers { permanent_uuid: "ac0a0fbd374a4724ad9ccaf6db1bfbe5" member_type: VOTER last_known_addr { host: "127.10.202.196" port: 37643 } health_report { overall_health: UNKNOWN } } peers { permanent_uuid: "899d652bd6db41f49cbec55b45b2ca86" member_type: VOTER last_known_addr { host: "127.10.202.195" port: 46189 } health_report { overall_health: HEALTHY } } }
I20260601 13:26:08.873309 14376 raft_consensus.cc:493] T 1d2c1acca0a4402fade229f8513edb83 P ac0a0fbd374a4724ad9ccaf6db1bfbe5 [term 0 FOLLOWER]: Starting pre-election (no leader contacted us within the election timeout)
I20260601 13:26:08.873493 14376 raft_consensus.cc:515] T 1d2c1acca0a4402fade229f8513edb83 P ac0a0fbd374a4724ad9ccaf6db1bfbe5 [term 0 FOLLOWER]: Starting pre-election with config: opid_index: -1 OBSOLETE_local: false peers { permanent_uuid: "ac0a0fbd374a4724ad9ccaf6db1bfbe5" member_type: VOTER last_known_addr { host: "127.10.202.196" port: 37643 } } peers { permanent_uuid: "b1c1f333f42c4f6aaed28d6eaa505166" member_type: VOTER last_known_addr { host: "127.10.202.194" port: 45265 } } peers { permanent_uuid: "b11809e6a9584434934b510af872577e" member_type: VOTER last_known_addr { host: "127.10.202.193" port: 42041 } }
I20260601 13:26:08.874100 14376 leader_election.cc:290] T 1d2c1acca0a4402fade229f8513edb83 P ac0a0fbd374a4724ad9ccaf6db1bfbe5 [CANDIDATE]: Term 1 pre-election: Requested pre-vote from peers b1c1f333f42c4f6aaed28d6eaa505166 (127.10.202.194:45265), b11809e6a9584434934b510af872577e (127.10.202.193:42041)
I20260601 13:26:08.874559 14033 tablet_service.cc:1917] Received RequestConsensusVote() RPC: tablet_id: "1d2c1acca0a4402fade229f8513edb83" candidate_uuid: "ac0a0fbd374a4724ad9ccaf6db1bfbe5" candidate_term: 1 candidate_status { last_received { term: 0 index: 0 } } ignore_live_leader: false dest_uuid: "b11809e6a9584434934b510af872577e" is_pre_election: true
I20260601 13:26:08.874696 14033 raft_consensus.cc:2468] T 1d2c1acca0a4402fade229f8513edb83 P b11809e6a9584434934b510af872577e [term 0 FOLLOWER]: Leader pre-election vote request: Granting yes vote for candidate ac0a0fbd374a4724ad9ccaf6db1bfbe5 in term 0.
I20260601 13:26:08.875101 14291 leader_election.cc:304] T 1d2c1acca0a4402fade229f8513edb83 P ac0a0fbd374a4724ad9ccaf6db1bfbe5 [CANDIDATE]: Term 1 pre-election: Election decided. Result: candidate won. Election summary: received 2 responses out of 3 voters: 2 yes votes; 0 no votes. yes voters: ac0a0fbd374a4724ad9ccaf6db1bfbe5, b11809e6a9584434934b510af872577e; no voters: 
I20260601 13:26:08.875309 14376 raft_consensus.cc:2804] T 1d2c1acca0a4402fade229f8513edb83 P ac0a0fbd374a4724ad9ccaf6db1bfbe5 [term 0 FOLLOWER]: Leader pre-election won for term 1
I20260601 13:26:08.875377 14376 raft_consensus.cc:493] T 1d2c1acca0a4402fade229f8513edb83 P ac0a0fbd374a4724ad9ccaf6db1bfbe5 [term 0 FOLLOWER]: Starting leader election (no leader contacted us within the election timeout)
I20260601 13:26:08.875412 14376 raft_consensus.cc:3060] T 1d2c1acca0a4402fade229f8513edb83 P ac0a0fbd374a4724ad9ccaf6db1bfbe5 [term 0 FOLLOWER]: Advancing to term 1
I20260601 13:26:08.876475 14376 raft_consensus.cc:515] T 1d2c1acca0a4402fade229f8513edb83 P ac0a0fbd374a4724ad9ccaf6db1bfbe5 [term 1 FOLLOWER]: Starting leader election with config: opid_index: -1 OBSOLETE_local: false peers { permanent_uuid: "ac0a0fbd374a4724ad9ccaf6db1bfbe5" member_type: VOTER last_known_addr { host: "127.10.202.196" port: 37643 } } peers { permanent_uuid: "b1c1f333f42c4f6aaed28d6eaa505166" member_type: VOTER last_known_addr { host: "127.10.202.194" port: 45265 } } peers { permanent_uuid: "b11809e6a9584434934b510af872577e" member_type: VOTER last_known_addr { host: "127.10.202.193" port: 42041 } }
I20260601 13:26:08.876856 14376 leader_election.cc:290] T 1d2c1acca0a4402fade229f8513edb83 P ac0a0fbd374a4724ad9ccaf6db1bfbe5 [CANDIDATE]: Term 1 election: Requested vote from peers b1c1f333f42c4f6aaed28d6eaa505166 (127.10.202.194:45265), b11809e6a9584434934b510af872577e (127.10.202.193:42041)
I20260601 13:26:08.877192 14033 tablet_service.cc:1917] Received RequestConsensusVote() RPC: tablet_id: "1d2c1acca0a4402fade229f8513edb83" candidate_uuid: "ac0a0fbd374a4724ad9ccaf6db1bfbe5" candidate_term: 1 candidate_status { last_received { term: 0 index: 0 } } ignore_live_leader: false dest_uuid: "b11809e6a9584434934b510af872577e"
I20260601 13:26:08.877316 14033 raft_consensus.cc:3060] T 1d2c1acca0a4402fade229f8513edb83 P b11809e6a9584434934b510af872577e [term 0 FOLLOWER]: Advancing to term 1
I20260601 13:26:08.877848 14108 tablet_service.cc:1917] Received RequestConsensusVote() RPC: tablet_id: "1d2c1acca0a4402fade229f8513edb83" candidate_uuid: "ac0a0fbd374a4724ad9ccaf6db1bfbe5" candidate_term: 1 candidate_status { last_received { term: 0 index: 0 } } ignore_live_leader: false dest_uuid: "b1c1f333f42c4f6aaed28d6eaa505166" is_pre_election: true
I20260601 13:26:08.877990 14108 raft_consensus.cc:2468] T 1d2c1acca0a4402fade229f8513edb83 P b1c1f333f42c4f6aaed28d6eaa505166 [term 0 FOLLOWER]: Leader pre-election vote request: Granting yes vote for candidate ac0a0fbd374a4724ad9ccaf6db1bfbe5 in term 0.
I20260601 13:26:08.877962 14109 tablet_service.cc:1917] Received RequestConsensusVote() RPC: tablet_id: "1d2c1acca0a4402fade229f8513edb83" candidate_uuid: "ac0a0fbd374a4724ad9ccaf6db1bfbe5" candidate_term: 1 candidate_status { last_received { term: 0 index: 0 } } ignore_live_leader: false dest_uuid: "b1c1f333f42c4f6aaed28d6eaa505166"
I20260601 13:26:08.878110 14109 raft_consensus.cc:3060] T 1d2c1acca0a4402fade229f8513edb83 P b1c1f333f42c4f6aaed28d6eaa505166 [term 0 FOLLOWER]: Advancing to term 1
I20260601 13:26:08.878271 14033 raft_consensus.cc:2468] T 1d2c1acca0a4402fade229f8513edb83 P b11809e6a9584434934b510af872577e [term 1 FOLLOWER]: Leader election vote request: Granting yes vote for candidate ac0a0fbd374a4724ad9ccaf6db1bfbe5 in term 1.
I20260601 13:26:08.878538 14291 leader_election.cc:304] T 1d2c1acca0a4402fade229f8513edb83 P ac0a0fbd374a4724ad9ccaf6db1bfbe5 [CANDIDATE]: Term 1 election: Election decided. Result: candidate won. Election summary: received 2 responses out of 3 voters: 2 yes votes; 0 no votes. yes voters: ac0a0fbd374a4724ad9ccaf6db1bfbe5, b11809e6a9584434934b510af872577e; no voters: 
I20260601 13:26:08.878707 14376 raft_consensus.cc:2804] T 1d2c1acca0a4402fade229f8513edb83 P ac0a0fbd374a4724ad9ccaf6db1bfbe5 [term 1 FOLLOWER]: Leader election won for term 1
I20260601 13:26:08.878890 14376 raft_consensus.cc:697] T 1d2c1acca0a4402fade229f8513edb83 P ac0a0fbd374a4724ad9ccaf6db1bfbe5 [term 1 LEADER]: Becoming Leader. State: Replica: ac0a0fbd374a4724ad9ccaf6db1bfbe5, State: Running, Role: LEADER
I20260601 13:26:08.878950 14109 raft_consensus.cc:2468] T 1d2c1acca0a4402fade229f8513edb83 P b1c1f333f42c4f6aaed28d6eaa505166 [term 1 FOLLOWER]: Leader election vote request: Granting yes vote for candidate ac0a0fbd374a4724ad9ccaf6db1bfbe5 in term 1.
I20260601 13:26:08.879055 14376 consensus_queue.cc:237] T 1d2c1acca0a4402fade229f8513edb83 P ac0a0fbd374a4724ad9ccaf6db1bfbe5 [LEADER]: Queue going to LEADER mode. State: All replicated index: 0, Majority replicated index: 0, Committed index: 0, Last appended: 0.0, Last appended by leader: 0, Current term: 1, Majority size: 2, State: 0, Mode: LEADER, active raft config: opid_index: -1 OBSOLETE_local: false peers { permanent_uuid: "ac0a0fbd374a4724ad9ccaf6db1bfbe5" member_type: VOTER last_known_addr { host: "127.10.202.196" port: 37643 } } peers { permanent_uuid: "b1c1f333f42c4f6aaed28d6eaa505166" member_type: VOTER last_known_addr { host: "127.10.202.194" port: 45265 } } peers { permanent_uuid: "b11809e6a9584434934b510af872577e" member_type: VOTER last_known_addr { host: "127.10.202.193" port: 42041 } }
I20260601 13:26:08.880657 13927 catalog_manager.cc:5696] T 1d2c1acca0a4402fade229f8513edb83 P ac0a0fbd374a4724ad9ccaf6db1bfbe5 reported cstate change: term changed from 0 to 1, leader changed from <none> to ac0a0fbd374a4724ad9ccaf6db1bfbe5 (127.10.202.196). New cstate: current_term: 1 leader_uuid: "ac0a0fbd374a4724ad9ccaf6db1bfbe5" committed_config { opid_index: -1 OBSOLETE_local: false peers { permanent_uuid: "ac0a0fbd374a4724ad9ccaf6db1bfbe5" member_type: VOTER last_known_addr { host: "127.10.202.196" port: 37643 } health_report { overall_health: HEALTHY } } peers { permanent_uuid: "b1c1f333f42c4f6aaed28d6eaa505166" member_type: VOTER last_known_addr { host: "127.10.202.194" port: 45265 } health_report { overall_health: UNKNOWN } } peers { permanent_uuid: "b11809e6a9584434934b510af872577e" member_type: VOTER last_known_addr { host: "127.10.202.193" port: 42041 } health_report { overall_health: UNKNOWN } } }
I20260601 13:26:08.898190 14393 raft_consensus.cc:493] T 60215a1554bb4add9c6410f4ff8c9476 P b1c1f333f42c4f6aaed28d6eaa505166 [term 0 FOLLOWER]: Starting pre-election (no leader contacted us within the election timeout)
I20260601 13:26:08.898380 14393 raft_consensus.cc:515] T 60215a1554bb4add9c6410f4ff8c9476 P b1c1f333f42c4f6aaed28d6eaa505166 [term 0 FOLLOWER]: Starting pre-election with config: opid_index: -1 OBSOLETE_local: false peers { permanent_uuid: "ac0a0fbd374a4724ad9ccaf6db1bfbe5" member_type: VOTER last_known_addr { host: "127.10.202.196" port: 37643 } } peers { permanent_uuid: "899d652bd6db41f49cbec55b45b2ca86" member_type: VOTER last_known_addr { host: "127.10.202.195" port: 46189 } } peers { permanent_uuid: "b1c1f333f42c4f6aaed28d6eaa505166" member_type: VOTER last_known_addr { host: "127.10.202.194" port: 45265 } }
I20260601 13:26:08.898896 14393 leader_election.cc:290] T 60215a1554bb4add9c6410f4ff8c9476 P b1c1f333f42c4f6aaed28d6eaa505166 [CANDIDATE]: Term 1 pre-election: Requested pre-vote from peers ac0a0fbd374a4724ad9ccaf6db1bfbe5 (127.10.202.196:37643), 899d652bd6db41f49cbec55b45b2ca86 (127.10.202.195:46189)
I20260601 13:26:08.899865 14183 tablet_service.cc:1917] Received RequestConsensusVote() RPC: tablet_id: "60215a1554bb4add9c6410f4ff8c9476" candidate_uuid: "b1c1f333f42c4f6aaed28d6eaa505166" candidate_term: 1 candidate_status { last_received { term: 0 index: 0 } } ignore_live_leader: false dest_uuid: "899d652bd6db41f49cbec55b45b2ca86" is_pre_election: true
I20260601 13:26:08.900107 14183 raft_consensus.cc:2468] T 60215a1554bb4add9c6410f4ff8c9476 P 899d652bd6db41f49cbec55b45b2ca86 [term 0 FOLLOWER]: Leader pre-election vote request: Granting yes vote for candidate b1c1f333f42c4f6aaed28d6eaa505166 in term 0.
I20260601 13:26:08.900507 14074 leader_election.cc:304] T 60215a1554bb4add9c6410f4ff8c9476 P b1c1f333f42c4f6aaed28d6eaa505166 [CANDIDATE]: Term 1 pre-election: Election decided. Result: candidate won. Election summary: received 2 responses out of 3 voters: 2 yes votes; 0 no votes. yes voters: 899d652bd6db41f49cbec55b45b2ca86, b1c1f333f42c4f6aaed28d6eaa505166; no voters: 
I20260601 13:26:08.900700 14393 raft_consensus.cc:2804] T 60215a1554bb4add9c6410f4ff8c9476 P b1c1f333f42c4f6aaed28d6eaa505166 [term 0 FOLLOWER]: Leader pre-election won for term 1
I20260601 13:26:08.900761 14393 raft_consensus.cc:493] T 60215a1554bb4add9c6410f4ff8c9476 P b1c1f333f42c4f6aaed28d6eaa505166 [term 0 FOLLOWER]: Starting leader election (no leader contacted us within the election timeout)
I20260601 13:26:08.900789 14393 raft_consensus.cc:3060] T 60215a1554bb4add9c6410f4ff8c9476 P b1c1f333f42c4f6aaed28d6eaa505166 [term 0 FOLLOWER]: Advancing to term 1
I20260601 13:26:08.901538 14376 raft_consensus.cc:493] T 60215a1554bb4add9c6410f4ff8c9476 P ac0a0fbd374a4724ad9ccaf6db1bfbe5 [term 0 FOLLOWER]: Starting pre-election (no leader contacted us within the election timeout)
I20260601 13:26:08.901666 14376 raft_consensus.cc:515] T 60215a1554bb4add9c6410f4ff8c9476 P ac0a0fbd374a4724ad9ccaf6db1bfbe5 [term 0 FOLLOWER]: Starting pre-election with config: opid_index: -1 OBSOLETE_local: false peers { permanent_uuid: "ac0a0fbd374a4724ad9ccaf6db1bfbe5" member_type: VOTER last_known_addr { host: "127.10.202.196" port: 37643 } } peers { permanent_uuid: "899d652bd6db41f49cbec55b45b2ca86" member_type: VOTER last_known_addr { host: "127.10.202.195" port: 46189 } } peers { permanent_uuid: "b1c1f333f42c4f6aaed28d6eaa505166" member_type: VOTER last_known_addr { host: "127.10.202.194" port: 45265 } }
I20260601 13:26:08.901890 14393 raft_consensus.cc:515] T 60215a1554bb4add9c6410f4ff8c9476 P b1c1f333f42c4f6aaed28d6eaa505166 [term 1 FOLLOWER]: Starting leader election with config: opid_index: -1 OBSOLETE_local: false peers { permanent_uuid: "ac0a0fbd374a4724ad9ccaf6db1bfbe5" member_type: VOTER last_known_addr { host: "127.10.202.196" port: 37643 } } peers { permanent_uuid: "899d652bd6db41f49cbec55b45b2ca86" member_type: VOTER last_known_addr { host: "127.10.202.195" port: 46189 } } peers { permanent_uuid: "b1c1f333f42c4f6aaed28d6eaa505166" member_type: VOTER last_known_addr { host: "127.10.202.194" port: 45265 } }
