I20260601 13:25:00.519414 20810 consensus_queue.cc:260] T 9d61f8663dbc41c89f022a27011ea5e7 P 55541a37bdfe45718693a9ca06187729 [NON_LEADER]: Queue going to NON_LEADER mode. State: All replicated index: 0, Majority replicated index: 0, Committed index: 0, Last appended: 0.0, Last appended by leader: 0, Current term: 0, Majority size: -1, State: 0, Mode: NON_LEADER, active raft config: opid_index: -1 OBSOLETE_local: false peers { permanent_uuid: "894d49f1da164492b7f306754084b908" member_type: VOTER last_known_addr { host: "127.19.120.129" port: 42009 } } peers { permanent_uuid: "0300f963ec914ed4be0b7801bec2d5c6" member_type: VOTER last_known_addr { host: "127.19.120.130" port: 40983 } } peers { permanent_uuid: "55541a37bdfe45718693a9ca06187729" member_type: VOTER last_known_addr { host: "127.19.120.131" port: 36719 } }
I20260601 13:25:00.519621 20819 raft_consensus.cc:359] T 360f3d31223a4280b268326df7177200 P 0300f963ec914ed4be0b7801bec2d5c6 [term 0 FOLLOWER]: Replica starting. Triggering 0 pending ops. Active config: opid_index: -1 OBSOLETE_local: false peers { permanent_uuid: "894d49f1da164492b7f306754084b908" member_type: VOTER last_known_addr { host: "127.19.120.129" port: 42009 } } peers { permanent_uuid: "0300f963ec914ed4be0b7801bec2d5c6" member_type: VOTER last_known_addr { host: "127.19.120.130" port: 40983 } } peers { permanent_uuid: "55541a37bdfe45718693a9ca06187729" member_type: VOTER last_known_addr { host: "127.19.120.131" port: 36719 } }
I20260601 13:25:00.519692 20810 ts_tablet_manager.cc:1434] T 9d61f8663dbc41c89f022a27011ea5e7 P 55541a37bdfe45718693a9ca06187729: Time spent starting tablet: real 0.001s	user 0.001s	sys 0.000s
I20260601 13:25:00.519753 20819 raft_consensus.cc:385] T 360f3d31223a4280b268326df7177200 P 0300f963ec914ed4be0b7801bec2d5c6 [term 0 FOLLOWER]: Consensus starting up: Expiring failure detector timer to make a prompt election more likely
I20260601 13:25:00.519807 20819 raft_consensus.cc:740] T 360f3d31223a4280b268326df7177200 P 0300f963ec914ed4be0b7801bec2d5c6 [term 0 FOLLOWER]: Becoming Follower/Learner. State: Replica: 0300f963ec914ed4be0b7801bec2d5c6, State: Initialized, Role: FOLLOWER
I20260601 13:25:00.519958 20819 consensus_queue.cc:260] T 360f3d31223a4280b268326df7177200 P 0300f963ec914ed4be0b7801bec2d5c6 [NON_LEADER]: Queue going to NON_LEADER mode. State: All replicated index: 0, Majority replicated index: 0, Committed index: 0, Last appended: 0.0, Last appended by leader: 0, Current term: 0, Majority size: -1, State: 0, Mode: NON_LEADER, active raft config: opid_index: -1 OBSOLETE_local: false peers { permanent_uuid: "894d49f1da164492b7f306754084b908" member_type: VOTER last_known_addr { host: "127.19.120.129" port: 42009 } } peers { permanent_uuid: "0300f963ec914ed4be0b7801bec2d5c6" member_type: VOTER last_known_addr { host: "127.19.120.130" port: 40983 } } peers { permanent_uuid: "55541a37bdfe45718693a9ca06187729" member_type: VOTER last_known_addr { host: "127.19.120.131" port: 36719 } }
I20260601 13:25:00.520255 20819 ts_tablet_manager.cc:1434] T 360f3d31223a4280b268326df7177200 P 0300f963ec914ed4be0b7801bec2d5c6: Time spent starting tablet: real 0.001s	user 0.001s	sys 0.000s
I20260601 13:25:00.520505 20819 tablet_bootstrap.cc:492] T 9d61f8663dbc41c89f022a27011ea5e7 P 0300f963ec914ed4be0b7801bec2d5c6: Bootstrap starting.
I20260601 13:25:00.522356 20819 tablet_bootstrap.cc:654] T 9d61f8663dbc41c89f022a27011ea5e7 P 0300f963ec914ed4be0b7801bec2d5c6: Neither blocks nor log segments found. Creating new log.
I20260601 13:25:00.523948 20819 tablet_bootstrap.cc:492] T 9d61f8663dbc41c89f022a27011ea5e7 P 0300f963ec914ed4be0b7801bec2d5c6: No bootstrap required, opened a new log
I20260601 13:25:00.524061 20819 ts_tablet_manager.cc:1403] T 9d61f8663dbc41c89f022a27011ea5e7 P 0300f963ec914ed4be0b7801bec2d5c6: Time spent bootstrapping tablet: real 0.004s	user 0.003s	sys 0.000s
I20260601 13:25:00.524540 20819 raft_consensus.cc:359] T 9d61f8663dbc41c89f022a27011ea5e7 P 0300f963ec914ed4be0b7801bec2d5c6 [term 0 FOLLOWER]: Replica starting. Triggering 0 pending ops. Active config: opid_index: -1 OBSOLETE_local: false peers { permanent_uuid: "894d49f1da164492b7f306754084b908" member_type: VOTER last_known_addr { host: "127.19.120.129" port: 42009 } } peers { permanent_uuid: "0300f963ec914ed4be0b7801bec2d5c6" member_type: VOTER last_known_addr { host: "127.19.120.130" port: 40983 } } peers { permanent_uuid: "55541a37bdfe45718693a9ca06187729" member_type: VOTER last_known_addr { host: "127.19.120.131" port: 36719 } }
I20260601 13:25:00.524654 20819 raft_consensus.cc:385] T 9d61f8663dbc41c89f022a27011ea5e7 P 0300f963ec914ed4be0b7801bec2d5c6 [term 0 FOLLOWER]: Consensus starting up: Expiring failure detector timer to make a prompt election more likely
I20260601 13:25:00.524678 20819 raft_consensus.cc:740] T 9d61f8663dbc41c89f022a27011ea5e7 P 0300f963ec914ed4be0b7801bec2d5c6 [term 0 FOLLOWER]: Becoming Follower/Learner. State: Replica: 0300f963ec914ed4be0b7801bec2d5c6, State: Initialized, Role: FOLLOWER
I20260601 13:25:00.524835 20819 consensus_queue.cc:260] T 9d61f8663dbc41c89f022a27011ea5e7 P 0300f963ec914ed4be0b7801bec2d5c6 [NON_LEADER]: Queue going to NON_LEADER mode. State: All replicated index: 0, Majority replicated index: 0, Committed index: 0, Last appended: 0.0, Last appended by leader: 0, Current term: 0, Majority size: -1, State: 0, Mode: NON_LEADER, active raft config: opid_index: -1 OBSOLETE_local: false peers { permanent_uuid: "894d49f1da164492b7f306754084b908" member_type: VOTER last_known_addr { host: "127.19.120.129" port: 42009 } } peers { permanent_uuid: "0300f963ec914ed4be0b7801bec2d5c6" member_type: VOTER last_known_addr { host: "127.19.120.130" port: 40983 } } peers { permanent_uuid: "55541a37bdfe45718693a9ca06187729" member_type: VOTER last_known_addr { host: "127.19.120.131" port: 36719 } }
I20260601 13:25:00.525038 20815 raft_consensus.cc:493] T 360f3d31223a4280b268326df7177200 P 55541a37bdfe45718693a9ca06187729 [term 0 FOLLOWER]: Starting pre-election (no leader contacted us within the election timeout)
I20260601 13:25:00.525117 20815 raft_consensus.cc:515] T 360f3d31223a4280b268326df7177200 P 55541a37bdfe45718693a9ca06187729 [term 0 FOLLOWER]: Starting pre-election with config: opid_index: -1 OBSOLETE_local: false peers { permanent_uuid: "894d49f1da164492b7f306754084b908" member_type: VOTER last_known_addr { host: "127.19.120.129" port: 42009 } } peers { permanent_uuid: "0300f963ec914ed4be0b7801bec2d5c6" member_type: VOTER last_known_addr { host: "127.19.120.130" port: 40983 } } peers { permanent_uuid: "55541a37bdfe45718693a9ca06187729" member_type: VOTER last_known_addr { host: "127.19.120.131" port: 36719 } }
I20260601 13:25:00.525678 20815 leader_election.cc:290] T 360f3d31223a4280b268326df7177200 P 55541a37bdfe45718693a9ca06187729 [CANDIDATE]: Term 1 pre-election: Requested pre-vote from peers 894d49f1da164492b7f306754084b908 (127.19.120.129:42009), 0300f963ec914ed4be0b7801bec2d5c6 (127.19.120.130:40983)
I20260601 13:25:00.526554 20819 ts_tablet_manager.cc:1434] T 9d61f8663dbc41c89f022a27011ea5e7 P 0300f963ec914ed4be0b7801bec2d5c6: Time spent starting tablet: real 0.002s	user 0.001s	sys 0.000s
I20260601 13:25:00.528018 20822 raft_consensus.cc:493] T 26795281346b47eebdc2a65a31670962 P 0300f963ec914ed4be0b7801bec2d5c6 [term 0 FOLLOWER]: Starting pre-election (no leader contacted us within the election timeout)
I20260601 13:25:00.528142 20822 raft_consensus.cc:515] T 26795281346b47eebdc2a65a31670962 P 0300f963ec914ed4be0b7801bec2d5c6 [term 0 FOLLOWER]: Starting pre-election with config: opid_index: -1 OBSOLETE_local: false peers { permanent_uuid: "894d49f1da164492b7f306754084b908" member_type: VOTER last_known_addr { host: "127.19.120.129" port: 42009 } } peers { permanent_uuid: "0300f963ec914ed4be0b7801bec2d5c6" member_type: VOTER last_known_addr { host: "127.19.120.130" port: 40983 } } peers { permanent_uuid: "55541a37bdfe45718693a9ca06187729" member_type: VOTER last_known_addr { host: "127.19.120.131" port: 36719 } }
I20260601 13:25:00.528725 20822 leader_election.cc:290] T 26795281346b47eebdc2a65a31670962 P 0300f963ec914ed4be0b7801bec2d5c6 [CANDIDATE]: Term 1 pre-election: Requested pre-vote from peers 894d49f1da164492b7f306754084b908 (127.19.120.129:42009), 55541a37bdfe45718693a9ca06187729 (127.19.120.131:36719)
I20260601 13:25:00.530838 20612 tablet_service.cc:1917] Received RequestConsensusVote() RPC: tablet_id: "360f3d31223a4280b268326df7177200" candidate_uuid: "55541a37bdfe45718693a9ca06187729" candidate_term: 1 candidate_status { last_received { term: 0 index: 0 } } ignore_live_leader: false dest_uuid: "894d49f1da164492b7f306754084b908" is_pre_election: true
I20260601 13:25:00.530992 20612 raft_consensus.cc:2468] T 360f3d31223a4280b268326df7177200 P 894d49f1da164492b7f306754084b908 [term 0 FOLLOWER]: Leader pre-election vote request: Granting yes vote for candidate 55541a37bdfe45718693a9ca06187729 in term 0.
I20260601 13:25:00.530965 20688 tablet_service.cc:1917] Received RequestConsensusVote() RPC: tablet_id: "360f3d31223a4280b268326df7177200" candidate_uuid: "55541a37bdfe45718693a9ca06187729" candidate_term: 1 candidate_status { last_received { term: 0 index: 0 } } ignore_live_leader: false dest_uuid: "0300f963ec914ed4be0b7801bec2d5c6" is_pre_election: true
I20260601 13:25:00.531088 20688 raft_consensus.cc:2468] T 360f3d31223a4280b268326df7177200 P 0300f963ec914ed4be0b7801bec2d5c6 [term 0 FOLLOWER]: Leader pre-election vote request: Granting yes vote for candidate 55541a37bdfe45718693a9ca06187729 in term 0.
I20260601 13:25:00.533138 20729 leader_election.cc:304] T 360f3d31223a4280b268326df7177200 P 55541a37bdfe45718693a9ca06187729 [CANDIDATE]: Term 1 pre-election: Election decided. Result: candidate won. Election summary: received 2 responses out of 3 voters: 2 yes votes; 0 no votes. yes voters: 55541a37bdfe45718693a9ca06187729, 894d49f1da164492b7f306754084b908; no voters: 
I20260601 13:25:00.533376 20815 raft_consensus.cc:2804] T 360f3d31223a4280b268326df7177200 P 55541a37bdfe45718693a9ca06187729 [term 0 FOLLOWER]: Leader pre-election won for term 1
I20260601 13:25:00.533435 20815 raft_consensus.cc:493] T 360f3d31223a4280b268326df7177200 P 55541a37bdfe45718693a9ca06187729 [term 0 FOLLOWER]: Starting leader election (no leader contacted us within the election timeout)
I20260601 13:25:00.533478 20815 raft_consensus.cc:3060] T 360f3d31223a4280b268326df7177200 P 55541a37bdfe45718693a9ca06187729 [term 0 FOLLOWER]: Advancing to term 1
I20260601 13:25:00.533816 20612 tablet_service.cc:1917] Received RequestConsensusVote() RPC: tablet_id: "26795281346b47eebdc2a65a31670962" candidate_uuid: "0300f963ec914ed4be0b7801bec2d5c6" candidate_term: 1 candidate_status { last_received { term: 0 index: 0 } } ignore_live_leader: false dest_uuid: "894d49f1da164492b7f306754084b908" is_pre_election: true
I20260601 13:25:00.533943 20612 raft_consensus.cc:2468] T 26795281346b47eebdc2a65a31670962 P 894d49f1da164492b7f306754084b908 [term 0 FOLLOWER]: Leader pre-election vote request: Granting yes vote for candidate 0300f963ec914ed4be0b7801bec2d5c6 in term 0.
I20260601 13:25:00.534250 20654 leader_election.cc:304] T 26795281346b47eebdc2a65a31670962 P 0300f963ec914ed4be0b7801bec2d5c6 [CANDIDATE]: Term 1 pre-election: Election decided. Result: candidate won. Election summary: received 2 responses out of 3 voters: 2 yes votes; 0 no votes. yes voters: 0300f963ec914ed4be0b7801bec2d5c6, 894d49f1da164492b7f306754084b908; no voters: 
I20260601 13:25:00.534420 20822 raft_consensus.cc:2804] T 26795281346b47eebdc2a65a31670962 P 0300f963ec914ed4be0b7801bec2d5c6 [term 0 FOLLOWER]: Leader pre-election won for term 1
I20260601 13:25:00.534467 20822 raft_consensus.cc:493] T 26795281346b47eebdc2a65a31670962 P 0300f963ec914ed4be0b7801bec2d5c6 [term 0 FOLLOWER]: Starting leader election (no leader contacted us within the election timeout)
I20260601 13:25:00.534510 20822 raft_consensus.cc:3060] T 26795281346b47eebdc2a65a31670962 P 0300f963ec914ed4be0b7801bec2d5c6 [term 0 FOLLOWER]: Advancing to term 1
I20260601 13:25:00.534792 20815 raft_consensus.cc:515] T 360f3d31223a4280b268326df7177200 P 55541a37bdfe45718693a9ca06187729 [term 1 FOLLOWER]: Starting leader election with config: opid_index: -1 OBSOLETE_local: false peers { permanent_uuid: "894d49f1da164492b7f306754084b908" member_type: VOTER last_known_addr { host: "127.19.120.129" port: 42009 } } peers { permanent_uuid: "0300f963ec914ed4be0b7801bec2d5c6" member_type: VOTER last_known_addr { host: "127.19.120.130" port: 40983 } } peers { permanent_uuid: "55541a37bdfe45718693a9ca06187729" member_type: VOTER last_known_addr { host: "127.19.120.131" port: 36719 } }
I20260601 13:25:00.535153 20815 leader_election.cc:290] T 360f3d31223a4280b268326df7177200 P 55541a37bdfe45718693a9ca06187729 [CANDIDATE]: Term 1 election: Requested vote from peers 894d49f1da164492b7f306754084b908 (127.19.120.129:42009), 0300f963ec914ed4be0b7801bec2d5c6 (127.19.120.130:40983)
I20260601 13:25:00.535413 20763 tablet_service.cc:1917] Received RequestConsensusVote() RPC: tablet_id: "26795281346b47eebdc2a65a31670962" candidate_uuid: "0300f963ec914ed4be0b7801bec2d5c6" candidate_term: 1 candidate_status { last_received { term: 0 index: 0 } } ignore_live_leader: false dest_uuid: "55541a37bdfe45718693a9ca06187729" is_pre_election: true
I20260601 13:25:00.535447 20822 raft_consensus.cc:515] T 26795281346b47eebdc2a65a31670962 P 0300f963ec914ed4be0b7801bec2d5c6 [term 1 FOLLOWER]: Starting leader election with config: opid_index: -1 OBSOLETE_local: false peers { permanent_uuid: "894d49f1da164492b7f306754084b908" member_type: VOTER last_known_addr { host: "127.19.120.129" port: 42009 } } peers { permanent_uuid: "0300f963ec914ed4be0b7801bec2d5c6" member_type: VOTER last_known_addr { host: "127.19.120.130" port: 40983 } } peers { permanent_uuid: "55541a37bdfe45718693a9ca06187729" member_type: VOTER last_known_addr { host: "127.19.120.131" port: 36719 } }
I20260601 13:25:00.535488 20612 tablet_service.cc:1917] Received RequestConsensusVote() RPC: tablet_id: "360f3d31223a4280b268326df7177200" candidate_uuid: "55541a37bdfe45718693a9ca06187729" candidate_term: 1 candidate_status { last_received { term: 0 index: 0 } } ignore_live_leader: false dest_uuid: "894d49f1da164492b7f306754084b908"
I20260601 13:25:00.535542 20763 raft_consensus.cc:2468] T 26795281346b47eebdc2a65a31670962 P 55541a37bdfe45718693a9ca06187729 [term 0 FOLLOWER]: Leader pre-election vote request: Granting yes vote for candidate 0300f963ec914ed4be0b7801bec2d5c6 in term 0.
I20260601 13:25:00.535593 20612 raft_consensus.cc:3060] T 360f3d31223a4280b268326df7177200 P 894d49f1da164492b7f306754084b908 [term 0 FOLLOWER]: Advancing to term 1
I20260601 13:25:00.535851 20822 leader_election.cc:290] T 26795281346b47eebdc2a65a31670962 P 0300f963ec914ed4be0b7801bec2d5c6 [CANDIDATE]: Term 1 election: Requested vote from peers 894d49f1da164492b7f306754084b908 (127.19.120.129:42009), 55541a37bdfe45718693a9ca06187729 (127.19.120.131:36719)
I20260601 13:25:00.536099 20688 tablet_service.cc:1917] Received RequestConsensusVote() RPC: tablet_id: "360f3d31223a4280b268326df7177200" candidate_uuid: "55541a37bdfe45718693a9ca06187729" candidate_term: 1 candidate_status { last_received { term: 0 index: 0 } } ignore_live_leader: false dest_uuid: "0300f963ec914ed4be0b7801bec2d5c6"
I20260601 13:25:00.536213 20688 raft_consensus.cc:3060] T 360f3d31223a4280b268326df7177200 P 0300f963ec914ed4be0b7801bec2d5c6 [term 0 FOLLOWER]: Advancing to term 1
I20260601 13:25:00.536302 20763 tablet_service.cc:1917] Received RequestConsensusVote() RPC: tablet_id: "26795281346b47eebdc2a65a31670962" candidate_uuid: "0300f963ec914ed4be0b7801bec2d5c6" candidate_term: 1 candidate_status { last_received { term: 0 index: 0 } } ignore_live_leader: false dest_uuid: "55541a37bdfe45718693a9ca06187729"
I20260601 13:25:00.536437 20763 raft_consensus.cc:3060] T 26795281346b47eebdc2a65a31670962 P 55541a37bdfe45718693a9ca06187729 [term 0 FOLLOWER]: Advancing to term 1
I20260601 13:25:00.536578 20612 raft_consensus.cc:2468] T 360f3d31223a4280b268326df7177200 P 894d49f1da164492b7f306754084b908 [term 1 FOLLOWER]: Leader election vote request: Granting yes vote for candidate 55541a37bdfe45718693a9ca06187729 in term 1.
I20260601 13:25:00.536868 20729 leader_election.cc:304] T 360f3d31223a4280b268326df7177200 P 55541a37bdfe45718693a9ca06187729 [CANDIDATE]: Term 1 election: Election decided. Result: candidate won. Election summary: received 2 responses out of 3 voters: 2 yes votes; 0 no votes. yes voters: 55541a37bdfe45718693a9ca06187729, 894d49f1da164492b7f306754084b908; no voters: 
I20260601 13:25:00.537055 20815 raft_consensus.cc:2804] T 360f3d31223a4280b268326df7177200 P 55541a37bdfe45718693a9ca06187729 [term 1 FOLLOWER]: Leader election won for term 1
I20260601 13:25:00.537206 20688 raft_consensus.cc:2468] T 360f3d31223a4280b268326df7177200 P 0300f963ec914ed4be0b7801bec2d5c6 [term 1 FOLLOWER]: Leader election vote request: Granting yes vote for candidate 55541a37bdfe45718693a9ca06187729 in term 1.
I20260601 13:25:00.537350 20815 raft_consensus.cc:697] T 360f3d31223a4280b268326df7177200 P 55541a37bdfe45718693a9ca06187729 [term 1 LEADER]: Becoming Leader. State: Replica: 55541a37bdfe45718693a9ca06187729, State: Running, Role: LEADER
I20260601 13:25:00.537523 20815 consensus_queue.cc:237] T 360f3d31223a4280b268326df7177200 P 55541a37bdfe45718693a9ca06187729 [LEADER]: Queue going to LEADER mode. State: All replicated index: 0, Majority replicated index: 0, Committed index: 0, Last appended: 0.0, Last appended by leader: 0, Current term: 1, Majority size: 2, State: 0, Mode: LEADER, active raft config: opid_index: -1 OBSOLETE_local: false peers { permanent_uuid: "894d49f1da164492b7f306754084b908" member_type: VOTER last_known_addr { host: "127.19.120.129" port: 42009 } } peers { permanent_uuid: "0300f963ec914ed4be0b7801bec2d5c6" member_type: VOTER last_known_addr { host: "127.19.120.130" port: 40983 } } peers { permanent_uuid: "55541a37bdfe45718693a9ca06187729" member_type: VOTER last_known_addr { host: "127.19.120.131" port: 36719 } }
I20260601 13:25:00.537699 20612 tablet_service.cc:1917] Received RequestConsensusVote() RPC: tablet_id: "26795281346b47eebdc2a65a31670962" candidate_uuid: "0300f963ec914ed4be0b7801bec2d5c6" candidate_term: 1 candidate_status { last_received { term: 0 index: 0 } } ignore_live_leader: false dest_uuid: "894d49f1da164492b7f306754084b908"
I20260601 13:25:00.537734 20763 raft_consensus.cc:2468] T 26795281346b47eebdc2a65a31670962 P 55541a37bdfe45718693a9ca06187729 [term 1 FOLLOWER]: Leader election vote request: Granting yes vote for candidate 0300f963ec914ed4be0b7801bec2d5c6 in term 1.
I20260601 13:25:00.537791 20612 raft_consensus.cc:3060] T 26795281346b47eebdc2a65a31670962 P 894d49f1da164492b7f306754084b908 [term 0 FOLLOWER]: Advancing to term 1
I20260601 13:25:00.538025 20652 leader_election.cc:304] T 26795281346b47eebdc2a65a31670962 P 0300f963ec914ed4be0b7801bec2d5c6 [CANDIDATE]: Term 1 election: Election decided. Result: candidate won. Election summary: received 2 responses out of 3 voters: 2 yes votes; 0 no votes. yes voters: 0300f963ec914ed4be0b7801bec2d5c6, 55541a37bdfe45718693a9ca06187729; no voters: 
I20260601 13:25:00.538652 20612 raft_consensus.cc:2468] T 26795281346b47eebdc2a65a31670962 P 894d49f1da164492b7f306754084b908 [term 1 FOLLOWER]: Leader election vote request: Granting yes vote for candidate 0300f963ec914ed4be0b7801bec2d5c6 in term 1.
I20260601 13:25:00.538865 20822 raft_consensus.cc:2804] T 26795281346b47eebdc2a65a31670962 P 0300f963ec914ed4be0b7801bec2d5c6 [term 1 FOLLOWER]: Leader election won for term 1
I20260601 13:25:00.539067 20822 raft_consensus.cc:697] T 26795281346b47eebdc2a65a31670962 P 0300f963ec914ed4be0b7801bec2d5c6 [term 1 LEADER]: Becoming Leader. State: Replica: 0300f963ec914ed4be0b7801bec2d5c6, State: Running, Role: LEADER
I20260601 13:25:00.539219 20822 consensus_queue.cc:237] T 26795281346b47eebdc2a65a31670962 P 0300f963ec914ed4be0b7801bec2d5c6 [LEADER]: Queue going to LEADER mode. State: All replicated index: 0, Majority replicated index: 0, Committed index: 0, Last appended: 0.0, Last appended by leader: 0, Current term: 1, Majority size: 2, State: 0, Mode: LEADER, active raft config: opid_index: -1 OBSOLETE_local: false peers { permanent_uuid: "894d49f1da164492b7f306754084b908" member_type: VOTER last_known_addr { host: "127.19.120.129" port: 42009 } } peers { permanent_uuid: "0300f963ec914ed4be0b7801bec2d5c6" member_type: VOTER last_known_addr { host: "127.19.120.130" port: 40983 } } peers { permanent_uuid: "55541a37bdfe45718693a9ca06187729" member_type: VOTER last_known_addr { host: "127.19.120.131" port: 36719 } }
I20260601 13:25:00.539722 20508 catalog_manager.cc:5696] T 360f3d31223a4280b268326df7177200 P 55541a37bdfe45718693a9ca06187729 reported cstate change: term changed from 0 to 1, leader changed from <none> to 55541a37bdfe45718693a9ca06187729 (127.19.120.131). New cstate: current_term: 1 leader_uuid: "55541a37bdfe45718693a9ca06187729" committed_config { opid_index: -1 OBSOLETE_local: false peers { permanent_uuid: "894d49f1da164492b7f306754084b908" member_type: VOTER last_known_addr { host: "127.19.120.129" port: 42009 } health_report { overall_health: UNKNOWN } } peers { permanent_uuid: "0300f963ec914ed4be0b7801bec2d5c6" member_type: VOTER last_known_addr { host: "127.19.120.130" port: 40983 } health_report { overall_health: UNKNOWN } } peers { permanent_uuid: "55541a37bdfe45718693a9ca06187729" member_type: VOTER last_known_addr { host: "127.19.120.131" port: 36719 } health_report { overall_health: HEALTHY } } }
I20260601 13:25:00.540874 20509 catalog_manager.cc:5696] T 26795281346b47eebdc2a65a31670962 P 0300f963ec914ed4be0b7801bec2d5c6 reported cstate change: term changed from 0 to 1, leader changed from <none> to 0300f963ec914ed4be0b7801bec2d5c6 (127.19.120.130). New cstate: current_term: 1 leader_uuid: "0300f963ec914ed4be0b7801bec2d5c6" committed_config { opid_index: -1 OBSOLETE_local: false peers { permanent_uuid: "894d49f1da164492b7f306754084b908" member_type: VOTER last_known_addr { host: "127.19.120.129" port: 42009 } health_report { overall_health: UNKNOWN } } peers { permanent_uuid: "0300f963ec914ed4be0b7801bec2d5c6" member_type: VOTER last_known_addr { host: "127.19.120.130" port: 40983 } health_report { overall_health: HEALTHY } } peers { permanent_uuid: "55541a37bdfe45718693a9ca06187729" member_type: VOTER last_known_addr { host: "127.19.120.131" port: 36719 } health_report { overall_health: UNKNOWN } } }
I20260601 13:25:00.582633 20812 raft_consensus.cc:493] T 803bf4e1affe4e0c8ff33c27e8805d57 P 894d49f1da164492b7f306754084b908 [term 0 FOLLOWER]: Starting pre-election (no leader contacted us within the election timeout)
I20260601 13:25:00.582834 20812 raft_consensus.cc:515] T 803bf4e1affe4e0c8ff33c27e8805d57 P 894d49f1da164492b7f306754084b908 [term 0 FOLLOWER]: Starting pre-election with config: opid_index: -1 OBSOLETE_local: false peers { permanent_uuid: "894d49f1da164492b7f306754084b908" member_type: VOTER last_known_addr { host: "127.19.120.129" port: 42009 } } peers { permanent_uuid: "55541a37bdfe45718693a9ca06187729" member_type: VOTER last_known_addr { host: "127.19.120.131" port: 36719 } } peers { permanent_uuid: "0300f963ec914ed4be0b7801bec2d5c6" member_type: VOTER last_known_addr { host: "127.19.120.130" port: 40983 } }
I20260601 13:25:00.583612 20812 leader_election.cc:290] T 803bf4e1affe4e0c8ff33c27e8805d57 P 894d49f1da164492b7f306754084b908 [CANDIDATE]: Term 1 pre-election: Requested pre-vote from peers 55541a37bdfe45718693a9ca06187729 (127.19.120.131:36719), 0300f963ec914ed4be0b7801bec2d5c6 (127.19.120.130:40983)
I20260601 13:25:00.588673 20688 tablet_service.cc:1917] Received RequestConsensusVote() RPC: tablet_id: "803bf4e1affe4e0c8ff33c27e8805d57" candidate_uuid: "894d49f1da164492b7f306754084b908" candidate_term: 1 candidate_status { last_received { term: 0 index: 0 } } ignore_live_leader: false dest_uuid: "0300f963ec914ed4be0b7801bec2d5c6" is_pre_election: true
I20260601 13:25:00.588673 20763 tablet_service.cc:1917] Received RequestConsensusVote() RPC: tablet_id: "803bf4e1affe4e0c8ff33c27e8805d57" candidate_uuid: "894d49f1da164492b7f306754084b908" candidate_term: 1 candidate_status { last_received { term: 0 index: 0 } } ignore_live_leader: false dest_uuid: "55541a37bdfe45718693a9ca06187729" is_pre_election: true
I20260601 13:25:00.588948 20688 raft_consensus.cc:2468] T 803bf4e1affe4e0c8ff33c27e8805d57 P 0300f963ec914ed4be0b7801bec2d5c6 [term 0 FOLLOWER]: Leader pre-election vote request: Granting yes vote for candidate 894d49f1da164492b7f306754084b908 in term 0.
I20260601 13:25:00.588948 20763 raft_consensus.cc:2468] T 803bf4e1affe4e0c8ff33c27e8805d57 P 55541a37bdfe45718693a9ca06187729 [term 0 FOLLOWER]: Leader pre-election vote request: Granting yes vote for candidate 894d49f1da164492b7f306754084b908 in term 0.
I20260601 13:25:00.589310 20576 leader_election.cc:304] T 803bf4e1affe4e0c8ff33c27e8805d57 P 894d49f1da164492b7f306754084b908 [CANDIDATE]: Term 1 pre-election: Election decided. Result: candidate won. Election summary: received 2 responses out of 3 voters: 2 yes votes; 0 no votes. yes voters: 55541a37bdfe45718693a9ca06187729, 894d49f1da164492b7f306754084b908; no voters: 
I20260601 13:25:00.589607 20812 raft_consensus.cc:2804] T 803bf4e1affe4e0c8ff33c27e8805d57 P 894d49f1da164492b7f306754084b908 [term 0 FOLLOWER]: Leader pre-election won for term 1
I20260601 13:25:00.589677 20812 raft_consensus.cc:493] T 803bf4e1affe4e0c8ff33c27e8805d57 P 894d49f1da164492b7f306754084b908 [term 0 FOLLOWER]: Starting leader election (no leader contacted us within the election timeout)
I20260601 13:25:00.589707 20812 raft_consensus.cc:3060] T 803bf4e1affe4e0c8ff33c27e8805d57 P 894d49f1da164492b7f306754084b908 [term 0 FOLLOWER]: Advancing to term 1
I20260601 13:25:00.590837 20812 raft_consensus.cc:515] T 803bf4e1affe4e0c8ff33c27e8805d57 P 894d49f1da164492b7f306754084b908 [term 1 FOLLOWER]: Starting leader election with config: opid_index: -1 OBSOLETE_local: false peers { permanent_uuid: "894d49f1da164492b7f306754084b908" member_type: VOTER last_known_addr { host: "127.19.120.129" port: 42009 } } peers { permanent_uuid: "55541a37bdfe45718693a9ca06187729" member_type: VOTER last_known_addr { host: "127.19.120.131" port: 36719 } } peers { permanent_uuid: "0300f963ec914ed4be0b7801bec2d5c6" member_type: VOTER last_known_addr { host: "127.19.120.130" port: 40983 } }
I20260601 13:25:00.591303 20812 leader_election.cc:290] T 803bf4e1affe4e0c8ff33c27e8805d57 P 894d49f1da164492b7f306754084b908 [CANDIDATE]: Term 1 election: Requested vote from peers 55541a37bdfe45718693a9ca06187729 (127.19.120.131:36719), 0300f963ec914ed4be0b7801bec2d5c6 (127.19.120.130:40983)
I20260601 13:25:00.591925 20763 tablet_service.cc:1917] Received RequestConsensusVote() RPC: tablet_id: "803bf4e1affe4e0c8ff33c27e8805d57" candidate_uuid: "894d49f1da164492b7f306754084b908" candidate_term: 1 candidate_status { last_received { term: 0 index: 0 } } ignore_live_leader: false dest_uuid: "55541a37bdfe45718693a9ca06187729"
I20260601 13:25:00.592039 20763 raft_consensus.cc:3060] T 803bf4e1affe4e0c8ff33c27e8805d57 P 55541a37bdfe45718693a9ca06187729 [term 0 FOLLOWER]: Advancing to term 1
I20260601 13:25:00.592236 20688 tablet_service.cc:1917] Received RequestConsensusVote() RPC: tablet_id: "803bf4e1affe4e0c8ff33c27e8805d57" candidate_uuid: "894d49f1da164492b7f306754084b908" candidate_term: 1 candidate_status { last_received { term: 0 index: 0 } } ignore_live_leader: false dest_uuid: "0300f963ec914ed4be0b7801bec2d5c6"
I20260601 13:25:00.592376 20688 raft_consensus.cc:3060] T 803bf4e1affe4e0c8ff33c27e8805d57 P 0300f963ec914ed4be0b7801bec2d5c6 [term 0 FOLLOWER]: Advancing to term 1
I20260601 13:25:00.593066 20763 raft_consensus.cc:2468] T 803bf4e1affe4e0c8ff33c27e8805d57 P 55541a37bdfe45718693a9ca06187729 [term 1 FOLLOWER]: Leader election vote request: Granting yes vote for candidate 894d49f1da164492b7f306754084b908 in term 1.
I20260601 13:25:00.593307 20688 raft_consensus.cc:2468] T 803bf4e1affe4e0c8ff33c27e8805d57 P 0300f963ec914ed4be0b7801bec2d5c6 [term 1 FOLLOWER]: Leader election vote request: Granting yes vote for candidate 894d49f1da164492b7f306754084b908 in term 1.
I20260601 13:25:00.593451 20576 leader_election.cc:304] T 803bf4e1affe4e0c8ff33c27e8805d57 P 894d49f1da164492b7f306754084b908 [CANDIDATE]: Term 1 election: Election decided. Result: candidate won. Election summary: received 2 responses out of 3 voters: 2 yes votes; 0 no votes. yes voters: 55541a37bdfe45718693a9ca06187729, 894d49f1da164492b7f306754084b908; no voters: 
I20260601 13:25:00.593631 20812 raft_consensus.cc:2804] T 803bf4e1affe4e0c8ff33c27e8805d57 P 894d49f1da164492b7f306754084b908 [term 1 FOLLOWER]: Leader election won for term 1
I20260601 13:25:00.593925 20812 raft_consensus.cc:697] T 803bf4e1affe4e0c8ff33c27e8805d57 P 894d49f1da164492b7f306754084b908 [term 1 LEADER]: Becoming Leader. State: Replica: 894d49f1da164492b7f306754084b908, State: Running, Role: LEADER
I20260601 13:25:00.594108 20812 consensus_queue.cc:237] T 803bf4e1affe4e0c8ff33c27e8805d57 P 894d49f1da164492b7f306754084b908 [LEADER]: Queue going to LEADER mode. State: All replicated index: 0, Majority replicated index: 0, Committed index: 0, Last appended: 0.0, Last appended by leader: 0, Current term: 1, Majority size: 2, State: 0, Mode: LEADER, active raft config: opid_index: -1 OBSOLETE_local: false peers { permanent_uuid: "894d49f1da164492b7f306754084b908" member_type: VOTER last_known_addr { host: "127.19.120.129" port: 42009 } } peers { permanent_uuid: "55541a37bdfe45718693a9ca06187729" member_type: VOTER last_known_addr { host: "127.19.120.131" port: 36719 } } peers { permanent_uuid: "0300f963ec914ed4be0b7801bec2d5c6" member_type: VOTER last_known_addr { host: "127.19.120.130" port: 40983 } }
I20260601 13:25:00.596310 20509 catalog_manager.cc:5696] T 803bf4e1affe4e0c8ff33c27e8805d57 P 894d49f1da164492b7f306754084b908 reported cstate change: term changed from 0 to 1, leader changed from <none> to 894d49f1da164492b7f306754084b908 (127.19.120.129). New cstate: current_term: 1 leader_uuid: "894d49f1da164492b7f306754084b908" committed_config { opid_index: -1 OBSOLETE_local: false peers { permanent_uuid: "894d49f1da164492b7f306754084b908" member_type: VOTER last_known_addr { host: "127.19.120.129" port: 42009 } health_report { overall_health: HEALTHY } } peers { permanent_uuid: "55541a37bdfe45718693a9ca06187729" member_type: VOTER last_known_addr { host: "127.19.120.131" port: 36719 } health_report { overall_health: UNKNOWN } } peers { permanent_uuid: "0300f963ec914ed4be0b7801bec2d5c6" member_type: VOTER last_known_addr { host: "127.19.120.130" port: 40983 } health_report { overall_health: UNKNOWN } } }
I20260601 13:25:00.646153 20822 raft_consensus.cc:493] T ada7689fbba94a0f92ec92d4a511eff9 P 0300f963ec914ed4be0b7801bec2d5c6 [term 0 FOLLOWER]: Starting pre-election (no leader contacted us within the election timeout)
I20260601 13:25:00.646364 20822 raft_consensus.cc:515] T ada7689fbba94a0f92ec92d4a511eff9 P 0300f963ec914ed4be0b7801bec2d5c6 [term 0 FOLLOWER]: Starting pre-election with config: opid_index: -1 OBSOLETE_local: false peers { permanent_uuid: "894d49f1da164492b7f306754084b908" member_type: VOTER last_known_addr { host: "127.19.120.129" port: 42009 } } peers { permanent_uuid: "0300f963ec914ed4be0b7801bec2d5c6" member_type: VOTER last_known_addr { host: "127.19.120.130" port: 40983 } } peers { permanent_uuid: "55541a37bdfe45718693a9ca06187729" member_type: VOTER last_known_addr { host: "127.19.120.131" port: 36719 } }
I20260601 13:25:00.646989 20822 leader_election.cc:290] T ada7689fbba94a0f92ec92d4a511eff9 P 0300f963ec914ed4be0b7801bec2d5c6 [CANDIDATE]: Term 1 pre-election: Requested pre-vote from peers 894d49f1da164492b7f306754084b908 (127.19.120.129:42009), 55541a37bdfe45718693a9ca06187729 (127.19.120.131:36719)
I20260601 13:25:00.647465 20763 tablet_service.cc:1917] Received RequestConsensusVote() RPC: tablet_id: "ada7689fbba94a0f92ec92d4a511eff9" candidate_uuid: "0300f963ec914ed4be0b7801bec2d5c6" candidate_term: 1 candidate_status { last_received { term: 0 index: 0 } } ignore_live_leader: false dest_uuid: "55541a37bdfe45718693a9ca06187729" is_pre_election: true
I20260601 13:25:00.647465 20612 tablet_service.cc:1917] Received RequestConsensusVote() RPC: tablet_id: "ada7689fbba94a0f92ec92d4a511eff9" candidate_uuid: "0300f963ec914ed4be0b7801bec2d5c6" candidate_term: 1 candidate_status { last_received { term: 0 index: 0 } } ignore_live_leader: false dest_uuid: "894d49f1da164492b7f306754084b908" is_pre_election: true
I20260601 13:25:00.647648 20763 raft_consensus.cc:2468] T ada7689fbba94a0f92ec92d4a511eff9 P 55541a37bdfe45718693a9ca06187729 [term 0 FOLLOWER]: Leader pre-election vote request: Granting yes vote for candidate 0300f963ec914ed4be0b7801bec2d5c6 in term 0.
I20260601 13:25:00.647648 20612 raft_consensus.cc:2468] T ada7689fbba94a0f92ec92d4a511eff9 P 894d49f1da164492b7f306754084b908 [term 0 FOLLOWER]: Leader pre-election vote request: Granting yes vote for candidate 0300f963ec914ed4be0b7801bec2d5c6 in term 0.
I20260601 13:25:00.647989 20654 leader_election.cc:304] T ada7689fbba94a0f92ec92d4a511eff9 P 0300f963ec914ed4be0b7801bec2d5c6 [CANDIDATE]: Term 1 pre-election: Election decided. Result: candidate won. Election summary: received 2 responses out of 3 voters: 2 yes votes; 0 no votes. yes voters: 0300f963ec914ed4be0b7801bec2d5c6, 894d49f1da164492b7f306754084b908; no voters: 
I20260601 13:25:00.648216 20822 raft_consensus.cc:2804] T ada7689fbba94a0f92ec92d4a511eff9 P 0300f963ec914ed4be0b7801bec2d5c6 [term 0 FOLLOWER]: Leader pre-election won for term 1
I20260601 13:25:00.648279 20822 raft_consensus.cc:493] T ada7689fbba94a0f92ec92d4a511eff9 P 0300f963ec914ed4be0b7801bec2d5c6 [term 0 FOLLOWER]: Starting leader election (no leader contacted us within the election timeout)
I20260601 13:25:00.648310 20822 raft_consensus.cc:3060] T ada7689fbba94a0f92ec92d4a511eff9 P 0300f963ec914ed4be0b7801bec2d5c6 [term 0 FOLLOWER]: Advancing to term 1
I20260601 13:25:00.649415 20822 raft_consensus.cc:515] T ada7689fbba94a0f92ec92d4a511eff9 P 0300f963ec914ed4be0b7801bec2d5c6 [term 1 FOLLOWER]: Starting leader election with config: opid_index: -1 OBSOLETE_local: false peers { permanent_uuid: "894d49f1da164492b7f306754084b908" member_type: VOTER last_known_addr { host: "127.19.120.129" port: 42009 } } peers { permanent_uuid: "0300f963ec914ed4be0b7801bec2d5c6" member_type: VOTER last_known_addr { host: "127.19.120.130" port: 40983 } } peers { permanent_uuid: "55541a37bdfe45718693a9ca06187729" member_type: VOTER last_known_addr { host: "127.19.120.131" port: 36719 } }
I20260601 13:25:00.649821 20822 leader_election.cc:290] T ada7689fbba94a0f92ec92d4a511eff9 P 0300f963ec914ed4be0b7801bec2d5c6 [CANDIDATE]: Term 1 election: Requested vote from peers 894d49f1da164492b7f306754084b908 (127.19.120.129:42009), 55541a37bdfe45718693a9ca06187729 (127.19.120.131:36719)
I20260601 13:25:00.650301 20763 tablet_service.cc:1917] Received RequestConsensusVote() RPC: tablet_id: "ada7689fbba94a0f92ec92d4a511eff9" candidate_uuid: "0300f963ec914ed4be0b7801bec2d5c6" candidate_term: 1 candidate_status { last_received { term: 0 index: 0 } } ignore_live_leader: false dest_uuid: "55541a37bdfe45718693a9ca06187729"
I20260601 13:25:00.650301 20612 tablet_service.cc:1917] Received RequestConsensusVote() RPC: tablet_id: "ada7689fbba94a0f92ec92d4a511eff9" candidate_uuid: "0300f963ec914ed4be0b7801bec2d5c6" candidate_term: 1 candidate_status { last_received { term: 0 index: 0 } } ignore_live_leader: false dest_uuid: "894d49f1da164492b7f306754084b908"
I20260601 13:25:00.650480 20763 raft_consensus.cc:3060] T ada7689fbba94a0f92ec92d4a511eff9 P 55541a37bdfe45718693a9ca06187729 [term 0 FOLLOWER]: Advancing to term 1
I20260601 13:25:00.650480 20612 raft_consensus.cc:3060] T ada7689fbba94a0f92ec92d4a511eff9 P 894d49f1da164492b7f306754084b908 [term 0 FOLLOWER]: Advancing to term 1
I20260601 13:25:00.651698 20763 raft_consensus.cc:2468] T ada7689fbba94a0f92ec92d4a511eff9 P 55541a37bdfe45718693a9ca06187729 [term 1 FOLLOWER]: Leader election vote request: Granting yes vote for candidate 0300f963ec914ed4be0b7801bec2d5c6 in term 1.
I20260601 13:25:00.651698 20612 raft_consensus.cc:2468] T ada7689fbba94a0f92ec92d4a511eff9 P 894d49f1da164492b7f306754084b908 [term 1 FOLLOWER]: Leader election vote request: Granting yes vote for candidate 0300f963ec914ed4be0b7801bec2d5c6 in term 1.
I20260601 13:25:00.652071 20654 leader_election.cc:304] T ada7689fbba94a0f92ec92d4a511eff9 P 0300f963ec914ed4be0b7801bec2d5c6 [CANDIDATE]: Term 1 election: Election decided. Result: candidate won. Election summary: received 2 responses out of 3 voters: 2 yes votes; 0 no votes. yes voters: 0300f963ec914ed4be0b7801bec2d5c6, 894d49f1da164492b7f306754084b908; no voters: 
I20260601 13:25:00.652278 20822 raft_consensus.cc:2804] T ada7689fbba94a0f92ec92d4a511eff9 P 0300f963ec914ed4be0b7801bec2d5c6 [term 1 FOLLOWER]: Leader election won for term 1
I20260601 13:25:00.652417 20822 raft_consensus.cc:697] T ada7689fbba94a0f92ec92d4a511eff9 P 0300f963ec914ed4be0b7801bec2d5c6 [term 1 LEADER]: Becoming Leader. State: Replica: 0300f963ec914ed4be0b7801bec2d5c6, State: Running, Role: LEADER
I20260601 13:25:00.652606 20822 consensus_queue.cc:237] T ada7689fbba94a0f92ec92d4a511eff9 P 0300f963ec914ed4be0b7801bec2d5c6 [LEADER]: Queue going to LEADER mode. State: All replicated index: 0, Majority replicated index: 0, Committed index: 0, Last appended: 0.0, Last appended by leader: 0, Current term: 1, Majority size: 2, State: 0, Mode: LEADER, active raft config: opid_index: -1 OBSOLETE_local: false peers { permanent_uuid: "894d49f1da164492b7f306754084b908" member_type: VOTER last_known_addr { host: "127.19.120.129" port: 42009 } } peers { permanent_uuid: "0300f963ec914ed4be0b7801bec2d5c6" member_type: VOTER last_known_addr { host: "127.19.120.130" port: 40983 } } peers { permanent_uuid: "55541a37bdfe45718693a9ca06187729" member_type: VOTER last_known_addr { host: "127.19.120.131" port: 36719 } }
I20260601 13:25:00.654646 20509 catalog_manager.cc:5696] T ada7689fbba94a0f92ec92d4a511eff9 P 0300f963ec914ed4be0b7801bec2d5c6 reported cstate change: term changed from 0 to 1, leader changed from <none> to 0300f963ec914ed4be0b7801bec2d5c6 (127.19.120.130). New cstate: current_term: 1 leader_uuid: "0300f963ec914ed4be0b7801bec2d5c6" committed_config { opid_index: -1 OBSOLETE_local: false peers { permanent_uuid: "894d49f1da164492b7f306754084b908" member_type: VOTER last_known_addr { host: "127.19.120.129" port: 42009 } health_report { overall_health: UNKNOWN } } peers { permanent_uuid: "0300f963ec914ed4be0b7801bec2d5c6" member_type: VOTER last_known_addr { host: "127.19.120.130" port: 40983 } health_report { overall_health: HEALTHY } } peers { permanent_uuid: "55541a37bdfe45718693a9ca06187729" member_type: VOTER last_known_addr { host: "127.19.120.131" port: 36719 } health_report { overall_health: UNKNOWN } } }
I20260601 13:25:00.668001 20844 raft_consensus.cc:493] T 338183ded6ca4ea5af966f1b3f628a3a P 55541a37bdfe45718693a9ca06187729 [term 0 FOLLOWER]: Starting pre-election (no leader contacted us within the election timeout)
I20260601 13:25:00.668219 20844 raft_consensus.cc:515] T 338183ded6ca4ea5af966f1b3f628a3a P 55541a37bdfe45718693a9ca06187729 [term 0 FOLLOWER]: Starting pre-election with config: opid_index: -1 OBSOLETE_local: false peers { permanent_uuid: "894d49f1da164492b7f306754084b908" member_type: VOTER last_known_addr { host: "127.19.120.129" port: 42009 } } peers { permanent_uuid: "0300f963ec914ed4be0b7801bec2d5c6" member_type: VOTER last_known_addr { host: "127.19.120.130" port: 40983 } } peers { permanent_uuid: "55541a37bdfe45718693a9ca06187729" member_type: VOTER last_known_addr { host: "127.19.120.131" port: 36719 } }
I20260601 13:25:00.668923 20844 leader_election.cc:290] T 338183ded6ca4ea5af966f1b3f628a3a P 55541a37bdfe45718693a9ca06187729 [CANDIDATE]: Term 1 pre-election: Requested pre-vote from peers 894d49f1da164492b7f306754084b908 (127.19.120.129:42009), 0300f963ec914ed4be0b7801bec2d5c6 (127.19.120.130:40983)
I20260601 13:25:00.669445 20612 tablet_service.cc:1917] Received RequestConsensusVote() RPC: tablet_id: "338183ded6ca4ea5af966f1b3f628a3a" candidate_uuid: "55541a37bdfe45718693a9ca06187729" candidate_term: 1 candidate_status { last_received { term: 0 index: 0 } } ignore_live_leader: false dest_uuid: "894d49f1da164492b7f306754084b908" is_pre_election: true
I20260601 13:25:00.669445 20688 tablet_service.cc:1917] Received RequestConsensusVote() RPC: tablet_id: "338183ded6ca4ea5af966f1b3f628a3a" candidate_uuid: "55541a37bdfe45718693a9ca06187729" candidate_term: 1 candidate_status { last_received { term: 0 index: 0 } } ignore_live_leader: false dest_uuid: "0300f963ec914ed4be0b7801bec2d5c6" is_pre_election: true
I20260601 13:25:00.669652 20688 raft_consensus.cc:2468] T 338183ded6ca4ea5af966f1b3f628a3a P 0300f963ec914ed4be0b7801bec2d5c6 [term 0 FOLLOWER]: Leader pre-election vote request: Granting yes vote for candidate 55541a37bdfe45718693a9ca06187729 in term 0.
I20260601 13:25:00.669652 20612 raft_consensus.cc:2468] T 338183ded6ca4ea5af966f1b3f628a3a P 894d49f1da164492b7f306754084b908 [term 0 FOLLOWER]: Leader pre-election vote request: Granting yes vote for candidate 55541a37bdfe45718693a9ca06187729 in term 0.
I20260601 13:25:00.670092 20727 leader_election.cc:304] T 338183ded6ca4ea5af966f1b3f628a3a P 55541a37bdfe45718693a9ca06187729 [CANDIDATE]: Term 1 pre-election: Election decided. Result: candidate won. Election summary: received 2 responses out of 3 voters: 2 yes votes; 0 no votes. yes voters: 0300f963ec914ed4be0b7801bec2d5c6, 55541a37bdfe45718693a9ca06187729; no voters: 
I20260601 13:25:00.670367 20844 raft_consensus.cc:2804] T 338183ded6ca4ea5af966f1b3f628a3a P 55541a37bdfe45718693a9ca06187729 [term 0 FOLLOWER]: Leader pre-election won for term 1
I20260601 13:25:00.670450 20844 raft_consensus.cc:493] T 338183ded6ca4ea5af966f1b3f628a3a P 55541a37bdfe45718693a9ca06187729 [term 0 FOLLOWER]: Starting leader election (no leader contacted us within the election timeout)
I20260601 13:25:00.670507 20844 raft_consensus.cc:3060] T 338183ded6ca4ea5af966f1b3f628a3a P 55541a37bdfe45718693a9ca06187729 [term 0 FOLLOWER]: Advancing to term 1
I20260601 13:25:00.672044 20844 raft_consensus.cc:515] T 338183ded6ca4ea5af966f1b3f628a3a P 55541a37bdfe45718693a9ca06187729 [term 1 FOLLOWER]: Starting leader election with config: opid_index: -1 OBSOLETE_local: false peers { permanent_uuid: "894d49f1da164492b7f306754084b908" member_type: VOTER last_known_addr { host: "127.19.120.129" port: 42009 } } peers { permanent_uuid: "0300f963ec914ed4be0b7801bec2d5c6" member_type: VOTER last_known_addr { host: "127.19.120.130" port: 40983 } } peers { permanent_uuid: "55541a37bdfe45718693a9ca06187729" member_type: VOTER last_known_addr { host: "127.19.120.131" port: 36719 } }
I20260601 13:25:00.672487 20844 leader_election.cc:290] T 338183ded6ca4ea5af966f1b3f628a3a P 55541a37bdfe45718693a9ca06187729 [CANDIDATE]: Term 1 election: Requested vote from peers 894d49f1da164492b7f306754084b908 (127.19.120.129:42009), 0300f963ec914ed4be0b7801bec2d5c6 (127.19.120.130:40983)
I20260601 13:25:00.673030 20612 tablet_service.cc:1917] Received RequestConsensusVote() RPC: tablet_id: "338183ded6ca4ea5af966f1b3f628a3a" candidate_uuid: "55541a37bdfe45718693a9ca06187729" candidate_term: 1 candidate_status { last_received { term: 0 index: 0 } } ignore_live_leader: false dest_uuid: "894d49f1da164492b7f306754084b908"
I20260601 13:25:00.673030 20688 tablet_service.cc:1917] Received RequestConsensusVote() RPC: tablet_id: "338183ded6ca4ea5af966f1b3f628a3a" candidate_uuid: "55541a37bdfe45718693a9ca06187729" candidate_term: 1 candidate_status { last_received { term: 0 index: 0 } } ignore_live_leader: false dest_uuid: "0300f963ec914ed4be0b7801bec2d5c6"
I20260601 13:25:00.673203 20612 raft_consensus.cc:3060] T 338183ded6ca4ea5af966f1b3f628a3a P 894d49f1da164492b7f306754084b908 [term 0 FOLLOWER]: Advancing to term 1
I20260601 13:25:00.673203 20688 raft_consensus.cc:3060] T 338183ded6ca4ea5af966f1b3f628a3a P 0300f963ec914ed4be0b7801bec2d5c6 [term 0 FOLLOWER]: Advancing to term 1
I20260601 13:25:00.674314 20612 raft_consensus.cc:2468] T 338183ded6ca4ea5af966f1b3f628a3a P 894d49f1da164492b7f306754084b908 [term 1 FOLLOWER]: Leader election vote request: Granting yes vote for candidate 55541a37bdfe45718693a9ca06187729 in term 1.
I20260601 13:25:00.674321 20688 raft_consensus.cc:2468] T 338183ded6ca4ea5af966f1b3f628a3a P 0300f963ec914ed4be0b7801bec2d5c6 [term 1 FOLLOWER]: Leader election vote request: Granting yes vote for candidate 55541a37bdfe45718693a9ca06187729 in term 1.
I20260601 13:25:00.674695 20727 leader_election.cc:304] T 338183ded6ca4ea5af966f1b3f628a3a P 55541a37bdfe45718693a9ca06187729 [CANDIDATE]: Term 1 election: Election decided. Result: candidate won. Election summary: received 2 responses out of 3 voters: 2 yes votes; 0 no votes. yes voters: 0300f963ec914ed4be0b7801bec2d5c6, 55541a37bdfe45718693a9ca06187729; no voters: 
I20260601 13:25:00.674976 20844 raft_consensus.cc:2804] T 338183ded6ca4ea5af966f1b3f628a3a P 55541a37bdfe45718693a9ca06187729 [term 1 FOLLOWER]: Leader election won for term 1
I20260601 13:25:00.675081 20844 raft_consensus.cc:697] T 338183ded6ca4ea5af966f1b3f628a3a P 55541a37bdfe45718693a9ca06187729 [term 1 LEADER]: Becoming Leader. State: Replica: 55541a37bdfe45718693a9ca06187729, State: Running, Role: LEADER
I20260601 13:25:00.675277 20844 consensus_queue.cc:237] T 338183ded6ca4ea5af966f1b3f628a3a P 55541a37bdfe45718693a9ca06187729 [LEADER]: Queue going to LEADER mode. State: All replicated index: 0, Majority replicated index: 0, Committed index: 0, Last appended: 0.0, Last appended by leader: 0, Current term: 1, Majority size: 2, State: 0, Mode: LEADER, active raft config: opid_index: -1 OBSOLETE_local: false peers { permanent_uuid: "894d49f1da164492b7f306754084b908" member_type: VOTER last_known_addr { host: "127.19.120.129" port: 42009 } } peers { permanent_uuid: "0300f963ec914ed4be0b7801bec2d5c6" member_type: VOTER last_known_addr { host: "127.19.120.130" port: 40983 } } peers { permanent_uuid: "55541a37bdfe45718693a9ca06187729" member_type: VOTER last_known_addr { host: "127.19.120.131" port: 36719 } }
I20260601 13:25:00.677474 20509 catalog_manager.cc:5696] T 338183ded6ca4ea5af966f1b3f628a3a P 55541a37bdfe45718693a9ca06187729 reported cstate change: term changed from 0 to 1, leader changed from <none> to 55541a37bdfe45718693a9ca06187729 (127.19.120.131). New cstate: current_term: 1 leader_uuid: "55541a37bdfe45718693a9ca06187729" committed_config { opid_index: -1 OBSOLETE_local: false peers { permanent_uuid: "894d49f1da164492b7f306754084b908" member_type: VOTER last_known_addr { host: "127.19.120.129" port: 42009 } health_report { overall_health: UNKNOWN } } peers { permanent_uuid: "0300f963ec914ed4be0b7801bec2d5c6" member_type: VOTER last_known_addr { host: "127.19.120.130" port: 40983 } health_report { overall_health: UNKNOWN } } peers { permanent_uuid: "55541a37bdfe45718693a9ca06187729" member_type: VOTER last_known_addr { host: "127.19.120.131" port: 36719 } health_report { overall_health: HEALTHY } } }
I20260601 13:25:00.710405 20812 raft_consensus.cc:493] T f438f3459ed0406d89d227bf0f47fa34 P 894d49f1da164492b7f306754084b908 [term 0 FOLLOWER]: Starting pre-election (no leader contacted us within the election timeout)
I20260601 13:25:00.710618 20812 raft_consensus.cc:515] T f438f3459ed0406d89d227bf0f47fa34 P 894d49f1da164492b7f306754084b908 [term 0 FOLLOWER]: Starting pre-election with config: opid_index: -1 OBSOLETE_local: false peers { permanent_uuid: "894d49f1da164492b7f306754084b908" member_type: VOTER last_known_addr { host: "127.19.120.129" port: 42009 } } peers { permanent_uuid: "0300f963ec914ed4be0b7801bec2d5c6" member_type: VOTER last_known_addr { host: "127.19.120.130" port: 40983 } } peers { permanent_uuid: "55541a37bdfe45718693a9ca06187729" member_type: VOTER last_known_addr { host: "127.19.120.131" port: 36719 } }
I20260601 13:25:00.711134 20812 leader_election.cc:290] T f438f3459ed0406d89d227bf0f47fa34 P 894d49f1da164492b7f306754084b908 [CANDIDATE]: Term 1 pre-election: Requested pre-vote from peers 0300f963ec914ed4be0b7801bec2d5c6 (127.19.120.130:40983), 55541a37bdfe45718693a9ca06187729 (127.19.120.131:36719)
I20260601 13:25:00.711889 20688 tablet_service.cc:1917] Received RequestConsensusVote() RPC: tablet_id: "f438f3459ed0406d89d227bf0f47fa34" candidate_uuid: "894d49f1da164492b7f306754084b908" candidate_term: 1 candidate_status { last_received { term: 0 index: 0 } } ignore_live_leader: false dest_uuid: "0300f963ec914ed4be0b7801bec2d5c6" is_pre_election: true
I20260601 13:25:00.711911 20763 tablet_service.cc:1917] Received RequestConsensusVote() RPC: tablet_id: "f438f3459ed0406d89d227bf0f47fa34" candidate_uuid: "894d49f1da164492b7f306754084b908" candidate_term: 1 candidate_status { last_received { term: 0 index: 0 } } ignore_live_leader: false dest_uuid: "55541a37bdfe45718693a9ca06187729" is_pre_election: true
I20260601 13:25:00.712040 20688 raft_consensus.cc:2468] T f438f3459ed0406d89d227bf0f47fa34 P 0300f963ec914ed4be0b7801bec2d5c6 [term 0 FOLLOWER]: Leader pre-election vote request: Granting yes vote for candidate 894d49f1da164492b7f306754084b908 in term 0.
I20260601 13:25:00.712145 20763 raft_consensus.cc:2468] T f438f3459ed0406d89d227bf0f47fa34 P 55541a37bdfe45718693a9ca06187729 [term 0 FOLLOWER]: Leader pre-election vote request: Granting yes vote for candidate 894d49f1da164492b7f306754084b908 in term 0.
