I20260601 13:26:04.001065 11334 catalog_manager.cc:5696] T 8694eb7e6f8a467fb50af945647984bb P f4ada1008c3b4e5aa83b8533dece30a0 reported cstate change: term changed from 0 to 1, leader changed from <none> to f4ada1008c3b4e5aa83b8533dece30a0 (127.8.158.3). New cstate: current_term: 1 leader_uuid: "f4ada1008c3b4e5aa83b8533dece30a0" committed_config { opid_index: -1 OBSOLETE_local: false peers { permanent_uuid: "2d3c03559fb54357898502d21cadedaf" member_type: VOTER last_known_addr { host: "127.8.158.1" port: 33745 } health_report { overall_health: UNKNOWN } } peers { permanent_uuid: "5137ee856a6444bba075cf4e2f4bbbf4" member_type: VOTER last_known_addr { host: "127.8.158.2" port: 35803 } health_report { overall_health: UNKNOWN } } peers { permanent_uuid: "f4ada1008c3b4e5aa83b8533dece30a0" member_type: VOTER last_known_addr { host: "127.8.158.3" port: 42985 } health_report { overall_health: HEALTHY } } }
I20260601 13:26:04.006558 11639 raft_consensus.cc:493] T fba85e5c2cfa4b05a45d6d76888d6a7a P 5137ee856a6444bba075cf4e2f4bbbf4 [term 0 FOLLOWER]: Starting pre-election (no leader contacted us within the election timeout)
I20260601 13:26:04.006621 11639 raft_consensus.cc:515] T fba85e5c2cfa4b05a45d6d76888d6a7a P 5137ee856a6444bba075cf4e2f4bbbf4 [term 0 FOLLOWER]: Starting pre-election with config: opid_index: -1 OBSOLETE_local: false peers { permanent_uuid: "5137ee856a6444bba075cf4e2f4bbbf4" member_type: VOTER last_known_addr { host: "127.8.158.2" port: 35803 } } peers { permanent_uuid: "f4ada1008c3b4e5aa83b8533dece30a0" member_type: VOTER last_known_addr { host: "127.8.158.3" port: 42985 } } peers { permanent_uuid: "2d3c03559fb54357898502d21cadedaf" member_type: VOTER last_known_addr { host: "127.8.158.1" port: 33745 } }
I20260601 13:26:04.006899 11639 leader_election.cc:290] T fba85e5c2cfa4b05a45d6d76888d6a7a P 5137ee856a6444bba075cf4e2f4bbbf4 [CANDIDATE]: Term 1 pre-election: Requested pre-vote from peers f4ada1008c3b4e5aa83b8533dece30a0 (127.8.158.3:42985), 2d3c03559fb54357898502d21cadedaf (127.8.158.1:33745)
I20260601 13:26:04.007140 11587 tablet_service.cc:1917] Received RequestConsensusVote() RPC: tablet_id: "fba85e5c2cfa4b05a45d6d76888d6a7a" candidate_uuid: "5137ee856a6444bba075cf4e2f4bbbf4" candidate_term: 1 candidate_status { last_received { term: 0 index: 0 } } ignore_live_leader: false dest_uuid: "f4ada1008c3b4e5aa83b8533dece30a0" is_pre_election: true
I20260601 13:26:04.007232 11587 raft_consensus.cc:2468] T fba85e5c2cfa4b05a45d6d76888d6a7a P f4ada1008c3b4e5aa83b8533dece30a0 [term 0 FOLLOWER]: Leader pre-election vote request: Granting yes vote for candidate 5137ee856a6444bba075cf4e2f4bbbf4 in term 0.
I20260601 13:26:04.007247 11437 tablet_service.cc:1917] Received RequestConsensusVote() RPC: tablet_id: "fba85e5c2cfa4b05a45d6d76888d6a7a" candidate_uuid: "5137ee856a6444bba075cf4e2f4bbbf4" candidate_term: 1 candidate_status { last_received { term: 0 index: 0 } } ignore_live_leader: false dest_uuid: "2d3c03559fb54357898502d21cadedaf" is_pre_election: true
I20260601 13:26:04.007372 11437 raft_consensus.cc:2468] T fba85e5c2cfa4b05a45d6d76888d6a7a P 2d3c03559fb54357898502d21cadedaf [term 0 FOLLOWER]: Leader pre-election vote request: Granting yes vote for candidate 5137ee856a6444bba075cf4e2f4bbbf4 in term 0.
I20260601 13:26:04.007517 11478 leader_election.cc:304] T fba85e5c2cfa4b05a45d6d76888d6a7a P 5137ee856a6444bba075cf4e2f4bbbf4 [CANDIDATE]: Term 1 pre-election: Election decided. Result: candidate won. Election summary: received 2 responses out of 3 voters: 2 yes votes; 0 no votes. yes voters: 5137ee856a6444bba075cf4e2f4bbbf4, f4ada1008c3b4e5aa83b8533dece30a0; no voters: 
I20260601 13:26:04.007663 11639 raft_consensus.cc:2804] T fba85e5c2cfa4b05a45d6d76888d6a7a P 5137ee856a6444bba075cf4e2f4bbbf4 [term 0 FOLLOWER]: Leader pre-election won for term 1
I20260601 13:26:04.007709 11639 raft_consensus.cc:493] T fba85e5c2cfa4b05a45d6d76888d6a7a P 5137ee856a6444bba075cf4e2f4bbbf4 [term 0 FOLLOWER]: Starting leader election (no leader contacted us within the election timeout)
I20260601 13:26:04.007754 11639 raft_consensus.cc:3060] T fba85e5c2cfa4b05a45d6d76888d6a7a P 5137ee856a6444bba075cf4e2f4bbbf4 [term 0 FOLLOWER]: Advancing to term 1
I20260601 13:26:04.008562 11639 raft_consensus.cc:515] T fba85e5c2cfa4b05a45d6d76888d6a7a P 5137ee856a6444bba075cf4e2f4bbbf4 [term 1 FOLLOWER]: Starting leader election with config: opid_index: -1 OBSOLETE_local: false peers { permanent_uuid: "5137ee856a6444bba075cf4e2f4bbbf4" member_type: VOTER last_known_addr { host: "127.8.158.2" port: 35803 } } peers { permanent_uuid: "f4ada1008c3b4e5aa83b8533dece30a0" member_type: VOTER last_known_addr { host: "127.8.158.3" port: 42985 } } peers { permanent_uuid: "2d3c03559fb54357898502d21cadedaf" member_type: VOTER last_known_addr { host: "127.8.158.1" port: 33745 } }
I20260601 13:26:04.008841 11639 leader_election.cc:290] T fba85e5c2cfa4b05a45d6d76888d6a7a P 5137ee856a6444bba075cf4e2f4bbbf4 [CANDIDATE]: Term 1 election: Requested vote from peers f4ada1008c3b4e5aa83b8533dece30a0 (127.8.158.3:42985), 2d3c03559fb54357898502d21cadedaf (127.8.158.1:33745)
I20260601 13:26:04.009101 11587 tablet_service.cc:1917] Received RequestConsensusVote() RPC: tablet_id: "fba85e5c2cfa4b05a45d6d76888d6a7a" candidate_uuid: "5137ee856a6444bba075cf4e2f4bbbf4" candidate_term: 1 candidate_status { last_received { term: 0 index: 0 } } ignore_live_leader: false dest_uuid: "f4ada1008c3b4e5aa83b8533dece30a0"
I20260601 13:26:04.009219 11587 raft_consensus.cc:3060] T fba85e5c2cfa4b05a45d6d76888d6a7a P f4ada1008c3b4e5aa83b8533dece30a0 [term 0 FOLLOWER]: Advancing to term 1
I20260601 13:26:04.009248 11437 tablet_service.cc:1917] Received RequestConsensusVote() RPC: tablet_id: "fba85e5c2cfa4b05a45d6d76888d6a7a" candidate_uuid: "5137ee856a6444bba075cf4e2f4bbbf4" candidate_term: 1 candidate_status { last_received { term: 0 index: 0 } } ignore_live_leader: false dest_uuid: "2d3c03559fb54357898502d21cadedaf"
I20260601 13:26:04.009361 11437 raft_consensus.cc:3060] T fba85e5c2cfa4b05a45d6d76888d6a7a P 2d3c03559fb54357898502d21cadedaf [term 0 FOLLOWER]: Advancing to term 1
I20260601 13:26:04.009931 11587 raft_consensus.cc:2468] T fba85e5c2cfa4b05a45d6d76888d6a7a P f4ada1008c3b4e5aa83b8533dece30a0 [term 1 FOLLOWER]: Leader election vote request: Granting yes vote for candidate 5137ee856a6444bba075cf4e2f4bbbf4 in term 1.
I20260601 13:26:04.010123 11437 raft_consensus.cc:2468] T fba85e5c2cfa4b05a45d6d76888d6a7a P 2d3c03559fb54357898502d21cadedaf [term 1 FOLLOWER]: Leader election vote request: Granting yes vote for candidate 5137ee856a6444bba075cf4e2f4bbbf4 in term 1.
I20260601 13:26:04.010164 11478 leader_election.cc:304] T fba85e5c2cfa4b05a45d6d76888d6a7a P 5137ee856a6444bba075cf4e2f4bbbf4 [CANDIDATE]: Term 1 election: Election decided. Result: candidate won. Election summary: received 2 responses out of 3 voters: 2 yes votes; 0 no votes. yes voters: 5137ee856a6444bba075cf4e2f4bbbf4, f4ada1008c3b4e5aa83b8533dece30a0; no voters: 
I20260601 13:26:04.010319 11639 raft_consensus.cc:2804] T fba85e5c2cfa4b05a45d6d76888d6a7a P 5137ee856a6444bba075cf4e2f4bbbf4 [term 1 FOLLOWER]: Leader election won for term 1
I20260601 13:26:04.010497 11639 raft_consensus.cc:697] T fba85e5c2cfa4b05a45d6d76888d6a7a P 5137ee856a6444bba075cf4e2f4bbbf4 [term 1 LEADER]: Becoming Leader. State: Replica: 5137ee856a6444bba075cf4e2f4bbbf4, State: Running, Role: LEADER
I20260601 13:26:04.010632 11639 consensus_queue.cc:237] T fba85e5c2cfa4b05a45d6d76888d6a7a P 5137ee856a6444bba075cf4e2f4bbbf4 [LEADER]: Queue going to LEADER mode. State: All replicated index: 0, Majority replicated index: 0, Committed index: 0, Last appended: 0.0, Last appended by leader: 0, Current term: 1, Majority size: 2, State: 0, Mode: LEADER, active raft config: opid_index: -1 OBSOLETE_local: false peers { permanent_uuid: "5137ee856a6444bba075cf4e2f4bbbf4" member_type: VOTER last_known_addr { host: "127.8.158.2" port: 35803 } } peers { permanent_uuid: "f4ada1008c3b4e5aa83b8533dece30a0" member_type: VOTER last_known_addr { host: "127.8.158.3" port: 42985 } } peers { permanent_uuid: "2d3c03559fb54357898502d21cadedaf" member_type: VOTER last_known_addr { host: "127.8.158.1" port: 33745 } }
I20260601 13:26:04.011893 11334 catalog_manager.cc:5696] T fba85e5c2cfa4b05a45d6d76888d6a7a P 5137ee856a6444bba075cf4e2f4bbbf4 reported cstate change: term changed from 0 to 1, leader changed from <none> to 5137ee856a6444bba075cf4e2f4bbbf4 (127.8.158.2). New cstate: current_term: 1 leader_uuid: "5137ee856a6444bba075cf4e2f4bbbf4" committed_config { opid_index: -1 OBSOLETE_local: false peers { permanent_uuid: "5137ee856a6444bba075cf4e2f4bbbf4" member_type: VOTER last_known_addr { host: "127.8.158.2" port: 35803 } health_report { overall_health: HEALTHY } } peers { permanent_uuid: "f4ada1008c3b4e5aa83b8533dece30a0" member_type: VOTER last_known_addr { host: "127.8.158.3" port: 42985 } health_report { overall_health: UNKNOWN } } peers { permanent_uuid: "2d3c03559fb54357898502d21cadedaf" member_type: VOTER last_known_addr { host: "127.8.158.1" port: 33745 } health_report { overall_health: UNKNOWN } } }
I20260601 13:26:04.042299 11640 raft_consensus.cc:493] T 1004e3baa82c42dc84f4dc21f4d38571 P f4ada1008c3b4e5aa83b8533dece30a0 [term 0 FOLLOWER]: Starting pre-election (no leader contacted us within the election timeout)
I20260601 13:26:04.042390 11640 raft_consensus.cc:515] T 1004e3baa82c42dc84f4dc21f4d38571 P f4ada1008c3b4e5aa83b8533dece30a0 [term 0 FOLLOWER]: Starting pre-election with config: opid_index: -1 OBSOLETE_local: false peers { permanent_uuid: "2d3c03559fb54357898502d21cadedaf" member_type: VOTER last_known_addr { host: "127.8.158.1" port: 33745 } } peers { permanent_uuid: "5137ee856a6444bba075cf4e2f4bbbf4" member_type: VOTER last_known_addr { host: "127.8.158.2" port: 35803 } } peers { permanent_uuid: "f4ada1008c3b4e5aa83b8533dece30a0" member_type: VOTER last_known_addr { host: "127.8.158.3" port: 42985 } }
I20260601 13:26:04.042810 11640 leader_election.cc:290] T 1004e3baa82c42dc84f4dc21f4d38571 P f4ada1008c3b4e5aa83b8533dece30a0 [CANDIDATE]: Term 1 pre-election: Requested pre-vote from peers 2d3c03559fb54357898502d21cadedaf (127.8.158.1:33745), 5137ee856a6444bba075cf4e2f4bbbf4 (127.8.158.2:35803)
I20260601 13:26:04.043107 11437 tablet_service.cc:1917] Received RequestConsensusVote() RPC: tablet_id: "1004e3baa82c42dc84f4dc21f4d38571" candidate_uuid: "f4ada1008c3b4e5aa83b8533dece30a0" candidate_term: 1 candidate_status { last_received { term: 0 index: 0 } } ignore_live_leader: false dest_uuid: "2d3c03559fb54357898502d21cadedaf" is_pre_election: true
I20260601 13:26:04.043200 11513 tablet_service.cc:1917] Received RequestConsensusVote() RPC: tablet_id: "1004e3baa82c42dc84f4dc21f4d38571" candidate_uuid: "f4ada1008c3b4e5aa83b8533dece30a0" candidate_term: 1 candidate_status { last_received { term: 0 index: 0 } } ignore_live_leader: false dest_uuid: "5137ee856a6444bba075cf4e2f4bbbf4" is_pre_election: true
I20260601 13:26:04.043215 11437 raft_consensus.cc:2468] T 1004e3baa82c42dc84f4dc21f4d38571 P 2d3c03559fb54357898502d21cadedaf [term 0 FOLLOWER]: Leader pre-election vote request: Granting yes vote for candidate f4ada1008c3b4e5aa83b8533dece30a0 in term 0.
I20260601 13:26:04.043359 11513 raft_consensus.cc:2468] T 1004e3baa82c42dc84f4dc21f4d38571 P 5137ee856a6444bba075cf4e2f4bbbf4 [term 0 FOLLOWER]: Leader pre-election vote request: Granting yes vote for candidate f4ada1008c3b4e5aa83b8533dece30a0 in term 0.
I20260601 13:26:04.043578 11553 leader_election.cc:304] T 1004e3baa82c42dc84f4dc21f4d38571 P f4ada1008c3b4e5aa83b8533dece30a0 [CANDIDATE]: Term 1 pre-election: Election decided. Result: candidate won. Election summary: received 2 responses out of 3 voters: 2 yes votes; 0 no votes. yes voters: 2d3c03559fb54357898502d21cadedaf, f4ada1008c3b4e5aa83b8533dece30a0; no voters: 
I20260601 13:26:04.043725 11640 raft_consensus.cc:2804] T 1004e3baa82c42dc84f4dc21f4d38571 P f4ada1008c3b4e5aa83b8533dece30a0 [term 0 FOLLOWER]: Leader pre-election won for term 1
I20260601 13:26:04.043792 11640 raft_consensus.cc:493] T 1004e3baa82c42dc84f4dc21f4d38571 P f4ada1008c3b4e5aa83b8533dece30a0 [term 0 FOLLOWER]: Starting leader election (no leader contacted us within the election timeout)
I20260601 13:26:04.043836 11640 raft_consensus.cc:3060] T 1004e3baa82c42dc84f4dc21f4d38571 P f4ada1008c3b4e5aa83b8533dece30a0 [term 0 FOLLOWER]: Advancing to term 1
I20260601 13:26:04.044641 11640 raft_consensus.cc:515] T 1004e3baa82c42dc84f4dc21f4d38571 P f4ada1008c3b4e5aa83b8533dece30a0 [term 1 FOLLOWER]: Starting leader election with config: opid_index: -1 OBSOLETE_local: false peers { permanent_uuid: "2d3c03559fb54357898502d21cadedaf" member_type: VOTER last_known_addr { host: "127.8.158.1" port: 33745 } } peers { permanent_uuid: "5137ee856a6444bba075cf4e2f4bbbf4" member_type: VOTER last_known_addr { host: "127.8.158.2" port: 35803 } } peers { permanent_uuid: "f4ada1008c3b4e5aa83b8533dece30a0" member_type: VOTER last_known_addr { host: "127.8.158.3" port: 42985 } }
I20260601 13:26:04.044935 11640 leader_election.cc:290] T 1004e3baa82c42dc84f4dc21f4d38571 P f4ada1008c3b4e5aa83b8533dece30a0 [CANDIDATE]: Term 1 election: Requested vote from peers 2d3c03559fb54357898502d21cadedaf (127.8.158.1:33745), 5137ee856a6444bba075cf4e2f4bbbf4 (127.8.158.2:35803)
I20260601 13:26:04.045253 11513 tablet_service.cc:1917] Received RequestConsensusVote() RPC: tablet_id: "1004e3baa82c42dc84f4dc21f4d38571" candidate_uuid: "f4ada1008c3b4e5aa83b8533dece30a0" candidate_term: 1 candidate_status { last_received { term: 0 index: 0 } } ignore_live_leader: false dest_uuid: "5137ee856a6444bba075cf4e2f4bbbf4"
I20260601 13:26:04.045253 11437 tablet_service.cc:1917] Received RequestConsensusVote() RPC: tablet_id: "1004e3baa82c42dc84f4dc21f4d38571" candidate_uuid: "f4ada1008c3b4e5aa83b8533dece30a0" candidate_term: 1 candidate_status { last_received { term: 0 index: 0 } } ignore_live_leader: false dest_uuid: "2d3c03559fb54357898502d21cadedaf"
I20260601 13:26:04.045382 11513 raft_consensus.cc:3060] T 1004e3baa82c42dc84f4dc21f4d38571 P 5137ee856a6444bba075cf4e2f4bbbf4 [term 0 FOLLOWER]: Advancing to term 1
I20260601 13:26:04.045382 11437 raft_consensus.cc:3060] T 1004e3baa82c42dc84f4dc21f4d38571 P 2d3c03559fb54357898502d21cadedaf [term 0 FOLLOWER]: Advancing to term 1
I20260601 13:26:04.046260 11513 raft_consensus.cc:2468] T 1004e3baa82c42dc84f4dc21f4d38571 P 5137ee856a6444bba075cf4e2f4bbbf4 [term 1 FOLLOWER]: Leader election vote request: Granting yes vote for candidate f4ada1008c3b4e5aa83b8533dece30a0 in term 1.
I20260601 13:26:04.046260 11437 raft_consensus.cc:2468] T 1004e3baa82c42dc84f4dc21f4d38571 P 2d3c03559fb54357898502d21cadedaf [term 1 FOLLOWER]: Leader election vote request: Granting yes vote for candidate f4ada1008c3b4e5aa83b8533dece30a0 in term 1.
I20260601 13:26:04.046550 11553 leader_election.cc:304] T 1004e3baa82c42dc84f4dc21f4d38571 P f4ada1008c3b4e5aa83b8533dece30a0 [CANDIDATE]: Term 1 election: Election decided. Result: candidate won. Election summary: received 2 responses out of 3 voters: 2 yes votes; 0 no votes. yes voters: 2d3c03559fb54357898502d21cadedaf, f4ada1008c3b4e5aa83b8533dece30a0; no voters: 
I20260601 13:26:04.046736 11640 raft_consensus.cc:2804] T 1004e3baa82c42dc84f4dc21f4d38571 P f4ada1008c3b4e5aa83b8533dece30a0 [term 1 FOLLOWER]: Leader election won for term 1
I20260601 13:26:04.046833 11640 raft_consensus.cc:697] T 1004e3baa82c42dc84f4dc21f4d38571 P f4ada1008c3b4e5aa83b8533dece30a0 [term 1 LEADER]: Becoming Leader. State: Replica: f4ada1008c3b4e5aa83b8533dece30a0, State: Running, Role: LEADER
I20260601 13:26:04.046952 11640 consensus_queue.cc:237] T 1004e3baa82c42dc84f4dc21f4d38571 P f4ada1008c3b4e5aa83b8533dece30a0 [LEADER]: Queue going to LEADER mode. State: All replicated index: 0, Majority replicated index: 0, Committed index: 0, Last appended: 0.0, Last appended by leader: 0, Current term: 1, Majority size: 2, State: 0, Mode: LEADER, active raft config: opid_index: -1 OBSOLETE_local: false peers { permanent_uuid: "2d3c03559fb54357898502d21cadedaf" member_type: VOTER last_known_addr { host: "127.8.158.1" port: 33745 } } peers { permanent_uuid: "5137ee856a6444bba075cf4e2f4bbbf4" member_type: VOTER last_known_addr { host: "127.8.158.2" port: 35803 } } peers { permanent_uuid: "f4ada1008c3b4e5aa83b8533dece30a0" member_type: VOTER last_known_addr { host: "127.8.158.3" port: 42985 } }
I20260601 13:26:04.048226 11334 catalog_manager.cc:5696] T 1004e3baa82c42dc84f4dc21f4d38571 P f4ada1008c3b4e5aa83b8533dece30a0 reported cstate change: term changed from 0 to 1, leader changed from <none> to f4ada1008c3b4e5aa83b8533dece30a0 (127.8.158.3). New cstate: current_term: 1 leader_uuid: "f4ada1008c3b4e5aa83b8533dece30a0" committed_config { opid_index: -1 OBSOLETE_local: false peers { permanent_uuid: "2d3c03559fb54357898502d21cadedaf" member_type: VOTER last_known_addr { host: "127.8.158.1" port: 33745 } health_report { overall_health: UNKNOWN } } peers { permanent_uuid: "5137ee856a6444bba075cf4e2f4bbbf4" member_type: VOTER last_known_addr { host: "127.8.158.2" port: 35803 } health_report { overall_health: UNKNOWN } } peers { permanent_uuid: "f4ada1008c3b4e5aa83b8533dece30a0" member_type: VOTER last_known_addr { host: "127.8.158.3" port: 42985 } health_report { overall_health: HEALTHY } } }
I20260601 13:26:04.065083  8824 tablet_server.cc:179] TabletServer@127.8.158.1:0 shutting down...
I20260601 13:26:04.068794  8824 ts_tablet_manager.cc:1507] Shutting down tablet manager...
I20260601 13:26:04.069043  8824 tablet_replica.cc:333] T fba85e5c2cfa4b05a45d6d76888d6a7a P 2d3c03559fb54357898502d21cadedaf: stopping tablet replica
I20260601 13:26:04.069167  8824 raft_consensus.cc:2243] T fba85e5c2cfa4b05a45d6d76888d6a7a P 2d3c03559fb54357898502d21cadedaf [term 1 FOLLOWER]: Raft consensus shutting down.
I20260601 13:26:04.069278  8824 raft_consensus.cc:2272] T fba85e5c2cfa4b05a45d6d76888d6a7a P 2d3c03559fb54357898502d21cadedaf [term 1 FOLLOWER]: Raft consensus is shut down!
I20260601 13:26:04.069670  8824 tablet_replica.cc:333] T 8694eb7e6f8a467fb50af945647984bb P 2d3c03559fb54357898502d21cadedaf: stopping tablet replica
I20260601 13:26:04.069768  8824 raft_consensus.cc:2243] T 8694eb7e6f8a467fb50af945647984bb P 2d3c03559fb54357898502d21cadedaf [term 1 FOLLOWER]: Raft consensus shutting down.
I20260601 13:26:04.069856  8824 raft_consensus.cc:2272] T 8694eb7e6f8a467fb50af945647984bb P 2d3c03559fb54357898502d21cadedaf [term 1 FOLLOWER]: Raft consensus is shut down!
I20260601 13:26:04.070196  8824 tablet_replica.cc:333] T ba3b06f90bb746bd9e2e94f932ca3626 P 2d3c03559fb54357898502d21cadedaf: stopping tablet replica
I20260601 13:26:04.070297  8824 raft_consensus.cc:2243] T ba3b06f90bb746bd9e2e94f932ca3626 P 2d3c03559fb54357898502d21cadedaf [term 1 LEADER]: Raft consensus shutting down.
I20260601 13:26:04.070431  8824 pending_rounds.cc:70] T ba3b06f90bb746bd9e2e94f932ca3626 P 2d3c03559fb54357898502d21cadedaf: Trying to abort 1 pending ops.
I20260601 13:26:04.070468  8824 pending_rounds.cc:77] T ba3b06f90bb746bd9e2e94f932ca3626 P 2d3c03559fb54357898502d21cadedaf: Aborting op as it isn't in flight: id { term: 1 index: 1 } timestamp: 7292192210817507328 op_type: NO_OP noop_request { }
I20260601 13:26:04.070547  8824 raft_consensus.cc:2889] T ba3b06f90bb746bd9e2e94f932ca3626 P 2d3c03559fb54357898502d21cadedaf [term 1 LEADER]: NO_OP replication failed: Aborted: Op aborted
I20260601 13:26:04.070605  8824 raft_consensus.cc:2272] T ba3b06f90bb746bd9e2e94f932ca3626 P 2d3c03559fb54357898502d21cadedaf [term 1 FOLLOWER]: Raft consensus is shut down!
I20260601 13:26:04.071040  8824 tablet_replica.cc:333] T 1004e3baa82c42dc84f4dc21f4d38571 P 2d3c03559fb54357898502d21cadedaf: stopping tablet replica
I20260601 13:26:04.071121  8824 raft_consensus.cc:2243] T 1004e3baa82c42dc84f4dc21f4d38571 P 2d3c03559fb54357898502d21cadedaf [term 1 FOLLOWER]: Raft consensus shutting down.
I20260601 13:26:04.071228  8824 raft_consensus.cc:2272] T 1004e3baa82c42dc84f4dc21f4d38571 P 2d3c03559fb54357898502d21cadedaf [term 1 FOLLOWER]: Raft consensus is shut down!
I20260601 13:26:04.084084  8824 tablet_server.cc:196] TabletServer@127.8.158.1:0 shutdown complete.
I20260601 13:26:04.086007  8824 tablet_server.cc:179] TabletServer@127.8.158.2:0 shutting down...
I20260601 13:26:04.089268  8824 ts_tablet_manager.cc:1507] Shutting down tablet manager...
I20260601 13:26:04.089479  8824 tablet_replica.cc:333] T 1004e3baa82c42dc84f4dc21f4d38571 P 5137ee856a6444bba075cf4e2f4bbbf4: stopping tablet replica
I20260601 13:26:04.089594  8824 raft_consensus.cc:2243] T 1004e3baa82c42dc84f4dc21f4d38571 P 5137ee856a6444bba075cf4e2f4bbbf4 [term 1 FOLLOWER]: Raft consensus shutting down.
I20260601 13:26:04.089709  8824 raft_consensus.cc:2272] T 1004e3baa82c42dc84f4dc21f4d38571 P 5137ee856a6444bba075cf4e2f4bbbf4 [term 1 FOLLOWER]: Raft consensus is shut down!
I20260601 13:26:04.090018  8824 tablet_replica.cc:333] T 8694eb7e6f8a467fb50af945647984bb P 5137ee856a6444bba075cf4e2f4bbbf4: stopping tablet replica
I20260601 13:26:04.090122  8824 raft_consensus.cc:2243] T 8694eb7e6f8a467fb50af945647984bb P 5137ee856a6444bba075cf4e2f4bbbf4 [term 1 FOLLOWER]: Raft consensus shutting down.
I20260601 13:26:04.090236  8824 raft_consensus.cc:2272] T 8694eb7e6f8a467fb50af945647984bb P 5137ee856a6444bba075cf4e2f4bbbf4 [term 1 FOLLOWER]: Raft consensus is shut down!
I20260601 13:26:04.090549  8824 tablet_replica.cc:333] T fba85e5c2cfa4b05a45d6d76888d6a7a P 5137ee856a6444bba075cf4e2f4bbbf4: stopping tablet replica
I20260601 13:26:04.090646  8824 raft_consensus.cc:2243] T fba85e5c2cfa4b05a45d6d76888d6a7a P 5137ee856a6444bba075cf4e2f4bbbf4 [term 1 LEADER]: Raft consensus shutting down.
I20260601 13:26:04.090756  8824 pending_rounds.cc:70] T fba85e5c2cfa4b05a45d6d76888d6a7a P 5137ee856a6444bba075cf4e2f4bbbf4: Trying to abort 1 pending ops.
I20260601 13:26:04.090801  8824 pending_rounds.cc:77] T fba85e5c2cfa4b05a45d6d76888d6a7a P 5137ee856a6444bba075cf4e2f4bbbf4: Aborting op as it isn't in flight: id { term: 1 index: 1 } timestamp: 7292192210988871680 op_type: NO_OP noop_request { }
I20260601 13:26:04.090857  8824 raft_consensus.cc:2889] T fba85e5c2cfa4b05a45d6d76888d6a7a P 5137ee856a6444bba075cf4e2f4bbbf4 [term 1 LEADER]: NO_OP replication failed: Aborted: Op aborted
I20260601 13:26:04.090909  8824 raft_consensus.cc:2272] T fba85e5c2cfa4b05a45d6d76888d6a7a P 5137ee856a6444bba075cf4e2f4bbbf4 [term 1 FOLLOWER]: Raft consensus is shut down!
I20260601 13:26:04.091398  8824 tablet_replica.cc:333] T ba3b06f90bb746bd9e2e94f932ca3626 P 5137ee856a6444bba075cf4e2f4bbbf4: stopping tablet replica
I20260601 13:26:04.091504  8824 raft_consensus.cc:2243] T ba3b06f90bb746bd9e2e94f932ca3626 P 5137ee856a6444bba075cf4e2f4bbbf4 [term 1 FOLLOWER]: Raft consensus shutting down.
I20260601 13:26:04.091605  8824 raft_consensus.cc:2272] T ba3b06f90bb746bd9e2e94f932ca3626 P 5137ee856a6444bba075cf4e2f4bbbf4 [term 1 FOLLOWER]: Raft consensus is shut down!
I20260601 13:26:04.104372  8824 tablet_server.cc:196] TabletServer@127.8.158.2:0 shutdown complete.
I20260601 13:26:04.106112  8824 tablet_server.cc:179] TabletServer@127.8.158.3:0 shutting down...
I20260601 13:26:04.109215  8824 ts_tablet_manager.cc:1507] Shutting down tablet manager...
I20260601 13:26:04.109413  8824 tablet_replica.cc:333] T ba3b06f90bb746bd9e2e94f932ca3626 P f4ada1008c3b4e5aa83b8533dece30a0: stopping tablet replica
I20260601 13:26:04.109520  8824 raft_consensus.cc:2243] T ba3b06f90bb746bd9e2e94f932ca3626 P f4ada1008c3b4e5aa83b8533dece30a0 [term 1 FOLLOWER]: Raft consensus shutting down.
I20260601 13:26:04.109611  8824 raft_consensus.cc:2272] T ba3b06f90bb746bd9e2e94f932ca3626 P f4ada1008c3b4e5aa83b8533dece30a0 [term 1 FOLLOWER]: Raft consensus is shut down!
I20260601 13:26:04.109900  8824 tablet_replica.cc:333] T 8694eb7e6f8a467fb50af945647984bb P f4ada1008c3b4e5aa83b8533dece30a0: stopping tablet replica
I20260601 13:26:04.109999  8824 raft_consensus.cc:2243] T 8694eb7e6f8a467fb50af945647984bb P f4ada1008c3b4e5aa83b8533dece30a0 [term 1 LEADER]: Raft consensus shutting down.
I20260601 13:26:04.110102  8824 pending_rounds.cc:70] T 8694eb7e6f8a467fb50af945647984bb P f4ada1008c3b4e5aa83b8533dece30a0: Trying to abort 1 pending ops.
I20260601 13:26:04.110133  8824 pending_rounds.cc:77] T 8694eb7e6f8a467fb50af945647984bb P f4ada1008c3b4e5aa83b8533dece30a0: Aborting op as it isn't in flight: id { term: 1 index: 1 } timestamp: 7292192210944299008 op_type: NO_OP noop_request { }
I20260601 13:26:04.110204  8824 raft_consensus.cc:2889] T 8694eb7e6f8a467fb50af945647984bb P f4ada1008c3b4e5aa83b8533dece30a0 [term 1 LEADER]: NO_OP replication failed: Aborted: Op aborted
I20260601 13:26:04.110256  8824 raft_consensus.cc:2272] T 8694eb7e6f8a467fb50af945647984bb P f4ada1008c3b4e5aa83b8533dece30a0 [term 1 FOLLOWER]: Raft consensus is shut down!
I20260601 13:26:04.110690  8824 tablet_replica.cc:333] T fba85e5c2cfa4b05a45d6d76888d6a7a P f4ada1008c3b4e5aa83b8533dece30a0: stopping tablet replica
I20260601 13:26:04.110777  8824 raft_consensus.cc:2243] T fba85e5c2cfa4b05a45d6d76888d6a7a P f4ada1008c3b4e5aa83b8533dece30a0 [term 1 FOLLOWER]: Raft consensus shutting down.
I20260601 13:26:04.110857  8824 raft_consensus.cc:2272] T fba85e5c2cfa4b05a45d6d76888d6a7a P f4ada1008c3b4e5aa83b8533dece30a0 [term 1 FOLLOWER]: Raft consensus is shut down!
I20260601 13:26:04.111145  8824 tablet_replica.cc:333] T 1004e3baa82c42dc84f4dc21f4d38571 P f4ada1008c3b4e5aa83b8533dece30a0: stopping tablet replica
I20260601 13:26:04.111289  8824 raft_consensus.cc:2243] T 1004e3baa82c42dc84f4dc21f4d38571 P f4ada1008c3b4e5aa83b8533dece30a0 [term 1 LEADER]: Raft consensus shutting down.
I20260601 13:26:04.111423  8824 pending_rounds.cc:70] T 1004e3baa82c42dc84f4dc21f4d38571 P f4ada1008c3b4e5aa83b8533dece30a0: Trying to abort 1 pending ops.
I20260601 13:26:04.111459  8824 pending_rounds.cc:77] T 1004e3baa82c42dc84f4dc21f4d38571 P f4ada1008c3b4e5aa83b8533dece30a0: Aborting op as it isn't in flight: id { term: 1 index: 1 } timestamp: 7292192211137404928 op_type: NO_OP noop_request { }
I20260601 13:26:04.111528  8824 raft_consensus.cc:2889] T 1004e3baa82c42dc84f4dc21f4d38571 P f4ada1008c3b4e5aa83b8533dece30a0 [term 1 LEADER]: NO_OP replication failed: Aborted: Op aborted
I20260601 13:26:04.111588  8824 raft_consensus.cc:2272] T 1004e3baa82c42dc84f4dc21f4d38571 P f4ada1008c3b4e5aa83b8533dece30a0 [term 1 FOLLOWER]: Raft consensus is shut down!
I20260601 13:26:04.124238  8824 tablet_server.cc:196] TabletServer@127.8.158.3:0 shutdown complete.
I20260601 13:26:04.125690  8824 master.cc:562] Master@127.8.158.62:42995 shutting down...
I20260601 13:26:04.128499  8824 raft_consensus.cc:2243] T 00000000000000000000000000000000 P 759af949f33947578978822e23793eec [term 1 LEADER]: Raft consensus shutting down.
I20260601 13:26:04.128609  8824 raft_consensus.cc:2272] T 00000000000000000000000000000000 P 759af949f33947578978822e23793eec [term 1 FOLLOWER]: Raft consensus is shut down!
I20260601 13:26:04.128664  8824 tablet_replica.cc:333] T 00000000000000000000000000000000 P 759af949f33947578978822e23793eec: stopping tablet replica
I20260601 13:26:04.140869  8824 master.cc:584] Master@127.8.158.62:42995 shutdown complete.
[       OK ] AutoRebalancerTest.RangeAwareBuildClusterInfoGroupsByRange (1439 ms)
[ RUN      ] AutoRebalancerTest.RangeAwareRebalancesNewRangeReplicas
I20260601 13:26:04.147838  8824 internal_mini_cluster.cc:156] Creating distributed mini masters. Addrs: 127.8.158.62:44677
I20260601 13:26:04.148139  8824 file_cache.cc:492] Constructed file cache file cache with capacity 419430
W20260601 13:26:04.149669 11667 instance_detector.cc:116] could not retrieve Azure instance metadata: Network error: curl error: HTTP response code said error: The requested URL returned error: 404
W20260601 13:26:04.149679 11669 instance_detector.cc:116] could not retrieve OpenStack instance metadata: Network error: curl error: HTTP response code said error: The requested URL returned error: 404
I20260601 13:26:04.149662  8824 server_base.cc:1061] running on GCE node
W20260601 13:26:04.149648 11666 instance_detector.cc:116] could not retrieve AWS instance metadata: Network error: curl error: HTTP response code said error: The requested URL returned error: 404
I20260601 13:26:04.150022  8824 hybrid_clock.cc:584] initializing the hybrid clock with 'system_unsync' time source
W20260601 13:26:04.150058  8824 system_unsync_time.cc:38] NTP support is disabled. Clock error bounds will not be accurate. This configuration is not suitable for distributed clusters.
I20260601 13:26:04.150072  8824 hybrid_clock.cc:648] HybridClock initialized: now 1780320364150072 us; error 0 us; skew 500 ppm
I20260601 13:26:04.150741  8824 webserver.cc:533] Webserver started at http://127.8.158.62:44719/ using document root <none> and password file <none>
I20260601 13:26:04.150874  8824 fs_manager.cc:362] Metadata directory not provided
I20260601 13:26:04.150943  8824 fs_manager.cc:368] Using write-ahead log directory (fs_wal_dir) as metadata directory
I20260601 13:26:04.151006  8824 server_base.cc:909] This appears to be a new deployment of Kudu; creating new FS layout
I20260601 13:26:04.151367  8824 fs_manager.cc:1068] Generated new instance metadata in path /tmp/dist-test-taskVkONAn/test-tmp/auto_rebalancer-test.0.AutoRebalancerTest.RangeAwareRebalancesNewRangeReplicas.1780320295299085-8824-0/minicluster-data/master-0-root/instance:
uuid: "4f80fd4371344d97b1be24fd165092f0"
format_stamp: "Formatted at 2026-06-01 13:26:04 on dist-test-slave-0cjc"
I20260601 13:26:04.152834  8824 fs_manager.cc:696] Time spent creating directory manager: real 0.001s	user 0.002s	sys 0.000s
I20260601 13:26:04.153600 11674 log_block_manager.cc:4031] Time spent loading block containers with low live blocks: real 0.000s	user 0.000s	sys 0.000s
I20260601 13:26:04.153842  8824 fs_manager.cc:730] Time spent opening block manager: real 0.001s	user 0.001s	sys 0.000s
I20260601 13:26:04.153913  8824 fs_manager.cc:647] Opened local filesystem: /tmp/dist-test-taskVkONAn/test-tmp/auto_rebalancer-test.0.AutoRebalancerTest.RangeAwareRebalancesNewRangeReplicas.1780320295299085-8824-0/minicluster-data/master-0-root
uuid: "4f80fd4371344d97b1be24fd165092f0"
format_stamp: "Formatted at 2026-06-01 13:26:04 on dist-test-slave-0cjc"
I20260601 13:26:04.153986  8824 fs_report.cc:389] FS layout report
--------------------
wal directory: /tmp/dist-test-taskVkONAn/test-tmp/auto_rebalancer-test.0.AutoRebalancerTest.RangeAwareRebalancesNewRangeReplicas.1780320295299085-8824-0/minicluster-data/master-0-root
metadata directory: /tmp/dist-test-taskVkONAn/test-tmp/auto_rebalancer-test.0.AutoRebalancerTest.RangeAwareRebalancesNewRangeReplicas.1780320295299085-8824-0/minicluster-data/master-0-root
1 data directories: /tmp/dist-test-taskVkONAn/test-tmp/auto_rebalancer-test.0.AutoRebalancerTest.RangeAwareRebalancesNewRangeReplicas.1780320295299085-8824-0/minicluster-data/master-0-root/data
Total live blocks: 0
Total live bytes: 0
Total live bytes (after alignment): 0
Total number of LBM containers: 0 (0 full)
Did not check for missing blocks
Did not check for orphaned blocks
Total full LBM containers with extra space: 0 (0 repaired)
Total full LBM container extra space in bytes: 0 (0 repaired)
Total incomplete LBM containers: 0 (0 repaired)
Total LBM partial records: 0 (0 repaired)
Total corrupted LBM metadata records in RocksDB: 0 (0 repaired)
I20260601 13:26:04.179172  8824 rpc_server.cc:225] running with OpenSSL 1.1.1  11 Sep 2018
I20260601 13:26:04.179458  8824 kserver.cc:163] Server-wide thread pool size limit: 3276
I20260601 13:26:04.183493  8824 rpc_server.cc:307] RPC server started. Bound to: 127.8.158.62:44677
I20260601 13:26:04.186491 11726 acceptor_pool.cc:272] collecting diagnostics on the listening RPC socket 127.8.158.62:44677 every 8 connection(s)
I20260601 13:26:04.186867 11727 data_dirs.cc:400] Could only allocate 1 dirs of requested 3 for tablet 00000000000000000000000000000000. 1 dirs total, 0 dirs full, 0 dirs failed
I20260601 13:26:04.188383 11727 tablet_bootstrap.cc:492] T 00000000000000000000000000000000 P 4f80fd4371344d97b1be24fd165092f0: Bootstrap starting.
I20260601 13:26:04.189044 11727 tablet_bootstrap.cc:654] T 00000000000000000000000000000000 P 4f80fd4371344d97b1be24fd165092f0: Neither blocks nor log segments found. Creating new log.
I20260601 13:26:04.189864 11727 tablet_bootstrap.cc:492] T 00000000000000000000000000000000 P 4f80fd4371344d97b1be24fd165092f0: No bootstrap required, opened a new log
I20260601 13:26:04.190193 11727 raft_consensus.cc:359] T 00000000000000000000000000000000 P 4f80fd4371344d97b1be24fd165092f0 [term 0 FOLLOWER]: Replica starting. Triggering 0 pending ops. Active config: opid_index: -1 OBSOLETE_local: true peers { permanent_uuid: "4f80fd4371344d97b1be24fd165092f0" member_type: VOTER }
I20260601 13:26:04.190263 11727 raft_consensus.cc:385] T 00000000000000000000000000000000 P 4f80fd4371344d97b1be24fd165092f0 [term 0 FOLLOWER]: Consensus starting up: Expiring failure detector timer to make a prompt election more likely
I20260601 13:26:04.190302 11727 raft_consensus.cc:740] T 00000000000000000000000000000000 P 4f80fd4371344d97b1be24fd165092f0 [term 0 FOLLOWER]: Becoming Follower/Learner. State: Replica: 4f80fd4371344d97b1be24fd165092f0, State: Initialized, Role: FOLLOWER
I20260601 13:26:04.190475 11727 consensus_queue.cc:260] T 00000000000000000000000000000000 P 4f80fd4371344d97b1be24fd165092f0 [NON_LEADER]: Queue going to NON_LEADER mode. State: All replicated index: 0, Majority replicated index: 0, Committed index: 0, Last appended: 0.0, Last appended by leader: 0, Current term: 0, Majority size: -1, State: 0, Mode: NON_LEADER, active raft config: opid_index: -1 OBSOLETE_local: true peers { permanent_uuid: "4f80fd4371344d97b1be24fd165092f0" member_type: VOTER }
I20260601 13:26:04.190536 11727 raft_consensus.cc:399] T 00000000000000000000000000000000 P 4f80fd4371344d97b1be24fd165092f0 [term 0 FOLLOWER]: Only one voter in the Raft config. Triggering election immediately
I20260601 13:26:04.190574 11727 raft_consensus.cc:493] T 00000000000000000000000000000000 P 4f80fd4371344d97b1be24fd165092f0 [term 0 FOLLOWER]: Starting leader election (initial election of a single-replica configuration)
I20260601 13:26:04.190627 11727 raft_consensus.cc:3060] T 00000000000000000000000000000000 P 4f80fd4371344d97b1be24fd165092f0 [term 0 FOLLOWER]: Advancing to term 1
I20260601 13:26:04.191237 11727 raft_consensus.cc:515] T 00000000000000000000000000000000 P 4f80fd4371344d97b1be24fd165092f0 [term 1 FOLLOWER]: Starting leader election with config: opid_index: -1 OBSOLETE_local: true peers { permanent_uuid: "4f80fd4371344d97b1be24fd165092f0" member_type: VOTER }
I20260601 13:26:04.191365 11727 leader_election.cc:304] T 00000000000000000000000000000000 P 4f80fd4371344d97b1be24fd165092f0 [CANDIDATE]: Term 1 election: Election decided. Result: candidate won. Election summary: received 1 responses out of 1 voters: 1 yes votes; 0 no votes. yes voters: 4f80fd4371344d97b1be24fd165092f0; no voters: 
I20260601 13:26:04.191569 11727 leader_election.cc:290] T 00000000000000000000000000000000 P 4f80fd4371344d97b1be24fd165092f0 [CANDIDATE]: Term 1 election: Requested vote from peers 
I20260601 13:26:04.191641 11730 raft_consensus.cc:2804] T 00000000000000000000000000000000 P 4f80fd4371344d97b1be24fd165092f0 [term 1 FOLLOWER]: Leader election won for term 1
I20260601 13:26:04.191882 11730 raft_consensus.cc:697] T 00000000000000000000000000000000 P 4f80fd4371344d97b1be24fd165092f0 [term 1 LEADER]: Becoming Leader. State: Replica: 4f80fd4371344d97b1be24fd165092f0, State: Running, Role: LEADER
I20260601 13:26:04.191960 11727 sys_catalog.cc:565] T 00000000000000000000000000000000 P 4f80fd4371344d97b1be24fd165092f0 [sys.catalog]: configured and running, proceeding with master startup.
I20260601 13:26:04.192001 11730 consensus_queue.cc:237] T 00000000000000000000000000000000 P 4f80fd4371344d97b1be24fd165092f0 [LEADER]: Queue going to LEADER mode. State: All replicated index: 0, Majority replicated index: 0, Committed index: 0, Last appended: 0.0, Last appended by leader: 0, Current term: 1, Majority size: 1, State: 0, Mode: LEADER, active raft config: opid_index: -1 OBSOLETE_local: true peers { permanent_uuid: "4f80fd4371344d97b1be24fd165092f0" member_type: VOTER }
I20260601 13:26:04.192446 11731 sys_catalog.cc:455] T 00000000000000000000000000000000 P 4f80fd4371344d97b1be24fd165092f0 [sys.catalog]: SysCatalogTable state changed. Reason: RaftConsensus started. Latest consensus state: current_term: 1 leader_uuid: "4f80fd4371344d97b1be24fd165092f0" committed_config { opid_index: -1 OBSOLETE_local: true peers { permanent_uuid: "4f80fd4371344d97b1be24fd165092f0" member_type: VOTER } }
I20260601 13:26:04.192543 11731 sys_catalog.cc:458] T 00000000000000000000000000000000 P 4f80fd4371344d97b1be24fd165092f0 [sys.catalog]: This master's current role is: LEADER
I20260601 13:26:04.192458 11732 sys_catalog.cc:455] T 00000000000000000000000000000000 P 4f80fd4371344d97b1be24fd165092f0 [sys.catalog]: SysCatalogTable state changed. Reason: New leader 4f80fd4371344d97b1be24fd165092f0. Latest consensus state: current_term: 1 leader_uuid: "4f80fd4371344d97b1be24fd165092f0" committed_config { opid_index: -1 OBSOLETE_local: true peers { permanent_uuid: "4f80fd4371344d97b1be24fd165092f0" member_type: VOTER } }
I20260601 13:26:04.192662 11732 sys_catalog.cc:458] T 00000000000000000000000000000000 P 4f80fd4371344d97b1be24fd165092f0 [sys.catalog]: This master's current role is: LEADER
I20260601 13:26:04.193030 11736 catalog_manager.cc:1510] Loading table and tablet metadata into memory...
I20260601 13:26:04.193758 11736 catalog_manager.cc:1519] Initializing Kudu cluster ID...
I20260601 13:26:04.193928  8824 internal_mini_cluster.cc:184] Waiting to initialize catalog manager on master 0
I20260601 13:26:04.195343 11736 catalog_manager.cc:1382] Generated new cluster ID: 4f2c2d621872426ab4b14b2cccc56150
I20260601 13:26:04.195425 11736 catalog_manager.cc:1530] Initializing Kudu internal certificate authority...
I20260601 13:26:04.202782 11736 catalog_manager.cc:1405] Generated new certificate authority record
I20260601 13:26:04.203238 11736 catalog_manager.cc:1539] Loading token signing keys...
I20260601 13:26:04.218122 11736 catalog_manager.cc:6069] T 00000000000000000000000000000000 P 4f80fd4371344d97b1be24fd165092f0: Generated new TSK 0
I20260601 13:26:04.218293 11736 catalog_manager.cc:1549] Initializing in-progress tserver states...
I20260601 13:26:04.225958  8824 file_cache.cc:492] Constructed file cache file cache with capacity 419430
W20260601 13:26:04.227617 11748 instance_detector.cc:116] could not retrieve AWS instance metadata: Network error: curl error: HTTP response code said error: The requested URL returned error: 404
I20260601 13:26:04.227664  8824 server_base.cc:1061] running on GCE node
W20260601 13:26:04.227676 11751 instance_detector.cc:116] could not retrieve OpenStack instance metadata: Network error: curl error: HTTP response code said error: The requested URL returned error: 404
W20260601 13:26:04.227622 11749 instance_detector.cc:116] could not retrieve Azure instance metadata: Network error: curl error: HTTP response code said error: The requested URL returned error: 404
I20260601 13:26:04.228005  8824 hybrid_clock.cc:584] initializing the hybrid clock with 'system_unsync' time source
W20260601 13:26:04.228067  8824 system_unsync_time.cc:38] NTP support is disabled. Clock error bounds will not be accurate. This configuration is not suitable for distributed clusters.
I20260601 13:26:04.228116  8824 hybrid_clock.cc:648] HybridClock initialized: now 1780320364228098 us; error 0 us; skew 500 ppm
I20260601 13:26:04.228915  8824 webserver.cc:533] Webserver started at http://127.8.158.1:44027/ using document root <none> and password file <none>
I20260601 13:26:04.229070  8824 fs_manager.cc:362] Metadata directory not provided
I20260601 13:26:04.229131  8824 fs_manager.cc:368] Using write-ahead log directory (fs_wal_dir) as metadata directory
I20260601 13:26:04.229200  8824 server_base.cc:909] This appears to be a new deployment of Kudu; creating new FS layout
I20260601 13:26:04.229514  8824 fs_manager.cc:1068] Generated new instance metadata in path /tmp/dist-test-taskVkONAn/test-tmp/auto_rebalancer-test.0.AutoRebalancerTest.RangeAwareRebalancesNewRangeReplicas.1780320295299085-8824-0/minicluster-data/ts-0-root/instance:
uuid: "54ffd13829d247d0b735c734c6de7212"
format_stamp: "Formatted at 2026-06-01 13:26:04 on dist-test-slave-0cjc"
I20260601 13:26:04.230791  8824 fs_manager.cc:696] Time spent creating directory manager: real 0.001s	user 0.002s	sys 0.000s
I20260601 13:26:04.231611 11756 log_block_manager.cc:4031] Time spent loading block containers with low live blocks: real 0.000s	user 0.000s	sys 0.000s
I20260601 13:26:04.231846  8824 fs_manager.cc:730] Time spent opening block manager: real 0.001s	user 0.001s	sys 0.000s
I20260601 13:26:04.231925  8824 fs_manager.cc:647] Opened local filesystem: /tmp/dist-test-taskVkONAn/test-tmp/auto_rebalancer-test.0.AutoRebalancerTest.RangeAwareRebalancesNewRangeReplicas.1780320295299085-8824-0/minicluster-data/ts-0-root
uuid: "54ffd13829d247d0b735c734c6de7212"
format_stamp: "Formatted at 2026-06-01 13:26:04 on dist-test-slave-0cjc"
I20260601 13:26:04.232005  8824 fs_report.cc:389] FS layout report
--------------------
wal directory: /tmp/dist-test-taskVkONAn/test-tmp/auto_rebalancer-test.0.AutoRebalancerTest.RangeAwareRebalancesNewRangeReplicas.1780320295299085-8824-0/minicluster-data/ts-0-root
metadata directory: /tmp/dist-test-taskVkONAn/test-tmp/auto_rebalancer-test.0.AutoRebalancerTest.RangeAwareRebalancesNewRangeReplicas.1780320295299085-8824-0/minicluster-data/ts-0-root
1 data directories: /tmp/dist-test-taskVkONAn/test-tmp/auto_rebalancer-test.0.AutoRebalancerTest.RangeAwareRebalancesNewRangeReplicas.1780320295299085-8824-0/minicluster-data/ts-0-root/data
Total live blocks: 0
Total live bytes: 0
Total live bytes (after alignment): 0
Total number of LBM containers: 0 (0 full)
Did not check for missing blocks
Did not check for orphaned blocks
Total full LBM containers with extra space: 0 (0 repaired)
Total full LBM container extra space in bytes: 0 (0 repaired)
Total incomplete LBM containers: 0 (0 repaired)
Total LBM partial records: 0 (0 repaired)
Total corrupted LBM metadata records in RocksDB: 0 (0 repaired)
I20260601 13:26:04.243199  8824 rpc_server.cc:225] running with OpenSSL 1.1.1  11 Sep 2018
I20260601 13:26:04.243475  8824 kserver.cc:163] Server-wide thread pool size limit: 3276
I20260601 13:26:04.243743  8824 txn_system_client.cc:432] TxnSystemClient initialization is disabled...
I20260601 13:26:04.244155  8824 ts_tablet_manager.cc:585] Loaded tablet metadata (0 total tablets, 0 live tablets)
I20260601 13:26:04.244210  8824 ts_tablet_manager.cc:531] Time spent load tablet metadata: real 0.000s	user 0.000s	sys 0.000s
I20260601 13:26:04.244258  8824 ts_tablet_manager.cc:616] Registered 0 tablets
I20260601 13:26:04.244308  8824 ts_tablet_manager.cc:595] Time spent register tablets: real 0.000s	user 0.000s	sys 0.000s
I20260601 13:26:04.248075  8824 rpc_server.cc:307] RPC server started. Bound to: 127.8.158.1:34933
I20260601 13:26:04.248095 11819 acceptor_pool.cc:272] collecting diagnostics on the listening RPC socket 127.8.158.1:34933 every 8 connection(s)
I20260601 13:26:04.248775  8824 file_cache.cc:492] Constructed file cache file cache with capacity 419430
W20260601 13:26:04.250353 11825 instance_detector.cc:116] could not retrieve Azure instance metadata: Network error: curl error: HTTP response code said error: The requested URL returned error: 404
W20260601 13:26:04.250391 11827 instance_detector.cc:116] could not retrieve OpenStack instance metadata: Network error: curl error: HTTP response code said error: The requested URL returned error: 404
W20260601 13:26:04.250355 11824 instance_detector.cc:116] could not retrieve AWS instance metadata: Network error: curl error: HTTP response code said error: The requested URL returned error: 404
I20260601 13:26:04.250699  8824 server_base.cc:1061] running on GCE node
I20260601 13:26:04.250883  8824 hybrid_clock.cc:584] initializing the hybrid clock with 'system_unsync' time source
W20260601 13:26:04.250939  8824 system_unsync_time.cc:38] NTP support is disabled. Clock error bounds will not be accurate. This configuration is not suitable for distributed clusters.
I20260601 13:26:04.250969  8824 hybrid_clock.cc:648] HybridClock initialized: now 1780320364250969 us; error 0 us; skew 500 ppm
I20260601 13:26:04.251822  8824 webserver.cc:533] Webserver started at http://127.8.158.2:43227/ using document root <none> and password file <none>
I20260601 13:26:04.251966  8824 fs_manager.cc:362] Metadata directory not provided
I20260601 13:26:04.252033  8824 fs_manager.cc:368] Using write-ahead log directory (fs_wal_dir) as metadata directory
I20260601 13:26:04.252108  8824 server_base.cc:909] This appears to be a new deployment of Kudu; creating new FS layout
I20260601 13:26:04.252509  8824 fs_manager.cc:1068] Generated new instance metadata in path /tmp/dist-test-taskVkONAn/test-tmp/auto_rebalancer-test.0.AutoRebalancerTest.RangeAwareRebalancesNewRangeReplicas.1780320295299085-8824-0/minicluster-data/ts-1-root/instance:
uuid: "44dd67410f73475398520a0d15cb1a70"
format_stamp: "Formatted at 2026-06-01 13:26:04 on dist-test-slave-0cjc"
I20260601 13:26:04.253381 11820 heartbeater.cc:344] Connected to a master server at 127.8.158.62:44677
I20260601 13:26:04.253487 11820 heartbeater.cc:461] Registering TS with master...
I20260601 13:26:04.253672 11820 heartbeater.cc:507] Master 127.8.158.62:44677 requested a full tablet report, sending...
I20260601 13:26:04.254235  8824 fs_manager.cc:696] Time spent creating directory manager: real 0.002s	user 0.002s	sys 0.000s
I20260601 13:26:04.254262 11691 ts_manager.cc:194] Registered new tserver with Master: 54ffd13829d247d0b735c734c6de7212 (127.8.158.1:34933)
I20260601 13:26:04.254972 11691 master_service.cc:502] Signed X509 certificate for tserver {username='slave'} at 127.0.0.1:52874
I20260601 13:26:04.255084 11832 log_block_manager.cc:4031] Time spent loading block containers with low live blocks: real 0.000s	user 0.000s	sys 0.000s
I20260601 13:26:04.255448  8824 fs_manager.cc:730] Time spent opening block manager: real 0.001s	user 0.001s	sys 0.000s
I20260601 13:26:04.255548  8824 fs_manager.cc:647] Opened local filesystem: /tmp/dist-test-taskVkONAn/test-tmp/auto_rebalancer-test.0.AutoRebalancerTest.RangeAwareRebalancesNewRangeReplicas.1780320295299085-8824-0/minicluster-data/ts-1-root
uuid: "44dd67410f73475398520a0d15cb1a70"
format_stamp: "Formatted at 2026-06-01 13:26:04 on dist-test-slave-0cjc"
I20260601 13:26:04.255609  8824 fs_report.cc:389] FS layout report
--------------------
wal directory: /tmp/dist-test-taskVkONAn/test-tmp/auto_rebalancer-test.0.AutoRebalancerTest.RangeAwareRebalancesNewRangeReplicas.1780320295299085-8824-0/minicluster-data/ts-1-root
metadata directory: /tmp/dist-test-taskVkONAn/test-tmp/auto_rebalancer-test.0.AutoRebalancerTest.RangeAwareRebalancesNewRangeReplicas.1780320295299085-8824-0/minicluster-data/ts-1-root
1 data directories: /tmp/dist-test-taskVkONAn/test-tmp/auto_rebalancer-test.0.AutoRebalancerTest.RangeAwareRebalancesNewRangeReplicas.1780320295299085-8824-0/minicluster-data/ts-1-root/data
Total live blocks: 0
Total live bytes: 0
Total live bytes (after alignment): 0
Total number of LBM containers: 0 (0 full)
Did not check for missing blocks
Did not check for orphaned blocks
Total full LBM containers with extra space: 0 (0 repaired)
Total full LBM container extra space in bytes: 0 (0 repaired)
Total incomplete LBM containers: 0 (0 repaired)
Total LBM partial records: 0 (0 repaired)
Total corrupted LBM metadata records in RocksDB: 0 (0 repaired)
I20260601 13:26:04.274386  8824 rpc_server.cc:225] running with OpenSSL 1.1.1  11 Sep 2018
I20260601 13:26:04.274681  8824 kserver.cc:163] Server-wide thread pool size limit: 3276
I20260601 13:26:04.274940  8824 txn_system_client.cc:432] TxnSystemClient initialization is disabled...
I20260601 13:26:04.275365  8824 ts_tablet_manager.cc:585] Loaded tablet metadata (0 total tablets, 0 live tablets)
I20260601 13:26:04.275424  8824 ts_tablet_manager.cc:531] Time spent load tablet metadata: real 0.000s	user 0.000s	sys 0.000s
I20260601 13:26:04.275475  8824 ts_tablet_manager.cc:616] Registered 0 tablets
I20260601 13:26:04.275508  8824 ts_tablet_manager.cc:595] Time spent register tablets: real 0.000s	user 0.000s	sys 0.000s
I20260601 13:26:04.279455  8824 rpc_server.cc:307] RPC server started. Bound to: 127.8.158.2:39351
I20260601 13:26:04.279489 11895 acceptor_pool.cc:272] collecting diagnostics on the listening RPC socket 127.8.158.2:39351 every 8 connection(s)
I20260601 13:26:04.280090  8824 file_cache.cc:492] Constructed file cache file cache with capacity 419430
W20260601 13:26:04.281739 11902 instance_detector.cc:116] could not retrieve OpenStack instance metadata: Network error: curl error: HTTP response code said error: The requested URL returned error: 404
W20260601 13:26:04.281746 11900 instance_detector.cc:116] could not retrieve Azure instance metadata: Network error: curl error: HTTP response code said error: The requested URL returned error: 404
W20260601 13:26:04.281783 11899 instance_detector.cc:116] could not retrieve AWS instance metadata: Network error: curl error: HTTP response code said error: The requested URL returned error: 404
I20260601 13:26:04.282320  8824 server_base.cc:1061] running on GCE node
I20260601 13:26:04.282509  8824 hybrid_clock.cc:584] initializing the hybrid clock with 'system_unsync' time source
W20260601 13:26:04.282557  8824 system_unsync_time.cc:38] NTP support is disabled. Clock error bounds will not be accurate. This configuration is not suitable for distributed clusters.
