I20260601 13:25:10.568729 19967 ts_tablet_manager.cc:1403] T bae20276d8aa48919d1183b6666fd15f P caaa52f8035f4f0b90ccd413c0be9008: Time spent bootstrapping tablet: real 0.003s	user 0.002s	sys 0.000s
I20260601 13:25:10.569108 19966 tablet_bootstrap.cc:654] T bae20276d8aa48919d1183b6666fd15f P ea0f36ee35144f5d8c278dc2e22b6a1b: Neither blocks nor log segments found. Creating new log.
I20260601 13:25:10.569267 19967 raft_consensus.cc:359] T bae20276d8aa48919d1183b6666fd15f P caaa52f8035f4f0b90ccd413c0be9008 [term 0 FOLLOWER]: Replica starting. Triggering 0 pending ops. Active config: opid_index: -1 OBSOLETE_local: false peers { permanent_uuid: "caaa52f8035f4f0b90ccd413c0be9008" member_type: VOTER last_known_addr { host: "127.17.151.1" port: 45081 } } peers { permanent_uuid: "a95dd0aefc8e43c494e0bbc515fa9642" member_type: VOTER last_known_addr { host: "127.17.151.2" port: 37335 } } peers { permanent_uuid: "ea0f36ee35144f5d8c278dc2e22b6a1b" member_type: VOTER last_known_addr { host: "127.17.151.3" port: 38679 } }
I20260601 13:25:10.569420 19970 tablet_bootstrap.cc:492] T 2791f37025484a0c938028bd7e32235a P a95dd0aefc8e43c494e0bbc515fa9642: Bootstrap starting.
I20260601 13:25:10.569435 19967 raft_consensus.cc:385] T bae20276d8aa48919d1183b6666fd15f P caaa52f8035f4f0b90ccd413c0be9008 [term 0 FOLLOWER]: Consensus starting up: Expiring failure detector timer to make a prompt election more likely
I20260601 13:25:10.569880 19967 raft_consensus.cc:740] T bae20276d8aa48919d1183b6666fd15f P caaa52f8035f4f0b90ccd413c0be9008 [term 0 FOLLOWER]: Becoming Follower/Learner. State: Replica: caaa52f8035f4f0b90ccd413c0be9008, State: Initialized, Role: FOLLOWER
I20260601 13:25:10.570061 19967 consensus_queue.cc:260] T bae20276d8aa48919d1183b6666fd15f P caaa52f8035f4f0b90ccd413c0be9008 [NON_LEADER]: Queue going to NON_LEADER mode. State: All replicated index: 0, Majority replicated index: 0, Committed index: 0, Last appended: 0.0, Last appended by leader: 0, Current term: 0, Majority size: -1, State: 0, Mode: NON_LEADER, active raft config: opid_index: -1 OBSOLETE_local: false peers { permanent_uuid: "caaa52f8035f4f0b90ccd413c0be9008" member_type: VOTER last_known_addr { host: "127.17.151.1" port: 45081 } } peers { permanent_uuid: "a95dd0aefc8e43c494e0bbc515fa9642" member_type: VOTER last_known_addr { host: "127.17.151.2" port: 37335 } } peers { permanent_uuid: "ea0f36ee35144f5d8c278dc2e22b6a1b" member_type: VOTER last_known_addr { host: "127.17.151.3" port: 38679 } }
I20260601 13:25:10.570358 19967 ts_tablet_manager.cc:1434] T bae20276d8aa48919d1183b6666fd15f P caaa52f8035f4f0b90ccd413c0be9008: Time spent starting tablet: real 0.002s	user 0.001s	sys 0.000s
I20260601 13:25:10.570708 19970 tablet_bootstrap.cc:654] T 2791f37025484a0c938028bd7e32235a P a95dd0aefc8e43c494e0bbc515fa9642: Neither blocks nor log segments found. Creating new log.
I20260601 13:25:10.571125 19966 tablet_bootstrap.cc:492] T bae20276d8aa48919d1183b6666fd15f P ea0f36ee35144f5d8c278dc2e22b6a1b: No bootstrap required, opened a new log
I20260601 13:25:10.571214 19966 ts_tablet_manager.cc:1403] T bae20276d8aa48919d1183b6666fd15f P ea0f36ee35144f5d8c278dc2e22b6a1b: Time spent bootstrapping tablet: real 0.003s	user 0.002s	sys 0.000s
I20260601 13:25:10.571767 19970 tablet_bootstrap.cc:492] T 2791f37025484a0c938028bd7e32235a P a95dd0aefc8e43c494e0bbc515fa9642: No bootstrap required, opened a new log
I20260601 13:25:10.571743 19966 raft_consensus.cc:359] T bae20276d8aa48919d1183b6666fd15f P ea0f36ee35144f5d8c278dc2e22b6a1b [term 0 FOLLOWER]: Replica starting. Triggering 0 pending ops. Active config: opid_index: -1 OBSOLETE_local: false peers { permanent_uuid: "caaa52f8035f4f0b90ccd413c0be9008" member_type: VOTER last_known_addr { host: "127.17.151.1" port: 45081 } } peers { permanent_uuid: "a95dd0aefc8e43c494e0bbc515fa9642" member_type: VOTER last_known_addr { host: "127.17.151.2" port: 37335 } } peers { permanent_uuid: "ea0f36ee35144f5d8c278dc2e22b6a1b" member_type: VOTER last_known_addr { host: "127.17.151.3" port: 38679 } }
I20260601 13:25:10.571832 19966 raft_consensus.cc:385] T bae20276d8aa48919d1183b6666fd15f P ea0f36ee35144f5d8c278dc2e22b6a1b [term 0 FOLLOWER]: Consensus starting up: Expiring failure detector timer to make a prompt election more likely
I20260601 13:25:10.571841 19970 ts_tablet_manager.cc:1403] T 2791f37025484a0c938028bd7e32235a P a95dd0aefc8e43c494e0bbc515fa9642: Time spent bootstrapping tablet: real 0.002s	user 0.002s	sys 0.000s
I20260601 13:25:10.571905 19966 raft_consensus.cc:740] T bae20276d8aa48919d1183b6666fd15f P ea0f36ee35144f5d8c278dc2e22b6a1b [term 0 FOLLOWER]: Becoming Follower/Learner. State: Replica: ea0f36ee35144f5d8c278dc2e22b6a1b, State: Initialized, Role: FOLLOWER
I20260601 13:25:10.572100 19966 consensus_queue.cc:260] T bae20276d8aa48919d1183b6666fd15f P ea0f36ee35144f5d8c278dc2e22b6a1b [NON_LEADER]: Queue going to NON_LEADER mode. State: All replicated index: 0, Majority replicated index: 0, Committed index: 0, Last appended: 0.0, Last appended by leader: 0, Current term: 0, Majority size: -1, State: 0, Mode: NON_LEADER, active raft config: opid_index: -1 OBSOLETE_local: false peers { permanent_uuid: "caaa52f8035f4f0b90ccd413c0be9008" member_type: VOTER last_known_addr { host: "127.17.151.1" port: 45081 } } peers { permanent_uuid: "a95dd0aefc8e43c494e0bbc515fa9642" member_type: VOTER last_known_addr { host: "127.17.151.2" port: 37335 } } peers { permanent_uuid: "ea0f36ee35144f5d8c278dc2e22b6a1b" member_type: VOTER last_known_addr { host: "127.17.151.3" port: 38679 } }
I20260601 13:25:10.572407 19970 raft_consensus.cc:359] T 2791f37025484a0c938028bd7e32235a P a95dd0aefc8e43c494e0bbc515fa9642 [term 0 FOLLOWER]: Replica starting. Triggering 0 pending ops. Active config: opid_index: -1 OBSOLETE_local: false peers { permanent_uuid: "ea0f36ee35144f5d8c278dc2e22b6a1b" member_type: VOTER last_known_addr { host: "127.17.151.3" port: 38679 } } peers { permanent_uuid: "a95dd0aefc8e43c494e0bbc515fa9642" member_type: VOTER last_known_addr { host: "127.17.151.2" port: 37335 } } peers { permanent_uuid: "caaa52f8035f4f0b90ccd413c0be9008" member_type: VOTER last_known_addr { host: "127.17.151.1" port: 45081 } }
I20260601 13:25:10.572506 19970 raft_consensus.cc:385] T 2791f37025484a0c938028bd7e32235a P a95dd0aefc8e43c494e0bbc515fa9642 [term 0 FOLLOWER]: Consensus starting up: Expiring failure detector timer to make a prompt election more likely
I20260601 13:25:10.572541 19970 raft_consensus.cc:740] T 2791f37025484a0c938028bd7e32235a P a95dd0aefc8e43c494e0bbc515fa9642 [term 0 FOLLOWER]: Becoming Follower/Learner. State: Replica: a95dd0aefc8e43c494e0bbc515fa9642, State: Initialized, Role: FOLLOWER
I20260601 13:25:10.572696 19970 consensus_queue.cc:260] T 2791f37025484a0c938028bd7e32235a P a95dd0aefc8e43c494e0bbc515fa9642 [NON_LEADER]: Queue going to NON_LEADER mode. State: All replicated index: 0, Majority replicated index: 0, Committed index: 0, Last appended: 0.0, Last appended by leader: 0, Current term: 0, Majority size: -1, State: 0, Mode: NON_LEADER, active raft config: opid_index: -1 OBSOLETE_local: false peers { permanent_uuid: "ea0f36ee35144f5d8c278dc2e22b6a1b" member_type: VOTER last_known_addr { host: "127.17.151.3" port: 38679 } } peers { permanent_uuid: "a95dd0aefc8e43c494e0bbc515fa9642" member_type: VOTER last_known_addr { host: "127.17.151.2" port: 37335 } } peers { permanent_uuid: "caaa52f8035f4f0b90ccd413c0be9008" member_type: VOTER last_known_addr { host: "127.17.151.1" port: 45081 } }
I20260601 13:25:10.573119 19970 ts_tablet_manager.cc:1434] T 2791f37025484a0c938028bd7e32235a P a95dd0aefc8e43c494e0bbc515fa9642: Time spent starting tablet: real 0.001s	user 0.001s	sys 0.000s
I20260601 13:25:10.573658 19966 ts_tablet_manager.cc:1434] T bae20276d8aa48919d1183b6666fd15f P ea0f36ee35144f5d8c278dc2e22b6a1b: Time spent starting tablet: real 0.002s	user 0.000s	sys 0.001s
I20260601 13:25:10.671365 19975 raft_consensus.cc:493] T bae20276d8aa48919d1183b6666fd15f P a95dd0aefc8e43c494e0bbc515fa9642 [term 0 FOLLOWER]: Starting pre-election (no leader contacted us within the election timeout)
I20260601 13:25:10.671527 19975 raft_consensus.cc:515] T bae20276d8aa48919d1183b6666fd15f P a95dd0aefc8e43c494e0bbc515fa9642 [term 0 FOLLOWER]: Starting pre-election with config: opid_index: -1 OBSOLETE_local: false peers { permanent_uuid: "caaa52f8035f4f0b90ccd413c0be9008" member_type: VOTER last_known_addr { host: "127.17.151.1" port: 45081 } } peers { permanent_uuid: "a95dd0aefc8e43c494e0bbc515fa9642" member_type: VOTER last_known_addr { host: "127.17.151.2" port: 37335 } } peers { permanent_uuid: "ea0f36ee35144f5d8c278dc2e22b6a1b" member_type: VOTER last_known_addr { host: "127.17.151.3" port: 38679 } }
I20260601 13:25:10.672047 19975 leader_election.cc:290] T bae20276d8aa48919d1183b6666fd15f P a95dd0aefc8e43c494e0bbc515fa9642 [CANDIDATE]: Term 1 pre-election: Requested pre-vote from peers caaa52f8035f4f0b90ccd413c0be9008 (127.17.151.1:45081), ea0f36ee35144f5d8c278dc2e22b6a1b (127.17.151.3:38679)
I20260601 13:25:10.675908 19769 tablet_service.cc:1917] Received RequestConsensusVote() RPC: tablet_id: "bae20276d8aa48919d1183b6666fd15f" candidate_uuid: "a95dd0aefc8e43c494e0bbc515fa9642" candidate_term: 1 candidate_status { last_received { term: 0 index: 0 } } ignore_live_leader: false dest_uuid: "caaa52f8035f4f0b90ccd413c0be9008" is_pre_election: true
I20260601 13:25:10.676105 19920 tablet_service.cc:1917] Received RequestConsensusVote() RPC: tablet_id: "bae20276d8aa48919d1183b6666fd15f" candidate_uuid: "a95dd0aefc8e43c494e0bbc515fa9642" candidate_term: 1 candidate_status { last_received { term: 0 index: 0 } } ignore_live_leader: false dest_uuid: "ea0f36ee35144f5d8c278dc2e22b6a1b" is_pre_election: true
I20260601 13:25:10.676122 19769 raft_consensus.cc:2468] T bae20276d8aa48919d1183b6666fd15f P caaa52f8035f4f0b90ccd413c0be9008 [term 0 FOLLOWER]: Leader pre-election vote request: Granting yes vote for candidate a95dd0aefc8e43c494e0bbc515fa9642 in term 0.
I20260601 13:25:10.676261 19920 raft_consensus.cc:2468] T bae20276d8aa48919d1183b6666fd15f P ea0f36ee35144f5d8c278dc2e22b6a1b [term 0 FOLLOWER]: Leader pre-election vote request: Granting yes vote for candidate a95dd0aefc8e43c494e0bbc515fa9642 in term 0.
I20260601 13:25:10.676543 19808 leader_election.cc:304] T bae20276d8aa48919d1183b6666fd15f P a95dd0aefc8e43c494e0bbc515fa9642 [CANDIDATE]: Term 1 pre-election: Election decided. Result: candidate won. Election summary: received 2 responses out of 3 voters: 2 yes votes; 0 no votes. yes voters: a95dd0aefc8e43c494e0bbc515fa9642, ea0f36ee35144f5d8c278dc2e22b6a1b; no voters: 
I20260601 13:25:10.676724 19975 raft_consensus.cc:2804] T bae20276d8aa48919d1183b6666fd15f P a95dd0aefc8e43c494e0bbc515fa9642 [term 0 FOLLOWER]: Leader pre-election won for term 1
I20260601 13:25:10.676791 19975 raft_consensus.cc:493] T bae20276d8aa48919d1183b6666fd15f P a95dd0aefc8e43c494e0bbc515fa9642 [term 0 FOLLOWER]: Starting leader election (no leader contacted us within the election timeout)
I20260601 13:25:10.676841 19975 raft_consensus.cc:3060] T bae20276d8aa48919d1183b6666fd15f P a95dd0aefc8e43c494e0bbc515fa9642 [term 0 FOLLOWER]: Advancing to term 1
I20260601 13:25:10.677731 19975 raft_consensus.cc:515] T bae20276d8aa48919d1183b6666fd15f P a95dd0aefc8e43c494e0bbc515fa9642 [term 1 FOLLOWER]: Starting leader election with config: opid_index: -1 OBSOLETE_local: false peers { permanent_uuid: "caaa52f8035f4f0b90ccd413c0be9008" member_type: VOTER last_known_addr { host: "127.17.151.1" port: 45081 } } peers { permanent_uuid: "a95dd0aefc8e43c494e0bbc515fa9642" member_type: VOTER last_known_addr { host: "127.17.151.2" port: 37335 } } peers { permanent_uuid: "ea0f36ee35144f5d8c278dc2e22b6a1b" member_type: VOTER last_known_addr { host: "127.17.151.3" port: 38679 } }
I20260601 13:25:10.678105 19975 leader_election.cc:290] T bae20276d8aa48919d1183b6666fd15f P a95dd0aefc8e43c494e0bbc515fa9642 [CANDIDATE]: Term 1 election: Requested vote from peers caaa52f8035f4f0b90ccd413c0be9008 (127.17.151.1:45081), ea0f36ee35144f5d8c278dc2e22b6a1b (127.17.151.3:38679)
I20260601 13:25:10.678445 19769 tablet_service.cc:1917] Received RequestConsensusVote() RPC: tablet_id: "bae20276d8aa48919d1183b6666fd15f" candidate_uuid: "a95dd0aefc8e43c494e0bbc515fa9642" candidate_term: 1 candidate_status { last_received { term: 0 index: 0 } } ignore_live_leader: false dest_uuid: "caaa52f8035f4f0b90ccd413c0be9008"
I20260601 13:25:10.678493 19920 tablet_service.cc:1917] Received RequestConsensusVote() RPC: tablet_id: "bae20276d8aa48919d1183b6666fd15f" candidate_uuid: "a95dd0aefc8e43c494e0bbc515fa9642" candidate_term: 1 candidate_status { last_received { term: 0 index: 0 } } ignore_live_leader: false dest_uuid: "ea0f36ee35144f5d8c278dc2e22b6a1b"
I20260601 13:25:10.678573 19769 raft_consensus.cc:3060] T bae20276d8aa48919d1183b6666fd15f P caaa52f8035f4f0b90ccd413c0be9008 [term 0 FOLLOWER]: Advancing to term 1
I20260601 13:25:10.678635 19920 raft_consensus.cc:3060] T bae20276d8aa48919d1183b6666fd15f P ea0f36ee35144f5d8c278dc2e22b6a1b [term 0 FOLLOWER]: Advancing to term 1
I20260601 13:25:10.679595 19920 raft_consensus.cc:2468] T bae20276d8aa48919d1183b6666fd15f P ea0f36ee35144f5d8c278dc2e22b6a1b [term 1 FOLLOWER]: Leader election vote request: Granting yes vote for candidate a95dd0aefc8e43c494e0bbc515fa9642 in term 1.
I20260601 13:25:10.679612 19769 raft_consensus.cc:2468] T bae20276d8aa48919d1183b6666fd15f P caaa52f8035f4f0b90ccd413c0be9008 [term 1 FOLLOWER]: Leader election vote request: Granting yes vote for candidate a95dd0aefc8e43c494e0bbc515fa9642 in term 1.
I20260601 13:25:10.679905 19808 leader_election.cc:304] T bae20276d8aa48919d1183b6666fd15f P a95dd0aefc8e43c494e0bbc515fa9642 [CANDIDATE]: Term 1 election: Election decided. Result: candidate won. Election summary: received 2 responses out of 3 voters: 2 yes votes; 0 no votes. yes voters: a95dd0aefc8e43c494e0bbc515fa9642, ea0f36ee35144f5d8c278dc2e22b6a1b; no voters: 
I20260601 13:25:10.680091 19975 raft_consensus.cc:2804] T bae20276d8aa48919d1183b6666fd15f P a95dd0aefc8e43c494e0bbc515fa9642 [term 1 FOLLOWER]: Leader election won for term 1
I20260601 13:25:10.680181 19975 raft_consensus.cc:697] T bae20276d8aa48919d1183b6666fd15f P a95dd0aefc8e43c494e0bbc515fa9642 [term 1 LEADER]: Becoming Leader. State: Replica: a95dd0aefc8e43c494e0bbc515fa9642, State: Running, Role: LEADER
I20260601 13:25:10.680315 19975 consensus_queue.cc:237] T bae20276d8aa48919d1183b6666fd15f P a95dd0aefc8e43c494e0bbc515fa9642 [LEADER]: Queue going to LEADER mode. State: All replicated index: 0, Majority replicated index: 0, Committed index: 0, Last appended: 0.0, Last appended by leader: 0, Current term: 1, Majority size: 2, State: 0, Mode: LEADER, active raft config: opid_index: -1 OBSOLETE_local: false peers { permanent_uuid: "caaa52f8035f4f0b90ccd413c0be9008" member_type: VOTER last_known_addr { host: "127.17.151.1" port: 45081 } } peers { permanent_uuid: "a95dd0aefc8e43c494e0bbc515fa9642" member_type: VOTER last_known_addr { host: "127.17.151.2" port: 37335 } } peers { permanent_uuid: "ea0f36ee35144f5d8c278dc2e22b6a1b" member_type: VOTER last_known_addr { host: "127.17.151.3" port: 38679 } }
I20260601 13:25:10.682166 19665 catalog_manager.cc:5696] T bae20276d8aa48919d1183b6666fd15f P a95dd0aefc8e43c494e0bbc515fa9642 reported cstate change: term changed from 0 to 1, leader changed from <none> to a95dd0aefc8e43c494e0bbc515fa9642 (127.17.151.2). New cstate: current_term: 1 leader_uuid: "a95dd0aefc8e43c494e0bbc515fa9642" committed_config { opid_index: -1 OBSOLETE_local: false peers { permanent_uuid: "caaa52f8035f4f0b90ccd413c0be9008" member_type: VOTER last_known_addr { host: "127.17.151.1" port: 45081 } health_report { overall_health: UNKNOWN } } peers { permanent_uuid: "a95dd0aefc8e43c494e0bbc515fa9642" member_type: VOTER last_known_addr { host: "127.17.151.2" port: 37335 } health_report { overall_health: HEALTHY } } peers { permanent_uuid: "ea0f36ee35144f5d8c278dc2e22b6a1b" member_type: VOTER last_known_addr { host: "127.17.151.3" port: 38679 } health_report { overall_health: UNKNOWN } } }
I20260601 13:25:10.860594 19972 raft_consensus.cc:493] T 2791f37025484a0c938028bd7e32235a P caaa52f8035f4f0b90ccd413c0be9008 [term 0 FOLLOWER]: Starting pre-election (no leader contacted us within the election timeout)
I20260601 13:25:10.860759 19972 raft_consensus.cc:515] T 2791f37025484a0c938028bd7e32235a P caaa52f8035f4f0b90ccd413c0be9008 [term 0 FOLLOWER]: Starting pre-election with config: opid_index: -1 OBSOLETE_local: false peers { permanent_uuid: "ea0f36ee35144f5d8c278dc2e22b6a1b" member_type: VOTER last_known_addr { host: "127.17.151.3" port: 38679 } } peers { permanent_uuid: "a95dd0aefc8e43c494e0bbc515fa9642" member_type: VOTER last_known_addr { host: "127.17.151.2" port: 37335 } } peers { permanent_uuid: "caaa52f8035f4f0b90ccd413c0be9008" member_type: VOTER last_known_addr { host: "127.17.151.1" port: 45081 } }
I20260601 13:25:10.861388 19972 leader_election.cc:290] T 2791f37025484a0c938028bd7e32235a P caaa52f8035f4f0b90ccd413c0be9008 [CANDIDATE]: Term 1 pre-election: Requested pre-vote from peers ea0f36ee35144f5d8c278dc2e22b6a1b (127.17.151.3:38679), a95dd0aefc8e43c494e0bbc515fa9642 (127.17.151.2:37335)
I20260601 13:25:10.866230 19845 tablet_service.cc:1917] Received RequestConsensusVote() RPC: tablet_id: "2791f37025484a0c938028bd7e32235a" candidate_uuid: "caaa52f8035f4f0b90ccd413c0be9008" candidate_term: 1 candidate_status { last_received { term: 0 index: 0 } } ignore_live_leader: false dest_uuid: "a95dd0aefc8e43c494e0bbc515fa9642" is_pre_election: true
I20260601 13:25:10.866223 19920 tablet_service.cc:1917] Received RequestConsensusVote() RPC: tablet_id: "2791f37025484a0c938028bd7e32235a" candidate_uuid: "caaa52f8035f4f0b90ccd413c0be9008" candidate_term: 1 candidate_status { last_received { term: 0 index: 0 } } ignore_live_leader: false dest_uuid: "ea0f36ee35144f5d8c278dc2e22b6a1b" is_pre_election: true
I20260601 13:25:10.866415 19845 raft_consensus.cc:2468] T 2791f37025484a0c938028bd7e32235a P a95dd0aefc8e43c494e0bbc515fa9642 [term 0 FOLLOWER]: Leader pre-election vote request: Granting yes vote for candidate caaa52f8035f4f0b90ccd413c0be9008 in term 0.
I20260601 13:25:10.866477 19920 raft_consensus.cc:2468] T 2791f37025484a0c938028bd7e32235a P ea0f36ee35144f5d8c278dc2e22b6a1b [term 0 FOLLOWER]: Leader pre-election vote request: Granting yes vote for candidate caaa52f8035f4f0b90ccd413c0be9008 in term 0.
I20260601 13:25:10.866858 19732 leader_election.cc:304] T 2791f37025484a0c938028bd7e32235a P caaa52f8035f4f0b90ccd413c0be9008 [CANDIDATE]: Term 1 pre-election: Election decided. Result: candidate won. Election summary: received 2 responses out of 3 voters: 2 yes votes; 0 no votes. yes voters: caaa52f8035f4f0b90ccd413c0be9008, ea0f36ee35144f5d8c278dc2e22b6a1b; no voters: 
I20260601 13:25:10.867060 19972 raft_consensus.cc:2804] T 2791f37025484a0c938028bd7e32235a P caaa52f8035f4f0b90ccd413c0be9008 [term 0 FOLLOWER]: Leader pre-election won for term 1
I20260601 13:25:10.867122 19972 raft_consensus.cc:493] T 2791f37025484a0c938028bd7e32235a P caaa52f8035f4f0b90ccd413c0be9008 [term 0 FOLLOWER]: Starting leader election (no leader contacted us within the election timeout)
I20260601 13:25:10.867163 19972 raft_consensus.cc:3060] T 2791f37025484a0c938028bd7e32235a P caaa52f8035f4f0b90ccd413c0be9008 [term 0 FOLLOWER]: Advancing to term 1
I20260601 13:25:10.868084 19972 raft_consensus.cc:515] T 2791f37025484a0c938028bd7e32235a P caaa52f8035f4f0b90ccd413c0be9008 [term 1 FOLLOWER]: Starting leader election with config: opid_index: -1 OBSOLETE_local: false peers { permanent_uuid: "ea0f36ee35144f5d8c278dc2e22b6a1b" member_type: VOTER last_known_addr { host: "127.17.151.3" port: 38679 } } peers { permanent_uuid: "a95dd0aefc8e43c494e0bbc515fa9642" member_type: VOTER last_known_addr { host: "127.17.151.2" port: 37335 } } peers { permanent_uuid: "caaa52f8035f4f0b90ccd413c0be9008" member_type: VOTER last_known_addr { host: "127.17.151.1" port: 45081 } }
I20260601 13:25:10.868496 19972 leader_election.cc:290] T 2791f37025484a0c938028bd7e32235a P caaa52f8035f4f0b90ccd413c0be9008 [CANDIDATE]: Term 1 election: Requested vote from peers ea0f36ee35144f5d8c278dc2e22b6a1b (127.17.151.3:38679), a95dd0aefc8e43c494e0bbc515fa9642 (127.17.151.2:37335)
I20260601 13:25:10.868818 19920 tablet_service.cc:1917] Received RequestConsensusVote() RPC: tablet_id: "2791f37025484a0c938028bd7e32235a" candidate_uuid: "caaa52f8035f4f0b90ccd413c0be9008" candidate_term: 1 candidate_status { last_received { term: 0 index: 0 } } ignore_live_leader: false dest_uuid: "ea0f36ee35144f5d8c278dc2e22b6a1b"
I20260601 13:25:10.868886 19845 tablet_service.cc:1917] Received RequestConsensusVote() RPC: tablet_id: "2791f37025484a0c938028bd7e32235a" candidate_uuid: "caaa52f8035f4f0b90ccd413c0be9008" candidate_term: 1 candidate_status { last_received { term: 0 index: 0 } } ignore_live_leader: false dest_uuid: "a95dd0aefc8e43c494e0bbc515fa9642"
I20260601 13:25:10.868942 19920 raft_consensus.cc:3060] T 2791f37025484a0c938028bd7e32235a P ea0f36ee35144f5d8c278dc2e22b6a1b [term 0 FOLLOWER]: Advancing to term 1
I20260601 13:25:10.869038 19845 raft_consensus.cc:3060] T 2791f37025484a0c938028bd7e32235a P a95dd0aefc8e43c494e0bbc515fa9642 [term 0 FOLLOWER]: Advancing to term 1
I20260601 13:25:10.869850 19920 raft_consensus.cc:2468] T 2791f37025484a0c938028bd7e32235a P ea0f36ee35144f5d8c278dc2e22b6a1b [term 1 FOLLOWER]: Leader election vote request: Granting yes vote for candidate caaa52f8035f4f0b90ccd413c0be9008 in term 1.
I20260601 13:25:10.870086 19845 raft_consensus.cc:2468] T 2791f37025484a0c938028bd7e32235a P a95dd0aefc8e43c494e0bbc515fa9642 [term 1 FOLLOWER]: Leader election vote request: Granting yes vote for candidate caaa52f8035f4f0b90ccd413c0be9008 in term 1.
I20260601 13:25:10.870256 19732 leader_election.cc:304] T 2791f37025484a0c938028bd7e32235a P caaa52f8035f4f0b90ccd413c0be9008 [CANDIDATE]: Term 1 election: Election decided. Result: candidate won. Election summary: received 2 responses out of 3 voters: 2 yes votes; 0 no votes. yes voters: caaa52f8035f4f0b90ccd413c0be9008, ea0f36ee35144f5d8c278dc2e22b6a1b; no voters: 
I20260601 13:25:10.870517 19972 raft_consensus.cc:2804] T 2791f37025484a0c938028bd7e32235a P caaa52f8035f4f0b90ccd413c0be9008 [term 1 FOLLOWER]: Leader election won for term 1
I20260601 13:25:10.870785 19972 raft_consensus.cc:697] T 2791f37025484a0c938028bd7e32235a P caaa52f8035f4f0b90ccd413c0be9008 [term 1 LEADER]: Becoming Leader. State: Replica: caaa52f8035f4f0b90ccd413c0be9008, State: Running, Role: LEADER
I20260601 13:25:10.870944 19972 consensus_queue.cc:237] T 2791f37025484a0c938028bd7e32235a P caaa52f8035f4f0b90ccd413c0be9008 [LEADER]: Queue going to LEADER mode. State: All replicated index: 0, Majority replicated index: 0, Committed index: 0, Last appended: 0.0, Last appended by leader: 0, Current term: 1, Majority size: 2, State: 0, Mode: LEADER, active raft config: opid_index: -1 OBSOLETE_local: false peers { permanent_uuid: "ea0f36ee35144f5d8c278dc2e22b6a1b" member_type: VOTER last_known_addr { host: "127.17.151.3" port: 38679 } } peers { permanent_uuid: "a95dd0aefc8e43c494e0bbc515fa9642" member_type: VOTER last_known_addr { host: "127.17.151.2" port: 37335 } } peers { permanent_uuid: "caaa52f8035f4f0b90ccd413c0be9008" member_type: VOTER last_known_addr { host: "127.17.151.1" port: 45081 } }
I20260601 13:25:10.872637 19665 catalog_manager.cc:5696] T 2791f37025484a0c938028bd7e32235a P caaa52f8035f4f0b90ccd413c0be9008 reported cstate change: term changed from 0 to 1, leader changed from <none> to caaa52f8035f4f0b90ccd413c0be9008 (127.17.151.1). New cstate: current_term: 1 leader_uuid: "caaa52f8035f4f0b90ccd413c0be9008" committed_config { opid_index: -1 OBSOLETE_local: false peers { permanent_uuid: "ea0f36ee35144f5d8c278dc2e22b6a1b" member_type: VOTER last_known_addr { host: "127.17.151.3" port: 38679 } health_report { overall_health: UNKNOWN } } peers { permanent_uuid: "a95dd0aefc8e43c494e0bbc515fa9642" member_type: VOTER last_known_addr { host: "127.17.151.2" port: 37335 } health_report { overall_health: UNKNOWN } } peers { permanent_uuid: "caaa52f8035f4f0b90ccd413c0be9008" member_type: VOTER last_known_addr { host: "127.17.151.1" port: 45081 } health_report { overall_health: HEALTHY } } }
I20260601 13:25:11.133211 19978 consensus_queue.cc:1048] T bae20276d8aa48919d1183b6666fd15f P a95dd0aefc8e43c494e0bbc515fa9642 [LEADER]: Connected to new peer: Peer: permanent_uuid: "ea0f36ee35144f5d8c278dc2e22b6a1b" member_type: VOTER last_known_addr { host: "127.17.151.3" port: 38679 }, Status: LMP_MISMATCH, Last received: 0.0, Next index: 1, Last known committed idx: 0, Time since last communication: 0.000s
I20260601 13:25:11.136523 19978 consensus_queue.cc:1048] T bae20276d8aa48919d1183b6666fd15f P a95dd0aefc8e43c494e0bbc515fa9642 [LEADER]: Connected to new peer: Peer: permanent_uuid: "caaa52f8035f4f0b90ccd413c0be9008" member_type: VOTER last_known_addr { host: "127.17.151.1" port: 45081 }, Status: LMP_MISMATCH, Last received: 0.0, Next index: 1, Last known committed idx: 0, Time since last communication: 0.000s
I20260601 13:25:11.352234 19972 consensus_queue.cc:1048] T 2791f37025484a0c938028bd7e32235a P caaa52f8035f4f0b90ccd413c0be9008 [LEADER]: Connected to new peer: Peer: permanent_uuid: "ea0f36ee35144f5d8c278dc2e22b6a1b" member_type: VOTER last_known_addr { host: "127.17.151.3" port: 38679 }, Status: LMP_MISMATCH, Last received: 0.0, Next index: 1, Last known committed idx: 0, Time since last communication: 0.000s
I20260601 13:25:11.355571 19972 consensus_queue.cc:1048] T 2791f37025484a0c938028bd7e32235a P caaa52f8035f4f0b90ccd413c0be9008 [LEADER]: Connected to new peer: Peer: permanent_uuid: "a95dd0aefc8e43c494e0bbc515fa9642" member_type: VOTER last_known_addr { host: "127.17.151.2" port: 37335 }, Status: LMP_MISMATCH, Last received: 0.0, Next index: 1, Last known committed idx: 0, Time since last communication: 0.000s
I20260601 13:25:11.390901 19720 auto_leader_rebalancer.cc:140] leader rebalance for table test-workload
I20260601 13:25:11.391331 19720 auto_leader_rebalancer.cc:388] table: test-workload, leader rebalance finish, leader transfer count: 0
I20260601 13:25:11.391448 19720 auto_leader_rebalancer.cc:451] All tables' leader rebalancing finished this round
I20260601 13:25:13.391829 19720 auto_leader_rebalancer.cc:140] leader rebalance for table test-workload
I20260601 13:25:13.392235 19720 auto_leader_rebalancer.cc:388] table: test-workload, leader rebalance finish, leader transfer count: 0
I20260601 13:25:13.392302 19720 auto_leader_rebalancer.cc:451] All tables' leader rebalancing finished this round
I20260601 13:25:15.392591 19720 auto_leader_rebalancer.cc:140] leader rebalance for table test-workload
I20260601 13:25:15.392973 19720 auto_leader_rebalancer.cc:388] table: test-workload, leader rebalance finish, leader transfer count: 0
I20260601 13:25:15.393028 19720 auto_leader_rebalancer.cc:451] All tables' leader rebalancing finished this round
I20260601 13:25:17.393381 19720 auto_leader_rebalancer.cc:140] leader rebalance for table test-workload
I20260601 13:25:17.393888 19720 auto_leader_rebalancer.cc:388] table: test-workload, leader rebalance finish, leader transfer count: 0
I20260601 13:25:17.393961 19720 auto_leader_rebalancer.cc:451] All tables' leader rebalancing finished this round
I20260601 13:25:19.394301 19720 auto_leader_rebalancer.cc:140] leader rebalance for table test-workload
I20260601 13:25:19.394666 19720 auto_leader_rebalancer.cc:388] table: test-workload, leader rebalance finish, leader transfer count: 0
I20260601 13:25:19.394737 19720 auto_leader_rebalancer.cc:451] All tables' leader rebalancing finished this round
I20260601 13:25:21.395133 19720 auto_leader_rebalancer.cc:140] leader rebalance for table test-workload
I20260601 13:25:21.395678 19720 auto_leader_rebalancer.cc:388] table: test-workload, leader rebalance finish, leader transfer count: 0
I20260601 13:25:21.395787 19720 auto_leader_rebalancer.cc:451] All tables' leader rebalancing finished this round
I20260601 13:25:21.969190 18012 file_cache.cc:492] Constructed file cache file cache with capacity 419430
I20260601 13:25:21.971676 18012 server_base.cc:1061] running on GCE node
W20260601 13:25:21.971776 20001 instance_detector.cc:116] could not retrieve AWS instance metadata: Network error: curl error: HTTP response code said error: The requested URL returned error: 404
W20260601 13:25:21.971827 20002 instance_detector.cc:116] could not retrieve Azure instance metadata: Network error: curl error: HTTP response code said error: The requested URL returned error: 404
W20260601 13:25:21.971838 20004 instance_detector.cc:116] could not retrieve OpenStack instance metadata: Network error: curl error: HTTP response code said error: The requested URL returned error: 404
I20260601 13:25:21.972342 18012 hybrid_clock.cc:584] initializing the hybrid clock with 'system_unsync' time source
W20260601 13:25:21.972404 18012 system_unsync_time.cc:38] NTP support is disabled. Clock error bounds will not be accurate. This configuration is not suitable for distributed clusters.
I20260601 13:25:21.972424 18012 hybrid_clock.cc:648] HybridClock initialized: now 1780320321972423 us; error 0 us; skew 500 ppm
I20260601 13:25:21.973462 18012 webserver.cc:533] Webserver started at http://127.17.151.4:45861/ using document root <none> and password file <none>
I20260601 13:25:21.973603 18012 fs_manager.cc:362] Metadata directory not provided
I20260601 13:25:21.973649 18012 fs_manager.cc:368] Using write-ahead log directory (fs_wal_dir) as metadata directory
I20260601 13:25:21.973701 18012 server_base.cc:909] This appears to be a new deployment of Kudu; creating new FS layout
I20260601 13:25:21.974088 18012 fs_manager.cc:1068] Generated new instance metadata in path /tmp/dist-test-taskQaePYr/test-tmp/auto_rebalancer-test.0.AutoRebalancerTest.MovesScheduledIfAddTserver.1780320292634543-18012-0/minicluster-data/ts-3-root/instance:
uuid: "3420960c0b5e4dff8bdd11ab73d7ad6a"
format_stamp: "Formatted at 2026-06-01 13:25:21 on dist-test-slave-q2l9"
I20260601 13:25:21.975946 18012 fs_manager.cc:696] Time spent creating directory manager: real 0.002s	user 0.000s	sys 0.002s
I20260601 13:25:21.977082 20009 log_block_manager.cc:4031] Time spent loading block containers with low live blocks: real 0.000s	user 0.000s	sys 0.000s
I20260601 13:25:21.977332 18012 fs_manager.cc:730] Time spent opening block manager: real 0.001s	user 0.000s	sys 0.001s
I20260601 13:25:21.977406 18012 fs_manager.cc:647] Opened local filesystem: /tmp/dist-test-taskQaePYr/test-tmp/auto_rebalancer-test.0.AutoRebalancerTest.MovesScheduledIfAddTserver.1780320292634543-18012-0/minicluster-data/ts-3-root
uuid: "3420960c0b5e4dff8bdd11ab73d7ad6a"
format_stamp: "Formatted at 2026-06-01 13:25:21 on dist-test-slave-q2l9"
I20260601 13:25:21.977461 18012 fs_report.cc:389] FS layout report
--------------------
wal directory: /tmp/dist-test-taskQaePYr/test-tmp/auto_rebalancer-test.0.AutoRebalancerTest.MovesScheduledIfAddTserver.1780320292634543-18012-0/minicluster-data/ts-3-root
metadata directory: /tmp/dist-test-taskQaePYr/test-tmp/auto_rebalancer-test.0.AutoRebalancerTest.MovesScheduledIfAddTserver.1780320292634543-18012-0/minicluster-data/ts-3-root
1 data directories: /tmp/dist-test-taskQaePYr/test-tmp/auto_rebalancer-test.0.AutoRebalancerTest.MovesScheduledIfAddTserver.1780320292634543-18012-0/minicluster-data/ts-3-root/data
Total live blocks: 0
Total live bytes: 0
Total live bytes (after alignment): 0
Total number of LBM containers: 0 (0 full)
Did not check for missing blocks
Did not check for orphaned blocks
Total full LBM containers with extra space: 0 (0 repaired)
Total full LBM container extra space in bytes: 0 (0 repaired)
Total incomplete LBM containers: 0 (0 repaired)
Total LBM partial records: 0 (0 repaired)
Total corrupted LBM metadata records in RocksDB: 0 (0 repaired)
I20260601 13:25:22.008370 18012 rpc_server.cc:225] running with OpenSSL 1.1.1  11 Sep 2018
I20260601 13:25:22.009045 18012 kserver.cc:163] Server-wide thread pool size limit: 3276
I20260601 13:25:22.009680 18012 txn_system_client.cc:432] TxnSystemClient initialization is disabled...
I20260601 13:25:22.010202 18012 ts_tablet_manager.cc:585] Loaded tablet metadata (0 total tablets, 0 live tablets)
I20260601 13:25:22.010244 18012 ts_tablet_manager.cc:531] Time spent load tablet metadata: real 0.000s	user 0.000s	sys 0.000s
I20260601 13:25:22.010279 18012 ts_tablet_manager.cc:616] Registered 0 tablets
I20260601 13:25:22.010299 18012 ts_tablet_manager.cc:595] Time spent register tablets: real 0.000s	user 0.000s	sys 0.000s
I20260601 13:25:22.016613 18012 rpc_server.cc:307] RPC server started. Bound to: 127.17.151.4:45059
I20260601 13:25:22.016644 20072 acceptor_pool.cc:272] collecting diagnostics on the listening RPC socket 127.17.151.4:45059 every 8 connection(s)
I20260601 13:25:22.024899 20073 heartbeater.cc:344] Connected to a master server at 127.17.151.62:46505
I20260601 13:25:22.025022 20073 heartbeater.cc:461] Registering TS with master...
I20260601 13:25:22.025238 20073 heartbeater.cc:507] Master 127.17.151.62:46505 requested a full tablet report, sending...
I20260601 13:25:22.025856 19665 ts_manager.cc:194] Registered new tserver with Master: 3420960c0b5e4dff8bdd11ab73d7ad6a (127.17.151.4:45059)
I20260601 13:25:22.026438 19665 master_service.cc:502] Signed X509 certificate for tserver {username='slave'} at 127.0.0.1:58734
I20260601 13:25:22.407079 19845 consensus_queue.cc:237] T bae20276d8aa48919d1183b6666fd15f P a95dd0aefc8e43c494e0bbc515fa9642 [LEADER]: Queue going to LEADER mode. State: All replicated index: 0, Majority replicated index: 1, Committed index: 1, Last appended: 1.1, Last appended by leader: 0, Current term: 1, Majority size: 2, State: 0, Mode: LEADER, active raft config: opid_index: 2 OBSOLETE_local: false peers { permanent_uuid: "caaa52f8035f4f0b90ccd413c0be9008" member_type: VOTER last_known_addr { host: "127.17.151.1" port: 45081 } attrs { replace: true } } peers { permanent_uuid: "a95dd0aefc8e43c494e0bbc515fa9642" member_type: VOTER last_known_addr { host: "127.17.151.2" port: 37335 } } peers { permanent_uuid: "ea0f36ee35144f5d8c278dc2e22b6a1b" member_type: VOTER last_known_addr { host: "127.17.151.3" port: 38679 } } peers { permanent_uuid: "3420960c0b5e4dff8bdd11ab73d7ad6a" member_type: NON_VOTER last_known_addr { host: "127.17.151.4" port: 45059 } attrs { promote: true } }
I20260601 13:25:22.409417 19920 raft_consensus.cc:1275] T bae20276d8aa48919d1183b6666fd15f P ea0f36ee35144f5d8c278dc2e22b6a1b [term 1 FOLLOWER]: Refusing update from remote peer a95dd0aefc8e43c494e0bbc515fa9642: Log matching property violated. Preceding OpId in replica: term: 1 index: 1. Preceding OpId from leader: term: 1 index: 2. (index mismatch)
I20260601 13:25:22.409417 19769 raft_consensus.cc:1275] T bae20276d8aa48919d1183b6666fd15f P caaa52f8035f4f0b90ccd413c0be9008 [term 1 FOLLOWER]: Refusing update from remote peer a95dd0aefc8e43c494e0bbc515fa9642: Log matching property violated. Preceding OpId in replica: term: 1 index: 1. Preceding OpId from leader: term: 1 index: 2. (index mismatch)
I20260601 13:25:22.409898 19997 consensus_queue.cc:1048] T bae20276d8aa48919d1183b6666fd15f P a95dd0aefc8e43c494e0bbc515fa9642 [LEADER]: Connected to new peer: Peer: permanent_uuid: "ea0f36ee35144f5d8c278dc2e22b6a1b" member_type: VOTER last_known_addr { host: "127.17.151.3" port: 38679 }, Status: LMP_MISMATCH, Last received: 0.0, Next index: 2, Last known committed idx: 1, Time since last communication: 0.000s
I20260601 13:25:22.410171 20081 consensus_queue.cc:1048] T bae20276d8aa48919d1183b6666fd15f P a95dd0aefc8e43c494e0bbc515fa9642 [LEADER]: Connected to new peer: Peer: permanent_uuid: "caaa52f8035f4f0b90ccd413c0be9008" member_type: VOTER last_known_addr { host: "127.17.151.1" port: 45081 } attrs { replace: true }, Status: LMP_MISMATCH, Last received: 0.0, Next index: 2, Last known committed idx: 1, Time since last communication: 0.000s
I20260601 13:25:22.412078 20080 raft_consensus.cc:2955] T bae20276d8aa48919d1183b6666fd15f P a95dd0aefc8e43c494e0bbc515fa9642 [term 1 LEADER]: Committing config change with OpId 1.2: config changed from index -1 to 2, NON_VOTER 3420960c0b5e4dff8bdd11ab73d7ad6a (127.17.151.4) added. New config: { opid_index: 2 OBSOLETE_local: false peers { permanent_uuid: "caaa52f8035f4f0b90ccd413c0be9008" member_type: VOTER last_known_addr { host: "127.17.151.1" port: 45081 } attrs { replace: true } } peers { permanent_uuid: "a95dd0aefc8e43c494e0bbc515fa9642" member_type: VOTER last_known_addr { host: "127.17.151.2" port: 37335 } } peers { permanent_uuid: "ea0f36ee35144f5d8c278dc2e22b6a1b" member_type: VOTER last_known_addr { host: "127.17.151.3" port: 38679 } } peers { permanent_uuid: "3420960c0b5e4dff8bdd11ab73d7ad6a" member_type: NON_VOTER last_known_addr { host: "127.17.151.4" port: 45059 } attrs { promote: true } } }
I20260601 13:25:22.412592 19769 raft_consensus.cc:2955] T bae20276d8aa48919d1183b6666fd15f P caaa52f8035f4f0b90ccd413c0be9008 [term 1 FOLLOWER]: Committing config change with OpId 1.2: config changed from index -1 to 2, NON_VOTER 3420960c0b5e4dff8bdd11ab73d7ad6a (127.17.151.4) added. New config: { opid_index: 2 OBSOLETE_local: false peers { permanent_uuid: "caaa52f8035f4f0b90ccd413c0be9008" member_type: VOTER last_known_addr { host: "127.17.151.1" port: 45081 } attrs { replace: true } } peers { permanent_uuid: "a95dd0aefc8e43c494e0bbc515fa9642" member_type: VOTER last_known_addr { host: "127.17.151.2" port: 37335 } } peers { permanent_uuid: "ea0f36ee35144f5d8c278dc2e22b6a1b" member_type: VOTER last_known_addr { host: "127.17.151.3" port: 38679 } } peers { permanent_uuid: "3420960c0b5e4dff8bdd11ab73d7ad6a" member_type: NON_VOTER last_known_addr { host: "127.17.151.4" port: 45059 } attrs { promote: true } } }
I20260601 13:25:22.414521 19665 catalog_manager.cc:5696] T bae20276d8aa48919d1183b6666fd15f P a95dd0aefc8e43c494e0bbc515fa9642 reported cstate change: config changed from index -1 to 2, NON_VOTER 3420960c0b5e4dff8bdd11ab73d7ad6a (127.17.151.4) added. New cstate: current_term: 1 leader_uuid: "a95dd0aefc8e43c494e0bbc515fa9642" committed_config { opid_index: 2 OBSOLETE_local: false peers { permanent_uuid: "caaa52f8035f4f0b90ccd413c0be9008" member_type: VOTER last_known_addr { host: "127.17.151.1" port: 45081 } attrs { replace: true } health_report { overall_health: HEALTHY } } peers { permanent_uuid: "a95dd0aefc8e43c494e0bbc515fa9642" member_type: VOTER last_known_addr { host: "127.17.151.2" port: 37335 } health_report { overall_health: HEALTHY } } peers { permanent_uuid: "ea0f36ee35144f5d8c278dc2e22b6a1b" member_type: VOTER last_known_addr { host: "127.17.151.3" port: 38679 } health_report { overall_health: HEALTHY } } peers { permanent_uuid: "3420960c0b5e4dff8bdd11ab73d7ad6a" member_type: NON_VOTER last_known_addr { host: "127.17.151.4" port: 45059 } attrs { promote: true } health_report { overall_health: UNKNOWN } } }
I20260601 13:25:22.414706 19920 raft_consensus.cc:2955] T bae20276d8aa48919d1183b6666fd15f P ea0f36ee35144f5d8c278dc2e22b6a1b [term 1 FOLLOWER]: Committing config change with OpId 1.2: config changed from index -1 to 2, NON_VOTER 3420960c0b5e4dff8bdd11ab73d7ad6a (127.17.151.4) added. New config: { opid_index: 2 OBSOLETE_local: false peers { permanent_uuid: "caaa52f8035f4f0b90ccd413c0be9008" member_type: VOTER last_known_addr { host: "127.17.151.1" port: 45081 } attrs { replace: true } } peers { permanent_uuid: "a95dd0aefc8e43c494e0bbc515fa9642" member_type: VOTER last_known_addr { host: "127.17.151.2" port: 37335 } } peers { permanent_uuid: "ea0f36ee35144f5d8c278dc2e22b6a1b" member_type: VOTER last_known_addr { host: "127.17.151.3" port: 38679 } } peers { permanent_uuid: "3420960c0b5e4dff8bdd11ab73d7ad6a" member_type: NON_VOTER last_known_addr { host: "127.17.151.4" port: 45059 } attrs { promote: true } } }
W20260601 13:25:22.415796 19808 consensus_peers.cc:597] T bae20276d8aa48919d1183b6666fd15f P a95dd0aefc8e43c494e0bbc515fa9642 -> Peer 3420960c0b5e4dff8bdd11ab73d7ad6a (127.17.151.4:45059): Couldn't send request to peer 3420960c0b5e4dff8bdd11ab73d7ad6a. Error code: TABLET_NOT_FOUND (6). Status: Not found: Tablet not found: bae20276d8aa48919d1183b6666fd15f. This is attempt 1: this message will repeat every 5th retry.
I20260601 13:25:22.846683 20091 ts_tablet_manager.cc:933] T bae20276d8aa48919d1183b6666fd15f P 3420960c0b5e4dff8bdd11ab73d7ad6a: Initiating tablet copy from peer a95dd0aefc8e43c494e0bbc515fa9642 (127.17.151.2:37335)
I20260601 13:25:22.847363 20091 tablet_copy_client.cc:323] T bae20276d8aa48919d1183b6666fd15f P 3420960c0b5e4dff8bdd11ab73d7ad6a: tablet copy: Beginning tablet copy session from remote peer at address 127.17.151.2:37335
I20260601 13:25:22.851240 19855 tablet_copy_service.cc:140] P a95dd0aefc8e43c494e0bbc515fa9642: Received BeginTabletCopySession request for tablet bae20276d8aa48919d1183b6666fd15f from peer 3420960c0b5e4dff8bdd11ab73d7ad6a ({username='slave'} at 127.0.0.1:42520)
I20260601 13:25:22.851423 19855 tablet_copy_service.cc:161] P a95dd0aefc8e43c494e0bbc515fa9642: Beginning new tablet copy session on tablet bae20276d8aa48919d1183b6666fd15f from peer 3420960c0b5e4dff8bdd11ab73d7ad6a at {username='slave'} at 127.0.0.1:42520: session id = 3420960c0b5e4dff8bdd11ab73d7ad6a-bae20276d8aa48919d1183b6666fd15f
I20260601 13:25:22.852851 19855 tablet_copy_source_session.cc:215] T bae20276d8aa48919d1183b6666fd15f P a95dd0aefc8e43c494e0bbc515fa9642: Tablet Copy: opened 0 blocks and 1 log segments
I20260601 13:25:22.854197 20091 data_dirs.cc:400] Could only allocate 1 dirs of requested 3 for tablet bae20276d8aa48919d1183b6666fd15f. 1 dirs total, 0 dirs full, 0 dirs failed
I20260601 13:25:22.856323 20091 tablet_copy_client.cc:806] T bae20276d8aa48919d1183b6666fd15f P 3420960c0b5e4dff8bdd11ab73d7ad6a: tablet copy: Starting download of 0 data blocks...
I20260601 13:25:22.856590 20091 tablet_copy_client.cc:670] T bae20276d8aa48919d1183b6666fd15f P 3420960c0b5e4dff8bdd11ab73d7ad6a: tablet copy: Starting download of 1 WAL segments...
I20260601 13:25:22.858665 20091 tablet_copy_client.cc:538] T bae20276d8aa48919d1183b6666fd15f P 3420960c0b5e4dff8bdd11ab73d7ad6a: tablet copy: Tablet Copy complete. Replacing tablet superblock.
I20260601 13:25:22.860527 20091 tablet_bootstrap.cc:492] T bae20276d8aa48919d1183b6666fd15f P 3420960c0b5e4dff8bdd11ab73d7ad6a: Bootstrap starting.
I20260601 13:25:22.865059 20091 tablet_bootstrap.cc:492] T bae20276d8aa48919d1183b6666fd15f P 3420960c0b5e4dff8bdd11ab73d7ad6a: Bootstrap replayed 1/1 log segments. Stats: ops{read=2 overwritten=0 applied=2 ignored=0} inserts{seen=0 ignored=0} mutations{seen=0 ignored=0} orphaned_commits=0. Pending: 0 replicates
I20260601 13:25:22.865378 20091 tablet_bootstrap.cc:492] T bae20276d8aa48919d1183b6666fd15f P 3420960c0b5e4dff8bdd11ab73d7ad6a: Bootstrap complete.
I20260601 13:25:22.865569 20091 ts_tablet_manager.cc:1403] T bae20276d8aa48919d1183b6666fd15f P 3420960c0b5e4dff8bdd11ab73d7ad6a: Time spent bootstrapping tablet: real 0.005s	user 0.003s	sys 0.001s
I20260601 13:25:22.866031 20091 raft_consensus.cc:359] T bae20276d8aa48919d1183b6666fd15f P 3420960c0b5e4dff8bdd11ab73d7ad6a [term 1 LEARNER]: Replica starting. Triggering 0 pending ops. Active config: opid_index: 2 OBSOLETE_local: false peers { permanent_uuid: "caaa52f8035f4f0b90ccd413c0be9008" member_type: VOTER last_known_addr { host: "127.17.151.1" port: 45081 } attrs { replace: true } } peers { permanent_uuid: "a95dd0aefc8e43c494e0bbc515fa9642" member_type: VOTER last_known_addr { host: "127.17.151.2" port: 37335 } } peers { permanent_uuid: "ea0f36ee35144f5d8c278dc2e22b6a1b" member_type: VOTER last_known_addr { host: "127.17.151.3" port: 38679 } } peers { permanent_uuid: "3420960c0b5e4dff8bdd11ab73d7ad6a" member_type: NON_VOTER last_known_addr { host: "127.17.151.4" port: 45059 } attrs { promote: true } }
I20260601 13:25:22.866164 20091 raft_consensus.cc:740] T bae20276d8aa48919d1183b6666fd15f P 3420960c0b5e4dff8bdd11ab73d7ad6a [term 1 LEARNER]: Becoming Follower/Learner. State: Replica: 3420960c0b5e4dff8bdd11ab73d7ad6a, State: Initialized, Role: LEARNER
I20260601 13:25:22.866302 20091 consensus_queue.cc:260] T bae20276d8aa48919d1183b6666fd15f P 3420960c0b5e4dff8bdd11ab73d7ad6a [NON_LEADER]: Queue going to NON_LEADER mode. State: All replicated index: 0, Majority replicated index: 0, Committed index: 2, Last appended: 1.2, Last appended by leader: 2, Current term: 0, Majority size: -1, State: 0, Mode: NON_LEADER, active raft config: opid_index: 2 OBSOLETE_local: false peers { permanent_uuid: "caaa52f8035f4f0b90ccd413c0be9008" member_type: VOTER last_known_addr { host: "127.17.151.1" port: 45081 } attrs { replace: true } } peers { permanent_uuid: "a95dd0aefc8e43c494e0bbc515fa9642" member_type: VOTER last_known_addr { host: "127.17.151.2" port: 37335 } } peers { permanent_uuid: "ea0f36ee35144f5d8c278dc2e22b6a1b" member_type: VOTER last_known_addr { host: "127.17.151.3" port: 38679 } } peers { permanent_uuid: "3420960c0b5e4dff8bdd11ab73d7ad6a" member_type: NON_VOTER last_known_addr { host: "127.17.151.4" port: 45059 } attrs { promote: true } }
I20260601 13:25:22.866731 20091 ts_tablet_manager.cc:1434] T bae20276d8aa48919d1183b6666fd15f P 3420960c0b5e4dff8bdd11ab73d7ad6a: Time spent starting tablet: real 0.001s	user 0.002s	sys 0.001s
I20260601 13:25:22.866780 20073 heartbeater.cc:499] Master 127.17.151.62:46505 was elected leader, sending a full tablet report...
I20260601 13:25:22.868187 19855 tablet_copy_service.cc:342] P a95dd0aefc8e43c494e0bbc515fa9642: Request end of tablet copy session 3420960c0b5e4dff8bdd11ab73d7ad6a-bae20276d8aa48919d1183b6666fd15f received from {username='slave'} at 127.0.0.1:42520
I20260601 13:25:22.868307 19855 tablet_copy_service.cc:434] P a95dd0aefc8e43c494e0bbc515fa9642: ending tablet copy session 3420960c0b5e4dff8bdd11ab73d7ad6a-bae20276d8aa48919d1183b6666fd15f on tablet bae20276d8aa48919d1183b6666fd15f with peer 3420960c0b5e4dff8bdd11ab73d7ad6a
I20260601 13:25:23.396118 19720 auto_leader_rebalancer.cc:140] leader rebalance for table test-workload
I20260601 13:25:23.396603 19720 auto_leader_rebalancer.cc:388] table: test-workload, leader rebalance finish, leader transfer count: 0
I20260601 13:25:23.396667 19720 auto_leader_rebalancer.cc:451] All tables' leader rebalancing finished this round
I20260601 13:25:23.408526 20047 raft_consensus.cc:1217] T bae20276d8aa48919d1183b6666fd15f P 3420960c0b5e4dff8bdd11ab73d7ad6a [term 1 LEARNER]: Deduplicated request from leader. Original: 1.1->[1.2-1.2]   Dedup: 1.2->[]
I20260601 13:25:23.843572 20098 raft_consensus.cc:1064] T bae20276d8aa48919d1183b6666fd15f P a95dd0aefc8e43c494e0bbc515fa9642: attempting to promote NON_VOTER 3420960c0b5e4dff8bdd11ab73d7ad6a to VOTER
I20260601 13:25:23.844085 20098 consensus_queue.cc:237] T bae20276d8aa48919d1183b6666fd15f P a95dd0aefc8e43c494e0bbc515fa9642 [LEADER]: Queue going to LEADER mode. State: All replicated index: 0, Majority replicated index: 2, Committed index: 2, Last appended: 1.2, Last appended by leader: 0, Current term: 1, Majority size: 3, State: 0, Mode: LEADER, active raft config: opid_index: 3 OBSOLETE_local: false peers { permanent_uuid: "caaa52f8035f4f0b90ccd413c0be9008" member_type: VOTER last_known_addr { host: "127.17.151.1" port: 45081 } attrs { replace: true } } peers { permanent_uuid: "a95dd0aefc8e43c494e0bbc515fa9642" member_type: VOTER last_known_addr { host: "127.17.151.2" port: 37335 } } peers { permanent_uuid: "ea0f36ee35144f5d8c278dc2e22b6a1b" member_type: VOTER last_known_addr { host: "127.17.151.3" port: 38679 } } peers { permanent_uuid: "3420960c0b5e4dff8bdd11ab73d7ad6a" member_type: VOTER last_known_addr { host: "127.17.151.4" port: 45059 } attrs { promote: false } }
I20260601 13:25:23.845577 20047 raft_consensus.cc:1275] T bae20276d8aa48919d1183b6666fd15f P 3420960c0b5e4dff8bdd11ab73d7ad6a [term 1 LEARNER]: Refusing update from remote peer a95dd0aefc8e43c494e0bbc515fa9642: Log matching property violated. Preceding OpId in replica: term: 1 index: 2. Preceding OpId from leader: term: 1 index: 3. (index mismatch)
I20260601 13:25:23.845577 19920 raft_consensus.cc:1275] T bae20276d8aa48919d1183b6666fd15f P ea0f36ee35144f5d8c278dc2e22b6a1b [term 1 FOLLOWER]: Refusing update from remote peer a95dd0aefc8e43c494e0bbc515fa9642: Log matching property violated. Preceding OpId in replica: term: 1 index: 2. Preceding OpId from leader: term: 1 index: 3. (index mismatch)
I20260601 13:25:23.845695 19769 raft_consensus.cc:1275] T bae20276d8aa48919d1183b6666fd15f P caaa52f8035f4f0b90ccd413c0be9008 [term 1 FOLLOWER]: Refusing update from remote peer a95dd0aefc8e43c494e0bbc515fa9642: Log matching property violated. Preceding OpId in replica: term: 1 index: 2. Preceding OpId from leader: term: 1 index: 3. (index mismatch)
I20260601 13:25:23.846102 20098 consensus_queue.cc:1048] T bae20276d8aa48919d1183b6666fd15f P a95dd0aefc8e43c494e0bbc515fa9642 [LEADER]: Connected to new peer: Peer: permanent_uuid: "caaa52f8035f4f0b90ccd413c0be9008" member_type: VOTER last_known_addr { host: "127.17.151.1" port: 45081 } attrs { replace: true }, Status: LMP_MISMATCH, Last received: 0.0, Next index: 3, Last known committed idx: 2, Time since last communication: 0.000s
I20260601 13:25:23.846381 20097 consensus_queue.cc:1048] T bae20276d8aa48919d1183b6666fd15f P a95dd0aefc8e43c494e0bbc515fa9642 [LEADER]: Connected to new peer: Peer: permanent_uuid: "ea0f36ee35144f5d8c278dc2e22b6a1b" member_type: VOTER last_known_addr { host: "127.17.151.3" port: 38679 }, Status: LMP_MISMATCH, Last received: 0.0, Next index: 3, Last known committed idx: 2, Time since last communication: 0.000s
