I20260601 13:25:09.093932  8942 raft_consensus.cc:493] T 4552e3e9116a4f7ab05c4b0c7122d6d6 P dfc6e833560f4a0fa638622886ee7765 [term 0 FOLLOWER]: Starting leader election (no leader contacted us within the election timeout)
I20260601 13:25:09.093973  8942 raft_consensus.cc:3060] T 4552e3e9116a4f7ab05c4b0c7122d6d6 P dfc6e833560f4a0fa638622886ee7765 [term 0 FOLLOWER]: Advancing to term 1
I20260601 13:25:09.094781  8942 raft_consensus.cc:515] T 4552e3e9116a4f7ab05c4b0c7122d6d6 P dfc6e833560f4a0fa638622886ee7765 [term 1 FOLLOWER]: Starting leader election with config: opid_index: -1 OBSOLETE_local: false peers { permanent_uuid: "75f6cab891244351a948da43565abdfc" member_type: VOTER last_known_addr { host: "127.6.214.1" port: 42101 } } peers { permanent_uuid: "dd1f0c34ed9f44ab82cebef93303ed47" member_type: VOTER last_known_addr { host: "127.6.214.3" port: 38673 } } peers { permanent_uuid: "dfc6e833560f4a0fa638622886ee7765" member_type: VOTER last_known_addr { host: "127.6.214.2" port: 36421 } }
I20260601 13:25:09.095103  8942 leader_election.cc:290] T 4552e3e9116a4f7ab05c4b0c7122d6d6 P dfc6e833560f4a0fa638622886ee7765 [CANDIDATE]: Term 1 election: Requested vote from peers 75f6cab891244351a948da43565abdfc (127.6.214.1:42101), dd1f0c34ed9f44ab82cebef93303ed47 (127.6.214.3:38673)
I20260601 13:25:09.095409  8736 tablet_service.cc:1917] Received RequestConsensusVote() RPC: tablet_id: "4552e3e9116a4f7ab05c4b0c7122d6d6" candidate_uuid: "dfc6e833560f4a0fa638622886ee7765" candidate_term: 1 candidate_status { last_received { term: 0 index: 0 } } ignore_live_leader: false dest_uuid: "75f6cab891244351a948da43565abdfc"
I20260601 13:25:09.095506  8736 raft_consensus.cc:3060] T 4552e3e9116a4f7ab05c4b0c7122d6d6 P 75f6cab891244351a948da43565abdfc [term 0 FOLLOWER]: Advancing to term 1
I20260601 13:25:09.095453  8888 tablet_service.cc:1917] Received RequestConsensusVote() RPC: tablet_id: "4552e3e9116a4f7ab05c4b0c7122d6d6" candidate_uuid: "dfc6e833560f4a0fa638622886ee7765" candidate_term: 1 candidate_status { last_received { term: 0 index: 0 } } ignore_live_leader: false dest_uuid: "dd1f0c34ed9f44ab82cebef93303ed47"
I20260601 13:25:09.095582  8888 raft_consensus.cc:3060] T 4552e3e9116a4f7ab05c4b0c7122d6d6 P dd1f0c34ed9f44ab82cebef93303ed47 [term 0 FOLLOWER]: Advancing to term 1
I20260601 13:25:09.096333  8736 raft_consensus.cc:2468] T 4552e3e9116a4f7ab05c4b0c7122d6d6 P 75f6cab891244351a948da43565abdfc [term 1 FOLLOWER]: Leader election vote request: Granting yes vote for candidate dfc6e833560f4a0fa638622886ee7765 in term 1.
I20260601 13:25:09.096415  8888 raft_consensus.cc:2468] T 4552e3e9116a4f7ab05c4b0c7122d6d6 P dd1f0c34ed9f44ab82cebef93303ed47 [term 1 FOLLOWER]: Leader election vote request: Granting yes vote for candidate dfc6e833560f4a0fa638622886ee7765 in term 1.
I20260601 13:25:09.096664  8775 leader_election.cc:304] T 4552e3e9116a4f7ab05c4b0c7122d6d6 P dfc6e833560f4a0fa638622886ee7765 [CANDIDATE]: Term 1 election: Election decided. Result: candidate won. Election summary: received 2 responses out of 3 voters: 2 yes votes; 0 no votes. yes voters: 75f6cab891244351a948da43565abdfc, dfc6e833560f4a0fa638622886ee7765; no voters: 
I20260601 13:25:09.096849  8942 raft_consensus.cc:2804] T 4552e3e9116a4f7ab05c4b0c7122d6d6 P dfc6e833560f4a0fa638622886ee7765 [term 1 FOLLOWER]: Leader election won for term 1
I20260601 13:25:09.096941  8942 raft_consensus.cc:697] T 4552e3e9116a4f7ab05c4b0c7122d6d6 P dfc6e833560f4a0fa638622886ee7765 [term 1 LEADER]: Becoming Leader. State: Replica: dfc6e833560f4a0fa638622886ee7765, State: Running, Role: LEADER
I20260601 13:25:09.097081  8942 consensus_queue.cc:237] T 4552e3e9116a4f7ab05c4b0c7122d6d6 P dfc6e833560f4a0fa638622886ee7765 [LEADER]: Queue going to LEADER mode. State: All replicated index: 0, Majority replicated index: 0, Committed index: 0, Last appended: 0.0, Last appended by leader: 0, Current term: 1, Majority size: 2, State: 0, Mode: LEADER, active raft config: opid_index: -1 OBSOLETE_local: false peers { permanent_uuid: "75f6cab891244351a948da43565abdfc" member_type: VOTER last_known_addr { host: "127.6.214.1" port: 42101 } } peers { permanent_uuid: "dd1f0c34ed9f44ab82cebef93303ed47" member_type: VOTER last_known_addr { host: "127.6.214.3" port: 38673 } } peers { permanent_uuid: "dfc6e833560f4a0fa638622886ee7765" member_type: VOTER last_known_addr { host: "127.6.214.2" port: 36421 } }
I20260601 13:25:09.098596  8632 catalog_manager.cc:5696] T 4552e3e9116a4f7ab05c4b0c7122d6d6 P dfc6e833560f4a0fa638622886ee7765 reported cstate change: term changed from 0 to 1, leader changed from <none> to dfc6e833560f4a0fa638622886ee7765 (127.6.214.2). New cstate: current_term: 1 leader_uuid: "dfc6e833560f4a0fa638622886ee7765" committed_config { opid_index: -1 OBSOLETE_local: false peers { permanent_uuid: "75f6cab891244351a948da43565abdfc" member_type: VOTER last_known_addr { host: "127.6.214.1" port: 42101 } health_report { overall_health: UNKNOWN } } peers { permanent_uuid: "dd1f0c34ed9f44ab82cebef93303ed47" member_type: VOTER last_known_addr { host: "127.6.214.3" port: 38673 } health_report { overall_health: UNKNOWN } } peers { permanent_uuid: "dfc6e833560f4a0fa638622886ee7765" member_type: VOTER last_known_addr { host: "127.6.214.2" port: 36421 } health_report { overall_health: HEALTHY } } }
I20260601 13:25:09.487233  8942 consensus_queue.cc:1048] T aff0e0163d554d6f823ce8b9ee2ac3cc P dfc6e833560f4a0fa638622886ee7765 [LEADER]: Connected to new peer: Peer: permanent_uuid: "75f6cab891244351a948da43565abdfc" member_type: VOTER last_known_addr { host: "127.6.214.1" port: 42101 }, Status: LMP_MISMATCH, Last received: 0.0, Next index: 1, Last known committed idx: 0, Time since last communication: 0.000s
I20260601 13:25:09.490530  8942 consensus_queue.cc:1048] T aff0e0163d554d6f823ce8b9ee2ac3cc P dfc6e833560f4a0fa638622886ee7765 [LEADER]: Connected to new peer: Peer: permanent_uuid: "dd1f0c34ed9f44ab82cebef93303ed47" member_type: VOTER last_known_addr { host: "127.6.214.3" port: 38673 }, Status: LMP_MISMATCH, Last received: 0.0, Next index: 1, Last known committed idx: 0, Time since last communication: 0.000s
I20260601 13:25:09.656198  8942 consensus_queue.cc:1048] T 4552e3e9116a4f7ab05c4b0c7122d6d6 P dfc6e833560f4a0fa638622886ee7765 [LEADER]: Connected to new peer: Peer: permanent_uuid: "dd1f0c34ed9f44ab82cebef93303ed47" member_type: VOTER last_known_addr { host: "127.6.214.3" port: 38673 }, Status: LMP_MISMATCH, Last received: 0.0, Next index: 1, Last known committed idx: 0, Time since last communication: 0.000s
I20260601 13:25:09.659623  8960 consensus_queue.cc:1048] T 4552e3e9116a4f7ab05c4b0c7122d6d6 P dfc6e833560f4a0fa638622886ee7765 [LEADER]: Connected to new peer: Peer: permanent_uuid: "75f6cab891244351a948da43565abdfc" member_type: VOTER last_known_addr { host: "127.6.214.1" port: 42101 }, Status: LMP_MISMATCH, Last received: 0.0, Next index: 1, Last known committed idx: 0, Time since last communication: 0.000s
I20260601 13:25:09.787518  8687 auto_leader_rebalancer.cc:140] leader rebalance for table test-workload
I20260601 13:25:09.792297  8812 tablet_service.cc:2072] Received LeaderStepDown RPC: tablet_id: "aff0e0163d554d6f823ce8b9ee2ac3cc"
dest_uuid: "dfc6e833560f4a0fa638622886ee7765"
mode: GRACEFUL
new_leader_uuid: "75f6cab891244351a948da43565abdfc"
 from {username='slave'} at 127.0.0.1:53202
I20260601 13:25:09.792520  8812 raft_consensus.cc:606] T aff0e0163d554d6f823ce8b9ee2ac3cc P dfc6e833560f4a0fa638622886ee7765 [term 1 LEADER]: Received request to transfer leadership to TS 75f6cab891244351a948da43565abdfc
I20260601 13:25:09.792994  8687 auto_leader_rebalancer.cc:388] table: test-workload, leader rebalance finish, leader transfer count: 1
I20260601 13:25:09.793148  8687 auto_leader_rebalancer.cc:451] All tables' leader rebalancing finished this round
I20260601 13:25:09.980245  8949 raft_consensus.cc:993] T aff0e0163d554d6f823ce8b9ee2ac3cc P dfc6e833560f4a0fa638622886ee7765: : Instructing follower 75f6cab891244351a948da43565abdfc to start an election
I20260601 13:25:09.980410  8949 raft_consensus.cc:1081] T aff0e0163d554d6f823ce8b9ee2ac3cc P dfc6e833560f4a0fa638622886ee7765 [term 1 LEADER]: Signalling peer 75f6cab891244351a948da43565abdfc to start an election
I20260601 13:25:09.981058  8736 tablet_service.cc:2044] Received Run Leader Election RPC: tablet_id: "aff0e0163d554d6f823ce8b9ee2ac3cc"
dest_uuid: "75f6cab891244351a948da43565abdfc"
 from {username='slave'} at 127.0.0.1:49420
I20260601 13:25:09.981231  8736 raft_consensus.cc:493] T aff0e0163d554d6f823ce8b9ee2ac3cc P 75f6cab891244351a948da43565abdfc [term 1 FOLLOWER]: Starting forced leader election (received explicit request)
I20260601 13:25:09.981305  8736 raft_consensus.cc:3060] T aff0e0163d554d6f823ce8b9ee2ac3cc P 75f6cab891244351a948da43565abdfc [term 1 FOLLOWER]: Advancing to term 2
I20260601 13:25:09.982252  8736 raft_consensus.cc:515] T aff0e0163d554d6f823ce8b9ee2ac3cc P 75f6cab891244351a948da43565abdfc [term 2 FOLLOWER]: Starting forced leader election with config: opid_index: -1 OBSOLETE_local: false peers { permanent_uuid: "75f6cab891244351a948da43565abdfc" member_type: VOTER last_known_addr { host: "127.6.214.1" port: 42101 } } peers { permanent_uuid: "dfc6e833560f4a0fa638622886ee7765" member_type: VOTER last_known_addr { host: "127.6.214.2" port: 36421 } } peers { permanent_uuid: "dd1f0c34ed9f44ab82cebef93303ed47" member_type: VOTER last_known_addr { host: "127.6.214.3" port: 38673 } }
I20260601 13:25:09.982832  8736 leader_election.cc:290] T aff0e0163d554d6f823ce8b9ee2ac3cc P 75f6cab891244351a948da43565abdfc [CANDIDATE]: Term 2 election: Requested vote from peers dfc6e833560f4a0fa638622886ee7765 (127.6.214.2:36421), dd1f0c34ed9f44ab82cebef93303ed47 (127.6.214.3:38673)
I20260601 13:25:09.987457  8812 tablet_service.cc:1917] Received RequestConsensusVote() RPC: tablet_id: "aff0e0163d554d6f823ce8b9ee2ac3cc" candidate_uuid: "75f6cab891244351a948da43565abdfc" candidate_term: 2 candidate_status { last_received { term: 1 index: 1 } } ignore_live_leader: true dest_uuid: "dfc6e833560f4a0fa638622886ee7765"
I20260601 13:25:09.987471  8888 tablet_service.cc:1917] Received RequestConsensusVote() RPC: tablet_id: "aff0e0163d554d6f823ce8b9ee2ac3cc" candidate_uuid: "75f6cab891244351a948da43565abdfc" candidate_term: 2 candidate_status { last_received { term: 1 index: 1 } } ignore_live_leader: true dest_uuid: "dd1f0c34ed9f44ab82cebef93303ed47"
I20260601 13:25:09.987564  8812 raft_consensus.cc:3055] T aff0e0163d554d6f823ce8b9ee2ac3cc P dfc6e833560f4a0fa638622886ee7765 [term 1 LEADER]: Stepping down as leader of term 1
I20260601 13:25:09.987645  8888 raft_consensus.cc:3060] T aff0e0163d554d6f823ce8b9ee2ac3cc P dd1f0c34ed9f44ab82cebef93303ed47 [term 1 FOLLOWER]: Advancing to term 2
I20260601 13:25:09.987636  8812 raft_consensus.cc:740] T aff0e0163d554d6f823ce8b9ee2ac3cc P dfc6e833560f4a0fa638622886ee7765 [term 1 LEADER]: Becoming Follower/Learner. State: Replica: dfc6e833560f4a0fa638622886ee7765, State: Running, Role: LEADER
I20260601 13:25:09.987900  8812 consensus_queue.cc:260] T aff0e0163d554d6f823ce8b9ee2ac3cc P dfc6e833560f4a0fa638622886ee7765 [NON_LEADER]: Queue going to NON_LEADER mode. State: All replicated index: 0, Majority replicated index: 1, Committed index: 1, Last appended: 1.1, Last appended by leader: 1, Current term: 1, Majority size: -1, State: 0, Mode: NON_LEADER, active raft config: opid_index: -1 OBSOLETE_local: false peers { permanent_uuid: "75f6cab891244351a948da43565abdfc" member_type: VOTER last_known_addr { host: "127.6.214.1" port: 42101 } } peers { permanent_uuid: "dfc6e833560f4a0fa638622886ee7765" member_type: VOTER last_known_addr { host: "127.6.214.2" port: 36421 } } peers { permanent_uuid: "dd1f0c34ed9f44ab82cebef93303ed47" member_type: VOTER last_known_addr { host: "127.6.214.3" port: 38673 } }
I20260601 13:25:09.988082  8812 raft_consensus.cc:3060] T aff0e0163d554d6f823ce8b9ee2ac3cc P dfc6e833560f4a0fa638622886ee7765 [term 1 FOLLOWER]: Advancing to term 2
I20260601 13:25:09.988720  8888 raft_consensus.cc:2468] T aff0e0163d554d6f823ce8b9ee2ac3cc P dd1f0c34ed9f44ab82cebef93303ed47 [term 2 FOLLOWER]: Leader election vote request: Granting yes vote for candidate 75f6cab891244351a948da43565abdfc in term 2.
I20260601 13:25:09.989032  8812 raft_consensus.cc:2468] T aff0e0163d554d6f823ce8b9ee2ac3cc P dfc6e833560f4a0fa638622886ee7765 [term 2 FOLLOWER]: Leader election vote request: Granting yes vote for candidate 75f6cab891244351a948da43565abdfc in term 2.
I20260601 13:25:09.989069  8699 leader_election.cc:304] T aff0e0163d554d6f823ce8b9ee2ac3cc P 75f6cab891244351a948da43565abdfc [CANDIDATE]: Term 2 election: Election decided. Result: candidate won. Election summary: received 2 responses out of 3 voters: 2 yes votes; 0 no votes. yes voters: 75f6cab891244351a948da43565abdfc, dd1f0c34ed9f44ab82cebef93303ed47; no voters: 
I20260601 13:25:09.989233  8962 raft_consensus.cc:2804] T aff0e0163d554d6f823ce8b9ee2ac3cc P 75f6cab891244351a948da43565abdfc [term 2 FOLLOWER]: Leader election won for term 2
I20260601 13:25:09.989343  8962 raft_consensus.cc:697] T aff0e0163d554d6f823ce8b9ee2ac3cc P 75f6cab891244351a948da43565abdfc [term 2 LEADER]: Becoming Leader. State: Replica: 75f6cab891244351a948da43565abdfc, State: Running, Role: LEADER
I20260601 13:25:09.989464  8962 consensus_queue.cc:237] T aff0e0163d554d6f823ce8b9ee2ac3cc P 75f6cab891244351a948da43565abdfc [LEADER]: Queue going to LEADER mode. State: All replicated index: 0, Majority replicated index: 1, Committed index: 1, Last appended: 1.1, Last appended by leader: 1, Current term: 2, Majority size: 2, State: 0, Mode: LEADER, active raft config: opid_index: -1 OBSOLETE_local: false peers { permanent_uuid: "75f6cab891244351a948da43565abdfc" member_type: VOTER last_known_addr { host: "127.6.214.1" port: 42101 } } peers { permanent_uuid: "dfc6e833560f4a0fa638622886ee7765" member_type: VOTER last_known_addr { host: "127.6.214.2" port: 36421 } } peers { permanent_uuid: "dd1f0c34ed9f44ab82cebef93303ed47" member_type: VOTER last_known_addr { host: "127.6.214.3" port: 38673 } }
I20260601 13:25:09.990885  8632 catalog_manager.cc:5696] T aff0e0163d554d6f823ce8b9ee2ac3cc P 75f6cab891244351a948da43565abdfc reported cstate change: term changed from 1 to 2, leader changed from dfc6e833560f4a0fa638622886ee7765 (127.6.214.2) to 75f6cab891244351a948da43565abdfc (127.6.214.1). New cstate: current_term: 2 leader_uuid: "75f6cab891244351a948da43565abdfc" committed_config { opid_index: -1 OBSOLETE_local: false peers { permanent_uuid: "75f6cab891244351a948da43565abdfc" member_type: VOTER last_known_addr { host: "127.6.214.1" port: 42101 } health_report { overall_health: HEALTHY } } peers { permanent_uuid: "dfc6e833560f4a0fa638622886ee7765" member_type: VOTER last_known_addr { host: "127.6.214.2" port: 36421 } health_report { overall_health: UNKNOWN } } peers { permanent_uuid: "dd1f0c34ed9f44ab82cebef93303ed47" member_type: VOTER last_known_addr { host: "127.6.214.3" port: 38673 } health_report { overall_health: UNKNOWN } } }
I20260601 13:25:10.382934  8812 raft_consensus.cc:1275] T aff0e0163d554d6f823ce8b9ee2ac3cc P dfc6e833560f4a0fa638622886ee7765 [term 2 FOLLOWER]: Refusing update from remote peer 75f6cab891244351a948da43565abdfc: Log matching property violated. Preceding OpId in replica: term: 1 index: 1. Preceding OpId from leader: term: 2 index: 2. (index mismatch)
I20260601 13:25:10.383446  8962 consensus_queue.cc:1048] T aff0e0163d554d6f823ce8b9ee2ac3cc P 75f6cab891244351a948da43565abdfc [LEADER]: Connected to new peer: Peer: permanent_uuid: "dfc6e833560f4a0fa638622886ee7765" member_type: VOTER last_known_addr { host: "127.6.214.2" port: 36421 }, Status: LMP_MISMATCH, Last received: 0.0, Next index: 2, Last known committed idx: 1, Time since last communication: 0.000s
I20260601 13:25:10.386226  8888 raft_consensus.cc:1275] T aff0e0163d554d6f823ce8b9ee2ac3cc P dd1f0c34ed9f44ab82cebef93303ed47 [term 2 FOLLOWER]: Refusing update from remote peer 75f6cab891244351a948da43565abdfc: Log matching property violated. Preceding OpId in replica: term: 1 index: 1. Preceding OpId from leader: term: 2 index: 2. (index mismatch)
I20260601 13:25:10.386633  8962 consensus_queue.cc:1048] T aff0e0163d554d6f823ce8b9ee2ac3cc P 75f6cab891244351a948da43565abdfc [LEADER]: Connected to new peer: Peer: permanent_uuid: "dd1f0c34ed9f44ab82cebef93303ed47" member_type: VOTER last_known_addr { host: "127.6.214.3" port: 38673 }, Status: LMP_MISMATCH, Last received: 0.0, Next index: 2, Last known committed idx: 1, Time since last communication: 0.000s
I20260601 13:25:11.793437  8687 auto_leader_rebalancer.cc:140] leader rebalance for table test-workload
I20260601 13:25:11.793881  8687 auto_leader_rebalancer.cc:388] table: test-workload, leader rebalance finish, leader transfer count: 0
I20260601 13:25:11.793949  8687 auto_leader_rebalancer.cc:451] All tables' leader rebalancing finished this round
I20260601 13:25:13.794198  8687 auto_leader_rebalancer.cc:140] leader rebalance for table test-workload
I20260601 13:25:13.794584  8687 auto_leader_rebalancer.cc:388] table: test-workload, leader rebalance finish, leader transfer count: 0
I20260601 13:25:13.794648  8687 auto_leader_rebalancer.cc:451] All tables' leader rebalancing finished this round
I20260601 13:25:15.794945  8687 auto_leader_rebalancer.cc:140] leader rebalance for table test-workload
I20260601 13:25:15.795352  8687 auto_leader_rebalancer.cc:388] table: test-workload, leader rebalance finish, leader transfer count: 0
I20260601 13:25:15.795416  8687 auto_leader_rebalancer.cc:451] All tables' leader rebalancing finished this round
I20260601 13:25:17.795708  8687 auto_leader_rebalancer.cc:140] leader rebalance for table test-workload
I20260601 13:25:17.796113  8687 auto_leader_rebalancer.cc:388] table: test-workload, leader rebalance finish, leader transfer count: 0
I20260601 13:25:17.796187  8687 auto_leader_rebalancer.cc:451] All tables' leader rebalancing finished this round
I20260601 13:25:19.796499  8687 auto_leader_rebalancer.cc:140] leader rebalance for table test-workload
I20260601 13:25:19.796897  8687 auto_leader_rebalancer.cc:388] table: test-workload, leader rebalance finish, leader transfer count: 0
I20260601 13:25:19.796980  8687 auto_leader_rebalancer.cc:451] All tables' leader rebalancing finished this round
I20260601 13:25:20.153411  7000 file_cache.cc:492] Constructed file cache file cache with capacity 419430
W20260601 13:25:20.155646  8978 instance_detector.cc:116] could not retrieve AWS instance metadata: Network error: curl error: HTTP response code said error: The requested URL returned error: 404
W20260601 13:25:20.155709  8981 instance_detector.cc:116] could not retrieve OpenStack instance metadata: Network error: curl error: HTTP response code said error: The requested URL returned error: 404
I20260601 13:25:20.155803  7000 server_base.cc:1061] running on GCE node
W20260601 13:25:20.155853  8979 instance_detector.cc:116] could not retrieve Azure instance metadata: Network error: curl error: HTTP response code said error: The requested URL returned error: 404
I20260601 13:25:20.156217  7000 hybrid_clock.cc:584] initializing the hybrid clock with 'system_unsync' time source
W20260601 13:25:20.156270  7000 system_unsync_time.cc:38] NTP support is disabled. Clock error bounds will not be accurate. This configuration is not suitable for distributed clusters.
I20260601 13:25:20.156287  7000 hybrid_clock.cc:648] HybridClock initialized: now 1780320320156287 us; error 0 us; skew 500 ppm
I20260601 13:25:20.157364  7000 webserver.cc:533] Webserver started at http://127.6.214.4:38725/ using document root <none> and password file <none>
I20260601 13:25:20.157543  7000 fs_manager.cc:362] Metadata directory not provided
I20260601 13:25:20.157591  7000 fs_manager.cc:368] Using write-ahead log directory (fs_wal_dir) as metadata directory
I20260601 13:25:20.157667  7000 server_base.cc:909] This appears to be a new deployment of Kudu; creating new FS layout
I20260601 13:25:20.158083  7000 fs_manager.cc:1068] Generated new instance metadata in path /tmp/dist-test-taskm40Et_/test-tmp/auto_rebalancer-test.0.AutoRebalancerTest.MovesScheduledIfAddTserver.1780320291364025-7000-0/minicluster-data/ts-3-root/instance:
uuid: "e3a000cebc8841de9e284d5ff2b76cd9"
format_stamp: "Formatted at 2026-06-01 13:25:20 on dist-test-slave-j0wt"
I20260601 13:25:20.159518  7000 fs_manager.cc:696] Time spent creating directory manager: real 0.001s	user 0.002s	sys 0.000s
I20260601 13:25:20.160426  8986 log_block_manager.cc:4031] Time spent loading block containers with low live blocks: real 0.000s	user 0.000s	sys 0.000s
I20260601 13:25:20.160724  7000 fs_manager.cc:730] Time spent opening block manager: real 0.001s	user 0.001s	sys 0.000s
I20260601 13:25:20.160800  7000 fs_manager.cc:647] Opened local filesystem: /tmp/dist-test-taskm40Et_/test-tmp/auto_rebalancer-test.0.AutoRebalancerTest.MovesScheduledIfAddTserver.1780320291364025-7000-0/minicluster-data/ts-3-root
uuid: "e3a000cebc8841de9e284d5ff2b76cd9"
format_stamp: "Formatted at 2026-06-01 13:25:20 on dist-test-slave-j0wt"
I20260601 13:25:20.160854  7000 fs_report.cc:389] FS layout report
--------------------
wal directory: /tmp/dist-test-taskm40Et_/test-tmp/auto_rebalancer-test.0.AutoRebalancerTest.MovesScheduledIfAddTserver.1780320291364025-7000-0/minicluster-data/ts-3-root
metadata directory: /tmp/dist-test-taskm40Et_/test-tmp/auto_rebalancer-test.0.AutoRebalancerTest.MovesScheduledIfAddTserver.1780320291364025-7000-0/minicluster-data/ts-3-root
1 data directories: /tmp/dist-test-taskm40Et_/test-tmp/auto_rebalancer-test.0.AutoRebalancerTest.MovesScheduledIfAddTserver.1780320291364025-7000-0/minicluster-data/ts-3-root/data
Total live blocks: 0
Total live bytes: 0
Total live bytes (after alignment): 0
Total number of LBM containers: 0 (0 full)
Did not check for missing blocks
Did not check for orphaned blocks
Total full LBM containers with extra space: 0 (0 repaired)
Total full LBM container extra space in bytes: 0 (0 repaired)
Total incomplete LBM containers: 0 (0 repaired)
Total LBM partial records: 0 (0 repaired)
Total corrupted LBM metadata records in RocksDB: 0 (0 repaired)
I20260601 13:25:20.170608  7000 rpc_server.cc:225] running with OpenSSL 1.1.1  11 Sep 2018
I20260601 13:25:20.170928  7000 kserver.cc:163] Server-wide thread pool size limit: 3276
I20260601 13:25:20.171165  7000 txn_system_client.cc:432] TxnSystemClient initialization is disabled...
I20260601 13:25:20.171625  7000 ts_tablet_manager.cc:585] Loaded tablet metadata (0 total tablets, 0 live tablets)
I20260601 13:25:20.171663  7000 ts_tablet_manager.cc:531] Time spent load tablet metadata: real 0.000s	user 0.000s	sys 0.000s
I20260601 13:25:20.171720  7000 ts_tablet_manager.cc:616] Registered 0 tablets
I20260601 13:25:20.171762  7000 ts_tablet_manager.cc:595] Time spent register tablets: real 0.000s	user 0.000s	sys 0.000s
I20260601 13:25:20.176506  7000 rpc_server.cc:307] RPC server started. Bound to: 127.6.214.4:46309
I20260601 13:25:20.176560  9049 acceptor_pool.cc:272] collecting diagnostics on the listening RPC socket 127.6.214.4:46309 every 8 connection(s)
I20260601 13:25:20.180954  9050 heartbeater.cc:344] Connected to a master server at 127.6.214.62:45473
I20260601 13:25:20.181082  9050 heartbeater.cc:461] Registering TS with master...
I20260601 13:25:20.181294  9050 heartbeater.cc:507] Master 127.6.214.62:45473 requested a full tablet report, sending...
I20260601 13:25:20.181936  8633 ts_manager.cc:194] Registered new tserver with Master: e3a000cebc8841de9e284d5ff2b76cd9 (127.6.214.4:46309)
I20260601 13:25:20.182446  8633 master_service.cc:502] Signed X509 certificate for tserver {username='slave'} at 127.0.0.1:45526
I20260601 13:25:20.802534  8736 consensus_queue.cc:237] T aff0e0163d554d6f823ce8b9ee2ac3cc P 75f6cab891244351a948da43565abdfc [LEADER]: Queue going to LEADER mode. State: All replicated index: 0, Majority replicated index: 2, Committed index: 2, Last appended: 2.2, Last appended by leader: 1, Current term: 2, Majority size: 2, State: 0, Mode: LEADER, active raft config: opid_index: 3 OBSOLETE_local: false peers { permanent_uuid: "75f6cab891244351a948da43565abdfc" member_type: VOTER last_known_addr { host: "127.6.214.1" port: 42101 } } peers { permanent_uuid: "dfc6e833560f4a0fa638622886ee7765" member_type: VOTER last_known_addr { host: "127.6.214.2" port: 36421 } attrs { replace: true } } peers { permanent_uuid: "dd1f0c34ed9f44ab82cebef93303ed47" member_type: VOTER last_known_addr { host: "127.6.214.3" port: 38673 } } peers { permanent_uuid: "e3a000cebc8841de9e284d5ff2b76cd9" member_type: NON_VOTER last_known_addr { host: "127.6.214.4" port: 46309 } attrs { promote: true } }
I20260601 13:25:20.804064  8812 raft_consensus.cc:1275] T aff0e0163d554d6f823ce8b9ee2ac3cc P dfc6e833560f4a0fa638622886ee7765 [term 2 FOLLOWER]: Refusing update from remote peer 75f6cab891244351a948da43565abdfc: Log matching property violated. Preceding OpId in replica: term: 2 index: 2. Preceding OpId from leader: term: 2 index: 3. (index mismatch)
I20260601 13:25:20.804322  8888 raft_consensus.cc:1275] T aff0e0163d554d6f823ce8b9ee2ac3cc P dd1f0c34ed9f44ab82cebef93303ed47 [term 2 FOLLOWER]: Refusing update from remote peer 75f6cab891244351a948da43565abdfc: Log matching property violated. Preceding OpId in replica: term: 2 index: 2. Preceding OpId from leader: term: 2 index: 3. (index mismatch)
I20260601 13:25:20.804505  8976 consensus_queue.cc:1048] T aff0e0163d554d6f823ce8b9ee2ac3cc P 75f6cab891244351a948da43565abdfc [LEADER]: Connected to new peer: Peer: permanent_uuid: "dfc6e833560f4a0fa638622886ee7765" member_type: VOTER last_known_addr { host: "127.6.214.2" port: 36421 } attrs { replace: true }, Status: LMP_MISMATCH, Last received: 0.0, Next index: 3, Last known committed idx: 2, Time since last communication: 0.000s
I20260601 13:25:20.804749  9057 consensus_queue.cc:1048] T aff0e0163d554d6f823ce8b9ee2ac3cc P 75f6cab891244351a948da43565abdfc [LEADER]: Connected to new peer: Peer: permanent_uuid: "dd1f0c34ed9f44ab82cebef93303ed47" member_type: VOTER last_known_addr { host: "127.6.214.3" port: 38673 }, Status: LMP_MISMATCH, Last received: 0.0, Next index: 3, Last known committed idx: 2, Time since last communication: 0.000s
I20260601 13:25:20.806164  8976 raft_consensus.cc:2955] T aff0e0163d554d6f823ce8b9ee2ac3cc P 75f6cab891244351a948da43565abdfc [term 2 LEADER]: Committing config change with OpId 2.3: config changed from index -1 to 3, NON_VOTER e3a000cebc8841de9e284d5ff2b76cd9 (127.6.214.4) added. New config: { opid_index: 3 OBSOLETE_local: false peers { permanent_uuid: "75f6cab891244351a948da43565abdfc" member_type: VOTER last_known_addr { host: "127.6.214.1" port: 42101 } } peers { permanent_uuid: "dfc6e833560f4a0fa638622886ee7765" member_type: VOTER last_known_addr { host: "127.6.214.2" port: 36421 } attrs { replace: true } } peers { permanent_uuid: "dd1f0c34ed9f44ab82cebef93303ed47" member_type: VOTER last_known_addr { host: "127.6.214.3" port: 38673 } } peers { permanent_uuid: "e3a000cebc8841de9e284d5ff2b76cd9" member_type: NON_VOTER last_known_addr { host: "127.6.214.4" port: 46309 } attrs { promote: true } } }
I20260601 13:25:20.806707  8812 raft_consensus.cc:2955] T aff0e0163d554d6f823ce8b9ee2ac3cc P dfc6e833560f4a0fa638622886ee7765 [term 2 FOLLOWER]: Committing config change with OpId 2.3: config changed from index -1 to 3, NON_VOTER e3a000cebc8841de9e284d5ff2b76cd9 (127.6.214.4) added. New config: { opid_index: 3 OBSOLETE_local: false peers { permanent_uuid: "75f6cab891244351a948da43565abdfc" member_type: VOTER last_known_addr { host: "127.6.214.1" port: 42101 } } peers { permanent_uuid: "dfc6e833560f4a0fa638622886ee7765" member_type: VOTER last_known_addr { host: "127.6.214.2" port: 36421 } attrs { replace: true } } peers { permanent_uuid: "dd1f0c34ed9f44ab82cebef93303ed47" member_type: VOTER last_known_addr { host: "127.6.214.3" port: 38673 } } peers { permanent_uuid: "e3a000cebc8841de9e284d5ff2b76cd9" member_type: NON_VOTER last_known_addr { host: "127.6.214.4" port: 46309 } attrs { promote: true } } }
I20260601 13:25:20.806974  8888 raft_consensus.cc:2955] T aff0e0163d554d6f823ce8b9ee2ac3cc P dd1f0c34ed9f44ab82cebef93303ed47 [term 2 FOLLOWER]: Committing config change with OpId 2.3: config changed from index -1 to 3, NON_VOTER e3a000cebc8841de9e284d5ff2b76cd9 (127.6.214.4) added. New config: { opid_index: 3 OBSOLETE_local: false peers { permanent_uuid: "75f6cab891244351a948da43565abdfc" member_type: VOTER last_known_addr { host: "127.6.214.1" port: 42101 } } peers { permanent_uuid: "dfc6e833560f4a0fa638622886ee7765" member_type: VOTER last_known_addr { host: "127.6.214.2" port: 36421 } attrs { replace: true } } peers { permanent_uuid: "dd1f0c34ed9f44ab82cebef93303ed47" member_type: VOTER last_known_addr { host: "127.6.214.3" port: 38673 } } peers { permanent_uuid: "e3a000cebc8841de9e284d5ff2b76cd9" member_type: NON_VOTER last_known_addr { host: "127.6.214.4" port: 46309 } attrs { promote: true } } }
I20260601 13:25:20.808715  8632 catalog_manager.cc:5696] T aff0e0163d554d6f823ce8b9ee2ac3cc P 75f6cab891244351a948da43565abdfc reported cstate change: config changed from index -1 to 3, NON_VOTER e3a000cebc8841de9e284d5ff2b76cd9 (127.6.214.4) added. New cstate: current_term: 2 leader_uuid: "75f6cab891244351a948da43565abdfc" committed_config { opid_index: 3 OBSOLETE_local: false peers { permanent_uuid: "75f6cab891244351a948da43565abdfc" member_type: VOTER last_known_addr { host: "127.6.214.1" port: 42101 } health_report { overall_health: HEALTHY } } peers { permanent_uuid: "dfc6e833560f4a0fa638622886ee7765" member_type: VOTER last_known_addr { host: "127.6.214.2" port: 36421 } attrs { replace: true } health_report { overall_health: HEALTHY } } peers { permanent_uuid: "dd1f0c34ed9f44ab82cebef93303ed47" member_type: VOTER last_known_addr { host: "127.6.214.3" port: 38673 } health_report { overall_health: HEALTHY } } peers { permanent_uuid: "e3a000cebc8841de9e284d5ff2b76cd9" member_type: NON_VOTER last_known_addr { host: "127.6.214.4" port: 46309 } attrs { promote: true } health_report { overall_health: UNKNOWN } } }
W20260601 13:25:20.809849  8699 consensus_peers.cc:597] T aff0e0163d554d6f823ce8b9ee2ac3cc P 75f6cab891244351a948da43565abdfc -> Peer e3a000cebc8841de9e284d5ff2b76cd9 (127.6.214.4:46309): Couldn't send request to peer e3a000cebc8841de9e284d5ff2b76cd9. Error code: TABLET_NOT_FOUND (6). Status: Not found: Tablet not found: aff0e0163d554d6f823ce8b9ee2ac3cc. This is attempt 1: this message will repeat every 5th retry.
I20260601 13:25:21.183252  9050 heartbeater.cc:499] Master 127.6.214.62:45473 was elected leader, sending a full tablet report...
I20260601 13:25:21.336725  9068 ts_tablet_manager.cc:933] T aff0e0163d554d6f823ce8b9ee2ac3cc P e3a000cebc8841de9e284d5ff2b76cd9: Initiating tablet copy from peer 75f6cab891244351a948da43565abdfc (127.6.214.1:42101)
I20260601 13:25:21.337404  9068 tablet_copy_client.cc:323] T aff0e0163d554d6f823ce8b9ee2ac3cc P e3a000cebc8841de9e284d5ff2b76cd9: tablet copy: Beginning tablet copy session from remote peer at address 127.6.214.1:42101
I20260601 13:25:21.341243  8746 tablet_copy_service.cc:140] P 75f6cab891244351a948da43565abdfc: Received BeginTabletCopySession request for tablet aff0e0163d554d6f823ce8b9ee2ac3cc from peer e3a000cebc8841de9e284d5ff2b76cd9 ({username='slave'} at 127.0.0.1:39394)
I20260601 13:25:21.341392  8746 tablet_copy_service.cc:161] P 75f6cab891244351a948da43565abdfc: Beginning new tablet copy session on tablet aff0e0163d554d6f823ce8b9ee2ac3cc from peer e3a000cebc8841de9e284d5ff2b76cd9 at {username='slave'} at 127.0.0.1:39394: session id = e3a000cebc8841de9e284d5ff2b76cd9-aff0e0163d554d6f823ce8b9ee2ac3cc
I20260601 13:25:21.342603  8746 tablet_copy_source_session.cc:215] T aff0e0163d554d6f823ce8b9ee2ac3cc P 75f6cab891244351a948da43565abdfc: Tablet Copy: opened 0 blocks and 1 log segments
I20260601 13:25:21.343797  9068 data_dirs.cc:400] Could only allocate 1 dirs of requested 3 for tablet aff0e0163d554d6f823ce8b9ee2ac3cc. 1 dirs total, 0 dirs full, 0 dirs failed
I20260601 13:25:21.346189  9068 tablet_copy_client.cc:806] T aff0e0163d554d6f823ce8b9ee2ac3cc P e3a000cebc8841de9e284d5ff2b76cd9: tablet copy: Starting download of 0 data blocks...
I20260601 13:25:21.346382  9068 tablet_copy_client.cc:670] T aff0e0163d554d6f823ce8b9ee2ac3cc P e3a000cebc8841de9e284d5ff2b76cd9: tablet copy: Starting download of 1 WAL segments...
I20260601 13:25:21.347743  9068 tablet_copy_client.cc:538] T aff0e0163d554d6f823ce8b9ee2ac3cc P e3a000cebc8841de9e284d5ff2b76cd9: tablet copy: Tablet Copy complete. Replacing tablet superblock.
I20260601 13:25:21.349434  9068 tablet_bootstrap.cc:492] T aff0e0163d554d6f823ce8b9ee2ac3cc P e3a000cebc8841de9e284d5ff2b76cd9: Bootstrap starting.
I20260601 13:25:21.354372  9068 tablet_bootstrap.cc:492] T aff0e0163d554d6f823ce8b9ee2ac3cc P e3a000cebc8841de9e284d5ff2b76cd9: Bootstrap replayed 1/1 log segments. Stats: ops{read=3 overwritten=0 applied=3 ignored=0} inserts{seen=0 ignored=0} mutations{seen=0 ignored=0} orphaned_commits=0. Pending: 0 replicates
I20260601 13:25:21.354641  9068 tablet_bootstrap.cc:492] T aff0e0163d554d6f823ce8b9ee2ac3cc P e3a000cebc8841de9e284d5ff2b76cd9: Bootstrap complete.
I20260601 13:25:21.354811  9068 ts_tablet_manager.cc:1403] T aff0e0163d554d6f823ce8b9ee2ac3cc P e3a000cebc8841de9e284d5ff2b76cd9: Time spent bootstrapping tablet: real 0.005s	user 0.001s	sys 0.003s
I20260601 13:25:21.355209  9068 raft_consensus.cc:359] T aff0e0163d554d6f823ce8b9ee2ac3cc P e3a000cebc8841de9e284d5ff2b76cd9 [term 2 LEARNER]: Replica starting. Triggering 0 pending ops. Active config: opid_index: 3 OBSOLETE_local: false peers { permanent_uuid: "75f6cab891244351a948da43565abdfc" member_type: VOTER last_known_addr { host: "127.6.214.1" port: 42101 } } peers { permanent_uuid: "dfc6e833560f4a0fa638622886ee7765" member_type: VOTER last_known_addr { host: "127.6.214.2" port: 36421 } attrs { replace: true } } peers { permanent_uuid: "dd1f0c34ed9f44ab82cebef93303ed47" member_type: VOTER last_known_addr { host: "127.6.214.3" port: 38673 } } peers { permanent_uuid: "e3a000cebc8841de9e284d5ff2b76cd9" member_type: NON_VOTER last_known_addr { host: "127.6.214.4" port: 46309 } attrs { promote: true } }
I20260601 13:25:21.355309  9068 raft_consensus.cc:740] T aff0e0163d554d6f823ce8b9ee2ac3cc P e3a000cebc8841de9e284d5ff2b76cd9 [term 2 LEARNER]: Becoming Follower/Learner. State: Replica: e3a000cebc8841de9e284d5ff2b76cd9, State: Initialized, Role: LEARNER
I20260601 13:25:21.355413  9068 consensus_queue.cc:260] T aff0e0163d554d6f823ce8b9ee2ac3cc P e3a000cebc8841de9e284d5ff2b76cd9 [NON_LEADER]: Queue going to NON_LEADER mode. State: All replicated index: 0, Majority replicated index: 0, Committed index: 3, Last appended: 2.3, Last appended by leader: 3, Current term: 0, Majority size: -1, State: 0, Mode: NON_LEADER, active raft config: opid_index: 3 OBSOLETE_local: false peers { permanent_uuid: "75f6cab891244351a948da43565abdfc" member_type: VOTER last_known_addr { host: "127.6.214.1" port: 42101 } } peers { permanent_uuid: "dfc6e833560f4a0fa638622886ee7765" member_type: VOTER last_known_addr { host: "127.6.214.2" port: 36421 } attrs { replace: true } } peers { permanent_uuid: "dd1f0c34ed9f44ab82cebef93303ed47" member_type: VOTER last_known_addr { host: "127.6.214.3" port: 38673 } } peers { permanent_uuid: "e3a000cebc8841de9e284d5ff2b76cd9" member_type: NON_VOTER last_known_addr { host: "127.6.214.4" port: 46309 } attrs { promote: true } }
I20260601 13:25:21.355786  9068 ts_tablet_manager.cc:1434] T aff0e0163d554d6f823ce8b9ee2ac3cc P e3a000cebc8841de9e284d5ff2b76cd9: Time spent starting tablet: real 0.001s	user 0.002s	sys 0.001s
I20260601 13:25:21.356333  8746 tablet_copy_service.cc:342] P 75f6cab891244351a948da43565abdfc: Request end of tablet copy session e3a000cebc8841de9e284d5ff2b76cd9-aff0e0163d554d6f823ce8b9ee2ac3cc received from {username='slave'} at 127.0.0.1:39394
I20260601 13:25:21.356427  8746 tablet_copy_service.cc:434] P 75f6cab891244351a948da43565abdfc: ending tablet copy session e3a000cebc8841de9e284d5ff2b76cd9-aff0e0163d554d6f823ce8b9ee2ac3cc on tablet aff0e0163d554d6f823ce8b9ee2ac3cc with peer e3a000cebc8841de9e284d5ff2b76cd9
I20260601 13:25:21.773638  9024 raft_consensus.cc:1217] T aff0e0163d554d6f823ce8b9ee2ac3cc P e3a000cebc8841de9e284d5ff2b76cd9 [term 2 LEARNER]: Deduplicated request from leader. Original: 2.2->[2.3-2.3]   Dedup: 2.3->[]
I20260601 13:25:21.797307  8687 auto_leader_rebalancer.cc:140] leader rebalance for table test-workload
I20260601 13:25:21.797662  8687 auto_leader_rebalancer.cc:388] table: test-workload, leader rebalance finish, leader transfer count: 0
I20260601 13:25:21.797741  8687 auto_leader_rebalancer.cc:451] All tables' leader rebalancing finished this round
I20260601 13:25:22.276772  9075 raft_consensus.cc:1064] T aff0e0163d554d6f823ce8b9ee2ac3cc P 75f6cab891244351a948da43565abdfc: attempting to promote NON_VOTER e3a000cebc8841de9e284d5ff2b76cd9 to VOTER
I20260601 13:25:22.277351  9075 consensus_queue.cc:237] T aff0e0163d554d6f823ce8b9ee2ac3cc P 75f6cab891244351a948da43565abdfc [LEADER]: Queue going to LEADER mode. State: All replicated index: 0, Majority replicated index: 3, Committed index: 3, Last appended: 2.3, Last appended by leader: 1, Current term: 2, Majority size: 3, State: 0, Mode: LEADER, active raft config: opid_index: 4 OBSOLETE_local: false peers { permanent_uuid: "75f6cab891244351a948da43565abdfc" member_type: VOTER last_known_addr { host: "127.6.214.1" port: 42101 } } peers { permanent_uuid: "dfc6e833560f4a0fa638622886ee7765" member_type: VOTER last_known_addr { host: "127.6.214.2" port: 36421 } attrs { replace: true } } peers { permanent_uuid: "dd1f0c34ed9f44ab82cebef93303ed47" member_type: VOTER last_known_addr { host: "127.6.214.3" port: 38673 } } peers { permanent_uuid: "e3a000cebc8841de9e284d5ff2b76cd9" member_type: VOTER last_known_addr { host: "127.6.214.4" port: 46309 } attrs { promote: false } }
I20260601 13:25:22.278726  9024 raft_consensus.cc:1275] T aff0e0163d554d6f823ce8b9ee2ac3cc P e3a000cebc8841de9e284d5ff2b76cd9 [term 2 LEARNER]: Refusing update from remote peer 75f6cab891244351a948da43565abdfc: Log matching property violated. Preceding OpId in replica: term: 2 index: 3. Preceding OpId from leader: term: 2 index: 4. (index mismatch)
I20260601 13:25:22.278877  8812 raft_consensus.cc:1275] T aff0e0163d554d6f823ce8b9ee2ac3cc P dfc6e833560f4a0fa638622886ee7765 [term 2 FOLLOWER]: Refusing update from remote peer 75f6cab891244351a948da43565abdfc: Log matching property violated. Preceding OpId in replica: term: 2 index: 3. Preceding OpId from leader: term: 2 index: 4. (index mismatch)
I20260601 13:25:22.279247  8888 raft_consensus.cc:1275] T aff0e0163d554d6f823ce8b9ee2ac3cc P dd1f0c34ed9f44ab82cebef93303ed47 [term 2 FOLLOWER]: Refusing update from remote peer 75f6cab891244351a948da43565abdfc: Log matching property violated. Preceding OpId in replica: term: 2 index: 3. Preceding OpId from leader: term: 2 index: 4. (index mismatch)
I20260601 13:25:22.279317  9079 consensus_queue.cc:1048] T aff0e0163d554d6f823ce8b9ee2ac3cc P 75f6cab891244351a948da43565abdfc [LEADER]: Connected to new peer: Peer: permanent_uuid: "dfc6e833560f4a0fa638622886ee7765" member_type: VOTER last_known_addr { host: "127.6.214.2" port: 36421 } attrs { replace: true }, Status: LMP_MISMATCH, Last received: 0.0, Next index: 4, Last known committed idx: 3, Time since last communication: 0.000s
I20260601 13:25:22.279652  9076 consensus_queue.cc:1048] T aff0e0163d554d6f823ce8b9ee2ac3cc P 75f6cab891244351a948da43565abdfc [LEADER]: Connected to new peer: Peer: permanent_uuid: "dd1f0c34ed9f44ab82cebef93303ed47" member_type: VOTER last_known_addr { host: "127.6.214.3" port: 38673 }, Status: LMP_MISMATCH, Last received: 0.0, Next index: 4, Last known committed idx: 3, Time since last communication: 0.000s
I20260601 13:25:22.280189  9078 consensus_queue.cc:1048] T aff0e0163d554d6f823ce8b9ee2ac3cc P 75f6cab891244351a948da43565abdfc [LEADER]: Connected to new peer: Peer: permanent_uuid: "e3a000cebc8841de9e284d5ff2b76cd9" member_type: VOTER last_known_addr { host: "127.6.214.4" port: 46309 } attrs { promote: false }, Status: LMP_MISMATCH, Last received: 0.0, Next index: 4, Last known committed idx: 3, Time since last communication: 0.000s
I20260601 13:25:22.281837  9076 raft_consensus.cc:2955] T aff0e0163d554d6f823ce8b9ee2ac3cc P 75f6cab891244351a948da43565abdfc [term 2 LEADER]: Committing config change with OpId 2.4: config changed from index 3 to 4, e3a000cebc8841de9e284d5ff2b76cd9 (127.6.214.4) changed from NON_VOTER to VOTER. New config: { opid_index: 4 OBSOLETE_local: false peers { permanent_uuid: "75f6cab891244351a948da43565abdfc" member_type: VOTER last_known_addr { host: "127.6.214.1" port: 42101 } } peers { permanent_uuid: "dfc6e833560f4a0fa638622886ee7765" member_type: VOTER last_known_addr { host: "127.6.214.2" port: 36421 } attrs { replace: true } } peers { permanent_uuid: "dd1f0c34ed9f44ab82cebef93303ed47" member_type: VOTER last_known_addr { host: "127.6.214.3" port: 38673 } } peers { permanent_uuid: "e3a000cebc8841de9e284d5ff2b76cd9" member_type: VOTER last_known_addr { host: "127.6.214.4" port: 46309 } attrs { promote: false } } }
I20260601 13:25:22.282313  8888 raft_consensus.cc:2955] T aff0e0163d554d6f823ce8b9ee2ac3cc P dd1f0c34ed9f44ab82cebef93303ed47 [term 2 FOLLOWER]: Committing config change with OpId 2.4: config changed from index 3 to 4, e3a000cebc8841de9e284d5ff2b76cd9 (127.6.214.4) changed from NON_VOTER to VOTER. New config: { opid_index: 4 OBSOLETE_local: false peers { permanent_uuid: "75f6cab891244351a948da43565abdfc" member_type: VOTER last_known_addr { host: "127.6.214.1" port: 42101 } } peers { permanent_uuid: "dfc6e833560f4a0fa638622886ee7765" member_type: VOTER last_known_addr { host: "127.6.214.2" port: 36421 } attrs { replace: true } } peers { permanent_uuid: "dd1f0c34ed9f44ab82cebef93303ed47" member_type: VOTER last_known_addr { host: "127.6.214.3" port: 38673 } } peers { permanent_uuid: "e3a000cebc8841de9e284d5ff2b76cd9" member_type: VOTER last_known_addr { host: "127.6.214.4" port: 46309 } attrs { promote: false } } }
I20260601 13:25:22.282437  9024 raft_consensus.cc:2955] T aff0e0163d554d6f823ce8b9ee2ac3cc P e3a000cebc8841de9e284d5ff2b76cd9 [term 2 FOLLOWER]: Committing config change with OpId 2.4: config changed from index 3 to 4, e3a000cebc8841de9e284d5ff2b76cd9 (127.6.214.4) changed from NON_VOTER to VOTER. New config: { opid_index: 4 OBSOLETE_local: false peers { permanent_uuid: "75f6cab891244351a948da43565abdfc" member_type: VOTER last_known_addr { host: "127.6.214.1" port: 42101 } } peers { permanent_uuid: "dfc6e833560f4a0fa638622886ee7765" member_type: VOTER last_known_addr { host: "127.6.214.2" port: 36421 } attrs { replace: true } } peers { permanent_uuid: "dd1f0c34ed9f44ab82cebef93303ed47" member_type: VOTER last_known_addr { host: "127.6.214.3" port: 38673 } } peers { permanent_uuid: "e3a000cebc8841de9e284d5ff2b76cd9" member_type: VOTER last_known_addr { host: "127.6.214.4" port: 46309 } attrs { promote: false } } }
I20260601 13:25:22.284716  8812 raft_consensus.cc:2955] T aff0e0163d554d6f823ce8b9ee2ac3cc P dfc6e833560f4a0fa638622886ee7765 [term 2 FOLLOWER]: Committing config change with OpId 2.4: config changed from index 3 to 4, e3a000cebc8841de9e284d5ff2b76cd9 (127.6.214.4) changed from NON_VOTER to VOTER. New config: { opid_index: 4 OBSOLETE_local: false peers { permanent_uuid: "75f6cab891244351a948da43565abdfc" member_type: VOTER last_known_addr { host: "127.6.214.1" port: 42101 } } peers { permanent_uuid: "dfc6e833560f4a0fa638622886ee7765" member_type: VOTER last_known_addr { host: "127.6.214.2" port: 36421 } attrs { replace: true } } peers { permanent_uuid: "dd1f0c34ed9f44ab82cebef93303ed47" member_type: VOTER last_known_addr { host: "127.6.214.3" port: 38673 } } peers { permanent_uuid: "e3a000cebc8841de9e284d5ff2b76cd9" member_type: VOTER last_known_addr { host: "127.6.214.4" port: 46309 } attrs { promote: false } } }
I20260601 13:25:22.285094  8633 catalog_manager.cc:5696] T aff0e0163d554d6f823ce8b9ee2ac3cc P 75f6cab891244351a948da43565abdfc reported cstate change: config changed from index 3 to 4, e3a000cebc8841de9e284d5ff2b76cd9 (127.6.214.4) changed from NON_VOTER to VOTER. New cstate: current_term: 2 leader_uuid: "75f6cab891244351a948da43565abdfc" committed_config { opid_index: 4 OBSOLETE_local: false peers { permanent_uuid: "75f6cab891244351a948da43565abdfc" member_type: VOTER last_known_addr { host: "127.6.214.1" port: 42101 } health_report { overall_health: HEALTHY } } peers { permanent_uuid: "dfc6e833560f4a0fa638622886ee7765" member_type: VOTER last_known_addr { host: "127.6.214.2" port: 36421 } attrs { replace: true } health_report { overall_health: HEALTHY } } peers { permanent_uuid: "dd1f0c34ed9f44ab82cebef93303ed47" member_type: VOTER last_known_addr { host: "127.6.214.3" port: 38673 } health_report { overall_health: HEALTHY } } peers { permanent_uuid: "e3a000cebc8841de9e284d5ff2b76cd9" member_type: VOTER last_known_addr { host: "127.6.214.4" port: 46309 } attrs { promote: false } health_report { overall_health: HEALTHY } } }
I20260601 13:25:22.289073  8736 consensus_queue.cc:237] T aff0e0163d554d6f823ce8b9ee2ac3cc P 75f6cab891244351a948da43565abdfc [LEADER]: Queue going to LEADER mode. State: All replicated index: 0, Majority replicated index: 4, Committed index: 4, Last appended: 2.4, Last appended by leader: 1, Current term: 2, Majority size: 2, State: 0, Mode: LEADER, active raft config: opid_index: 5 OBSOLETE_local: false peers { permanent_uuid: "75f6cab891244351a948da43565abdfc" member_type: VOTER last_known_addr { host: "127.6.214.1" port: 42101 } } peers { permanent_uuid: "dd1f0c34ed9f44ab82cebef93303ed47" member_type: VOTER last_known_addr { host: "127.6.214.3" port: 38673 } } peers { permanent_uuid: "e3a000cebc8841de9e284d5ff2b76cd9" member_type: VOTER last_known_addr { host: "127.6.214.4" port: 46309 } attrs { promote: false } }
I20260601 13:25:22.290311  9024 raft_consensus.cc:1275] T aff0e0163d554d6f823ce8b9ee2ac3cc P e3a000cebc8841de9e284d5ff2b76cd9 [term 2 FOLLOWER]: Refusing update from remote peer 75f6cab891244351a948da43565abdfc: Log matching property violated. Preceding OpId in replica: term: 2 index: 4. Preceding OpId from leader: term: 2 index: 5. (index mismatch)
I20260601 13:25:22.290373  8888 raft_consensus.cc:1275] T aff0e0163d554d6f823ce8b9ee2ac3cc P dd1f0c34ed9f44ab82cebef93303ed47 [term 2 FOLLOWER]: Refusing update from remote peer 75f6cab891244351a948da43565abdfc: Log matching property violated. Preceding OpId in replica: term: 2 index: 4. Preceding OpId from leader: term: 2 index: 5. (index mismatch)
I20260601 13:25:22.290652  9076 consensus_queue.cc:1048] T aff0e0163d554d6f823ce8b9ee2ac3cc P 75f6cab891244351a948da43565abdfc [LEADER]: Connected to new peer: Peer: permanent_uuid: "e3a000cebc8841de9e284d5ff2b76cd9" member_type: VOTER last_known_addr { host: "127.6.214.4" port: 46309 } attrs { promote: false }, Status: LMP_MISMATCH, Last received: 0.0, Next index: 5, Last known committed idx: 4, Time since last communication: 0.000s
I20260601 13:25:22.290799  9079 consensus_queue.cc:1048] T aff0e0163d554d6f823ce8b9ee2ac3cc P 75f6cab891244351a948da43565abdfc [LEADER]: Connected to new peer: Peer: permanent_uuid: "dd1f0c34ed9f44ab82cebef93303ed47" member_type: VOTER last_known_addr { host: "127.6.214.3" port: 38673 }, Status: LMP_MISMATCH, Last received: 0.0, Next index: 5, Last known committed idx: 4, Time since last communication: 0.000s
I20260601 13:25:22.292315  9079 raft_consensus.cc:2955] T aff0e0163d554d6f823ce8b9ee2ac3cc P 75f6cab891244351a948da43565abdfc [term 2 LEADER]: Committing config change with OpId 2.5: config changed from index 4 to 5, VOTER dfc6e833560f4a0fa638622886ee7765 (127.6.214.2) evicted. New config: { opid_index: 5 OBSOLETE_local: false peers { permanent_uuid: "75f6cab891244351a948da43565abdfc" member_type: VOTER last_known_addr { host: "127.6.214.1" port: 42101 } } peers { permanent_uuid: "dd1f0c34ed9f44ab82cebef93303ed47" member_type: VOTER last_known_addr { host: "127.6.214.3" port: 38673 } } peers { permanent_uuid: "e3a000cebc8841de9e284d5ff2b76cd9" member_type: VOTER last_known_addr { host: "127.6.214.4" port: 46309 } attrs { promote: false } } }
I20260601 13:25:22.292589  8888 raft_consensus.cc:2955] T aff0e0163d554d6f823ce8b9ee2ac3cc P dd1f0c34ed9f44ab82cebef93303ed47 [term 2 FOLLOWER]: Committing config change with OpId 2.5: config changed from index 4 to 5, VOTER dfc6e833560f4a0fa638622886ee7765 (127.6.214.2) evicted. New config: { opid_index: 5 OBSOLETE_local: false peers { permanent_uuid: "75f6cab891244351a948da43565abdfc" member_type: VOTER last_known_addr { host: "127.6.214.1" port: 42101 } } peers { permanent_uuid: "dd1f0c34ed9f44ab82cebef93303ed47" member_type: VOTER last_known_addr { host: "127.6.214.3" port: 38673 } } peers { permanent_uuid: "e3a000cebc8841de9e284d5ff2b76cd9" member_type: VOTER last_known_addr { host: "127.6.214.4" port: 46309 } attrs { promote: false } } }
I20260601 13:25:22.293721  8617 catalog_manager.cc:5209] ChangeConfig:REMOVE_PEER RPC for tablet aff0e0163d554d6f823ce8b9ee2ac3cc with cas_config_opid_index 4: ChangeConfig:REMOVE_PEER succeeded (attempt 1)
