I20260601 13:26:00.863821 25113 consensus_queue.cc:260] T ff70ae9ebe38449dbcacca891648152e P d2bf2db695464ef1972e6fcd0ce481c3 [NON_LEADER]: Queue going to NON_LEADER mode. State: All replicated index: 0, Majority replicated index: 0, Committed index: 0, Last appended: 0.0, Last appended by leader: 0, Current term: 0, Majority size: -1, State: 0, Mode: NON_LEADER, active raft config: opid_index: -1 OBSOLETE_local: false peers { permanent_uuid: "e2f2b03227e64762a162f83f27dd36c7" member_type: VOTER last_known_addr { host: "127.21.114.65" port: 45889 } } peers { permanent_uuid: "e32125aab9e8456a8b8ab1156f570b95" member_type: VOTER last_known_addr { host: "127.21.114.66" port: 40033 } } peers { permanent_uuid: "d2bf2db695464ef1972e6fcd0ce481c3" member_type: VOTER last_known_addr { host: "127.21.114.67" port: 44145 } }
I20260601 13:26:00.864058 25113 ts_tablet_manager.cc:1434] T ff70ae9ebe38449dbcacca891648152e P d2bf2db695464ef1972e6fcd0ce481c3: Time spent starting tablet: real 0.001s	user 0.000s	sys 0.000s
I20260601 13:26:00.864120 25114 tablet_bootstrap.cc:492] T 1d50d1d4bde84833a6483239b9a62943 P e32125aab9e8456a8b8ab1156f570b95: No bootstrap required, opened a new log
I20260601 13:26:00.864189 25114 ts_tablet_manager.cc:1403] T 1d50d1d4bde84833a6483239b9a62943 P e32125aab9e8456a8b8ab1156f570b95: Time spent bootstrapping tablet: real 0.003s	user 0.002s	sys 0.000s
I20260601 13:26:00.864217 25113 tablet_bootstrap.cc:492] T 4fe4a4676136480faaafe4263548a302 P d2bf2db695464ef1972e6fcd0ce481c3: Bootstrap starting.
I20260601 13:26:00.864576 25114 raft_consensus.cc:359] T 1d50d1d4bde84833a6483239b9a62943 P e32125aab9e8456a8b8ab1156f570b95 [term 0 FOLLOWER]: Replica starting. Triggering 0 pending ops. Active config: opid_index: -1 OBSOLETE_local: false peers { permanent_uuid: "e32125aab9e8456a8b8ab1156f570b95" member_type: VOTER last_known_addr { host: "127.21.114.66" port: 40033 } } peers { permanent_uuid: "e2f2b03227e64762a162f83f27dd36c7" member_type: VOTER last_known_addr { host: "127.21.114.65" port: 45889 } } peers { permanent_uuid: "d2bf2db695464ef1972e6fcd0ce481c3" member_type: VOTER last_known_addr { host: "127.21.114.67" port: 44145 } }
I20260601 13:26:00.864676 25114 raft_consensus.cc:385] T 1d50d1d4bde84833a6483239b9a62943 P e32125aab9e8456a8b8ab1156f570b95 [term 0 FOLLOWER]: Consensus starting up: Expiring failure detector timer to make a prompt election more likely
I20260601 13:26:00.864717 25114 raft_consensus.cc:740] T 1d50d1d4bde84833a6483239b9a62943 P e32125aab9e8456a8b8ab1156f570b95 [term 0 FOLLOWER]: Becoming Follower/Learner. State: Replica: e32125aab9e8456a8b8ab1156f570b95, State: Initialized, Role: FOLLOWER
I20260601 13:26:00.864836 25114 consensus_queue.cc:260] T 1d50d1d4bde84833a6483239b9a62943 P e32125aab9e8456a8b8ab1156f570b95 [NON_LEADER]: Queue going to NON_LEADER mode. State: All replicated index: 0, Majority replicated index: 0, Committed index: 0, Last appended: 0.0, Last appended by leader: 0, Current term: 0, Majority size: -1, State: 0, Mode: NON_LEADER, active raft config: opid_index: -1 OBSOLETE_local: false peers { permanent_uuid: "e32125aab9e8456a8b8ab1156f570b95" member_type: VOTER last_known_addr { host: "127.21.114.66" port: 40033 } } peers { permanent_uuid: "e2f2b03227e64762a162f83f27dd36c7" member_type: VOTER last_known_addr { host: "127.21.114.65" port: 45889 } } peers { permanent_uuid: "d2bf2db695464ef1972e6fcd0ce481c3" member_type: VOTER last_known_addr { host: "127.21.114.67" port: 44145 } }
I20260601 13:26:00.865067 25114 ts_tablet_manager.cc:1434] T 1d50d1d4bde84833a6483239b9a62943 P e32125aab9e8456a8b8ab1156f570b95: Time spent starting tablet: real 0.001s	user 0.000s	sys 0.000s
I20260601 13:26:00.865144 25113 tablet_bootstrap.cc:654] T 4fe4a4676136480faaafe4263548a302 P d2bf2db695464ef1972e6fcd0ce481c3: Neither blocks nor log segments found. Creating new log.
I20260601 13:26:00.865454 25116 tablet_bootstrap.cc:492] T 2348bb985a3f43fe921c915d83e365f4 P e2f2b03227e64762a162f83f27dd36c7: No bootstrap required, opened a new log
I20260601 13:26:00.865556 25116 ts_tablet_manager.cc:1403] T 2348bb985a3f43fe921c915d83e365f4 P e2f2b03227e64762a162f83f27dd36c7: Time spent bootstrapping tablet: real 0.004s	user 0.001s	sys 0.000s
I20260601 13:26:00.866011 25116 raft_consensus.cc:359] T 2348bb985a3f43fe921c915d83e365f4 P e2f2b03227e64762a162f83f27dd36c7 [term 0 FOLLOWER]: Replica starting. Triggering 0 pending ops. Active config: opid_index: -1 OBSOLETE_local: false peers { permanent_uuid: "e2f2b03227e64762a162f83f27dd36c7" member_type: VOTER last_known_addr { host: "127.21.114.65" port: 45889 } } peers { permanent_uuid: "e32125aab9e8456a8b8ab1156f570b95" member_type: VOTER last_known_addr { host: "127.21.114.66" port: 40033 } } peers { permanent_uuid: "d2bf2db695464ef1972e6fcd0ce481c3" member_type: VOTER last_known_addr { host: "127.21.114.67" port: 44145 } }
I20260601 13:26:00.866103 25116 raft_consensus.cc:385] T 2348bb985a3f43fe921c915d83e365f4 P e2f2b03227e64762a162f83f27dd36c7 [term 0 FOLLOWER]: Consensus starting up: Expiring failure detector timer to make a prompt election more likely
I20260601 13:26:00.866135 25116 raft_consensus.cc:740] T 2348bb985a3f43fe921c915d83e365f4 P e2f2b03227e64762a162f83f27dd36c7 [term 0 FOLLOWER]: Becoming Follower/Learner. State: Replica: e2f2b03227e64762a162f83f27dd36c7, State: Initialized, Role: FOLLOWER
I20260601 13:26:00.866257 25116 consensus_queue.cc:260] T 2348bb985a3f43fe921c915d83e365f4 P e2f2b03227e64762a162f83f27dd36c7 [NON_LEADER]: Queue going to NON_LEADER mode. State: All replicated index: 0, Majority replicated index: 0, Committed index: 0, Last appended: 0.0, Last appended by leader: 0, Current term: 0, Majority size: -1, State: 0, Mode: NON_LEADER, active raft config: opid_index: -1 OBSOLETE_local: false peers { permanent_uuid: "e2f2b03227e64762a162f83f27dd36c7" member_type: VOTER last_known_addr { host: "127.21.114.65" port: 45889 } } peers { permanent_uuid: "e32125aab9e8456a8b8ab1156f570b95" member_type: VOTER last_known_addr { host: "127.21.114.66" port: 40033 } } peers { permanent_uuid: "d2bf2db695464ef1972e6fcd0ce481c3" member_type: VOTER last_known_addr { host: "127.21.114.67" port: 44145 } }
I20260601 13:26:00.866357 25113 tablet_bootstrap.cc:492] T 4fe4a4676136480faaafe4263548a302 P d2bf2db695464ef1972e6fcd0ce481c3: No bootstrap required, opened a new log
I20260601 13:26:00.866428 25113 ts_tablet_manager.cc:1403] T 4fe4a4676136480faaafe4263548a302 P d2bf2db695464ef1972e6fcd0ce481c3: Time spent bootstrapping tablet: real 0.002s	user 0.000s	sys 0.001s
I20260601 13:26:00.866556 25116 ts_tablet_manager.cc:1434] T 2348bb985a3f43fe921c915d83e365f4 P e2f2b03227e64762a162f83f27dd36c7: Time spent starting tablet: real 0.001s	user 0.001s	sys 0.000s
I20260601 13:26:00.866814 25113 raft_consensus.cc:359] T 4fe4a4676136480faaafe4263548a302 P d2bf2db695464ef1972e6fcd0ce481c3 [term 0 FOLLOWER]: Replica starting. Triggering 0 pending ops. Active config: opid_index: -1 OBSOLETE_local: false peers { permanent_uuid: "e2f2b03227e64762a162f83f27dd36c7" member_type: VOTER last_known_addr { host: "127.21.114.65" port: 45889 } } peers { permanent_uuid: "e32125aab9e8456a8b8ab1156f570b95" member_type: VOTER last_known_addr { host: "127.21.114.66" port: 40033 } } peers { permanent_uuid: "d2bf2db695464ef1972e6fcd0ce481c3" member_type: VOTER last_known_addr { host: "127.21.114.67" port: 44145 } }
I20260601 13:26:00.866901 25113 raft_consensus.cc:385] T 4fe4a4676136480faaafe4263548a302 P d2bf2db695464ef1972e6fcd0ce481c3 [term 0 FOLLOWER]: Consensus starting up: Expiring failure detector timer to make a prompt election more likely
I20260601 13:26:00.866932 25113 raft_consensus.cc:740] T 4fe4a4676136480faaafe4263548a302 P d2bf2db695464ef1972e6fcd0ce481c3 [term 0 FOLLOWER]: Becoming Follower/Learner. State: Replica: d2bf2db695464ef1972e6fcd0ce481c3, State: Initialized, Role: FOLLOWER
I20260601 13:26:00.866971 25116 tablet_bootstrap.cc:492] T ff70ae9ebe38449dbcacca891648152e P e2f2b03227e64762a162f83f27dd36c7: Bootstrap starting.
I20260601 13:26:00.867045 25113 consensus_queue.cc:260] T 4fe4a4676136480faaafe4263548a302 P d2bf2db695464ef1972e6fcd0ce481c3 [NON_LEADER]: Queue going to NON_LEADER mode. State: All replicated index: 0, Majority replicated index: 0, Committed index: 0, Last appended: 0.0, Last appended by leader: 0, Current term: 0, Majority size: -1, State: 0, Mode: NON_LEADER, active raft config: opid_index: -1 OBSOLETE_local: false peers { permanent_uuid: "e2f2b03227e64762a162f83f27dd36c7" member_type: VOTER last_known_addr { host: "127.21.114.65" port: 45889 } } peers { permanent_uuid: "e32125aab9e8456a8b8ab1156f570b95" member_type: VOTER last_known_addr { host: "127.21.114.66" port: 40033 } } peers { permanent_uuid: "d2bf2db695464ef1972e6fcd0ce481c3" member_type: VOTER last_known_addr { host: "127.21.114.67" port: 44145 } }
I20260601 13:26:00.867281 25113 ts_tablet_manager.cc:1434] T 4fe4a4676136480faaafe4263548a302 P d2bf2db695464ef1972e6fcd0ce481c3: Time spent starting tablet: real 0.001s	user 0.000s	sys 0.000s
I20260601 13:26:00.867439 25113 tablet_bootstrap.cc:492] T 1d50d1d4bde84833a6483239b9a62943 P d2bf2db695464ef1972e6fcd0ce481c3: Bootstrap starting.
I20260601 13:26:00.867817 25116 tablet_bootstrap.cc:654] T ff70ae9ebe38449dbcacca891648152e P e2f2b03227e64762a162f83f27dd36c7: Neither blocks nor log segments found. Creating new log.
I20260601 13:26:00.868381 25113 tablet_bootstrap.cc:654] T 1d50d1d4bde84833a6483239b9a62943 P d2bf2db695464ef1972e6fcd0ce481c3: Neither blocks nor log segments found. Creating new log.
I20260601 13:26:00.868939 25116 tablet_bootstrap.cc:492] T ff70ae9ebe38449dbcacca891648152e P e2f2b03227e64762a162f83f27dd36c7: No bootstrap required, opened a new log
I20260601 13:26:00.869024 25116 ts_tablet_manager.cc:1403] T ff70ae9ebe38449dbcacca891648152e P e2f2b03227e64762a162f83f27dd36c7: Time spent bootstrapping tablet: real 0.002s	user 0.001s	sys 0.000s
I20260601 13:26:00.869410 25116 raft_consensus.cc:359] T ff70ae9ebe38449dbcacca891648152e P e2f2b03227e64762a162f83f27dd36c7 [term 0 FOLLOWER]: Replica starting. Triggering 0 pending ops. Active config: opid_index: -1 OBSOLETE_local: false peers { permanent_uuid: "e2f2b03227e64762a162f83f27dd36c7" member_type: VOTER last_known_addr { host: "127.21.114.65" port: 45889 } } peers { permanent_uuid: "e32125aab9e8456a8b8ab1156f570b95" member_type: VOTER last_known_addr { host: "127.21.114.66" port: 40033 } } peers { permanent_uuid: "d2bf2db695464ef1972e6fcd0ce481c3" member_type: VOTER last_known_addr { host: "127.21.114.67" port: 44145 } }
I20260601 13:26:00.869488 25116 raft_consensus.cc:385] T ff70ae9ebe38449dbcacca891648152e P e2f2b03227e64762a162f83f27dd36c7 [term 0 FOLLOWER]: Consensus starting up: Expiring failure detector timer to make a prompt election more likely
I20260601 13:26:00.869517 25116 raft_consensus.cc:740] T ff70ae9ebe38449dbcacca891648152e P e2f2b03227e64762a162f83f27dd36c7 [term 0 FOLLOWER]: Becoming Follower/Learner. State: Replica: e2f2b03227e64762a162f83f27dd36c7, State: Initialized, Role: FOLLOWER
I20260601 13:26:00.869537 25113 tablet_bootstrap.cc:492] T 1d50d1d4bde84833a6483239b9a62943 P d2bf2db695464ef1972e6fcd0ce481c3: No bootstrap required, opened a new log
I20260601 13:26:00.869648 25113 ts_tablet_manager.cc:1403] T 1d50d1d4bde84833a6483239b9a62943 P d2bf2db695464ef1972e6fcd0ce481c3: Time spent bootstrapping tablet: real 0.002s	user 0.000s	sys 0.002s
I20260601 13:26:00.869624 25116 consensus_queue.cc:260] T ff70ae9ebe38449dbcacca891648152e P e2f2b03227e64762a162f83f27dd36c7 [NON_LEADER]: Queue going to NON_LEADER mode. State: All replicated index: 0, Majority replicated index: 0, Committed index: 0, Last appended: 0.0, Last appended by leader: 0, Current term: 0, Majority size: -1, State: 0, Mode: NON_LEADER, active raft config: opid_index: -1 OBSOLETE_local: false peers { permanent_uuid: "e2f2b03227e64762a162f83f27dd36c7" member_type: VOTER last_known_addr { host: "127.21.114.65" port: 45889 } } peers { permanent_uuid: "e32125aab9e8456a8b8ab1156f570b95" member_type: VOTER last_known_addr { host: "127.21.114.66" port: 40033 } } peers { permanent_uuid: "d2bf2db695464ef1972e6fcd0ce481c3" member_type: VOTER last_known_addr { host: "127.21.114.67" port: 44145 } }
I20260601 13:26:00.869912 25116 ts_tablet_manager.cc:1434] T ff70ae9ebe38449dbcacca891648152e P e2f2b03227e64762a162f83f27dd36c7: Time spent starting tablet: real 0.001s	user 0.001s	sys 0.000s
I20260601 13:26:00.870060 25116 tablet_bootstrap.cc:492] T 73eef8181c124f5ea15418abae9d126b P e2f2b03227e64762a162f83f27dd36c7: Bootstrap starting.
I20260601 13:26:00.870107 25113 raft_consensus.cc:359] T 1d50d1d4bde84833a6483239b9a62943 P d2bf2db695464ef1972e6fcd0ce481c3 [term 0 FOLLOWER]: Replica starting. Triggering 0 pending ops. Active config: opid_index: -1 OBSOLETE_local: false peers { permanent_uuid: "e32125aab9e8456a8b8ab1156f570b95" member_type: VOTER last_known_addr { host: "127.21.114.66" port: 40033 } } peers { permanent_uuid: "e2f2b03227e64762a162f83f27dd36c7" member_type: VOTER last_known_addr { host: "127.21.114.65" port: 45889 } } peers { permanent_uuid: "d2bf2db695464ef1972e6fcd0ce481c3" member_type: VOTER last_known_addr { host: "127.21.114.67" port: 44145 } }
I20260601 13:26:00.870208 25113 raft_consensus.cc:385] T 1d50d1d4bde84833a6483239b9a62943 P d2bf2db695464ef1972e6fcd0ce481c3 [term 0 FOLLOWER]: Consensus starting up: Expiring failure detector timer to make a prompt election more likely
I20260601 13:26:00.870246 25113 raft_consensus.cc:740] T 1d50d1d4bde84833a6483239b9a62943 P d2bf2db695464ef1972e6fcd0ce481c3 [term 0 FOLLOWER]: Becoming Follower/Learner. State: Replica: d2bf2db695464ef1972e6fcd0ce481c3, State: Initialized, Role: FOLLOWER
I20260601 13:26:00.870354 25113 consensus_queue.cc:260] T 1d50d1d4bde84833a6483239b9a62943 P d2bf2db695464ef1972e6fcd0ce481c3 [NON_LEADER]: Queue going to NON_LEADER mode. State: All replicated index: 0, Majority replicated index: 0, Committed index: 0, Last appended: 0.0, Last appended by leader: 0, Current term: 0, Majority size: -1, State: 0, Mode: NON_LEADER, active raft config: opid_index: -1 OBSOLETE_local: false peers { permanent_uuid: "e32125aab9e8456a8b8ab1156f570b95" member_type: VOTER last_known_addr { host: "127.21.114.66" port: 40033 } } peers { permanent_uuid: "e2f2b03227e64762a162f83f27dd36c7" member_type: VOTER last_known_addr { host: "127.21.114.65" port: 45889 } } peers { permanent_uuid: "d2bf2db695464ef1972e6fcd0ce481c3" member_type: VOTER last_known_addr { host: "127.21.114.67" port: 44145 } }
I20260601 13:26:00.870673 25113 ts_tablet_manager.cc:1434] T 1d50d1d4bde84833a6483239b9a62943 P d2bf2db695464ef1972e6fcd0ce481c3: Time spent starting tablet: real 0.001s	user 0.000s	sys 0.001s
I20260601 13:26:00.870839 25113 tablet_bootstrap.cc:492] T 48d9bd6d144e404282fc353829651f62 P d2bf2db695464ef1972e6fcd0ce481c3: Bootstrap starting.
I20260601 13:26:00.870921 25116 tablet_bootstrap.cc:654] T 73eef8181c124f5ea15418abae9d126b P e2f2b03227e64762a162f83f27dd36c7: Neither blocks nor log segments found. Creating new log.
I20260601 13:26:00.871721 25113 tablet_bootstrap.cc:654] T 48d9bd6d144e404282fc353829651f62 P d2bf2db695464ef1972e6fcd0ce481c3: Neither blocks nor log segments found. Creating new log.
I20260601 13:26:00.871785 25116 tablet_bootstrap.cc:492] T 73eef8181c124f5ea15418abae9d126b P e2f2b03227e64762a162f83f27dd36c7: No bootstrap required, opened a new log
I20260601 13:26:00.871858 25116 ts_tablet_manager.cc:1403] T 73eef8181c124f5ea15418abae9d126b P e2f2b03227e64762a162f83f27dd36c7: Time spent bootstrapping tablet: real 0.002s	user 0.001s	sys 0.000s
I20260601 13:26:00.872252 25116 raft_consensus.cc:359] T 73eef8181c124f5ea15418abae9d126b P e2f2b03227e64762a162f83f27dd36c7 [term 0 FOLLOWER]: Replica starting. Triggering 0 pending ops. Active config: opid_index: -1 OBSOLETE_local: false peers { permanent_uuid: "e32125aab9e8456a8b8ab1156f570b95" member_type: VOTER last_known_addr { host: "127.21.114.66" port: 40033 } } peers { permanent_uuid: "e2f2b03227e64762a162f83f27dd36c7" member_type: VOTER last_known_addr { host: "127.21.114.65" port: 45889 } } peers { permanent_uuid: "d2bf2db695464ef1972e6fcd0ce481c3" member_type: VOTER last_known_addr { host: "127.21.114.67" port: 44145 } }
I20260601 13:26:00.872342 25116 raft_consensus.cc:385] T 73eef8181c124f5ea15418abae9d126b P e2f2b03227e64762a162f83f27dd36c7 [term 0 FOLLOWER]: Consensus starting up: Expiring failure detector timer to make a prompt election more likely
I20260601 13:26:00.872381 25116 raft_consensus.cc:740] T 73eef8181c124f5ea15418abae9d126b P e2f2b03227e64762a162f83f27dd36c7 [term 0 FOLLOWER]: Becoming Follower/Learner. State: Replica: e2f2b03227e64762a162f83f27dd36c7, State: Initialized, Role: FOLLOWER
I20260601 13:26:00.872496 25116 consensus_queue.cc:260] T 73eef8181c124f5ea15418abae9d126b P e2f2b03227e64762a162f83f27dd36c7 [NON_LEADER]: Queue going to NON_LEADER mode. State: All replicated index: 0, Majority replicated index: 0, Committed index: 0, Last appended: 0.0, Last appended by leader: 0, Current term: 0, Majority size: -1, State: 0, Mode: NON_LEADER, active raft config: opid_index: -1 OBSOLETE_local: false peers { permanent_uuid: "e32125aab9e8456a8b8ab1156f570b95" member_type: VOTER last_known_addr { host: "127.21.114.66" port: 40033 } } peers { permanent_uuid: "e2f2b03227e64762a162f83f27dd36c7" member_type: VOTER last_known_addr { host: "127.21.114.65" port: 45889 } } peers { permanent_uuid: "d2bf2db695464ef1972e6fcd0ce481c3" member_type: VOTER last_known_addr { host: "127.21.114.67" port: 44145 } }
I20260601 13:26:00.872743 25116 ts_tablet_manager.cc:1434] T 73eef8181c124f5ea15418abae9d126b P e2f2b03227e64762a162f83f27dd36c7: Time spent starting tablet: real 0.001s	user 0.000s	sys 0.000s
I20260601 13:26:00.872777 25113 tablet_bootstrap.cc:492] T 48d9bd6d144e404282fc353829651f62 P d2bf2db695464ef1972e6fcd0ce481c3: No bootstrap required, opened a new log
I20260601 13:26:00.872912 25113 ts_tablet_manager.cc:1403] T 48d9bd6d144e404282fc353829651f62 P d2bf2db695464ef1972e6fcd0ce481c3: Time spent bootstrapping tablet: real 0.002s	user 0.000s	sys 0.002s
I20260601 13:26:00.873338 25113 raft_consensus.cc:359] T 48d9bd6d144e404282fc353829651f62 P d2bf2db695464ef1972e6fcd0ce481c3 [term 0 FOLLOWER]: Replica starting. Triggering 0 pending ops. Active config: opid_index: -1 OBSOLETE_local: false peers { permanent_uuid: "e2f2b03227e64762a162f83f27dd36c7" member_type: VOTER last_known_addr { host: "127.21.114.65" port: 45889 } } peers { permanent_uuid: "e32125aab9e8456a8b8ab1156f570b95" member_type: VOTER last_known_addr { host: "127.21.114.66" port: 40033 } } peers { permanent_uuid: "d2bf2db695464ef1972e6fcd0ce481c3" member_type: VOTER last_known_addr { host: "127.21.114.67" port: 44145 } }
I20260601 13:26:00.873412 25113 raft_consensus.cc:385] T 48d9bd6d144e404282fc353829651f62 P d2bf2db695464ef1972e6fcd0ce481c3 [term 0 FOLLOWER]: Consensus starting up: Expiring failure detector timer to make a prompt election more likely
I20260601 13:26:00.873441 25113 raft_consensus.cc:740] T 48d9bd6d144e404282fc353829651f62 P d2bf2db695464ef1972e6fcd0ce481c3 [term 0 FOLLOWER]: Becoming Follower/Learner. State: Replica: d2bf2db695464ef1972e6fcd0ce481c3, State: Initialized, Role: FOLLOWER
I20260601 13:26:00.873545 25113 consensus_queue.cc:260] T 48d9bd6d144e404282fc353829651f62 P d2bf2db695464ef1972e6fcd0ce481c3 [NON_LEADER]: Queue going to NON_LEADER mode. State: All replicated index: 0, Majority replicated index: 0, Committed index: 0, Last appended: 0.0, Last appended by leader: 0, Current term: 0, Majority size: -1, State: 0, Mode: NON_LEADER, active raft config: opid_index: -1 OBSOLETE_local: false peers { permanent_uuid: "e2f2b03227e64762a162f83f27dd36c7" member_type: VOTER last_known_addr { host: "127.21.114.65" port: 45889 } } peers { permanent_uuid: "e32125aab9e8456a8b8ab1156f570b95" member_type: VOTER last_known_addr { host: "127.21.114.66" port: 40033 } } peers { permanent_uuid: "d2bf2db695464ef1972e6fcd0ce481c3" member_type: VOTER last_known_addr { host: "127.21.114.67" port: 44145 } }
I20260601 13:26:00.873770 25113 ts_tablet_manager.cc:1434] T 48d9bd6d144e404282fc353829651f62 P d2bf2db695464ef1972e6fcd0ce481c3: Time spent starting tablet: real 0.001s	user 0.000s	sys 0.000s
I20260601 13:26:00.873925 25113 tablet_bootstrap.cc:492] T 73eef8181c124f5ea15418abae9d126b P d2bf2db695464ef1972e6fcd0ce481c3: Bootstrap starting.
I20260601 13:26:00.874720 25113 tablet_bootstrap.cc:654] T 73eef8181c124f5ea15418abae9d126b P d2bf2db695464ef1972e6fcd0ce481c3: Neither blocks nor log segments found. Creating new log.
I20260601 13:26:00.875648 25113 tablet_bootstrap.cc:492] T 73eef8181c124f5ea15418abae9d126b P d2bf2db695464ef1972e6fcd0ce481c3: No bootstrap required, opened a new log
I20260601 13:26:00.875739 25113 ts_tablet_manager.cc:1403] T 73eef8181c124f5ea15418abae9d126b P d2bf2db695464ef1972e6fcd0ce481c3: Time spent bootstrapping tablet: real 0.002s	user 0.001s	sys 0.000s
I20260601 13:26:00.876101 25113 raft_consensus.cc:359] T 73eef8181c124f5ea15418abae9d126b P d2bf2db695464ef1972e6fcd0ce481c3 [term 0 FOLLOWER]: Replica starting. Triggering 0 pending ops. Active config: opid_index: -1 OBSOLETE_local: false peers { permanent_uuid: "e32125aab9e8456a8b8ab1156f570b95" member_type: VOTER last_known_addr { host: "127.21.114.66" port: 40033 } } peers { permanent_uuid: "e2f2b03227e64762a162f83f27dd36c7" member_type: VOTER last_known_addr { host: "127.21.114.65" port: 45889 } } peers { permanent_uuid: "d2bf2db695464ef1972e6fcd0ce481c3" member_type: VOTER last_known_addr { host: "127.21.114.67" port: 44145 } }
I20260601 13:26:00.876174 25113 raft_consensus.cc:385] T 73eef8181c124f5ea15418abae9d126b P d2bf2db695464ef1972e6fcd0ce481c3 [term 0 FOLLOWER]: Consensus starting up: Expiring failure detector timer to make a prompt election more likely
I20260601 13:26:00.876194 25113 raft_consensus.cc:740] T 73eef8181c124f5ea15418abae9d126b P d2bf2db695464ef1972e6fcd0ce481c3 [term 0 FOLLOWER]: Becoming Follower/Learner. State: Replica: d2bf2db695464ef1972e6fcd0ce481c3, State: Initialized, Role: FOLLOWER
I20260601 13:26:00.876281 25113 consensus_queue.cc:260] T 73eef8181c124f5ea15418abae9d126b P d2bf2db695464ef1972e6fcd0ce481c3 [NON_LEADER]: Queue going to NON_LEADER mode. State: All replicated index: 0, Majority replicated index: 0, Committed index: 0, Last appended: 0.0, Last appended by leader: 0, Current term: 0, Majority size: -1, State: 0, Mode: NON_LEADER, active raft config: opid_index: -1 OBSOLETE_local: false peers { permanent_uuid: "e32125aab9e8456a8b8ab1156f570b95" member_type: VOTER last_known_addr { host: "127.21.114.66" port: 40033 } } peers { permanent_uuid: "e2f2b03227e64762a162f83f27dd36c7" member_type: VOTER last_known_addr { host: "127.21.114.65" port: 45889 } } peers { permanent_uuid: "d2bf2db695464ef1972e6fcd0ce481c3" member_type: VOTER last_known_addr { host: "127.21.114.67" port: 44145 } }
I20260601 13:26:00.876469 25113 ts_tablet_manager.cc:1434] T 73eef8181c124f5ea15418abae9d126b P d2bf2db695464ef1972e6fcd0ce481c3: Time spent starting tablet: real 0.001s	user 0.000s	sys 0.000s
I20260601 13:26:00.923543 25122 raft_consensus.cc:493] T 2348bb985a3f43fe921c915d83e365f4 P e2f2b03227e64762a162f83f27dd36c7 [term 0 FOLLOWER]: Starting pre-election (no leader contacted us within the election timeout)
I20260601 13:26:00.923718 25122 raft_consensus.cc:515] T 2348bb985a3f43fe921c915d83e365f4 P e2f2b03227e64762a162f83f27dd36c7 [term 0 FOLLOWER]: Starting pre-election with config: opid_index: -1 OBSOLETE_local: false peers { permanent_uuid: "e2f2b03227e64762a162f83f27dd36c7" member_type: VOTER last_known_addr { host: "127.21.114.65" port: 45889 } } peers { permanent_uuid: "e32125aab9e8456a8b8ab1156f570b95" member_type: VOTER last_known_addr { host: "127.21.114.66" port: 40033 } } peers { permanent_uuid: "d2bf2db695464ef1972e6fcd0ce481c3" member_type: VOTER last_known_addr { host: "127.21.114.67" port: 44145 } }
I20260601 13:26:00.924214 25122 leader_election.cc:290] T 2348bb985a3f43fe921c915d83e365f4 P e2f2b03227e64762a162f83f27dd36c7 [CANDIDATE]: Term 1 pre-election: Requested pre-vote from peers e32125aab9e8456a8b8ab1156f570b95 (127.21.114.66:40033), d2bf2db695464ef1972e6fcd0ce481c3 (127.21.114.67:44145)
I20260601 13:26:00.929049 24992 tablet_service.cc:1917] Received RequestConsensusVote() RPC: tablet_id: "2348bb985a3f43fe921c915d83e365f4" candidate_uuid: "e2f2b03227e64762a162f83f27dd36c7" candidate_term: 1 candidate_status { last_received { term: 0 index: 0 } } ignore_live_leader: false dest_uuid: "e32125aab9e8456a8b8ab1156f570b95" is_pre_election: true
I20260601 13:26:00.929049 25067 tablet_service.cc:1917] Received RequestConsensusVote() RPC: tablet_id: "2348bb985a3f43fe921c915d83e365f4" candidate_uuid: "e2f2b03227e64762a162f83f27dd36c7" candidate_term: 1 candidate_status { last_received { term: 0 index: 0 } } ignore_live_leader: false dest_uuid: "d2bf2db695464ef1972e6fcd0ce481c3" is_pre_election: true
I20260601 13:26:00.929225 25067 raft_consensus.cc:2468] T 2348bb985a3f43fe921c915d83e365f4 P d2bf2db695464ef1972e6fcd0ce481c3 [term 0 FOLLOWER]: Leader pre-election vote request: Granting yes vote for candidate e2f2b03227e64762a162f83f27dd36c7 in term 0.
I20260601 13:26:00.929229 24992 raft_consensus.cc:2468] T 2348bb985a3f43fe921c915d83e365f4 P e32125aab9e8456a8b8ab1156f570b95 [term 0 FOLLOWER]: Leader pre-election vote request: Granting yes vote for candidate e2f2b03227e64762a162f83f27dd36c7 in term 0.
I20260601 13:26:00.929564 24881 leader_election.cc:304] T 2348bb985a3f43fe921c915d83e365f4 P e2f2b03227e64762a162f83f27dd36c7 [CANDIDATE]: Term 1 pre-election: Election decided. Result: candidate won. Election summary: received 2 responses out of 3 voters: 2 yes votes; 0 no votes. yes voters: e2f2b03227e64762a162f83f27dd36c7, e32125aab9e8456a8b8ab1156f570b95; no voters: 
I20260601 13:26:00.929766 25122 raft_consensus.cc:2804] T 2348bb985a3f43fe921c915d83e365f4 P e2f2b03227e64762a162f83f27dd36c7 [term 0 FOLLOWER]: Leader pre-election won for term 1
I20260601 13:26:00.929889 25122 raft_consensus.cc:493] T 2348bb985a3f43fe921c915d83e365f4 P e2f2b03227e64762a162f83f27dd36c7 [term 0 FOLLOWER]: Starting leader election (no leader contacted us within the election timeout)
I20260601 13:26:00.929942 25122 raft_consensus.cc:3060] T 2348bb985a3f43fe921c915d83e365f4 P e2f2b03227e64762a162f83f27dd36c7 [term 0 FOLLOWER]: Advancing to term 1
I20260601 13:26:00.930894 25122 raft_consensus.cc:515] T 2348bb985a3f43fe921c915d83e365f4 P e2f2b03227e64762a162f83f27dd36c7 [term 1 FOLLOWER]: Starting leader election with config: opid_index: -1 OBSOLETE_local: false peers { permanent_uuid: "e2f2b03227e64762a162f83f27dd36c7" member_type: VOTER last_known_addr { host: "127.21.114.65" port: 45889 } } peers { permanent_uuid: "e32125aab9e8456a8b8ab1156f570b95" member_type: VOTER last_known_addr { host: "127.21.114.66" port: 40033 } } peers { permanent_uuid: "d2bf2db695464ef1972e6fcd0ce481c3" member_type: VOTER last_known_addr { host: "127.21.114.67" port: 44145 } }
I20260601 13:26:00.931195 25122 leader_election.cc:290] T 2348bb985a3f43fe921c915d83e365f4 P e2f2b03227e64762a162f83f27dd36c7 [CANDIDATE]: Term 1 election: Requested vote from peers e32125aab9e8456a8b8ab1156f570b95 (127.21.114.66:40033), d2bf2db695464ef1972e6fcd0ce481c3 (127.21.114.67:44145)
I20260601 13:26:00.931529 24992 tablet_service.cc:1917] Received RequestConsensusVote() RPC: tablet_id: "2348bb985a3f43fe921c915d83e365f4" candidate_uuid: "e2f2b03227e64762a162f83f27dd36c7" candidate_term: 1 candidate_status { last_received { term: 0 index: 0 } } ignore_live_leader: false dest_uuid: "e32125aab9e8456a8b8ab1156f570b95"
I20260601 13:26:00.931529 25067 tablet_service.cc:1917] Received RequestConsensusVote() RPC: tablet_id: "2348bb985a3f43fe921c915d83e365f4" candidate_uuid: "e2f2b03227e64762a162f83f27dd36c7" candidate_term: 1 candidate_status { last_received { term: 0 index: 0 } } ignore_live_leader: false dest_uuid: "d2bf2db695464ef1972e6fcd0ce481c3"
I20260601 13:26:00.931658 25067 raft_consensus.cc:3060] T 2348bb985a3f43fe921c915d83e365f4 P d2bf2db695464ef1972e6fcd0ce481c3 [term 0 FOLLOWER]: Advancing to term 1
I20260601 13:26:00.931658 24992 raft_consensus.cc:3060] T 2348bb985a3f43fe921c915d83e365f4 P e32125aab9e8456a8b8ab1156f570b95 [term 0 FOLLOWER]: Advancing to term 1
I20260601 13:26:00.932576 24992 raft_consensus.cc:2468] T 2348bb985a3f43fe921c915d83e365f4 P e32125aab9e8456a8b8ab1156f570b95 [term 1 FOLLOWER]: Leader election vote request: Granting yes vote for candidate e2f2b03227e64762a162f83f27dd36c7 in term 1.
I20260601 13:26:00.932576 25067 raft_consensus.cc:2468] T 2348bb985a3f43fe921c915d83e365f4 P d2bf2db695464ef1972e6fcd0ce481c3 [term 1 FOLLOWER]: Leader election vote request: Granting yes vote for candidate e2f2b03227e64762a162f83f27dd36c7 in term 1.
I20260601 13:26:00.932857 24881 leader_election.cc:304] T 2348bb985a3f43fe921c915d83e365f4 P e2f2b03227e64762a162f83f27dd36c7 [CANDIDATE]: Term 1 election: Election decided. Result: candidate won. Election summary: received 2 responses out of 3 voters: 2 yes votes; 0 no votes. yes voters: d2bf2db695464ef1972e6fcd0ce481c3, e2f2b03227e64762a162f83f27dd36c7; no voters: 
I20260601 13:26:00.933022 25122 raft_consensus.cc:2804] T 2348bb985a3f43fe921c915d83e365f4 P e2f2b03227e64762a162f83f27dd36c7 [term 1 FOLLOWER]: Leader election won for term 1
I20260601 13:26:00.933256 25122 raft_consensus.cc:697] T 2348bb985a3f43fe921c915d83e365f4 P e2f2b03227e64762a162f83f27dd36c7 [term 1 LEADER]: Becoming Leader. State: Replica: e2f2b03227e64762a162f83f27dd36c7, State: Running, Role: LEADER
I20260601 13:26:00.933396 25122 consensus_queue.cc:237] T 2348bb985a3f43fe921c915d83e365f4 P e2f2b03227e64762a162f83f27dd36c7 [LEADER]: Queue going to LEADER mode. State: All replicated index: 0, Majority replicated index: 0, Committed index: 0, Last appended: 0.0, Last appended by leader: 0, Current term: 1, Majority size: 2, State: 0, Mode: LEADER, active raft config: opid_index: -1 OBSOLETE_local: false peers { permanent_uuid: "e2f2b03227e64762a162f83f27dd36c7" member_type: VOTER last_known_addr { host: "127.21.114.65" port: 45889 } } peers { permanent_uuid: "e32125aab9e8456a8b8ab1156f570b95" member_type: VOTER last_known_addr { host: "127.21.114.66" port: 40033 } } peers { permanent_uuid: "d2bf2db695464ef1972e6fcd0ce481c3" member_type: VOTER last_known_addr { host: "127.21.114.67" port: 44145 } }
I20260601 13:26:00.934813 24813 catalog_manager.cc:5696] T 2348bb985a3f43fe921c915d83e365f4 P e2f2b03227e64762a162f83f27dd36c7 reported cstate change: term changed from 0 to 1, leader changed from <none> to e2f2b03227e64762a162f83f27dd36c7 (127.21.114.65). New cstate: current_term: 1 leader_uuid: "e2f2b03227e64762a162f83f27dd36c7" committed_config { opid_index: -1 OBSOLETE_local: false peers { permanent_uuid: "e2f2b03227e64762a162f83f27dd36c7" member_type: VOTER last_known_addr { host: "127.21.114.65" port: 45889 } health_report { overall_health: HEALTHY } } peers { permanent_uuid: "e32125aab9e8456a8b8ab1156f570b95" member_type: VOTER last_known_addr { host: "127.21.114.66" port: 40033 } health_report { overall_health: UNKNOWN } } peers { permanent_uuid: "d2bf2db695464ef1972e6fcd0ce481c3" member_type: VOTER last_known_addr { host: "127.21.114.67" port: 44145 } health_report { overall_health: UNKNOWN } } }
I20260601 13:26:00.935842 25122 raft_consensus.cc:493] T 1d50d1d4bde84833a6483239b9a62943 P e2f2b03227e64762a162f83f27dd36c7 [term 0 FOLLOWER]: Starting pre-election (no leader contacted us within the election timeout)
I20260601 13:26:00.935920 25122 raft_consensus.cc:515] T 1d50d1d4bde84833a6483239b9a62943 P e2f2b03227e64762a162f83f27dd36c7 [term 0 FOLLOWER]: Starting pre-election with config: opid_index: -1 OBSOLETE_local: false peers { permanent_uuid: "e32125aab9e8456a8b8ab1156f570b95" member_type: VOTER last_known_addr { host: "127.21.114.66" port: 40033 } } peers { permanent_uuid: "e2f2b03227e64762a162f83f27dd36c7" member_type: VOTER last_known_addr { host: "127.21.114.65" port: 45889 } } peers { permanent_uuid: "d2bf2db695464ef1972e6fcd0ce481c3" member_type: VOTER last_known_addr { host: "127.21.114.67" port: 44145 } }
I20260601 13:26:00.936232 25122 leader_election.cc:290] T 1d50d1d4bde84833a6483239b9a62943 P e2f2b03227e64762a162f83f27dd36c7 [CANDIDATE]: Term 1 pre-election: Requested pre-vote from peers e32125aab9e8456a8b8ab1156f570b95 (127.21.114.66:40033), d2bf2db695464ef1972e6fcd0ce481c3 (127.21.114.67:44145)
I20260601 13:26:00.936540 25067 tablet_service.cc:1917] Received RequestConsensusVote() RPC: tablet_id: "1d50d1d4bde84833a6483239b9a62943" candidate_uuid: "e2f2b03227e64762a162f83f27dd36c7" candidate_term: 1 candidate_status { last_received { term: 0 index: 0 } } ignore_live_leader: false dest_uuid: "d2bf2db695464ef1972e6fcd0ce481c3" is_pre_election: true
I20260601 13:26:00.936646 25067 raft_consensus.cc:2468] T 1d50d1d4bde84833a6483239b9a62943 P d2bf2db695464ef1972e6fcd0ce481c3 [term 0 FOLLOWER]: Leader pre-election vote request: Granting yes vote for candidate e2f2b03227e64762a162f83f27dd36c7 in term 0.
I20260601 13:26:00.936858 24881 leader_election.cc:304] T 1d50d1d4bde84833a6483239b9a62943 P e2f2b03227e64762a162f83f27dd36c7 [CANDIDATE]: Term 1 pre-election: Election decided. Result: candidate won. Election summary: received 2 responses out of 3 voters: 2 yes votes; 0 no votes. yes voters: d2bf2db695464ef1972e6fcd0ce481c3, e2f2b03227e64762a162f83f27dd36c7; no voters: 
I20260601 13:26:00.936910 24992 tablet_service.cc:1917] Received RequestConsensusVote() RPC: tablet_id: "1d50d1d4bde84833a6483239b9a62943" candidate_uuid: "e2f2b03227e64762a162f83f27dd36c7" candidate_term: 1 candidate_status { last_received { term: 0 index: 0 } } ignore_live_leader: false dest_uuid: "e32125aab9e8456a8b8ab1156f570b95" is_pre_election: true
I20260601 13:26:00.937008 24992 raft_consensus.cc:2468] T 1d50d1d4bde84833a6483239b9a62943 P e32125aab9e8456a8b8ab1156f570b95 [term 0 FOLLOWER]: Leader pre-election vote request: Granting yes vote for candidate e2f2b03227e64762a162f83f27dd36c7 in term 0.
I20260601 13:26:00.937028 25122 raft_consensus.cc:2804] T 1d50d1d4bde84833a6483239b9a62943 P e2f2b03227e64762a162f83f27dd36c7 [term 0 FOLLOWER]: Leader pre-election won for term 1
I20260601 13:26:00.937108 25122 raft_consensus.cc:493] T 1d50d1d4bde84833a6483239b9a62943 P e2f2b03227e64762a162f83f27dd36c7 [term 0 FOLLOWER]: Starting leader election (no leader contacted us within the election timeout)
I20260601 13:26:00.937155 25122 raft_consensus.cc:3060] T 1d50d1d4bde84833a6483239b9a62943 P e2f2b03227e64762a162f83f27dd36c7 [term 0 FOLLOWER]: Advancing to term 1
I20260601 13:26:00.937835 25122 raft_consensus.cc:515] T 1d50d1d4bde84833a6483239b9a62943 P e2f2b03227e64762a162f83f27dd36c7 [term 1 FOLLOWER]: Starting leader election with config: opid_index: -1 OBSOLETE_local: false peers { permanent_uuid: "e32125aab9e8456a8b8ab1156f570b95" member_type: VOTER last_known_addr { host: "127.21.114.66" port: 40033 } } peers { permanent_uuid: "e2f2b03227e64762a162f83f27dd36c7" member_type: VOTER last_known_addr { host: "127.21.114.65" port: 45889 } } peers { permanent_uuid: "d2bf2db695464ef1972e6fcd0ce481c3" member_type: VOTER last_known_addr { host: "127.21.114.67" port: 44145 } }
I20260601 13:26:00.938102 25122 leader_election.cc:290] T 1d50d1d4bde84833a6483239b9a62943 P e2f2b03227e64762a162f83f27dd36c7 [CANDIDATE]: Term 1 election: Requested vote from peers e32125aab9e8456a8b8ab1156f570b95 (127.21.114.66:40033), d2bf2db695464ef1972e6fcd0ce481c3 (127.21.114.67:44145)
I20260601 13:26:00.938410 25067 tablet_service.cc:1917] Received RequestConsensusVote() RPC: tablet_id: "1d50d1d4bde84833a6483239b9a62943" candidate_uuid: "e2f2b03227e64762a162f83f27dd36c7" candidate_term: 1 candidate_status { last_received { term: 0 index: 0 } } ignore_live_leader: false dest_uuid: "d2bf2db695464ef1972e6fcd0ce481c3"
I20260601 13:26:00.938491 25067 raft_consensus.cc:3060] T 1d50d1d4bde84833a6483239b9a62943 P d2bf2db695464ef1972e6fcd0ce481c3 [term 0 FOLLOWER]: Advancing to term 1
I20260601 13:26:00.939129 25067 raft_consensus.cc:2468] T 1d50d1d4bde84833a6483239b9a62943 P d2bf2db695464ef1972e6fcd0ce481c3 [term 1 FOLLOWER]: Leader election vote request: Granting yes vote for candidate e2f2b03227e64762a162f83f27dd36c7 in term 1.
I20260601 13:26:00.939311 24992 tablet_service.cc:1917] Received RequestConsensusVote() RPC: tablet_id: "1d50d1d4bde84833a6483239b9a62943" candidate_uuid: "e2f2b03227e64762a162f83f27dd36c7" candidate_term: 1 candidate_status { last_received { term: 0 index: 0 } } ignore_live_leader: false dest_uuid: "e32125aab9e8456a8b8ab1156f570b95"
I20260601 13:26:00.939350 24881 leader_election.cc:304] T 1d50d1d4bde84833a6483239b9a62943 P e2f2b03227e64762a162f83f27dd36c7 [CANDIDATE]: Term 1 election: Election decided. Result: candidate won. Election summary: received 2 responses out of 3 voters: 2 yes votes; 0 no votes. yes voters: d2bf2db695464ef1972e6fcd0ce481c3, e2f2b03227e64762a162f83f27dd36c7; no voters: 
I20260601 13:26:00.939412 24992 raft_consensus.cc:3060] T 1d50d1d4bde84833a6483239b9a62943 P e32125aab9e8456a8b8ab1156f570b95 [term 0 FOLLOWER]: Advancing to term 1
I20260601 13:26:00.939484 25122 raft_consensus.cc:2804] T 1d50d1d4bde84833a6483239b9a62943 P e2f2b03227e64762a162f83f27dd36c7 [term 1 FOLLOWER]: Leader election won for term 1
I20260601 13:26:00.939553 25122 raft_consensus.cc:697] T 1d50d1d4bde84833a6483239b9a62943 P e2f2b03227e64762a162f83f27dd36c7 [term 1 LEADER]: Becoming Leader. State: Replica: e2f2b03227e64762a162f83f27dd36c7, State: Running, Role: LEADER
I20260601 13:26:00.939812 25122 consensus_queue.cc:237] T 1d50d1d4bde84833a6483239b9a62943 P e2f2b03227e64762a162f83f27dd36c7 [LEADER]: Queue going to LEADER mode. State: All replicated index: 0, Majority replicated index: 0, Committed index: 0, Last appended: 0.0, Last appended by leader: 0, Current term: 1, Majority size: 2, State: 0, Mode: LEADER, active raft config: opid_index: -1 OBSOLETE_local: false peers { permanent_uuid: "e32125aab9e8456a8b8ab1156f570b95" member_type: VOTER last_known_addr { host: "127.21.114.66" port: 40033 } } peers { permanent_uuid: "e2f2b03227e64762a162f83f27dd36c7" member_type: VOTER last_known_addr { host: "127.21.114.65" port: 45889 } } peers { permanent_uuid: "d2bf2db695464ef1972e6fcd0ce481c3" member_type: VOTER last_known_addr { host: "127.21.114.67" port: 44145 } }
I20260601 13:26:00.939997 25145 raft_consensus.cc:493] T 73eef8181c124f5ea15418abae9d126b P e2f2b03227e64762a162f83f27dd36c7 [term 0 FOLLOWER]: Starting pre-election (no leader contacted us within the election timeout)
I20260601 13:26:00.940078 25145 raft_consensus.cc:515] T 73eef8181c124f5ea15418abae9d126b P e2f2b03227e64762a162f83f27dd36c7 [term 0 FOLLOWER]: Starting pre-election with config: opid_index: -1 OBSOLETE_local: false peers { permanent_uuid: "e32125aab9e8456a8b8ab1156f570b95" member_type: VOTER last_known_addr { host: "127.21.114.66" port: 40033 } } peers { permanent_uuid: "e2f2b03227e64762a162f83f27dd36c7" member_type: VOTER last_known_addr { host: "127.21.114.65" port: 45889 } } peers { permanent_uuid: "d2bf2db695464ef1972e6fcd0ce481c3" member_type: VOTER last_known_addr { host: "127.21.114.67" port: 44145 } }
I20260601 13:26:00.940243 24992 raft_consensus.cc:2468] T 1d50d1d4bde84833a6483239b9a62943 P e32125aab9e8456a8b8ab1156f570b95 [term 1 FOLLOWER]: Leader election vote request: Granting yes vote for candidate e2f2b03227e64762a162f83f27dd36c7 in term 1.
I20260601 13:26:00.940591 24992 tablet_service.cc:1917] Received RequestConsensusVote() RPC: tablet_id: "73eef8181c124f5ea15418abae9d126b" candidate_uuid: "e2f2b03227e64762a162f83f27dd36c7" candidate_term: 1 candidate_status { last_received { term: 0 index: 0 } } ignore_live_leader: false dest_uuid: "e32125aab9e8456a8b8ab1156f570b95" is_pre_election: true
I20260601 13:26:00.940692 24992 raft_consensus.cc:2468] T 73eef8181c124f5ea15418abae9d126b P e32125aab9e8456a8b8ab1156f570b95 [term 0 FOLLOWER]: Leader pre-election vote request: Granting yes vote for candidate e2f2b03227e64762a162f83f27dd36c7 in term 0.
I20260601 13:26:00.940869 25067 tablet_service.cc:1917] Received RequestConsensusVote() RPC: tablet_id: "73eef8181c124f5ea15418abae9d126b" candidate_uuid: "e2f2b03227e64762a162f83f27dd36c7" candidate_term: 1 candidate_status { last_received { term: 0 index: 0 } } ignore_live_leader: false dest_uuid: "d2bf2db695464ef1972e6fcd0ce481c3" is_pre_election: true
I20260601 13:26:00.940963 25067 raft_consensus.cc:2468] T 73eef8181c124f5ea15418abae9d126b P d2bf2db695464ef1972e6fcd0ce481c3 [term 0 FOLLOWER]: Leader pre-election vote request: Granting yes vote for candidate e2f2b03227e64762a162f83f27dd36c7 in term 0.
I20260601 13:26:00.941169 24881 leader_election.cc:304] T 73eef8181c124f5ea15418abae9d126b P e2f2b03227e64762a162f83f27dd36c7 [CANDIDATE]: Term 1 pre-election: Election decided. Result: candidate won. Election summary: received 2 responses out of 3 voters: 2 yes votes; 0 no votes. yes voters: e2f2b03227e64762a162f83f27dd36c7, e32125aab9e8456a8b8ab1156f570b95; no voters: 
I20260601 13:26:00.941311 25122 raft_consensus.cc:2804] T 73eef8181c124f5ea15418abae9d126b P e2f2b03227e64762a162f83f27dd36c7 [term 0 FOLLOWER]: Leader pre-election won for term 1
I20260601 13:26:00.941365 25145 leader_election.cc:290] T 73eef8181c124f5ea15418abae9d126b P e2f2b03227e64762a162f83f27dd36c7 [CANDIDATE]: Term 1 pre-election: Requested pre-vote from peers e32125aab9e8456a8b8ab1156f570b95 (127.21.114.66:40033), d2bf2db695464ef1972e6fcd0ce481c3 (127.21.114.67:44145)
I20260601 13:26:00.941287 24813 catalog_manager.cc:5696] T 1d50d1d4bde84833a6483239b9a62943 P e2f2b03227e64762a162f83f27dd36c7 reported cstate change: term changed from 0 to 1, leader changed from <none> to e2f2b03227e64762a162f83f27dd36c7 (127.21.114.65). New cstate: current_term: 1 leader_uuid: "e2f2b03227e64762a162f83f27dd36c7" committed_config { opid_index: -1 OBSOLETE_local: false peers { permanent_uuid: "e32125aab9e8456a8b8ab1156f570b95" member_type: VOTER last_known_addr { host: "127.21.114.66" port: 40033 } health_report { overall_health: UNKNOWN } } peers { permanent_uuid: "e2f2b03227e64762a162f83f27dd36c7" member_type: VOTER last_known_addr { host: "127.21.114.65" port: 45889 } health_report { overall_health: HEALTHY } } peers { permanent_uuid: "d2bf2db695464ef1972e6fcd0ce481c3" member_type: VOTER last_known_addr { host: "127.21.114.67" port: 44145 } health_report { overall_health: UNKNOWN } } }
I20260601 13:26:00.941391 25122 raft_consensus.cc:493] T 73eef8181c124f5ea15418abae9d126b P e2f2b03227e64762a162f83f27dd36c7 [term 0 FOLLOWER]: Starting leader election (no leader contacted us within the election timeout)
I20260601 13:26:00.941494 25122 raft_consensus.cc:3060] T 73eef8181c124f5ea15418abae9d126b P e2f2b03227e64762a162f83f27dd36c7 [term 0 FOLLOWER]: Advancing to term 1
I20260601 13:26:00.942093 25122 raft_consensus.cc:515] T 73eef8181c124f5ea15418abae9d126b P e2f2b03227e64762a162f83f27dd36c7 [term 1 FOLLOWER]: Starting leader election with config: opid_index: -1 OBSOLETE_local: false peers { permanent_uuid: "e32125aab9e8456a8b8ab1156f570b95" member_type: VOTER last_known_addr { host: "127.21.114.66" port: 40033 } } peers { permanent_uuid: "e2f2b03227e64762a162f83f27dd36c7" member_type: VOTER last_known_addr { host: "127.21.114.65" port: 45889 } } peers { permanent_uuid: "d2bf2db695464ef1972e6fcd0ce481c3" member_type: VOTER last_known_addr { host: "127.21.114.67" port: 44145 } }
I20260601 13:26:00.942405 25122 leader_election.cc:290] T 73eef8181c124f5ea15418abae9d126b P e2f2b03227e64762a162f83f27dd36c7 [CANDIDATE]: Term 1 election: Requested vote from peers e32125aab9e8456a8b8ab1156f570b95 (127.21.114.66:40033), d2bf2db695464ef1972e6fcd0ce481c3 (127.21.114.67:44145)
I20260601 13:26:00.942637 24992 tablet_service.cc:1917] Received RequestConsensusVote() RPC: tablet_id: "73eef8181c124f5ea15418abae9d126b" candidate_uuid: "e2f2b03227e64762a162f83f27dd36c7" candidate_term: 1 candidate_status { last_received { term: 0 index: 0 } } ignore_live_leader: false dest_uuid: "e32125aab9e8456a8b8ab1156f570b95"
I20260601 13:26:00.942687 25067 tablet_service.cc:1917] Received RequestConsensusVote() RPC: tablet_id: "73eef8181c124f5ea15418abae9d126b" candidate_uuid: "e2f2b03227e64762a162f83f27dd36c7" candidate_term: 1 candidate_status { last_received { term: 0 index: 0 } } ignore_live_leader: false dest_uuid: "d2bf2db695464ef1972e6fcd0ce481c3"
I20260601 13:26:00.942746 25067 raft_consensus.cc:3060] T 73eef8181c124f5ea15418abae9d126b P d2bf2db695464ef1972e6fcd0ce481c3 [term 0 FOLLOWER]: Advancing to term 1
I20260601 13:26:00.942746 24992 raft_consensus.cc:3060] T 73eef8181c124f5ea15418abae9d126b P e32125aab9e8456a8b8ab1156f570b95 [term 0 FOLLOWER]: Advancing to term 1
I20260601 13:26:00.943500 24992 raft_consensus.cc:2468] T 73eef8181c124f5ea15418abae9d126b P e32125aab9e8456a8b8ab1156f570b95 [term 1 FOLLOWER]: Leader election vote request: Granting yes vote for candidate e2f2b03227e64762a162f83f27dd36c7 in term 1.
I20260601 13:26:00.943500 25067 raft_consensus.cc:2468] T 73eef8181c124f5ea15418abae9d126b P d2bf2db695464ef1972e6fcd0ce481c3 [term 1 FOLLOWER]: Leader election vote request: Granting yes vote for candidate e2f2b03227e64762a162f83f27dd36c7 in term 1.
I20260601 13:26:00.943753 24881 leader_election.cc:304] T 73eef8181c124f5ea15418abae9d126b P e2f2b03227e64762a162f83f27dd36c7 [CANDIDATE]: Term 1 election: Election decided. Result: candidate won. Election summary: received 2 responses out of 3 voters: 2 yes votes; 0 no votes. yes voters: e2f2b03227e64762a162f83f27dd36c7, e32125aab9e8456a8b8ab1156f570b95; no voters: 
I20260601 13:26:00.943912 25122 raft_consensus.cc:2804] T 73eef8181c124f5ea15418abae9d126b P e2f2b03227e64762a162f83f27dd36c7 [term 1 FOLLOWER]: Leader election won for term 1
I20260601 13:26:00.943981 25122 raft_consensus.cc:697] T 73eef8181c124f5ea15418abae9d126b P e2f2b03227e64762a162f83f27dd36c7 [term 1 LEADER]: Becoming Leader. State: Replica: e2f2b03227e64762a162f83f27dd36c7, State: Running, Role: LEADER
I20260601 13:26:00.944113 25122 consensus_queue.cc:237] T 73eef8181c124f5ea15418abae9d126b P e2f2b03227e64762a162f83f27dd36c7 [LEADER]: Queue going to LEADER mode. State: All replicated index: 0, Majority replicated index: 0, Committed index: 0, Last appended: 0.0, Last appended by leader: 0, Current term: 1, Majority size: 2, State: 0, Mode: LEADER, active raft config: opid_index: -1 OBSOLETE_local: false peers { permanent_uuid: "e32125aab9e8456a8b8ab1156f570b95" member_type: VOTER last_known_addr { host: "127.21.114.66" port: 40033 } } peers { permanent_uuid: "e2f2b03227e64762a162f83f27dd36c7" member_type: VOTER last_known_addr { host: "127.21.114.65" port: 45889 } } peers { permanent_uuid: "d2bf2db695464ef1972e6fcd0ce481c3" member_type: VOTER last_known_addr { host: "127.21.114.67" port: 44145 } }
I20260601 13:26:00.945422 24813 catalog_manager.cc:5696] T 73eef8181c124f5ea15418abae9d126b P e2f2b03227e64762a162f83f27dd36c7 reported cstate change: term changed from 0 to 1, leader changed from <none> to e2f2b03227e64762a162f83f27dd36c7 (127.21.114.65). New cstate: current_term: 1 leader_uuid: "e2f2b03227e64762a162f83f27dd36c7" committed_config { opid_index: -1 OBSOLETE_local: false peers { permanent_uuid: "e32125aab9e8456a8b8ab1156f570b95" member_type: VOTER last_known_addr { host: "127.21.114.66" port: 40033 } health_report { overall_health: UNKNOWN } } peers { permanent_uuid: "e2f2b03227e64762a162f83f27dd36c7" member_type: VOTER last_known_addr { host: "127.21.114.65" port: 45889 } health_report { overall_health: HEALTHY } } peers { permanent_uuid: "d2bf2db695464ef1972e6fcd0ce481c3" member_type: VOTER last_known_addr { host: "127.21.114.67" port: 44145 } health_report { overall_health: UNKNOWN } } }
I20260601 13:26:00.960057 25117 raft_consensus.cc:493] T 1570ea8aeac849dda80b263081138b07 P e32125aab9e8456a8b8ab1156f570b95 [term 0 FOLLOWER]: Starting pre-election (no leader contacted us within the election timeout)
I20260601 13:26:00.960201 25117 raft_consensus.cc:515] T 1570ea8aeac849dda80b263081138b07 P e32125aab9e8456a8b8ab1156f570b95 [term 0 FOLLOWER]: Starting pre-election with config: opid_index: -1 OBSOLETE_local: false peers { permanent_uuid: "e32125aab9e8456a8b8ab1156f570b95" member_type: VOTER last_known_addr { host: "127.21.114.66" port: 40033 } } peers { permanent_uuid: "e2f2b03227e64762a162f83f27dd36c7" member_type: VOTER last_known_addr { host: "127.21.114.65" port: 45889 } } peers { permanent_uuid: "d2bf2db695464ef1972e6fcd0ce481c3" member_type: VOTER last_known_addr { host: "127.21.114.67" port: 44145 } }
I20260601 13:26:00.960721 25117 leader_election.cc:290] T 1570ea8aeac849dda80b263081138b07 P e32125aab9e8456a8b8ab1156f570b95 [CANDIDATE]: Term 1 pre-election: Requested pre-vote from peers e2f2b03227e64762a162f83f27dd36c7 (127.21.114.65:45889), d2bf2db695464ef1972e6fcd0ce481c3 (127.21.114.67:44145)
I20260601 13:26:00.964249 25067 tablet_service.cc:1917] Received RequestConsensusVote() RPC: tablet_id: "1570ea8aeac849dda80b263081138b07" candidate_uuid: "e32125aab9e8456a8b8ab1156f570b95" candidate_term: 1 candidate_status { last_received { term: 0 index: 0 } } ignore_live_leader: false dest_uuid: "d2bf2db695464ef1972e6fcd0ce481c3" is_pre_election: true
I20260601 13:26:00.964293 24916 tablet_service.cc:1917] Received RequestConsensusVote() RPC: tablet_id: "1570ea8aeac849dda80b263081138b07" candidate_uuid: "e32125aab9e8456a8b8ab1156f570b95" candidate_term: 1 candidate_status { last_received { term: 0 index: 0 } } ignore_live_leader: false dest_uuid: "e2f2b03227e64762a162f83f27dd36c7" is_pre_election: true
I20260601 13:26:00.964385 25067 raft_consensus.cc:2468] T 1570ea8aeac849dda80b263081138b07 P d2bf2db695464ef1972e6fcd0ce481c3 [term 0 FOLLOWER]: Leader pre-election vote request: Granting yes vote for candidate e32125aab9e8456a8b8ab1156f570b95 in term 0.
