I20260601 13:25:06.596697 21961 fs_manager.cc:647] Opened local filesystem: /tmp/dist-test-taskrE2ymi/test-tmp/auto_rebalancer-test.0.AutoRebalancerTest.MovesScheduledIfAddTserver.1780320290469014-21961-0/minicluster-data/master-0-root
uuid: "b20f695f9c614c41a578ecb92399e18d"
format_stamp: "Formatted at 2026-06-01 13:25:06 on dist-test-slave-bwbr"
I20260601 13:25:06.596748 21961 fs_report.cc:389] FS layout report
--------------------
wal directory: /tmp/dist-test-taskrE2ymi/test-tmp/auto_rebalancer-test.0.AutoRebalancerTest.MovesScheduledIfAddTserver.1780320290469014-21961-0/minicluster-data/master-0-root
metadata directory: /tmp/dist-test-taskrE2ymi/test-tmp/auto_rebalancer-test.0.AutoRebalancerTest.MovesScheduledIfAddTserver.1780320290469014-21961-0/minicluster-data/master-0-root
1 data directories: /tmp/dist-test-taskrE2ymi/test-tmp/auto_rebalancer-test.0.AutoRebalancerTest.MovesScheduledIfAddTserver.1780320290469014-21961-0/minicluster-data/master-0-root/data
Total live blocks: 0
Total live bytes: 0
Total live bytes (after alignment): 0
Total number of LBM containers: 0 (0 full)
Did not check for missing blocks
Did not check for orphaned blocks
Total full LBM containers with extra space: 0 (0 repaired)
Total full LBM container extra space in bytes: 0 (0 repaired)
Total incomplete LBM containers: 0 (0 repaired)
Total LBM partial records: 0 (0 repaired)
Total corrupted LBM metadata records in RocksDB: 0 (0 repaired)
I20260601 13:25:06.610631 21961 rpc_server.cc:225] running with OpenSSL 1.1.1  11 Sep 2018
I20260601 13:25:06.610945 21961 kserver.cc:163] Server-wide thread pool size limit: 3276
I20260601 13:25:06.614645 21961 rpc_server.cc:307] RPC server started. Bound to: 127.21.114.126:35055
I20260601 13:25:06.617341 23626 acceptor_pool.cc:272] collecting diagnostics on the listening RPC socket 127.21.114.126:35055 every 8 connection(s)
I20260601 13:25:06.617769 23627 data_dirs.cc:400] Could only allocate 1 dirs of requested 3 for tablet 00000000000000000000000000000000. 1 dirs total, 0 dirs full, 0 dirs failed
I20260601 13:25:06.619344 23627 tablet_bootstrap.cc:492] T 00000000000000000000000000000000 P b20f695f9c614c41a578ecb92399e18d: Bootstrap starting.
I20260601 13:25:06.620051 23627 tablet_bootstrap.cc:654] T 00000000000000000000000000000000 P b20f695f9c614c41a578ecb92399e18d: Neither blocks nor log segments found. Creating new log.
I20260601 13:25:06.620920 23627 tablet_bootstrap.cc:492] T 00000000000000000000000000000000 P b20f695f9c614c41a578ecb92399e18d: No bootstrap required, opened a new log
I20260601 13:25:06.621292 23627 raft_consensus.cc:359] T 00000000000000000000000000000000 P b20f695f9c614c41a578ecb92399e18d [term 0 FOLLOWER]: Replica starting. Triggering 0 pending ops. Active config: opid_index: -1 OBSOLETE_local: true peers { permanent_uuid: "b20f695f9c614c41a578ecb92399e18d" member_type: VOTER }
I20260601 13:25:06.621372 23627 raft_consensus.cc:385] T 00000000000000000000000000000000 P b20f695f9c614c41a578ecb92399e18d [term 0 FOLLOWER]: Consensus starting up: Expiring failure detector timer to make a prompt election more likely
I20260601 13:25:06.621392 23627 raft_consensus.cc:740] T 00000000000000000000000000000000 P b20f695f9c614c41a578ecb92399e18d [term 0 FOLLOWER]: Becoming Follower/Learner. State: Replica: b20f695f9c614c41a578ecb92399e18d, State: Initialized, Role: FOLLOWER
I20260601 13:25:06.621490 23627 consensus_queue.cc:260] T 00000000000000000000000000000000 P b20f695f9c614c41a578ecb92399e18d [NON_LEADER]: Queue going to NON_LEADER mode. State: All replicated index: 0, Majority replicated index: 0, Committed index: 0, Last appended: 0.0, Last appended by leader: 0, Current term: 0, Majority size: -1, State: 0, Mode: NON_LEADER, active raft config: opid_index: -1 OBSOLETE_local: true peers { permanent_uuid: "b20f695f9c614c41a578ecb92399e18d" member_type: VOTER }
I20260601 13:25:06.621562 23627 raft_consensus.cc:399] T 00000000000000000000000000000000 P b20f695f9c614c41a578ecb92399e18d [term 0 FOLLOWER]: Only one voter in the Raft config. Triggering election immediately
I20260601 13:25:06.621591 23627 raft_consensus.cc:493] T 00000000000000000000000000000000 P b20f695f9c614c41a578ecb92399e18d [term 0 FOLLOWER]: Starting leader election (initial election of a single-replica configuration)
I20260601 13:25:06.621623 23627 raft_consensus.cc:3060] T 00000000000000000000000000000000 P b20f695f9c614c41a578ecb92399e18d [term 0 FOLLOWER]: Advancing to term 1
I20260601 13:25:06.622220 23627 raft_consensus.cc:515] T 00000000000000000000000000000000 P b20f695f9c614c41a578ecb92399e18d [term 1 FOLLOWER]: Starting leader election with config: opid_index: -1 OBSOLETE_local: true peers { permanent_uuid: "b20f695f9c614c41a578ecb92399e18d" member_type: VOTER }
I20260601 13:25:06.622320 23627 leader_election.cc:304] T 00000000000000000000000000000000 P b20f695f9c614c41a578ecb92399e18d [CANDIDATE]: Term 1 election: Election decided. Result: candidate won. Election summary: received 1 responses out of 1 voters: 1 yes votes; 0 no votes. yes voters: b20f695f9c614c41a578ecb92399e18d; no voters: 
I20260601 13:25:06.622445 23627 leader_election.cc:290] T 00000000000000000000000000000000 P b20f695f9c614c41a578ecb92399e18d [CANDIDATE]: Term 1 election: Requested vote from peers 
I20260601 13:25:06.622611 23630 raft_consensus.cc:2804] T 00000000000000000000000000000000 P b20f695f9c614c41a578ecb92399e18d [term 1 FOLLOWER]: Leader election won for term 1
I20260601 13:25:06.622781 23630 raft_consensus.cc:697] T 00000000000000000000000000000000 P b20f695f9c614c41a578ecb92399e18d [term 1 LEADER]: Becoming Leader. State: Replica: b20f695f9c614c41a578ecb92399e18d, State: Running, Role: LEADER
I20260601 13:25:06.622816 23627 sys_catalog.cc:565] T 00000000000000000000000000000000 P b20f695f9c614c41a578ecb92399e18d [sys.catalog]: configured and running, proceeding with master startup.
I20260601 13:25:06.622891 23630 consensus_queue.cc:237] T 00000000000000000000000000000000 P b20f695f9c614c41a578ecb92399e18d [LEADER]: Queue going to LEADER mode. State: All replicated index: 0, Majority replicated index: 0, Committed index: 0, Last appended: 0.0, Last appended by leader: 0, Current term: 1, Majority size: 1, State: 0, Mode: LEADER, active raft config: opid_index: -1 OBSOLETE_local: true peers { permanent_uuid: "b20f695f9c614c41a578ecb92399e18d" member_type: VOTER }
I20260601 13:25:06.623270 23631 sys_catalog.cc:455] T 00000000000000000000000000000000 P b20f695f9c614c41a578ecb92399e18d [sys.catalog]: SysCatalogTable state changed. Reason: RaftConsensus started. Latest consensus state: current_term: 1 leader_uuid: "b20f695f9c614c41a578ecb92399e18d" committed_config { opid_index: -1 OBSOLETE_local: true peers { permanent_uuid: "b20f695f9c614c41a578ecb92399e18d" member_type: VOTER } }
I20260601 13:25:06.623284 23632 sys_catalog.cc:455] T 00000000000000000000000000000000 P b20f695f9c614c41a578ecb92399e18d [sys.catalog]: SysCatalogTable state changed. Reason: New leader b20f695f9c614c41a578ecb92399e18d. Latest consensus state: current_term: 1 leader_uuid: "b20f695f9c614c41a578ecb92399e18d" committed_config { opid_index: -1 OBSOLETE_local: true peers { permanent_uuid: "b20f695f9c614c41a578ecb92399e18d" member_type: VOTER } }
I20260601 13:25:06.623368 23631 sys_catalog.cc:458] T 00000000000000000000000000000000 P b20f695f9c614c41a578ecb92399e18d [sys.catalog]: This master's current role is: LEADER
I20260601 13:25:06.623401 23632 sys_catalog.cc:458] T 00000000000000000000000000000000 P b20f695f9c614c41a578ecb92399e18d [sys.catalog]: This master's current role is: LEADER
I20260601 13:25:06.623833 23635 catalog_manager.cc:1510] Loading table and tablet metadata into memory...
I20260601 13:25:06.624542 23635 catalog_manager.cc:1519] Initializing Kudu cluster ID...
I20260601 13:25:06.624675 21961 internal_mini_cluster.cc:184] Waiting to initialize catalog manager on master 0
I20260601 13:25:06.626284 23635 catalog_manager.cc:1382] Generated new cluster ID: 1ec47ebcdb2243cc9f7765615cfee74b
I20260601 13:25:06.626331 23635 catalog_manager.cc:1530] Initializing Kudu internal certificate authority...
I20260601 13:25:06.635694 23635 catalog_manager.cc:1405] Generated new certificate authority record
I20260601 13:25:06.636638 23635 catalog_manager.cc:1539] Loading token signing keys...
I20260601 13:25:06.642813 23635 catalog_manager.cc:6069] T 00000000000000000000000000000000 P b20f695f9c614c41a578ecb92399e18d: Generated new TSK 0
I20260601 13:25:06.642976 23635 catalog_manager.cc:1549] Initializing in-progress tserver states...
I20260601 13:25:06.657132 21961 file_cache.cc:492] Constructed file cache file cache with capacity 419430
W20260601 13:25:06.658959 23649 instance_detector.cc:116] could not retrieve Azure instance metadata: Network error: curl error: HTTP response code said error: The requested URL returned error: 404
I20260601 13:25:06.659080 21961 server_base.cc:1061] running on GCE node
W20260601 13:25:06.659078 23651 instance_detector.cc:116] could not retrieve OpenStack instance metadata: Network error: curl error: HTTP response code said error: The requested URL returned error: 404
W20260601 13:25:06.659121 23648 instance_detector.cc:116] could not retrieve AWS instance metadata: Network error: curl error: HTTP response code said error: The requested URL returned error: 404
I20260601 13:25:06.659416 21961 hybrid_clock.cc:584] initializing the hybrid clock with 'system_unsync' time source
W20260601 13:25:06.659463 21961 system_unsync_time.cc:38] NTP support is disabled. Clock error bounds will not be accurate. This configuration is not suitable for distributed clusters.
I20260601 13:25:06.659483 21961 hybrid_clock.cc:648] HybridClock initialized: now 1780320306659483 us; error 0 us; skew 500 ppm
I20260601 13:25:06.660209 21961 webserver.cc:533] Webserver started at http://127.21.114.65:44211/ using document root <none> and password file <none>
I20260601 13:25:06.660346 21961 fs_manager.cc:362] Metadata directory not provided
I20260601 13:25:06.660394 21961 fs_manager.cc:368] Using write-ahead log directory (fs_wal_dir) as metadata directory
I20260601 13:25:06.660465 21961 server_base.cc:909] This appears to be a new deployment of Kudu; creating new FS layout
I20260601 13:25:06.660846 21961 fs_manager.cc:1068] Generated new instance metadata in path /tmp/dist-test-taskrE2ymi/test-tmp/auto_rebalancer-test.0.AutoRebalancerTest.MovesScheduledIfAddTserver.1780320290469014-21961-0/minicluster-data/ts-0-root/instance:
uuid: "49e7cf2975154d0385010fba5f5be721"
format_stamp: "Formatted at 2026-06-01 13:25:06 on dist-test-slave-bwbr"
I20260601 13:25:06.662227 21961 fs_manager.cc:696] Time spent creating directory manager: real 0.001s	user 0.000s	sys 0.002s
I20260601 13:25:06.663362 23656 log_block_manager.cc:4031] Time spent loading block containers with low live blocks: real 0.000s	user 0.000s	sys 0.000s
I20260601 13:25:06.663668 21961 fs_manager.cc:730] Time spent opening block manager: real 0.001s	user 0.000s	sys 0.001s
I20260601 13:25:06.663726 21961 fs_manager.cc:647] Opened local filesystem: /tmp/dist-test-taskrE2ymi/test-tmp/auto_rebalancer-test.0.AutoRebalancerTest.MovesScheduledIfAddTserver.1780320290469014-21961-0/minicluster-data/ts-0-root
uuid: "49e7cf2975154d0385010fba5f5be721"
format_stamp: "Formatted at 2026-06-01 13:25:06 on dist-test-slave-bwbr"
I20260601 13:25:06.663787 21961 fs_report.cc:389] FS layout report
--------------------
wal directory: /tmp/dist-test-taskrE2ymi/test-tmp/auto_rebalancer-test.0.AutoRebalancerTest.MovesScheduledIfAddTserver.1780320290469014-21961-0/minicluster-data/ts-0-root
metadata directory: /tmp/dist-test-taskrE2ymi/test-tmp/auto_rebalancer-test.0.AutoRebalancerTest.MovesScheduledIfAddTserver.1780320290469014-21961-0/minicluster-data/ts-0-root
1 data directories: /tmp/dist-test-taskrE2ymi/test-tmp/auto_rebalancer-test.0.AutoRebalancerTest.MovesScheduledIfAddTserver.1780320290469014-21961-0/minicluster-data/ts-0-root/data
Total live blocks: 0
Total live bytes: 0
Total live bytes (after alignment): 0
Total number of LBM containers: 0 (0 full)
Did not check for missing blocks
Did not check for orphaned blocks
Total full LBM containers with extra space: 0 (0 repaired)
Total full LBM container extra space in bytes: 0 (0 repaired)
Total incomplete LBM containers: 0 (0 repaired)
Total LBM partial records: 0 (0 repaired)
Total corrupted LBM metadata records in RocksDB: 0 (0 repaired)
I20260601 13:25:06.679980 21961 rpc_server.cc:225] running with OpenSSL 1.1.1  11 Sep 2018
I20260601 13:25:06.680359 21961 kserver.cc:163] Server-wide thread pool size limit: 3276
I20260601 13:25:06.680631 21961 txn_system_client.cc:432] TxnSystemClient initialization is disabled...
I20260601 13:25:06.681051 21961 ts_tablet_manager.cc:585] Loaded tablet metadata (0 total tablets, 0 live tablets)
I20260601 13:25:06.681083 21961 ts_tablet_manager.cc:531] Time spent load tablet metadata: real 0.000s	user 0.000s	sys 0.000s
I20260601 13:25:06.681177 21961 ts_tablet_manager.cc:616] Registered 0 tablets
I20260601 13:25:06.681208 21961 ts_tablet_manager.cc:595] Time spent register tablets: real 0.000s	user 0.000s	sys 0.000s
I20260601 13:25:06.684962 21961 rpc_server.cc:307] RPC server started. Bound to: 127.21.114.65:39047
I20260601 13:25:06.685010 23719 acceptor_pool.cc:272] collecting diagnostics on the listening RPC socket 127.21.114.65:39047 every 8 connection(s)
I20260601 13:25:06.685736 21961 file_cache.cc:492] Constructed file cache file cache with capacity 419430
W20260601 13:25:06.687340 23725 instance_detector.cc:116] could not retrieve Azure instance metadata: Network error: curl error: HTTP response code said error: The requested URL returned error: 404
W20260601 13:25:06.687556 23724 instance_detector.cc:116] could not retrieve AWS instance metadata: Network error: curl error: HTTP response code said error: The requested URL returned error: 404
I20260601 13:25:06.687628 21961 server_base.cc:1061] running on GCE node
W20260601 13:25:06.687806 23727 instance_detector.cc:116] could not retrieve OpenStack instance metadata: Network error: curl error: HTTP response code said error: The requested URL returned error: 404
I20260601 13:25:06.688060 21961 hybrid_clock.cc:584] initializing the hybrid clock with 'system_unsync' time source
W20260601 13:25:06.688109 21961 system_unsync_time.cc:38] NTP support is disabled. Clock error bounds will not be accurate. This configuration is not suitable for distributed clusters.
I20260601 13:25:06.688124 21961 hybrid_clock.cc:648] HybridClock initialized: now 1780320306688125 us; error 0 us; skew 500 ppm
I20260601 13:25:06.688947 21961 webserver.cc:533] Webserver started at http://127.21.114.66:35181/ using document root <none> and password file <none>
I20260601 13:25:06.689117 21961 fs_manager.cc:362] Metadata directory not provided
I20260601 13:25:06.689170 21961 fs_manager.cc:368] Using write-ahead log directory (fs_wal_dir) as metadata directory
I20260601 13:25:06.689239 21961 server_base.cc:909] This appears to be a new deployment of Kudu; creating new FS layout
I20260601 13:25:06.689638 21961 fs_manager.cc:1068] Generated new instance metadata in path /tmp/dist-test-taskrE2ymi/test-tmp/auto_rebalancer-test.0.AutoRebalancerTest.MovesScheduledIfAddTserver.1780320290469014-21961-0/minicluster-data/ts-1-root/instance:
uuid: "21abf37afb144773a28b021f5643fc00"
format_stamp: "Formatted at 2026-06-01 13:25:06 on dist-test-slave-bwbr"
I20260601 13:25:06.690001 23720 heartbeater.cc:344] Connected to a master server at 127.21.114.126:35055
I20260601 13:25:06.690090 23720 heartbeater.cc:461] Registering TS with master...
I20260601 13:25:06.690284 23720 heartbeater.cc:507] Master 127.21.114.126:35055 requested a full tablet report, sending...
I20260601 13:25:06.690860 23591 ts_manager.cc:194] Registered new tserver with Master: 49e7cf2975154d0385010fba5f5be721 (127.21.114.65:39047)
I20260601 13:25:06.691190 21961 fs_manager.cc:696] Time spent creating directory manager: real 0.001s	user 0.002s	sys 0.000s
I20260601 13:25:06.691793 23591 master_service.cc:502] Signed X509 certificate for tserver {username='slave'} at 127.0.0.1:34870
I20260601 13:25:06.692322 23732 log_block_manager.cc:4031] Time spent loading block containers with low live blocks: real 0.000s	user 0.000s	sys 0.000s
I20260601 13:25:06.692565 21961 fs_manager.cc:730] Time spent opening block manager: real 0.001s	user 0.001s	sys 0.000s
I20260601 13:25:06.692629 21961 fs_manager.cc:647] Opened local filesystem: /tmp/dist-test-taskrE2ymi/test-tmp/auto_rebalancer-test.0.AutoRebalancerTest.MovesScheduledIfAddTserver.1780320290469014-21961-0/minicluster-data/ts-1-root
uuid: "21abf37afb144773a28b021f5643fc00"
format_stamp: "Formatted at 2026-06-01 13:25:06 on dist-test-slave-bwbr"
I20260601 13:25:06.692691 21961 fs_report.cc:389] FS layout report
--------------------
wal directory: /tmp/dist-test-taskrE2ymi/test-tmp/auto_rebalancer-test.0.AutoRebalancerTest.MovesScheduledIfAddTserver.1780320290469014-21961-0/minicluster-data/ts-1-root
metadata directory: /tmp/dist-test-taskrE2ymi/test-tmp/auto_rebalancer-test.0.AutoRebalancerTest.MovesScheduledIfAddTserver.1780320290469014-21961-0/minicluster-data/ts-1-root
1 data directories: /tmp/dist-test-taskrE2ymi/test-tmp/auto_rebalancer-test.0.AutoRebalancerTest.MovesScheduledIfAddTserver.1780320290469014-21961-0/minicluster-data/ts-1-root/data
Total live blocks: 0
Total live bytes: 0
Total live bytes (after alignment): 0
Total number of LBM containers: 0 (0 full)
Did not check for missing blocks
Did not check for orphaned blocks
Total full LBM containers with extra space: 0 (0 repaired)
Total full LBM container extra space in bytes: 0 (0 repaired)
Total incomplete LBM containers: 0 (0 repaired)
Total LBM partial records: 0 (0 repaired)
Total corrupted LBM metadata records in RocksDB: 0 (0 repaired)
I20260601 13:25:06.709046 21961 rpc_server.cc:225] running with OpenSSL 1.1.1  11 Sep 2018
I20260601 13:25:06.709479 21961 kserver.cc:163] Server-wide thread pool size limit: 3276
I20260601 13:25:06.709898 21961 txn_system_client.cc:432] TxnSystemClient initialization is disabled...
I20260601 13:25:06.710369 21961 ts_tablet_manager.cc:585] Loaded tablet metadata (0 total tablets, 0 live tablets)
I20260601 13:25:06.710412 21961 ts_tablet_manager.cc:531] Time spent load tablet metadata: real 0.000s	user 0.000s	sys 0.000s
I20260601 13:25:06.710453 21961 ts_tablet_manager.cc:616] Registered 0 tablets
I20260601 13:25:06.710482 21961 ts_tablet_manager.cc:595] Time spent register tablets: real 0.000s	user 0.000s	sys 0.000s
I20260601 13:25:06.714224 21961 rpc_server.cc:307] RPC server started. Bound to: 127.21.114.66:35645
I20260601 13:25:06.714267 23795 acceptor_pool.cc:272] collecting diagnostics on the listening RPC socket 127.21.114.66:35645 every 8 connection(s)
I20260601 13:25:06.714956 21961 file_cache.cc:492] Constructed file cache file cache with capacity 419430
W20260601 13:25:06.716725 23800 instance_detector.cc:116] could not retrieve Azure instance metadata: Network error: curl error: HTTP response code said error: The requested URL returned error: 404
W20260601 13:25:06.716900 23802 instance_detector.cc:116] could not retrieve OpenStack instance metadata: Network error: curl error: HTTP response code said error: The requested URL returned error: 404
W20260601 13:25:06.716944 23799 instance_detector.cc:116] could not retrieve AWS instance metadata: Network error: curl error: HTTP response code said error: The requested URL returned error: 404
I20260601 13:25:06.717191 21961 server_base.cc:1061] running on GCE node
I20260601 13:25:06.717358 21961 hybrid_clock.cc:584] initializing the hybrid clock with 'system_unsync' time source
W20260601 13:25:06.717406 21961 system_unsync_time.cc:38] NTP support is disabled. Clock error bounds will not be accurate. This configuration is not suitable for distributed clusters.
I20260601 13:25:06.717425 21961 hybrid_clock.cc:648] HybridClock initialized: now 1780320306717425 us; error 0 us; skew 500 ppm
I20260601 13:25:06.718299 21961 webserver.cc:533] Webserver started at http://127.21.114.67:46477/ using document root <none> and password file <none>
I20260601 13:25:06.718438 21961 fs_manager.cc:362] Metadata directory not provided
I20260601 13:25:06.718492 21961 fs_manager.cc:368] Using write-ahead log directory (fs_wal_dir) as metadata directory
I20260601 13:25:06.718601 21961 server_base.cc:909] This appears to be a new deployment of Kudu; creating new FS layout
I20260601 13:25:06.718997 21961 fs_manager.cc:1068] Generated new instance metadata in path /tmp/dist-test-taskrE2ymi/test-tmp/auto_rebalancer-test.0.AutoRebalancerTest.MovesScheduledIfAddTserver.1780320290469014-21961-0/minicluster-data/ts-2-root/instance:
uuid: "be9744ccc4ad492684bd6dfcf191056c"
format_stamp: "Formatted at 2026-06-01 13:25:06 on dist-test-slave-bwbr"
I20260601 13:25:06.719002 23796 heartbeater.cc:344] Connected to a master server at 127.21.114.126:35055
I20260601 13:25:06.719111 23796 heartbeater.cc:461] Registering TS with master...
I20260601 13:25:06.719276 23796 heartbeater.cc:507] Master 127.21.114.126:35055 requested a full tablet report, sending...
I20260601 13:25:06.719825 23591 ts_manager.cc:194] Registered new tserver with Master: 21abf37afb144773a28b021f5643fc00 (127.21.114.66:35645)
I20260601 13:25:06.720444 23591 master_service.cc:502] Signed X509 certificate for tserver {username='slave'} at 127.0.0.1:34878
I20260601 13:25:06.720640 21961 fs_manager.cc:696] Time spent creating directory manager: real 0.001s	user 0.002s	sys 0.000s
I20260601 13:25:06.721596 23807 log_block_manager.cc:4031] Time spent loading block containers with low live blocks: real 0.000s	user 0.000s	sys 0.000s
I20260601 13:25:06.721825 21961 fs_manager.cc:730] Time spent opening block manager: real 0.001s	user 0.000s	sys 0.000s
I20260601 13:25:06.721884 21961 fs_manager.cc:647] Opened local filesystem: /tmp/dist-test-taskrE2ymi/test-tmp/auto_rebalancer-test.0.AutoRebalancerTest.MovesScheduledIfAddTserver.1780320290469014-21961-0/minicluster-data/ts-2-root
uuid: "be9744ccc4ad492684bd6dfcf191056c"
format_stamp: "Formatted at 2026-06-01 13:25:06 on dist-test-slave-bwbr"
I20260601 13:25:06.721946 21961 fs_report.cc:389] FS layout report
--------------------
wal directory: /tmp/dist-test-taskrE2ymi/test-tmp/auto_rebalancer-test.0.AutoRebalancerTest.MovesScheduledIfAddTserver.1780320290469014-21961-0/minicluster-data/ts-2-root
metadata directory: /tmp/dist-test-taskrE2ymi/test-tmp/auto_rebalancer-test.0.AutoRebalancerTest.MovesScheduledIfAddTserver.1780320290469014-21961-0/minicluster-data/ts-2-root
1 data directories: /tmp/dist-test-taskrE2ymi/test-tmp/auto_rebalancer-test.0.AutoRebalancerTest.MovesScheduledIfAddTserver.1780320290469014-21961-0/minicluster-data/ts-2-root/data
Total live blocks: 0
Total live bytes: 0
Total live bytes (after alignment): 0
Total number of LBM containers: 0 (0 full)
Did not check for missing blocks
Did not check for orphaned blocks
Total full LBM containers with extra space: 0 (0 repaired)
Total full LBM container extra space in bytes: 0 (0 repaired)
Total incomplete LBM containers: 0 (0 repaired)
Total LBM partial records: 0 (0 repaired)
Total corrupted LBM metadata records in RocksDB: 0 (0 repaired)
I20260601 13:25:06.737438 21961 rpc_server.cc:225] running with OpenSSL 1.1.1  11 Sep 2018
I20260601 13:25:06.737828 21961 kserver.cc:163] Server-wide thread pool size limit: 3276
I20260601 13:25:06.738093 21961 txn_system_client.cc:432] TxnSystemClient initialization is disabled...
I20260601 13:25:06.738525 21961 ts_tablet_manager.cc:585] Loaded tablet metadata (0 total tablets, 0 live tablets)
I20260601 13:25:06.738564 21961 ts_tablet_manager.cc:531] Time spent load tablet metadata: real 0.000s	user 0.000s	sys 0.000s
I20260601 13:25:06.738610 21961 ts_tablet_manager.cc:616] Registered 0 tablets
I20260601 13:25:06.738637 21961 ts_tablet_manager.cc:595] Time spent register tablets: real 0.000s	user 0.000s	sys 0.000s
I20260601 13:25:06.742735 21961 rpc_server.cc:307] RPC server started. Bound to: 127.21.114.67:36363
I20260601 13:25:06.742857 23870 acceptor_pool.cc:272] collecting diagnostics on the listening RPC socket 127.21.114.67:36363 every 8 connection(s)
I20260601 13:25:06.747077 23871 heartbeater.cc:344] Connected to a master server at 127.21.114.126:35055
I20260601 13:25:06.747166 23871 heartbeater.cc:461] Registering TS with master...
I20260601 13:25:06.747344 23871 heartbeater.cc:507] Master 127.21.114.126:35055 requested a full tablet report, sending...
I20260601 13:25:06.747927 23591 ts_manager.cc:194] Registered new tserver with Master: be9744ccc4ad492684bd6dfcf191056c (127.21.114.67:36363)
I20260601 13:25:06.748409 23591 master_service.cc:502] Signed X509 certificate for tserver {username='slave'} at 127.0.0.1:34880
I20260601 13:25:06.748802 21961 internal_mini_cluster.cc:371] 3 TS(s) registered with all masters after 0.005663178s
I20260601 13:25:07.692723 23720 heartbeater.cc:499] Master 127.21.114.126:35055 was elected leader, sending a full tablet report...
I20260601 13:25:07.721374 23796 heartbeater.cc:499] Master 127.21.114.126:35055 was elected leader, sending a full tablet report...
I20260601 13:25:07.749280 23871 heartbeater.cc:499] Master 127.21.114.126:35055 was elected leader, sending a full tablet report...
I20260601 13:25:07.788555 23591 catalog_manager.cc:2282] Servicing CreateTable request from {username='slave'} at 127.0.0.1:34888:
name: "test-workload"
schema {
  columns {
    name: "key"
    type: INT32
    is_key: true
    is_nullable: false
    encoding: AUTO_ENCODING
    compression: DEFAULT_COMPRESSION
    cfile_block_size: 0
    immutable: false
  }
  columns {
    name: "int_val"
    type: INT32
    is_key: false
    is_nullable: false
    encoding: AUTO_ENCODING
    compression: DEFAULT_COMPRESSION
    cfile_block_size: 0
    immutable: false
  }
  columns {
    name: "string_val"
    type: STRING
    is_key: false
    is_nullable: true
    encoding: AUTO_ENCODING
    compression: DEFAULT_COMPRESSION
    cfile_block_size: 0
    immutable: false
  }
}
num_replicas: 3
split_rows_range_bounds {
  rows: "\004\001\000\377\377\377?""\004\001\000\377\377\377?"
  indirect_data: """"
}
partition_schema {
  range_schema {
    columns {
      name: "key"
    }
  }
}
W20260601 13:25:07.789043 23591 catalog_manager.cc:7076] The number of live tablet servers is not enough to re-replicate a tablet replica of the newly created table test-workload in case of a server failure: 4 tablet servers would be needed, 3 are available. Consider bringing up more tablet servers.
I20260601 13:25:07.799137 23684 tablet_service.cc:1511] Processing CreateTablet for tablet bacf376136da4ff687e329ac2b8719e2 (DEFAULT_TABLE table=test-workload [id=29dee3b6cc744eefa588bf6a8bb2fb95]), partition=RANGE (key) PARTITION VALUES < 1073741823
I20260601 13:25:07.799455 23684 data_dirs.cc:400] Could only allocate 1 dirs of requested 3 for tablet bacf376136da4ff687e329ac2b8719e2. 1 dirs total, 0 dirs full, 0 dirs failed
I20260601 13:25:07.799628 23760 tablet_service.cc:1511] Processing CreateTablet for tablet bacf376136da4ff687e329ac2b8719e2 (DEFAULT_TABLE table=test-workload [id=29dee3b6cc744eefa588bf6a8bb2fb95]), partition=RANGE (key) PARTITION VALUES < 1073741823
I20260601 13:25:07.799628 23759 tablet_service.cc:1511] Processing CreateTablet for tablet dae36b4a67a84cc6bbb087e578082610 (DEFAULT_TABLE table=test-workload [id=29dee3b6cc744eefa588bf6a8bb2fb95]), partition=RANGE (key) PARTITION 1073741823 <= VALUES
I20260601 13:25:07.799744 23834 tablet_service.cc:1511] Processing CreateTablet for tablet dae36b4a67a84cc6bbb087e578082610 (DEFAULT_TABLE table=test-workload [id=29dee3b6cc744eefa588bf6a8bb2fb95]), partition=RANGE (key) PARTITION 1073741823 <= VALUES
I20260601 13:25:07.799912 23760 data_dirs.cc:400] Could only allocate 1 dirs of requested 3 for tablet bacf376136da4ff687e329ac2b8719e2. 1 dirs total, 0 dirs full, 0 dirs failed
I20260601 13:25:07.799952 23834 data_dirs.cc:400] Could only allocate 1 dirs of requested 3 for tablet dae36b4a67a84cc6bbb087e578082610. 1 dirs total, 0 dirs full, 0 dirs failed
I20260601 13:25:07.800132 23759 data_dirs.cc:400] Could only allocate 1 dirs of requested 3 for tablet dae36b4a67a84cc6bbb087e578082610. 1 dirs total, 0 dirs full, 0 dirs failed
I20260601 13:25:07.802016 23892 tablet_bootstrap.cc:492] T dae36b4a67a84cc6bbb087e578082610 P be9744ccc4ad492684bd6dfcf191056c: Bootstrap starting.
I20260601 13:25:07.802088 23835 tablet_service.cc:1511] Processing CreateTablet for tablet bacf376136da4ff687e329ac2b8719e2 (DEFAULT_TABLE table=test-workload [id=29dee3b6cc744eefa588bf6a8bb2fb95]), partition=RANGE (key) PARTITION VALUES < 1073741823
I20260601 13:25:07.802282 23835 data_dirs.cc:400] Could only allocate 1 dirs of requested 3 for tablet bacf376136da4ff687e329ac2b8719e2. 1 dirs total, 0 dirs full, 0 dirs failed
I20260601 13:25:07.802620 23683 tablet_service.cc:1511] Processing CreateTablet for tablet dae36b4a67a84cc6bbb087e578082610 (DEFAULT_TABLE table=test-workload [id=29dee3b6cc744eefa588bf6a8bb2fb95]), partition=RANGE (key) PARTITION 1073741823 <= VALUES
I20260601 13:25:07.802748 23893 tablet_bootstrap.cc:492] T bacf376136da4ff687e329ac2b8719e2 P 21abf37afb144773a28b021f5643fc00: Bootstrap starting.
I20260601 13:25:07.802832 23683 data_dirs.cc:400] Could only allocate 1 dirs of requested 3 for tablet dae36b4a67a84cc6bbb087e578082610. 1 dirs total, 0 dirs full, 0 dirs failed
I20260601 13:25:07.802942 23892 tablet_bootstrap.cc:654] T dae36b4a67a84cc6bbb087e578082610 P be9744ccc4ad492684bd6dfcf191056c: Neither blocks nor log segments found. Creating new log.
I20260601 13:25:07.803609 23891 tablet_bootstrap.cc:492] T bacf376136da4ff687e329ac2b8719e2 P 49e7cf2975154d0385010fba5f5be721: Bootstrap starting.
I20260601 13:25:07.803682 23893 tablet_bootstrap.cc:654] T bacf376136da4ff687e329ac2b8719e2 P 21abf37afb144773a28b021f5643fc00: Neither blocks nor log segments found. Creating new log.
I20260601 13:25:07.804632 23893 tablet_bootstrap.cc:492] T bacf376136da4ff687e329ac2b8719e2 P 21abf37afb144773a28b021f5643fc00: No bootstrap required, opened a new log
I20260601 13:25:07.804654 23892 tablet_bootstrap.cc:492] T dae36b4a67a84cc6bbb087e578082610 P be9744ccc4ad492684bd6dfcf191056c: No bootstrap required, opened a new log
I20260601 13:25:07.804714 23893 ts_tablet_manager.cc:1403] T bacf376136da4ff687e329ac2b8719e2 P 21abf37afb144773a28b021f5643fc00: Time spent bootstrapping tablet: real 0.002s	user 0.002s	sys 0.000s
I20260601 13:25:07.804733 23892 ts_tablet_manager.cc:1403] T dae36b4a67a84cc6bbb087e578082610 P be9744ccc4ad492684bd6dfcf191056c: Time spent bootstrapping tablet: real 0.003s	user 0.002s	sys 0.000s
I20260601 13:25:07.805079 23891 tablet_bootstrap.cc:654] T bacf376136da4ff687e329ac2b8719e2 P 49e7cf2975154d0385010fba5f5be721: Neither blocks nor log segments found. Creating new log.
I20260601 13:25:07.805163 23893 raft_consensus.cc:359] T bacf376136da4ff687e329ac2b8719e2 P 21abf37afb144773a28b021f5643fc00 [term 0 FOLLOWER]: Replica starting. Triggering 0 pending ops. Active config: opid_index: -1 OBSOLETE_local: false peers { permanent_uuid: "49e7cf2975154d0385010fba5f5be721" member_type: VOTER last_known_addr { host: "127.21.114.65" port: 39047 } } peers { permanent_uuid: "be9744ccc4ad492684bd6dfcf191056c" member_type: VOTER last_known_addr { host: "127.21.114.67" port: 36363 } } peers { permanent_uuid: "21abf37afb144773a28b021f5643fc00" member_type: VOTER last_known_addr { host: "127.21.114.66" port: 35645 } }
I20260601 13:25:07.805199 23892 raft_consensus.cc:359] T dae36b4a67a84cc6bbb087e578082610 P be9744ccc4ad492684bd6dfcf191056c [term 0 FOLLOWER]: Replica starting. Triggering 0 pending ops. Active config: opid_index: -1 OBSOLETE_local: false peers { permanent_uuid: "49e7cf2975154d0385010fba5f5be721" member_type: VOTER last_known_addr { host: "127.21.114.65" port: 39047 } } peers { permanent_uuid: "21abf37afb144773a28b021f5643fc00" member_type: VOTER last_known_addr { host: "127.21.114.66" port: 35645 } } peers { permanent_uuid: "be9744ccc4ad492684bd6dfcf191056c" member_type: VOTER last_known_addr { host: "127.21.114.67" port: 36363 } }
I20260601 13:25:07.805277 23893 raft_consensus.cc:385] T bacf376136da4ff687e329ac2b8719e2 P 21abf37afb144773a28b021f5643fc00 [term 0 FOLLOWER]: Consensus starting up: Expiring failure detector timer to make a prompt election more likely
I20260601 13:25:07.805294 23892 raft_consensus.cc:385] T dae36b4a67a84cc6bbb087e578082610 P be9744ccc4ad492684bd6dfcf191056c [term 0 FOLLOWER]: Consensus starting up: Expiring failure detector timer to make a prompt election more likely
I20260601 13:25:07.805320 23893 raft_consensus.cc:740] T bacf376136da4ff687e329ac2b8719e2 P 21abf37afb144773a28b021f5643fc00 [term 0 FOLLOWER]: Becoming Follower/Learner. State: Replica: 21abf37afb144773a28b021f5643fc00, State: Initialized, Role: FOLLOWER
I20260601 13:25:07.805384 23892 raft_consensus.cc:740] T dae36b4a67a84cc6bbb087e578082610 P be9744ccc4ad492684bd6dfcf191056c [term 0 FOLLOWER]: Becoming Follower/Learner. State: Replica: be9744ccc4ad492684bd6dfcf191056c, State: Initialized, Role: FOLLOWER
I20260601 13:25:07.805454 23893 consensus_queue.cc:260] T bacf376136da4ff687e329ac2b8719e2 P 21abf37afb144773a28b021f5643fc00 [NON_LEADER]: Queue going to NON_LEADER mode. State: All replicated index: 0, Majority replicated index: 0, Committed index: 0, Last appended: 0.0, Last appended by leader: 0, Current term: 0, Majority size: -1, State: 0, Mode: NON_LEADER, active raft config: opid_index: -1 OBSOLETE_local: false peers { permanent_uuid: "49e7cf2975154d0385010fba5f5be721" member_type: VOTER last_known_addr { host: "127.21.114.65" port: 39047 } } peers { permanent_uuid: "be9744ccc4ad492684bd6dfcf191056c" member_type: VOTER last_known_addr { host: "127.21.114.67" port: 36363 } } peers { permanent_uuid: "21abf37afb144773a28b021f5643fc00" member_type: VOTER last_known_addr { host: "127.21.114.66" port: 35645 } }
I20260601 13:25:07.805586 23892 consensus_queue.cc:260] T dae36b4a67a84cc6bbb087e578082610 P be9744ccc4ad492684bd6dfcf191056c [NON_LEADER]: Queue going to NON_LEADER mode. State: All replicated index: 0, Majority replicated index: 0, Committed index: 0, Last appended: 0.0, Last appended by leader: 0, Current term: 0, Majority size: -1, State: 0, Mode: NON_LEADER, active raft config: opid_index: -1 OBSOLETE_local: false peers { permanent_uuid: "49e7cf2975154d0385010fba5f5be721" member_type: VOTER last_known_addr { host: "127.21.114.65" port: 39047 } } peers { permanent_uuid: "21abf37afb144773a28b021f5643fc00" member_type: VOTER last_known_addr { host: "127.21.114.66" port: 35645 } } peers { permanent_uuid: "be9744ccc4ad492684bd6dfcf191056c" member_type: VOTER last_known_addr { host: "127.21.114.67" port: 36363 } }
I20260601 13:25:07.805791 23893 ts_tablet_manager.cc:1434] T bacf376136da4ff687e329ac2b8719e2 P 21abf37afb144773a28b021f5643fc00: Time spent starting tablet: real 0.001s	user 0.001s	sys 0.000s
I20260601 13:25:07.805934 23893 tablet_bootstrap.cc:492] T dae36b4a67a84cc6bbb087e578082610 P 21abf37afb144773a28b021f5643fc00: Bootstrap starting.
I20260601 13:25:07.805965 23892 ts_tablet_manager.cc:1434] T dae36b4a67a84cc6bbb087e578082610 P be9744ccc4ad492684bd6dfcf191056c: Time spent starting tablet: real 0.001s	user 0.001s	sys 0.000s
I20260601 13:25:07.806231 23891 tablet_bootstrap.cc:492] T bacf376136da4ff687e329ac2b8719e2 P 49e7cf2975154d0385010fba5f5be721: No bootstrap required, opened a new log
I20260601 13:25:07.806305 23891 ts_tablet_manager.cc:1403] T bacf376136da4ff687e329ac2b8719e2 P 49e7cf2975154d0385010fba5f5be721: Time spent bootstrapping tablet: real 0.003s	user 0.001s	sys 0.001s
I20260601 13:25:07.806418 23892 tablet_bootstrap.cc:492] T bacf376136da4ff687e329ac2b8719e2 P be9744ccc4ad492684bd6dfcf191056c: Bootstrap starting.
I20260601 13:25:07.806689 23891 raft_consensus.cc:359] T bacf376136da4ff687e329ac2b8719e2 P 49e7cf2975154d0385010fba5f5be721 [term 0 FOLLOWER]: Replica starting. Triggering 0 pending ops. Active config: opid_index: -1 OBSOLETE_local: false peers { permanent_uuid: "49e7cf2975154d0385010fba5f5be721" member_type: VOTER last_known_addr { host: "127.21.114.65" port: 39047 } } peers { permanent_uuid: "be9744ccc4ad492684bd6dfcf191056c" member_type: VOTER last_known_addr { host: "127.21.114.67" port: 36363 } } peers { permanent_uuid: "21abf37afb144773a28b021f5643fc00" member_type: VOTER last_known_addr { host: "127.21.114.66" port: 35645 } }
I20260601 13:25:07.806767 23893 tablet_bootstrap.cc:654] T dae36b4a67a84cc6bbb087e578082610 P 21abf37afb144773a28b021f5643fc00: Neither blocks nor log segments found. Creating new log.
I20260601 13:25:07.806777 23891 raft_consensus.cc:385] T bacf376136da4ff687e329ac2b8719e2 P 49e7cf2975154d0385010fba5f5be721 [term 0 FOLLOWER]: Consensus starting up: Expiring failure detector timer to make a prompt election more likely
I20260601 13:25:07.806874 23891 raft_consensus.cc:740] T bacf376136da4ff687e329ac2b8719e2 P 49e7cf2975154d0385010fba5f5be721 [term 0 FOLLOWER]: Becoming Follower/Learner. State: Replica: 49e7cf2975154d0385010fba5f5be721, State: Initialized, Role: FOLLOWER
I20260601 13:25:07.806998 23891 consensus_queue.cc:260] T bacf376136da4ff687e329ac2b8719e2 P 49e7cf2975154d0385010fba5f5be721 [NON_LEADER]: Queue going to NON_LEADER mode. State: All replicated index: 0, Majority replicated index: 0, Committed index: 0, Last appended: 0.0, Last appended by leader: 0, Current term: 0, Majority size: -1, State: 0, Mode: NON_LEADER, active raft config: opid_index: -1 OBSOLETE_local: false peers { permanent_uuid: "49e7cf2975154d0385010fba5f5be721" member_type: VOTER last_known_addr { host: "127.21.114.65" port: 39047 } } peers { permanent_uuid: "be9744ccc4ad492684bd6dfcf191056c" member_type: VOTER last_known_addr { host: "127.21.114.67" port: 36363 } } peers { permanent_uuid: "21abf37afb144773a28b021f5643fc00" member_type: VOTER last_known_addr { host: "127.21.114.66" port: 35645 } }
I20260601 13:25:07.807297 23891 ts_tablet_manager.cc:1434] T bacf376136da4ff687e329ac2b8719e2 P 49e7cf2975154d0385010fba5f5be721: Time spent starting tablet: real 0.001s	user 0.000s	sys 0.001s
I20260601 13:25:07.807297 23892 tablet_bootstrap.cc:654] T bacf376136da4ff687e329ac2b8719e2 P be9744ccc4ad492684bd6dfcf191056c: Neither blocks nor log segments found. Creating new log.
I20260601 13:25:07.807521 23891 tablet_bootstrap.cc:492] T dae36b4a67a84cc6bbb087e578082610 P 49e7cf2975154d0385010fba5f5be721: Bootstrap starting.
I20260601 13:25:07.808454 23893 tablet_bootstrap.cc:492] T dae36b4a67a84cc6bbb087e578082610 P 21abf37afb144773a28b021f5643fc00: No bootstrap required, opened a new log
I20260601 13:25:07.808506 23891 tablet_bootstrap.cc:654] T dae36b4a67a84cc6bbb087e578082610 P 49e7cf2975154d0385010fba5f5be721: Neither blocks nor log segments found. Creating new log.
I20260601 13:25:07.808539 23893 ts_tablet_manager.cc:1403] T dae36b4a67a84cc6bbb087e578082610 P 21abf37afb144773a28b021f5643fc00: Time spent bootstrapping tablet: real 0.003s	user 0.002s	sys 0.000s
I20260601 13:25:07.809003 23893 raft_consensus.cc:359] T dae36b4a67a84cc6bbb087e578082610 P 21abf37afb144773a28b021f5643fc00 [term 0 FOLLOWER]: Replica starting. Triggering 0 pending ops. Active config: opid_index: -1 OBSOLETE_local: false peers { permanent_uuid: "49e7cf2975154d0385010fba5f5be721" member_type: VOTER last_known_addr { host: "127.21.114.65" port: 39047 } } peers { permanent_uuid: "21abf37afb144773a28b021f5643fc00" member_type: VOTER last_known_addr { host: "127.21.114.66" port: 35645 } } peers { permanent_uuid: "be9744ccc4ad492684bd6dfcf191056c" member_type: VOTER last_known_addr { host: "127.21.114.67" port: 36363 } }
I20260601 13:25:07.809114 23893 raft_consensus.cc:385] T dae36b4a67a84cc6bbb087e578082610 P 21abf37afb144773a28b021f5643fc00 [term 0 FOLLOWER]: Consensus starting up: Expiring failure detector timer to make a prompt election more likely
I20260601 13:25:07.809149 23893 raft_consensus.cc:740] T dae36b4a67a84cc6bbb087e578082610 P 21abf37afb144773a28b021f5643fc00 [term 0 FOLLOWER]: Becoming Follower/Learner. State: Replica: 21abf37afb144773a28b021f5643fc00, State: Initialized, Role: FOLLOWER
I20260601 13:25:07.809276 23893 consensus_queue.cc:260] T dae36b4a67a84cc6bbb087e578082610 P 21abf37afb144773a28b021f5643fc00 [NON_LEADER]: Queue going to NON_LEADER mode. State: All replicated index: 0, Majority replicated index: 0, Committed index: 0, Last appended: 0.0, Last appended by leader: 0, Current term: 0, Majority size: -1, State: 0, Mode: NON_LEADER, active raft config: opid_index: -1 OBSOLETE_local: false peers { permanent_uuid: "49e7cf2975154d0385010fba5f5be721" member_type: VOTER last_known_addr { host: "127.21.114.65" port: 39047 } } peers { permanent_uuid: "21abf37afb144773a28b021f5643fc00" member_type: VOTER last_known_addr { host: "127.21.114.66" port: 35645 } } peers { permanent_uuid: "be9744ccc4ad492684bd6dfcf191056c" member_type: VOTER last_known_addr { host: "127.21.114.67" port: 36363 } }
I20260601 13:25:07.809520 23893 ts_tablet_manager.cc:1434] T dae36b4a67a84cc6bbb087e578082610 P 21abf37afb144773a28b021f5643fc00: Time spent starting tablet: real 0.001s	user 0.001s	sys 0.000s
I20260601 13:25:07.809906 23892 tablet_bootstrap.cc:492] T bacf376136da4ff687e329ac2b8719e2 P be9744ccc4ad492684bd6dfcf191056c: No bootstrap required, opened a new log
I20260601 13:25:07.810009 23892 ts_tablet_manager.cc:1403] T bacf376136da4ff687e329ac2b8719e2 P be9744ccc4ad492684bd6dfcf191056c: Time spent bootstrapping tablet: real 0.004s	user 0.002s	sys 0.000s
I20260601 13:25:07.810456 23892 raft_consensus.cc:359] T bacf376136da4ff687e329ac2b8719e2 P be9744ccc4ad492684bd6dfcf191056c [term 0 FOLLOWER]: Replica starting. Triggering 0 pending ops. Active config: opid_index: -1 OBSOLETE_local: false peers { permanent_uuid: "49e7cf2975154d0385010fba5f5be721" member_type: VOTER last_known_addr { host: "127.21.114.65" port: 39047 } } peers { permanent_uuid: "be9744ccc4ad492684bd6dfcf191056c" member_type: VOTER last_known_addr { host: "127.21.114.67" port: 36363 } } peers { permanent_uuid: "21abf37afb144773a28b021f5643fc00" member_type: VOTER last_known_addr { host: "127.21.114.66" port: 35645 } }
I20260601 13:25:07.810578 23892 raft_consensus.cc:385] T bacf376136da4ff687e329ac2b8719e2 P be9744ccc4ad492684bd6dfcf191056c [term 0 FOLLOWER]: Consensus starting up: Expiring failure detector timer to make a prompt election more likely
I20260601 13:25:07.810631 23892 raft_consensus.cc:740] T bacf376136da4ff687e329ac2b8719e2 P be9744ccc4ad492684bd6dfcf191056c [term 0 FOLLOWER]: Becoming Follower/Learner. State: Replica: be9744ccc4ad492684bd6dfcf191056c, State: Initialized, Role: FOLLOWER
I20260601 13:25:07.810745 23891 tablet_bootstrap.cc:492] T dae36b4a67a84cc6bbb087e578082610 P 49e7cf2975154d0385010fba5f5be721: No bootstrap required, opened a new log
I20260601 13:25:07.810755 23892 consensus_queue.cc:260] T bacf376136da4ff687e329ac2b8719e2 P be9744ccc4ad492684bd6dfcf191056c [NON_LEADER]: Queue going to NON_LEADER mode. State: All replicated index: 0, Majority replicated index: 0, Committed index: 0, Last appended: 0.0, Last appended by leader: 0, Current term: 0, Majority size: -1, State: 0, Mode: NON_LEADER, active raft config: opid_index: -1 OBSOLETE_local: false peers { permanent_uuid: "49e7cf2975154d0385010fba5f5be721" member_type: VOTER last_known_addr { host: "127.21.114.65" port: 39047 } } peers { permanent_uuid: "be9744ccc4ad492684bd6dfcf191056c" member_type: VOTER last_known_addr { host: "127.21.114.67" port: 36363 } } peers { permanent_uuid: "21abf37afb144773a28b021f5643fc00" member_type: VOTER last_known_addr { host: "127.21.114.66" port: 35645 } }
I20260601 13:25:07.810830 23891 ts_tablet_manager.cc:1403] T dae36b4a67a84cc6bbb087e578082610 P 49e7cf2975154d0385010fba5f5be721: Time spent bootstrapping tablet: real 0.003s	user 0.000s	sys 0.002s
I20260601 13:25:07.811012 23892 ts_tablet_manager.cc:1434] T bacf376136da4ff687e329ac2b8719e2 P be9744ccc4ad492684bd6dfcf191056c: Time spent starting tablet: real 0.001s	user 0.001s	sys 0.000s
I20260601 13:25:07.811379 23891 raft_consensus.cc:359] T dae36b4a67a84cc6bbb087e578082610 P 49e7cf2975154d0385010fba5f5be721 [term 0 FOLLOWER]: Replica starting. Triggering 0 pending ops. Active config: opid_index: -1 OBSOLETE_local: false peers { permanent_uuid: "49e7cf2975154d0385010fba5f5be721" member_type: VOTER last_known_addr { host: "127.21.114.65" port: 39047 } } peers { permanent_uuid: "21abf37afb144773a28b021f5643fc00" member_type: VOTER last_known_addr { host: "127.21.114.66" port: 35645 } } peers { permanent_uuid: "be9744ccc4ad492684bd6dfcf191056c" member_type: VOTER last_known_addr { host: "127.21.114.67" port: 36363 } }
I20260601 13:25:07.811472 23891 raft_consensus.cc:385] T dae36b4a67a84cc6bbb087e578082610 P 49e7cf2975154d0385010fba5f5be721 [term 0 FOLLOWER]: Consensus starting up: Expiring failure detector timer to make a prompt election more likely
I20260601 13:25:07.811497 23891 raft_consensus.cc:740] T dae36b4a67a84cc6bbb087e578082610 P 49e7cf2975154d0385010fba5f5be721 [term 0 FOLLOWER]: Becoming Follower/Learner. State: Replica: 49e7cf2975154d0385010fba5f5be721, State: Initialized, Role: FOLLOWER
I20260601 13:25:07.811612 23891 consensus_queue.cc:260] T dae36b4a67a84cc6bbb087e578082610 P 49e7cf2975154d0385010fba5f5be721 [NON_LEADER]: Queue going to NON_LEADER mode. State: All replicated index: 0, Majority replicated index: 0, Committed index: 0, Last appended: 0.0, Last appended by leader: 0, Current term: 0, Majority size: -1, State: 0, Mode: NON_LEADER, active raft config: opid_index: -1 OBSOLETE_local: false peers { permanent_uuid: "49e7cf2975154d0385010fba5f5be721" member_type: VOTER last_known_addr { host: "127.21.114.65" port: 39047 } } peers { permanent_uuid: "21abf37afb144773a28b021f5643fc00" member_type: VOTER last_known_addr { host: "127.21.114.66" port: 35645 } } peers { permanent_uuid: "be9744ccc4ad492684bd6dfcf191056c" member_type: VOTER last_known_addr { host: "127.21.114.67" port: 36363 } }
I20260601 13:25:07.811872 23891 ts_tablet_manager.cc:1434] T dae36b4a67a84cc6bbb087e578082610 P 49e7cf2975154d0385010fba5f5be721: Time spent starting tablet: real 0.001s	user 0.000s	sys 0.001s
I20260601 13:25:07.871922 23898 raft_consensus.cc:493] T dae36b4a67a84cc6bbb087e578082610 P be9744ccc4ad492684bd6dfcf191056c [term 0 FOLLOWER]: Starting pre-election (no leader contacted us within the election timeout)
I20260601 13:25:07.872090 23898 raft_consensus.cc:515] T dae36b4a67a84cc6bbb087e578082610 P be9744ccc4ad492684bd6dfcf191056c [term 0 FOLLOWER]: Starting pre-election with config: opid_index: -1 OBSOLETE_local: false peers { permanent_uuid: "49e7cf2975154d0385010fba5f5be721" member_type: VOTER last_known_addr { host: "127.21.114.65" port: 39047 } } peers { permanent_uuid: "21abf37afb144773a28b021f5643fc00" member_type: VOTER last_known_addr { host: "127.21.114.66" port: 35645 } } peers { permanent_uuid: "be9744ccc4ad492684bd6dfcf191056c" member_type: VOTER last_known_addr { host: "127.21.114.67" port: 36363 } }
I20260601 13:25:07.872758 23898 leader_election.cc:290] T dae36b4a67a84cc6bbb087e578082610 P be9744ccc4ad492684bd6dfcf191056c [CANDIDATE]: Term 1 pre-election: Requested pre-vote from peers 49e7cf2975154d0385010fba5f5be721 (127.21.114.65:39047), 21abf37afb144773a28b021f5643fc00 (127.21.114.66:35645)
I20260601 13:25:07.877216 23770 tablet_service.cc:1917] Received RequestConsensusVote() RPC: tablet_id: "dae36b4a67a84cc6bbb087e578082610" candidate_uuid: "be9744ccc4ad492684bd6dfcf191056c" candidate_term: 1 candidate_status { last_received { term: 0 index: 0 } } ignore_live_leader: false dest_uuid: "21abf37afb144773a28b021f5643fc00" is_pre_election: true
I20260601 13:25:07.877383 23770 raft_consensus.cc:2468] T dae36b4a67a84cc6bbb087e578082610 P 21abf37afb144773a28b021f5643fc00 [term 0 FOLLOWER]: Leader pre-election vote request: Granting yes vote for candidate be9744ccc4ad492684bd6dfcf191056c in term 0.
I20260601 13:25:07.877552 23694 tablet_service.cc:1917] Received RequestConsensusVote() RPC: tablet_id: "dae36b4a67a84cc6bbb087e578082610" candidate_uuid: "be9744ccc4ad492684bd6dfcf191056c" candidate_term: 1 candidate_status { last_received { term: 0 index: 0 } } ignore_live_leader: false dest_uuid: "49e7cf2975154d0385010fba5f5be721" is_pre_election: true
I20260601 13:25:07.877646 23694 raft_consensus.cc:2468] T dae36b4a67a84cc6bbb087e578082610 P 49e7cf2975154d0385010fba5f5be721 [term 0 FOLLOWER]: Leader pre-election vote request: Granting yes vote for candidate be9744ccc4ad492684bd6dfcf191056c in term 0.
I20260601 13:25:07.877729 23810 leader_election.cc:304] T dae36b4a67a84cc6bbb087e578082610 P be9744ccc4ad492684bd6dfcf191056c [CANDIDATE]: Term 1 pre-election: Election decided. Result: candidate won. Election summary: received 2 responses out of 3 voters: 2 yes votes; 0 no votes. yes voters: 21abf37afb144773a28b021f5643fc00, be9744ccc4ad492684bd6dfcf191056c; no voters: 
I20260601 13:25:07.877869 23898 raft_consensus.cc:2804] T dae36b4a67a84cc6bbb087e578082610 P be9744ccc4ad492684bd6dfcf191056c [term 0 FOLLOWER]: Leader pre-election won for term 1
I20260601 13:25:07.877924 23898 raft_consensus.cc:493] T dae36b4a67a84cc6bbb087e578082610 P be9744ccc4ad492684bd6dfcf191056c [term 0 FOLLOWER]: Starting leader election (no leader contacted us within the election timeout)
I20260601 13:25:07.877951 23898 raft_consensus.cc:3060] T dae36b4a67a84cc6bbb087e578082610 P be9744ccc4ad492684bd6dfcf191056c [term 0 FOLLOWER]: Advancing to term 1
