I20260601 13:26:11.675542 23229 sys_catalog.cc:458] T 00000000000000000000000000000000 P edc35a2203984be6bff95bb1238f8cf9 [sys.catalog]: This master's current role is: LEADER
I20260601 13:26:11.676031 23235 catalog_manager.cc:1510] Loading table and tablet metadata into memory...
I20260601 13:26:11.677115 23235 catalog_manager.cc:1519] Initializing Kudu cluster ID...
I20260601 13:26:11.677304 20293 internal_mini_cluster.cc:184] Waiting to initialize catalog manager on master 0
I20260601 13:26:11.679001 23235 catalog_manager.cc:1382] Generated new cluster ID: ca38c1f80ec64a27995faac1c7a7a974
I20260601 13:26:11.679064 23235 catalog_manager.cc:1530] Initializing Kudu internal certificate authority...
I20260601 13:26:11.691331 23235 catalog_manager.cc:1405] Generated new certificate authority record
I20260601 13:26:11.691871 23235 catalog_manager.cc:1539] Loading token signing keys...
I20260601 13:26:11.705505 23235 catalog_manager.cc:6069] T 00000000000000000000000000000000 P edc35a2203984be6bff95bb1238f8cf9: Generated new TSK 0
I20260601 13:26:11.705729 23235 catalog_manager.cc:1549] Initializing in-progress tserver states...
I20260601 13:26:11.709795 20293 file_cache.cc:492] Constructed file cache file cache with capacity 419430
W20260601 13:26:11.712249 23249 instance_detector.cc:116] could not retrieve OpenStack instance metadata: Network error: curl error: HTTP response code said error: The requested URL returned error: 404
W20260601 13:26:11.712298 23247 instance_detector.cc:116] could not retrieve Azure instance metadata: Network error: curl error: HTTP response code said error: The requested URL returned error: 404
W20260601 13:26:11.712348 23246 instance_detector.cc:116] could not retrieve AWS instance metadata: Network error: curl error: HTTP response code said error: The requested URL returned error: 404
I20260601 13:26:11.712498 20293 server_base.cc:1061] running on GCE node
I20260601 13:26:11.712760 20293 hybrid_clock.cc:584] initializing the hybrid clock with 'system_unsync' time source
W20260601 13:26:11.712802 20293 system_unsync_time.cc:38] NTP support is disabled. Clock error bounds will not be accurate. This configuration is not suitable for distributed clusters.
I20260601 13:26:11.712818 20293 hybrid_clock.cc:648] HybridClock initialized: now 1780320371712819 us; error 0 us; skew 500 ppm
I20260601 13:26:11.714036 20293 webserver.cc:533] Webserver started at http://127.19.209.65:32891/ using document root <none> and password file <none>
I20260601 13:26:11.714181 20293 fs_manager.cc:362] Metadata directory not provided
I20260601 13:26:11.714311 20293 fs_manager.cc:368] Using write-ahead log directory (fs_wal_dir) as metadata directory
I20260601 13:26:11.714433 20293 server_base.cc:909] This appears to be a new deployment of Kudu; creating new FS layout
I20260601 13:26:11.714872 20293 fs_manager.cc:1068] Generated new instance metadata in path /tmp/dist-test-task6HaPkf/test-tmp/auto_rebalancer-test.0.AutoRebalancerTest.RangeAwareRebalancesNewRangeReplicas.1780320301666751-20293-0/minicluster-data/ts-0-root/instance:
uuid: "050fc50764204f89845c6aae94bf1650"
format_stamp: "Formatted at 2026-06-01 13:26:11 on dist-test-slave-wt97"
I20260601 13:26:11.716477 20293 fs_manager.cc:696] Time spent creating directory manager: real 0.001s	user 0.000s	sys 0.002s
I20260601 13:26:11.717561 23254 log_block_manager.cc:4031] Time spent loading block containers with low live blocks: real 0.000s	user 0.000s	sys 0.000s
I20260601 13:26:11.717836 20293 fs_manager.cc:730] Time spent opening block manager: real 0.001s	user 0.000s	sys 0.001s
I20260601 13:26:11.717923 20293 fs_manager.cc:647] Opened local filesystem: /tmp/dist-test-task6HaPkf/test-tmp/auto_rebalancer-test.0.AutoRebalancerTest.RangeAwareRebalancesNewRangeReplicas.1780320301666751-20293-0/minicluster-data/ts-0-root
uuid: "050fc50764204f89845c6aae94bf1650"
format_stamp: "Formatted at 2026-06-01 13:26:11 on dist-test-slave-wt97"
I20260601 13:26:11.718016 20293 fs_report.cc:389] FS layout report
--------------------
wal directory: /tmp/dist-test-task6HaPkf/test-tmp/auto_rebalancer-test.0.AutoRebalancerTest.RangeAwareRebalancesNewRangeReplicas.1780320301666751-20293-0/minicluster-data/ts-0-root
metadata directory: /tmp/dist-test-task6HaPkf/test-tmp/auto_rebalancer-test.0.AutoRebalancerTest.RangeAwareRebalancesNewRangeReplicas.1780320301666751-20293-0/minicluster-data/ts-0-root
1 data directories: /tmp/dist-test-task6HaPkf/test-tmp/auto_rebalancer-test.0.AutoRebalancerTest.RangeAwareRebalancesNewRangeReplicas.1780320301666751-20293-0/minicluster-data/ts-0-root/data
Total live blocks: 0
Total live bytes: 0
Total live bytes (after alignment): 0
Total number of LBM containers: 0 (0 full)
Did not check for missing blocks
Did not check for orphaned blocks
Total full LBM containers with extra space: 0 (0 repaired)
Total full LBM container extra space in bytes: 0 (0 repaired)
Total incomplete LBM containers: 0 (0 repaired)
Total LBM partial records: 0 (0 repaired)
Total corrupted LBM metadata records in RocksDB: 0 (0 repaired)
I20260601 13:26:11.728770 20293 rpc_server.cc:225] running with OpenSSL 1.1.1  11 Sep 2018
I20260601 13:26:11.729171 20293 kserver.cc:163] Server-wide thread pool size limit: 3276
I20260601 13:26:11.729480 20293 txn_system_client.cc:432] TxnSystemClient initialization is disabled...
I20260601 13:26:11.729964 20293 ts_tablet_manager.cc:585] Loaded tablet metadata (0 total tablets, 0 live tablets)
I20260601 13:26:11.730026 20293 ts_tablet_manager.cc:531] Time spent load tablet metadata: real 0.000s	user 0.000s	sys 0.000s
I20260601 13:26:11.730094 20293 ts_tablet_manager.cc:616] Registered 0 tablets
I20260601 13:26:11.730144 20293 ts_tablet_manager.cc:595] Time spent register tablets: real 0.000s	user 0.000s	sys 0.000s
I20260601 13:26:11.734474 20293 rpc_server.cc:307] RPC server started. Bound to: 127.19.209.65:38811
I20260601 13:26:11.734493 23317 acceptor_pool.cc:272] collecting diagnostics on the listening RPC socket 127.19.209.65:38811 every 8 connection(s)
I20260601 13:26:11.735325 20293 file_cache.cc:492] Constructed file cache file cache with capacity 419430
W20260601 13:26:11.737125 23323 instance_detector.cc:116] could not retrieve Azure instance metadata: Network error: curl error: HTTP response code said error: The requested URL returned error: 404
I20260601 13:26:11.737244 20293 server_base.cc:1061] running on GCE node
W20260601 13:26:11.737166 23325 instance_detector.cc:116] could not retrieve OpenStack instance metadata: Network error: curl error: HTTP response code said error: The requested URL returned error: 404
W20260601 13:26:11.737702 23322 instance_detector.cc:116] could not retrieve AWS instance metadata: Network error: curl error: HTTP response code said error: The requested URL returned error: 404
I20260601 13:26:11.737932 20293 hybrid_clock.cc:584] initializing the hybrid clock with 'system_unsync' time source
W20260601 13:26:11.738013 20293 system_unsync_time.cc:38] NTP support is disabled. Clock error bounds will not be accurate. This configuration is not suitable for distributed clusters.
I20260601 13:26:11.738036 20293 hybrid_clock.cc:648] HybridClock initialized: now 1780320371738036 us; error 0 us; skew 500 ppm
I20260601 13:26:11.738973 20293 webserver.cc:533] Webserver started at http://127.19.209.66:38297/ using document root <none> and password file <none>
I20260601 13:26:11.739159 20293 fs_manager.cc:362] Metadata directory not provided
I20260601 13:26:11.739228 20293 fs_manager.cc:368] Using write-ahead log directory (fs_wal_dir) as metadata directory
I20260601 13:26:11.739312 20293 server_base.cc:909] This appears to be a new deployment of Kudu; creating new FS layout
I20260601 13:26:11.739674 20293 fs_manager.cc:1068] Generated new instance metadata in path /tmp/dist-test-task6HaPkf/test-tmp/auto_rebalancer-test.0.AutoRebalancerTest.RangeAwareRebalancesNewRangeReplicas.1780320301666751-20293-0/minicluster-data/ts-1-root/instance:
uuid: "e84fbe70d23d4f41998060e65214831c"
format_stamp: "Formatted at 2026-06-01 13:26:11 on dist-test-slave-wt97"
I20260601 13:26:11.740420 23318 heartbeater.cc:344] Connected to a master server at 127.19.209.126:39471
I20260601 13:26:11.740558 23318 heartbeater.cc:461] Registering TS with master...
I20260601 13:26:11.740789 23318 heartbeater.cc:507] Master 127.19.209.126:39471 requested a full tablet report, sending...
I20260601 13:26:11.741405 20293 fs_manager.cc:696] Time spent creating directory manager: real 0.001s	user 0.002s	sys 0.001s
I20260601 13:26:11.741452 23189 ts_manager.cc:194] Registered new tserver with Master: 050fc50764204f89845c6aae94bf1650 (127.19.209.65:38811)
I20260601 13:26:11.742139 23189 master_service.cc:502] Signed X509 certificate for tserver {username='slave'} at 127.0.0.1:55816
I20260601 13:26:11.742413 23330 log_block_manager.cc:4031] Time spent loading block containers with low live blocks: real 0.000s	user 0.000s	sys 0.000s
I20260601 13:26:11.742674 20293 fs_manager.cc:730] Time spent opening block manager: real 0.001s	user 0.001s	sys 0.000s
I20260601 13:26:11.742758 20293 fs_manager.cc:647] Opened local filesystem: /tmp/dist-test-task6HaPkf/test-tmp/auto_rebalancer-test.0.AutoRebalancerTest.RangeAwareRebalancesNewRangeReplicas.1780320301666751-20293-0/minicluster-data/ts-1-root
uuid: "e84fbe70d23d4f41998060e65214831c"
format_stamp: "Formatted at 2026-06-01 13:26:11 on dist-test-slave-wt97"
I20260601 13:26:11.742826 20293 fs_report.cc:389] FS layout report
--------------------
wal directory: /tmp/dist-test-task6HaPkf/test-tmp/auto_rebalancer-test.0.AutoRebalancerTest.RangeAwareRebalancesNewRangeReplicas.1780320301666751-20293-0/minicluster-data/ts-1-root
metadata directory: /tmp/dist-test-task6HaPkf/test-tmp/auto_rebalancer-test.0.AutoRebalancerTest.RangeAwareRebalancesNewRangeReplicas.1780320301666751-20293-0/minicluster-data/ts-1-root
1 data directories: /tmp/dist-test-task6HaPkf/test-tmp/auto_rebalancer-test.0.AutoRebalancerTest.RangeAwareRebalancesNewRangeReplicas.1780320301666751-20293-0/minicluster-data/ts-1-root/data
Total live blocks: 0
Total live bytes: 0
Total live bytes (after alignment): 0
Total number of LBM containers: 0 (0 full)
Did not check for missing blocks
Did not check for orphaned blocks
Total full LBM containers with extra space: 0 (0 repaired)
Total full LBM container extra space in bytes: 0 (0 repaired)
Total incomplete LBM containers: 0 (0 repaired)
Total LBM partial records: 0 (0 repaired)
Total corrupted LBM metadata records in RocksDB: 0 (0 repaired)
I20260601 13:26:11.747184 20293 rpc_server.cc:225] running with OpenSSL 1.1.1  11 Sep 2018
I20260601 13:26:11.747601 20293 kserver.cc:163] Server-wide thread pool size limit: 3276
I20260601 13:26:11.747889 20293 txn_system_client.cc:432] TxnSystemClient initialization is disabled...
I20260601 13:26:11.748347 20293 ts_tablet_manager.cc:585] Loaded tablet metadata (0 total tablets, 0 live tablets)
I20260601 13:26:11.748425 20293 ts_tablet_manager.cc:531] Time spent load tablet metadata: real 0.000s	user 0.000s	sys 0.000s
I20260601 13:26:11.748481 20293 ts_tablet_manager.cc:616] Registered 0 tablets
I20260601 13:26:11.748531 20293 ts_tablet_manager.cc:595] Time spent register tablets: real 0.000s	user 0.000s	sys 0.000s
I20260601 13:26:11.753227 20293 rpc_server.cc:307] RPC server started. Bound to: 127.19.209.66:44655
I20260601 13:26:11.753254 23393 acceptor_pool.cc:272] collecting diagnostics on the listening RPC socket 127.19.209.66:44655 every 8 connection(s)
I20260601 13:26:11.754119 20293 file_cache.cc:492] Constructed file cache file cache with capacity 419430
W20260601 13:26:11.756194 23397 instance_detector.cc:116] could not retrieve AWS instance metadata: Network error: curl error: HTTP response code said error: The requested URL returned error: 404
W20260601 13:26:11.756283 23398 instance_detector.cc:116] could not retrieve Azure instance metadata: Network error: curl error: HTTP response code said error: The requested URL returned error: 404
W20260601 13:26:11.756456 23400 instance_detector.cc:116] could not retrieve OpenStack instance metadata: Network error: curl error: HTTP response code said error: The requested URL returned error: 404
I20260601 13:26:11.756464 20293 server_base.cc:1061] running on GCE node
I20260601 13:26:11.756676 20293 hybrid_clock.cc:584] initializing the hybrid clock with 'system_unsync' time source
W20260601 13:26:11.756731 20293 system_unsync_time.cc:38] NTP support is disabled. Clock error bounds will not be accurate. This configuration is not suitable for distributed clusters.
I20260601 13:26:11.756752 20293 hybrid_clock.cc:648] HybridClock initialized: now 1780320371756752 us; error 0 us; skew 500 ppm
I20260601 13:26:11.757865 20293 webserver.cc:533] Webserver started at http://127.19.209.67:41883/ using document root <none> and password file <none>
I20260601 13:26:11.758037 20293 fs_manager.cc:362] Metadata directory not provided
I20260601 13:26:11.758103 20293 fs_manager.cc:368] Using write-ahead log directory (fs_wal_dir) as metadata directory
I20260601 13:26:11.758193 20293 server_base.cc:909] This appears to be a new deployment of Kudu; creating new FS layout
I20260601 13:26:11.758605 23394 heartbeater.cc:344] Connected to a master server at 127.19.209.126:39471
I20260601 13:26:11.758708 23394 heartbeater.cc:461] Registering TS with master...
I20260601 13:26:11.758708 20293 fs_manager.cc:1068] Generated new instance metadata in path /tmp/dist-test-task6HaPkf/test-tmp/auto_rebalancer-test.0.AutoRebalancerTest.RangeAwareRebalancesNewRangeReplicas.1780320301666751-20293-0/minicluster-data/ts-2-root/instance:
uuid: "8bfde091318c4108ab2408d20b348f9a"
format_stamp: "Formatted at 2026-06-01 13:26:11 on dist-test-slave-wt97"
I20260601 13:26:11.758996 23394 heartbeater.cc:507] Master 127.19.209.126:39471 requested a full tablet report, sending...
I20260601 13:26:11.759630 23189 ts_manager.cc:194] Registered new tserver with Master: e84fbe70d23d4f41998060e65214831c (127.19.209.66:44655)
I20260601 13:26:11.760180 23189 master_service.cc:502] Signed X509 certificate for tserver {username='slave'} at 127.0.0.1:55830
I20260601 13:26:11.760686 20293 fs_manager.cc:696] Time spent creating directory manager: real 0.002s	user 0.000s	sys 0.001s
I20260601 13:26:11.761687 23405 log_block_manager.cc:4031] Time spent loading block containers with low live blocks: real 0.000s	user 0.000s	sys 0.000s
I20260601 13:26:11.761996 20293 fs_manager.cc:730] Time spent opening block manager: real 0.001s	user 0.000s	sys 0.001s
I20260601 13:26:11.762089 20293 fs_manager.cc:647] Opened local filesystem: /tmp/dist-test-task6HaPkf/test-tmp/auto_rebalancer-test.0.AutoRebalancerTest.RangeAwareRebalancesNewRangeReplicas.1780320301666751-20293-0/minicluster-data/ts-2-root
uuid: "8bfde091318c4108ab2408d20b348f9a"
format_stamp: "Formatted at 2026-06-01 13:26:11 on dist-test-slave-wt97"
I20260601 13:26:11.762200 20293 fs_report.cc:389] FS layout report
--------------------
wal directory: /tmp/dist-test-task6HaPkf/test-tmp/auto_rebalancer-test.0.AutoRebalancerTest.RangeAwareRebalancesNewRangeReplicas.1780320301666751-20293-0/minicluster-data/ts-2-root
metadata directory: /tmp/dist-test-task6HaPkf/test-tmp/auto_rebalancer-test.0.AutoRebalancerTest.RangeAwareRebalancesNewRangeReplicas.1780320301666751-20293-0/minicluster-data/ts-2-root
1 data directories: /tmp/dist-test-task6HaPkf/test-tmp/auto_rebalancer-test.0.AutoRebalancerTest.RangeAwareRebalancesNewRangeReplicas.1780320301666751-20293-0/minicluster-data/ts-2-root/data
Total live blocks: 0
Total live bytes: 0
Total live bytes (after alignment): 0
Total number of LBM containers: 0 (0 full)
Did not check for missing blocks
Did not check for orphaned blocks
Total full LBM containers with extra space: 0 (0 repaired)
Total full LBM container extra space in bytes: 0 (0 repaired)
Total incomplete LBM containers: 0 (0 repaired)
Total LBM partial records: 0 (0 repaired)
Total corrupted LBM metadata records in RocksDB: 0 (0 repaired)
I20260601 13:26:11.770510 20293 rpc_server.cc:225] running with OpenSSL 1.1.1  11 Sep 2018
I20260601 13:26:11.770925 20293 kserver.cc:163] Server-wide thread pool size limit: 3276
I20260601 13:26:11.771246 20293 txn_system_client.cc:432] TxnSystemClient initialization is disabled...
I20260601 13:26:11.771735 20293 ts_tablet_manager.cc:585] Loaded tablet metadata (0 total tablets, 0 live tablets)
I20260601 13:26:11.771796 20293 ts_tablet_manager.cc:531] Time spent load tablet metadata: real 0.000s	user 0.000s	sys 0.000s
I20260601 13:26:11.771854 20293 ts_tablet_manager.cc:616] Registered 0 tablets
I20260601 13:26:11.771907 20293 ts_tablet_manager.cc:595] Time spent register tablets: real 0.000s	user 0.000s	sys 0.000s
I20260601 13:26:11.776417 20293 rpc_server.cc:307] RPC server started. Bound to: 127.19.209.67:33581
I20260601 13:26:11.776482 23468 acceptor_pool.cc:272] collecting diagnostics on the listening RPC socket 127.19.209.67:33581 every 8 connection(s)
I20260601 13:26:11.781337 23469 heartbeater.cc:344] Connected to a master server at 127.19.209.126:39471
I20260601 13:26:11.781445 23469 heartbeater.cc:461] Registering TS with master...
I20260601 13:26:11.781687 23469 heartbeater.cc:507] Master 127.19.209.126:39471 requested a full tablet report, sending...
I20260601 13:26:11.782371 23189 ts_manager.cc:194] Registered new tserver with Master: 8bfde091318c4108ab2408d20b348f9a (127.19.209.67:33581)
I20260601 13:26:11.782596 20293 internal_mini_cluster.cc:371] 3 TS(s) registered with all masters after 0.005664624s
I20260601 13:26:11.782989 23189 master_service.cc:502] Signed X509 certificate for tserver {username='slave'} at 127.0.0.1:55836
I20260601 13:26:12.743189 23318 heartbeater.cc:499] Master 127.19.209.126:39471 was elected leader, sending a full tablet report...
I20260601 13:26:12.761278 23394 heartbeater.cc:499] Master 127.19.209.126:39471 was elected leader, sending a full tablet report...
I20260601 13:26:12.783951 23469 heartbeater.cc:499] Master 127.19.209.126:39471 was elected leader, sending a full tablet report...
I20260601 13:26:12.824123 23189 catalog_manager.cc:2282] Servicing CreateTable request from {username='slave'} at 127.0.0.1:59546:
name: "range_aware_rebalance_new_range"
schema {
  columns {
    name: "key"
    type: INT32
    is_key: true
    is_nullable: false
    encoding: AUTO_ENCODING
    compression: DEFAULT_COMPRESSION
    cfile_block_size: 0
    immutable: false
  }
}
num_replicas: 3
split_rows_range_bounds {
  rows: "\006\001\000\000\000\000\007\001\n\000\000\000""\006\001\000\000\000\000\007\001\n\000\000\000"
  indirect_data: """"
}
partition_schema {
  hash_schema {
    columns {
      name: "key"
    }
    num_buckets: 8
    seed: 0
  }
  range_schema {
    columns {
      name: "key"
    }
  }
}
W20260601 13:26:12.824621 23189 catalog_manager.cc:7076] The number of live tablet servers is not enough to re-replicate a tablet replica of the newly created table range_aware_rebalance_new_range in case of a server failure: 4 tablet servers would be needed, 3 are available. Consider bringing up more tablet servers.
I20260601 13:26:12.838095 23281 tablet_service.cc:1511] Processing CreateTablet for tablet 183f0837c852496aad7e28e7828bfc29 (DEFAULT_TABLE table=range_aware_rebalance_new_range [id=b223b25b25c54edeb494c2b316b3bd44]), partition=HASH (key) PARTITION 1, RANGE (key) PARTITION 0 <= VALUES < 10
I20260601 13:26:12.838474 23282 tablet_service.cc:1511] Processing CreateTablet for tablet 36d7cba3b81d4a1587b2e6bff154aec9 (DEFAULT_TABLE table=range_aware_rebalance_new_range [id=b223b25b25c54edeb494c2b316b3bd44]), partition=HASH (key) PARTITION 0, RANGE (key) PARTITION 0 <= VALUES < 10
I20260601 13:26:12.838507 23281 data_dirs.cc:400] Could only allocate 1 dirs of requested 3 for tablet 183f0837c852496aad7e28e7828bfc29. 1 dirs total, 0 dirs full, 0 dirs failed
I20260601 13:26:12.838804 23282 data_dirs.cc:400] Could only allocate 1 dirs of requested 3 for tablet 36d7cba3b81d4a1587b2e6bff154aec9. 1 dirs total, 0 dirs full, 0 dirs failed
I20260601 13:26:12.839022 23275 tablet_service.cc:1511] Processing CreateTablet for tablet 0b55049d2c524c499cae2523ccafad9b (DEFAULT_TABLE table=range_aware_rebalance_new_range [id=b223b25b25c54edeb494c2b316b3bd44]), partition=HASH (key) PARTITION 7, RANGE (key) PARTITION 0 <= VALUES < 10
I20260601 13:26:12.839275 23275 data_dirs.cc:400] Could only allocate 1 dirs of requested 3 for tablet 0b55049d2c524c499cae2523ccafad9b. 1 dirs total, 0 dirs full, 0 dirs failed
I20260601 13:26:12.841161 23489 tablet_bootstrap.cc:492] T 36d7cba3b81d4a1587b2e6bff154aec9 P 050fc50764204f89845c6aae94bf1650: Bootstrap starting.
I20260601 13:26:12.841281 23276 tablet_service.cc:1511] Processing CreateTablet for tablet 0520aef474a548c5972934c3ddf850f8 (DEFAULT_TABLE table=range_aware_rebalance_new_range [id=b223b25b25c54edeb494c2b316b3bd44]), partition=HASH (key) PARTITION 6, RANGE (key) PARTITION 0 <= VALUES < 10
I20260601 13:26:12.841310 23433 tablet_service.cc:1511] Processing CreateTablet for tablet 36d7cba3b81d4a1587b2e6bff154aec9 (DEFAULT_TABLE table=range_aware_rebalance_new_range [id=b223b25b25c54edeb494c2b316b3bd44]), partition=HASH (key) PARTITION 0, RANGE (key) PARTITION 0 <= VALUES < 10
I20260601 13:26:12.841538 23276 data_dirs.cc:400] Could only allocate 1 dirs of requested 3 for tablet 0520aef474a548c5972934c3ddf850f8. 1 dirs total, 0 dirs full, 0 dirs failed
I20260601 13:26:12.841543 23433 data_dirs.cc:400] Could only allocate 1 dirs of requested 3 for tablet 36d7cba3b81d4a1587b2e6bff154aec9. 1 dirs total, 0 dirs full, 0 dirs failed
I20260601 13:26:12.841755 23432 tablet_service.cc:1511] Processing CreateTablet for tablet 183f0837c852496aad7e28e7828bfc29 (DEFAULT_TABLE table=range_aware_rebalance_new_range [id=b223b25b25c54edeb494c2b316b3bd44]), partition=HASH (key) PARTITION 1, RANGE (key) PARTITION 0 <= VALUES < 10
I20260601 13:26:12.841977 23432 data_dirs.cc:400] Could only allocate 1 dirs of requested 3 for tablet 183f0837c852496aad7e28e7828bfc29. 1 dirs total, 0 dirs full, 0 dirs failed
I20260601 13:26:12.842198 23489 tablet_bootstrap.cc:654] T 36d7cba3b81d4a1587b2e6bff154aec9 P 050fc50764204f89845c6aae94bf1650: Neither blocks nor log segments found. Creating new log.
I20260601 13:26:12.843742 23277 tablet_service.cc:1511] Processing CreateTablet for tablet c684c1f301a04907a91a5c24eeef32c6 (DEFAULT_TABLE table=range_aware_rebalance_new_range [id=b223b25b25c54edeb494c2b316b3bd44]), partition=HASH (key) PARTITION 5, RANGE (key) PARTITION 0 <= VALUES < 10
I20260601 13:26:12.844026 23277 data_dirs.cc:400] Could only allocate 1 dirs of requested 3 for tablet c684c1f301a04907a91a5c24eeef32c6. 1 dirs total, 0 dirs full, 0 dirs failed
I20260601 13:26:12.844108 23431 tablet_service.cc:1511] Processing CreateTablet for tablet 6654d705865449a5aaaad3a8656fdb51 (DEFAULT_TABLE table=range_aware_rebalance_new_range [id=b223b25b25c54edeb494c2b316b3bd44]), partition=HASH (key) PARTITION 2, RANGE (key) PARTITION 0 <= VALUES < 10
I20260601 13:26:12.844305 23431 data_dirs.cc:400] Could only allocate 1 dirs of requested 3 for tablet 6654d705865449a5aaaad3a8656fdb51. 1 dirs total, 0 dirs full, 0 dirs failed
I20260601 13:26:12.845613 23278 tablet_service.cc:1511] Processing CreateTablet for tablet 96743cacc9a44aa9865af2b3dd9a2316 (DEFAULT_TABLE table=range_aware_rebalance_new_range [id=b223b25b25c54edeb494c2b316b3bd44]), partition=HASH (key) PARTITION 4, RANGE (key) PARTITION 0 <= VALUES < 10
I20260601 13:26:12.845817 23278 data_dirs.cc:400] Could only allocate 1 dirs of requested 3 for tablet 96743cacc9a44aa9865af2b3dd9a2316. 1 dirs total, 0 dirs full, 0 dirs failed
I20260601 13:26:12.845921 23430 tablet_service.cc:1511] Processing CreateTablet for tablet 479afd9546344eeabd335cee431be338 (DEFAULT_TABLE table=range_aware_rebalance_new_range [id=b223b25b25c54edeb494c2b316b3bd44]), partition=HASH (key) PARTITION 3, RANGE (key) PARTITION 0 <= VALUES < 10
I20260601 13:26:12.846101 23430 data_dirs.cc:400] Could only allocate 1 dirs of requested 3 for tablet 479afd9546344eeabd335cee431be338. 1 dirs total, 0 dirs full, 0 dirs failed
I20260601 13:26:12.846529 23280 tablet_service.cc:1511] Processing CreateTablet for tablet 6654d705865449a5aaaad3a8656fdb51 (DEFAULT_TABLE table=range_aware_rebalance_new_range [id=b223b25b25c54edeb494c2b316b3bd44]), partition=HASH (key) PARTITION 2, RANGE (key) PARTITION 0 <= VALUES < 10
I20260601 13:26:12.846781 23280 data_dirs.cc:400] Could only allocate 1 dirs of requested 3 for tablet 6654d705865449a5aaaad3a8656fdb51. 1 dirs total, 0 dirs full, 0 dirs failed
I20260601 13:26:12.847203 23431 tablet_service.cc:1511] Processing CreateTablet for tablet 96743cacc9a44aa9865af2b3dd9a2316 (DEFAULT_TABLE table=range_aware_rebalance_new_range [id=b223b25b25c54edeb494c2b316b3bd44]), partition=HASH (key) PARTITION 4, RANGE (key) PARTITION 0 <= VALUES < 10
I20260601 13:26:12.847431 23431 data_dirs.cc:400] Could only allocate 1 dirs of requested 3 for tablet 96743cacc9a44aa9865af2b3dd9a2316. 1 dirs total, 0 dirs full, 0 dirs failed
I20260601 13:26:12.848047 23279 tablet_service.cc:1511] Processing CreateTablet for tablet 479afd9546344eeabd335cee431be338 (DEFAULT_TABLE table=range_aware_rebalance_new_range [id=b223b25b25c54edeb494c2b316b3bd44]), partition=HASH (key) PARTITION 3, RANGE (key) PARTITION 0 <= VALUES < 10
I20260601 13:26:12.848275 23279 data_dirs.cc:400] Could only allocate 1 dirs of requested 3 for tablet 479afd9546344eeabd335cee431be338. 1 dirs total, 0 dirs full, 0 dirs failed
I20260601 13:26:12.848373 23429 tablet_service.cc:1511] Processing CreateTablet for tablet 0b55049d2c524c499cae2523ccafad9b (DEFAULT_TABLE table=range_aware_rebalance_new_range [id=b223b25b25c54edeb494c2b316b3bd44]), partition=HASH (key) PARTITION 7, RANGE (key) PARTITION 0 <= VALUES < 10
I20260601 13:26:12.848613 23429 data_dirs.cc:400] Could only allocate 1 dirs of requested 3 for tablet 0b55049d2c524c499cae2523ccafad9b. 1 dirs total, 0 dirs full, 0 dirs failed
I20260601 13:26:12.849368 23433 tablet_service.cc:1511] Processing CreateTablet for tablet 0520aef474a548c5972934c3ddf850f8 (DEFAULT_TABLE table=range_aware_rebalance_new_range [id=b223b25b25c54edeb494c2b316b3bd44]), partition=HASH (key) PARTITION 6, RANGE (key) PARTITION 0 <= VALUES < 10
I20260601 13:26:12.849594 23433 data_dirs.cc:400] Could only allocate 1 dirs of requested 3 for tablet 0520aef474a548c5972934c3ddf850f8. 1 dirs total, 0 dirs full, 0 dirs failed
I20260601 13:26:12.850328 23358 tablet_service.cc:1511] Processing CreateTablet for tablet 36d7cba3b81d4a1587b2e6bff154aec9 (DEFAULT_TABLE table=range_aware_rebalance_new_range [id=b223b25b25c54edeb494c2b316b3bd44]), partition=HASH (key) PARTITION 0, RANGE (key) PARTITION 0 <= VALUES < 10
I20260601 13:26:12.850589 23358 data_dirs.cc:400] Could only allocate 1 dirs of requested 3 for tablet 36d7cba3b81d4a1587b2e6bff154aec9. 1 dirs total, 0 dirs full, 0 dirs failed
I20260601 13:26:12.850806 23357 tablet_service.cc:1511] Processing CreateTablet for tablet 183f0837c852496aad7e28e7828bfc29 (DEFAULT_TABLE table=range_aware_rebalance_new_range [id=b223b25b25c54edeb494c2b316b3bd44]), partition=HASH (key) PARTITION 1, RANGE (key) PARTITION 0 <= VALUES < 10
I20260601 13:26:12.851035 23357 data_dirs.cc:400] Could only allocate 1 dirs of requested 3 for tablet 183f0837c852496aad7e28e7828bfc29. 1 dirs total, 0 dirs full, 0 dirs failed
I20260601 13:26:12.851138 23432 tablet_service.cc:1511] Processing CreateTablet for tablet c684c1f301a04907a91a5c24eeef32c6 (DEFAULT_TABLE table=range_aware_rebalance_new_range [id=b223b25b25c54edeb494c2b316b3bd44]), partition=HASH (key) PARTITION 5, RANGE (key) PARTITION 0 <= VALUES < 10
I20260601 13:26:12.851378 23432 data_dirs.cc:400] Could only allocate 1 dirs of requested 3 for tablet c684c1f301a04907a91a5c24eeef32c6. 1 dirs total, 0 dirs full, 0 dirs failed
I20260601 13:26:12.851905 23351 tablet_service.cc:1511] Processing CreateTablet for tablet 0b55049d2c524c499cae2523ccafad9b (DEFAULT_TABLE table=range_aware_rebalance_new_range [id=b223b25b25c54edeb494c2b316b3bd44]), partition=HASH (key) PARTITION 7, RANGE (key) PARTITION 0 <= VALUES < 10
I20260601 13:26:12.852138 23351 data_dirs.cc:400] Could only allocate 1 dirs of requested 3 for tablet 0b55049d2c524c499cae2523ccafad9b. 1 dirs total, 0 dirs full, 0 dirs failed
I20260601 13:26:12.853051 23356 tablet_service.cc:1511] Processing CreateTablet for tablet 6654d705865449a5aaaad3a8656fdb51 (DEFAULT_TABLE table=range_aware_rebalance_new_range [id=b223b25b25c54edeb494c2b316b3bd44]), partition=HASH (key) PARTITION 2, RANGE (key) PARTITION 0 <= VALUES < 10
I20260601 13:26:12.853338 23356 data_dirs.cc:400] Could only allocate 1 dirs of requested 3 for tablet 6654d705865449a5aaaad3a8656fdb51. 1 dirs total, 0 dirs full, 0 dirs failed
I20260601 13:26:12.853528 23352 tablet_service.cc:1511] Processing CreateTablet for tablet 0520aef474a548c5972934c3ddf850f8 (DEFAULT_TABLE table=range_aware_rebalance_new_range [id=b223b25b25c54edeb494c2b316b3bd44]), partition=HASH (key) PARTITION 6, RANGE (key) PARTITION 0 <= VALUES < 10
I20260601 13:26:12.853782 23352 data_dirs.cc:400] Could only allocate 1 dirs of requested 3 for tablet 0520aef474a548c5972934c3ddf850f8. 1 dirs total, 0 dirs full, 0 dirs failed
I20260601 13:26:12.853991 23353 tablet_service.cc:1511] Processing CreateTablet for tablet c684c1f301a04907a91a5c24eeef32c6 (DEFAULT_TABLE table=range_aware_rebalance_new_range [id=b223b25b25c54edeb494c2b316b3bd44]), partition=HASH (key) PARTITION 5, RANGE (key) PARTITION 0 <= VALUES < 10
I20260601 13:26:12.854272 23353 data_dirs.cc:400] Could only allocate 1 dirs of requested 3 for tablet c684c1f301a04907a91a5c24eeef32c6. 1 dirs total, 0 dirs full, 0 dirs failed
I20260601 13:26:12.853065 23354 tablet_service.cc:1511] Processing CreateTablet for tablet 96743cacc9a44aa9865af2b3dd9a2316 (DEFAULT_TABLE table=range_aware_rebalance_new_range [id=b223b25b25c54edeb494c2b316b3bd44]), partition=HASH (key) PARTITION 4, RANGE (key) PARTITION 0 <= VALUES < 10
I20260601 13:26:12.855417 23354 data_dirs.cc:400] Could only allocate 1 dirs of requested 3 for tablet 96743cacc9a44aa9865af2b3dd9a2316. 1 dirs total, 0 dirs full, 0 dirs failed
I20260601 13:26:12.856292 23489 tablet_bootstrap.cc:492] T 36d7cba3b81d4a1587b2e6bff154aec9 P 050fc50764204f89845c6aae94bf1650: No bootstrap required, opened a new log
I20260601 13:26:12.856382 23489 ts_tablet_manager.cc:1403] T 36d7cba3b81d4a1587b2e6bff154aec9 P 050fc50764204f89845c6aae94bf1650: Time spent bootstrapping tablet: real 0.015s	user 0.002s	sys 0.000s
I20260601 13:26:12.853264 23355 tablet_service.cc:1511] Processing CreateTablet for tablet 479afd9546344eeabd335cee431be338 (DEFAULT_TABLE table=range_aware_rebalance_new_range [id=b223b25b25c54edeb494c2b316b3bd44]), partition=HASH (key) PARTITION 3, RANGE (key) PARTITION 0 <= VALUES < 10
I20260601 13:26:12.856612 23355 data_dirs.cc:400] Could only allocate 1 dirs of requested 3 for tablet 479afd9546344eeabd335cee431be338. 1 dirs total, 0 dirs full, 0 dirs failed
I20260601 13:26:12.856887 23489 raft_consensus.cc:359] T 36d7cba3b81d4a1587b2e6bff154aec9 P 050fc50764204f89845c6aae94bf1650 [term 0 FOLLOWER]: Replica starting. Triggering 0 pending ops. Active config: opid_index: -1 OBSOLETE_local: false peers { permanent_uuid: "050fc50764204f89845c6aae94bf1650" member_type: VOTER last_known_addr { host: "127.19.209.65" port: 38811 } } peers { permanent_uuid: "e84fbe70d23d4f41998060e65214831c" member_type: VOTER last_known_addr { host: "127.19.209.66" port: 44655 } } peers { permanent_uuid: "8bfde091318c4108ab2408d20b348f9a" member_type: VOTER last_known_addr { host: "127.19.209.67" port: 33581 } }
I20260601 13:26:12.856990 23489 raft_consensus.cc:385] T 36d7cba3b81d4a1587b2e6bff154aec9 P 050fc50764204f89845c6aae94bf1650 [term 0 FOLLOWER]: Consensus starting up: Expiring failure detector timer to make a prompt election more likely
I20260601 13:26:12.857023 23489 raft_consensus.cc:740] T 36d7cba3b81d4a1587b2e6bff154aec9 P 050fc50764204f89845c6aae94bf1650 [term 0 FOLLOWER]: Becoming Follower/Learner. State: Replica: 050fc50764204f89845c6aae94bf1650, State: Initialized, Role: FOLLOWER
I20260601 13:26:12.857177 23489 consensus_queue.cc:260] T 36d7cba3b81d4a1587b2e6bff154aec9 P 050fc50764204f89845c6aae94bf1650 [NON_LEADER]: Queue going to NON_LEADER mode. State: All replicated index: 0, Majority replicated index: 0, Committed index: 0, Last appended: 0.0, Last appended by leader: 0, Current term: 0, Majority size: -1, State: 0, Mode: NON_LEADER, active raft config: opid_index: -1 OBSOLETE_local: false peers { permanent_uuid: "050fc50764204f89845c6aae94bf1650" member_type: VOTER last_known_addr { host: "127.19.209.65" port: 38811 } } peers { permanent_uuid: "e84fbe70d23d4f41998060e65214831c" member_type: VOTER last_known_addr { host: "127.19.209.66" port: 44655 } } peers { permanent_uuid: "8bfde091318c4108ab2408d20b348f9a" member_type: VOTER last_known_addr { host: "127.19.209.67" port: 33581 } }
I20260601 13:26:12.858579 23491 tablet_bootstrap.cc:492] T 36d7cba3b81d4a1587b2e6bff154aec9 P 8bfde091318c4108ab2408d20b348f9a: Bootstrap starting.
I20260601 13:26:12.859174 23492 tablet_bootstrap.cc:492] T 36d7cba3b81d4a1587b2e6bff154aec9 P e84fbe70d23d4f41998060e65214831c: Bootstrap starting.
I20260601 13:26:12.859323 23489 ts_tablet_manager.cc:1434] T 36d7cba3b81d4a1587b2e6bff154aec9 P 050fc50764204f89845c6aae94bf1650: Time spent starting tablet: real 0.003s	user 0.002s	sys 0.000s
I20260601 13:26:12.859521 23489 tablet_bootstrap.cc:492] T 183f0837c852496aad7e28e7828bfc29 P 050fc50764204f89845c6aae94bf1650: Bootstrap starting.
I20260601 13:26:12.859666 23491 tablet_bootstrap.cc:654] T 36d7cba3b81d4a1587b2e6bff154aec9 P 8bfde091318c4108ab2408d20b348f9a: Neither blocks nor log segments found. Creating new log.
I20260601 13:26:12.860219 23492 tablet_bootstrap.cc:654] T 36d7cba3b81d4a1587b2e6bff154aec9 P e84fbe70d23d4f41998060e65214831c: Neither blocks nor log segments found. Creating new log.
I20260601 13:26:12.860617 23489 tablet_bootstrap.cc:654] T 183f0837c852496aad7e28e7828bfc29 P 050fc50764204f89845c6aae94bf1650: Neither blocks nor log segments found. Creating new log.
I20260601 13:26:12.861033 23491 tablet_bootstrap.cc:492] T 36d7cba3b81d4a1587b2e6bff154aec9 P 8bfde091318c4108ab2408d20b348f9a: No bootstrap required, opened a new log
I20260601 13:26:12.861122 23491 ts_tablet_manager.cc:1403] T 36d7cba3b81d4a1587b2e6bff154aec9 P 8bfde091318c4108ab2408d20b348f9a: Time spent bootstrapping tablet: real 0.003s	user 0.002s	sys 0.000s
I20260601 13:26:12.861375 23492 tablet_bootstrap.cc:492] T 36d7cba3b81d4a1587b2e6bff154aec9 P e84fbe70d23d4f41998060e65214831c: No bootstrap required, opened a new log
I20260601 13:26:12.861475 23492 ts_tablet_manager.cc:1403] T 36d7cba3b81d4a1587b2e6bff154aec9 P e84fbe70d23d4f41998060e65214831c: Time spent bootstrapping tablet: real 0.002s	user 0.002s	sys 0.000s
I20260601 13:26:12.861591 23491 raft_consensus.cc:359] T 36d7cba3b81d4a1587b2e6bff154aec9 P 8bfde091318c4108ab2408d20b348f9a [term 0 FOLLOWER]: Replica starting. Triggering 0 pending ops. Active config: opid_index: -1 OBSOLETE_local: false peers { permanent_uuid: "050fc50764204f89845c6aae94bf1650" member_type: VOTER last_known_addr { host: "127.19.209.65" port: 38811 } } peers { permanent_uuid: "e84fbe70d23d4f41998060e65214831c" member_type: VOTER last_known_addr { host: "127.19.209.66" port: 44655 } } peers { permanent_uuid: "8bfde091318c4108ab2408d20b348f9a" member_type: VOTER last_known_addr { host: "127.19.209.67" port: 33581 } }
I20260601 13:26:12.861703 23491 raft_consensus.cc:385] T 36d7cba3b81d4a1587b2e6bff154aec9 P 8bfde091318c4108ab2408d20b348f9a [term 0 FOLLOWER]: Consensus starting up: Expiring failure detector timer to make a prompt election more likely
I20260601 13:26:12.861743 23491 raft_consensus.cc:740] T 36d7cba3b81d4a1587b2e6bff154aec9 P 8bfde091318c4108ab2408d20b348f9a [term 0 FOLLOWER]: Becoming Follower/Learner. State: Replica: 8bfde091318c4108ab2408d20b348f9a, State: Initialized, Role: FOLLOWER
I20260601 13:26:12.861881 23489 tablet_bootstrap.cc:492] T 183f0837c852496aad7e28e7828bfc29 P 050fc50764204f89845c6aae94bf1650: No bootstrap required, opened a new log
I20260601 13:26:12.861864 23491 consensus_queue.cc:260] T 36d7cba3b81d4a1587b2e6bff154aec9 P 8bfde091318c4108ab2408d20b348f9a [NON_LEADER]: Queue going to NON_LEADER mode. State: All replicated index: 0, Majority replicated index: 0, Committed index: 0, Last appended: 0.0, Last appended by leader: 0, Current term: 0, Majority size: -1, State: 0, Mode: NON_LEADER, active raft config: opid_index: -1 OBSOLETE_local: false peers { permanent_uuid: "050fc50764204f89845c6aae94bf1650" member_type: VOTER last_known_addr { host: "127.19.209.65" port: 38811 } } peers { permanent_uuid: "e84fbe70d23d4f41998060e65214831c" member_type: VOTER last_known_addr { host: "127.19.209.66" port: 44655 } } peers { permanent_uuid: "8bfde091318c4108ab2408d20b348f9a" member_type: VOTER last_known_addr { host: "127.19.209.67" port: 33581 } }
I20260601 13:26:12.861956 23489 ts_tablet_manager.cc:1403] T 183f0837c852496aad7e28e7828bfc29 P 050fc50764204f89845c6aae94bf1650: Time spent bootstrapping tablet: real 0.002s	user 0.002s	sys 0.000s
I20260601 13:26:12.861903 23492 raft_consensus.cc:359] T 36d7cba3b81d4a1587b2e6bff154aec9 P e84fbe70d23d4f41998060e65214831c [term 0 FOLLOWER]: Replica starting. Triggering 0 pending ops. Active config: opid_index: -1 OBSOLETE_local: false peers { permanent_uuid: "050fc50764204f89845c6aae94bf1650" member_type: VOTER last_known_addr { host: "127.19.209.65" port: 38811 } } peers { permanent_uuid: "e84fbe70d23d4f41998060e65214831c" member_type: VOTER last_known_addr { host: "127.19.209.66" port: 44655 } } peers { permanent_uuid: "8bfde091318c4108ab2408d20b348f9a" member_type: VOTER last_known_addr { host: "127.19.209.67" port: 33581 } }
I20260601 13:26:12.862059 23492 raft_consensus.cc:385] T 36d7cba3b81d4a1587b2e6bff154aec9 P e84fbe70d23d4f41998060e65214831c [term 0 FOLLOWER]: Consensus starting up: Expiring failure detector timer to make a prompt election more likely
I20260601 13:26:12.862103 23492 raft_consensus.cc:740] T 36d7cba3b81d4a1587b2e6bff154aec9 P e84fbe70d23d4f41998060e65214831c [term 0 FOLLOWER]: Becoming Follower/Learner. State: Replica: e84fbe70d23d4f41998060e65214831c, State: Initialized, Role: FOLLOWER
I20260601 13:26:12.862215 23492 consensus_queue.cc:260] T 36d7cba3b81d4a1587b2e6bff154aec9 P e84fbe70d23d4f41998060e65214831c [NON_LEADER]: Queue going to NON_LEADER mode. State: All replicated index: 0, Majority replicated index: 0, Committed index: 0, Last appended: 0.0, Last appended by leader: 0, Current term: 0, Majority size: -1, State: 0, Mode: NON_LEADER, active raft config: opid_index: -1 OBSOLETE_local: false peers { permanent_uuid: "050fc50764204f89845c6aae94bf1650" member_type: VOTER last_known_addr { host: "127.19.209.65" port: 38811 } } peers { permanent_uuid: "e84fbe70d23d4f41998060e65214831c" member_type: VOTER last_known_addr { host: "127.19.209.66" port: 44655 } } peers { permanent_uuid: "8bfde091318c4108ab2408d20b348f9a" member_type: VOTER last_known_addr { host: "127.19.209.67" port: 33581 } }
I20260601 13:26:12.862412 23489 raft_consensus.cc:359] T 183f0837c852496aad7e28e7828bfc29 P 050fc50764204f89845c6aae94bf1650 [term 0 FOLLOWER]: Replica starting. Triggering 0 pending ops. Active config: opid_index: -1 OBSOLETE_local: false peers { permanent_uuid: "050fc50764204f89845c6aae94bf1650" member_type: VOTER last_known_addr { host: "127.19.209.65" port: 38811 } } peers { permanent_uuid: "e84fbe70d23d4f41998060e65214831c" member_type: VOTER last_known_addr { host: "127.19.209.66" port: 44655 } } peers { permanent_uuid: "8bfde091318c4108ab2408d20b348f9a" member_type: VOTER last_known_addr { host: "127.19.209.67" port: 33581 } }
I20260601 13:26:12.862501 23489 raft_consensus.cc:385] T 183f0837c852496aad7e28e7828bfc29 P 050fc50764204f89845c6aae94bf1650 [term 0 FOLLOWER]: Consensus starting up: Expiring failure detector timer to make a prompt election more likely
I20260601 13:26:12.862534 23489 raft_consensus.cc:740] T 183f0837c852496aad7e28e7828bfc29 P 050fc50764204f89845c6aae94bf1650 [term 0 FOLLOWER]: Becoming Follower/Learner. State: Replica: 050fc50764204f89845c6aae94bf1650, State: Initialized, Role: FOLLOWER
I20260601 13:26:12.862615 23492 ts_tablet_manager.cc:1434] T 36d7cba3b81d4a1587b2e6bff154aec9 P e84fbe70d23d4f41998060e65214831c: Time spent starting tablet: real 0.001s	user 0.000s	sys 0.001s
I20260601 13:26:12.862663 23489 consensus_queue.cc:260] T 183f0837c852496aad7e28e7828bfc29 P 050fc50764204f89845c6aae94bf1650 [NON_LEADER]: Queue going to NON_LEADER mode. State: All replicated index: 0, Majority replicated index: 0, Committed index: 0, Last appended: 0.0, Last appended by leader: 0, Current term: 0, Majority size: -1, State: 0, Mode: NON_LEADER, active raft config: opid_index: -1 OBSOLETE_local: false peers { permanent_uuid: "050fc50764204f89845c6aae94bf1650" member_type: VOTER last_known_addr { host: "127.19.209.65" port: 38811 } } peers { permanent_uuid: "e84fbe70d23d4f41998060e65214831c" member_type: VOTER last_known_addr { host: "127.19.209.66" port: 44655 } } peers { permanent_uuid: "8bfde091318c4108ab2408d20b348f9a" member_type: VOTER last_known_addr { host: "127.19.209.67" port: 33581 } }
I20260601 13:26:12.862790 23492 tablet_bootstrap.cc:492] T 6654d705865449a5aaaad3a8656fdb51 P e84fbe70d23d4f41998060e65214831c: Bootstrap starting.
I20260601 13:26:12.862933 23489 ts_tablet_manager.cc:1434] T 183f0837c852496aad7e28e7828bfc29 P 050fc50764204f89845c6aae94bf1650: Time spent starting tablet: real 0.001s	user 0.001s	sys 0.000s
I20260601 13:26:12.863111 23489 tablet_bootstrap.cc:492] T 0b55049d2c524c499cae2523ccafad9b P 050fc50764204f89845c6aae94bf1650: Bootstrap starting.
I20260601 13:26:12.862223 23491 ts_tablet_manager.cc:1434] T 36d7cba3b81d4a1587b2e6bff154aec9 P 8bfde091318c4108ab2408d20b348f9a: Time spent starting tablet: real 0.001s	user 0.001s	sys 0.000s
I20260601 13:26:12.863634 23491 tablet_bootstrap.cc:492] T 183f0837c852496aad7e28e7828bfc29 P 8bfde091318c4108ab2408d20b348f9a: Bootstrap starting.
I20260601 13:26:12.863850 23492 tablet_bootstrap.cc:654] T 6654d705865449a5aaaad3a8656fdb51 P e84fbe70d23d4f41998060e65214831c: Neither blocks nor log segments found. Creating new log.
I20260601 13:26:12.864053 23489 tablet_bootstrap.cc:654] T 0b55049d2c524c499cae2523ccafad9b P 050fc50764204f89845c6aae94bf1650: Neither blocks nor log segments found. Creating new log.
I20260601 13:26:12.864684 23491 tablet_bootstrap.cc:654] T 183f0837c852496aad7e28e7828bfc29 P 8bfde091318c4108ab2408d20b348f9a: Neither blocks nor log segments found. Creating new log.
I20260601 13:26:12.865490 23489 tablet_bootstrap.cc:492] T 0b55049d2c524c499cae2523ccafad9b P 050fc50764204f89845c6aae94bf1650: No bootstrap required, opened a new log
I20260601 13:26:12.865597 23489 ts_tablet_manager.cc:1403] T 0b55049d2c524c499cae2523ccafad9b P 050fc50764204f89845c6aae94bf1650: Time spent bootstrapping tablet: real 0.003s	user 0.002s	sys 0.000s
I20260601 13:26:12.865975 23491 tablet_bootstrap.cc:492] T 183f0837c852496aad7e28e7828bfc29 P 8bfde091318c4108ab2408d20b348f9a: No bootstrap required, opened a new log
I20260601 13:26:12.866061 23491 ts_tablet_manager.cc:1403] T 183f0837c852496aad7e28e7828bfc29 P 8bfde091318c4108ab2408d20b348f9a: Time spent bootstrapping tablet: real 0.002s	user 0.002s	sys 0.000s
I20260601 13:26:12.866048 23489 raft_consensus.cc:359] T 0b55049d2c524c499cae2523ccafad9b P 050fc50764204f89845c6aae94bf1650 [term 0 FOLLOWER]: Replica starting. Triggering 0 pending ops. Active config: opid_index: -1 OBSOLETE_local: false peers { permanent_uuid: "050fc50764204f89845c6aae94bf1650" member_type: VOTER last_known_addr { host: "127.19.209.65" port: 38811 } } peers { permanent_uuid: "e84fbe70d23d4f41998060e65214831c" member_type: VOTER last_known_addr { host: "127.19.209.66" port: 44655 } } peers { permanent_uuid: "8bfde091318c4108ab2408d20b348f9a" member_type: VOTER last_known_addr { host: "127.19.209.67" port: 33581 } }
I20260601 13:26:12.866170 23489 raft_consensus.cc:385] T 0b55049d2c524c499cae2523ccafad9b P 050fc50764204f89845c6aae94bf1650 [term 0 FOLLOWER]: Consensus starting up: Expiring failure detector timer to make a prompt election more likely
I20260601 13:26:12.866211 23489 raft_consensus.cc:740] T 0b55049d2c524c499cae2523ccafad9b P 050fc50764204f89845c6aae94bf1650 [term 0 FOLLOWER]: Becoming Follower/Learner. State: Replica: 050fc50764204f89845c6aae94bf1650, State: Initialized, Role: FOLLOWER
I20260601 13:26:12.866366 23489 consensus_queue.cc:260] T 0b55049d2c524c499cae2523ccafad9b P 050fc50764204f89845c6aae94bf1650 [NON_LEADER]: Queue going to NON_LEADER mode. State: All replicated index: 0, Majority replicated index: 0, Committed index: 0, Last appended: 0.0, Last appended by leader: 0, Current term: 0, Majority size: -1, State: 0, Mode: NON_LEADER, active raft config: opid_index: -1 OBSOLETE_local: false peers { permanent_uuid: "050fc50764204f89845c6aae94bf1650" member_type: VOTER last_known_addr { host: "127.19.209.65" port: 38811 } } peers { permanent_uuid: "e84fbe70d23d4f41998060e65214831c" member_type: VOTER last_known_addr { host: "127.19.209.66" port: 44655 } } peers { permanent_uuid: "8bfde091318c4108ab2408d20b348f9a" member_type: VOTER last_known_addr { host: "127.19.209.67" port: 33581 } }
I20260601 13:26:12.866453 23492 tablet_bootstrap.cc:492] T 6654d705865449a5aaaad3a8656fdb51 P e84fbe70d23d4f41998060e65214831c: No bootstrap required, opened a new log
I20260601 13:26:12.866518 23492 ts_tablet_manager.cc:1403] T 6654d705865449a5aaaad3a8656fdb51 P e84fbe70d23d4f41998060e65214831c: Time spent bootstrapping tablet: real 0.004s	user 0.000s	sys 0.002s
I20260601 13:26:12.866618 23491 raft_consensus.cc:359] T 183f0837c852496aad7e28e7828bfc29 P 8bfde091318c4108ab2408d20b348f9a [term 0 FOLLOWER]: Replica starting. Triggering 0 pending ops. Active config: opid_index: -1 OBSOLETE_local: false peers { permanent_uuid: "050fc50764204f89845c6aae94bf1650" member_type: VOTER last_known_addr { host: "127.19.209.65" port: 38811 } } peers { permanent_uuid: "e84fbe70d23d4f41998060e65214831c" member_type: VOTER last_known_addr { host: "127.19.209.66" port: 44655 } } peers { permanent_uuid: "8bfde091318c4108ab2408d20b348f9a" member_type: VOTER last_known_addr { host: "127.19.209.67" port: 33581 } }
I20260601 13:26:12.866727 23491 raft_consensus.cc:385] T 183f0837c852496aad7e28e7828bfc29 P 8bfde091318c4108ab2408d20b348f9a [term 0 FOLLOWER]: Consensus starting up: Expiring failure detector timer to make a prompt election more likely
I20260601 13:26:12.866760 23491 raft_consensus.cc:740] T 183f0837c852496aad7e28e7828bfc29 P 8bfde091318c4108ab2408d20b348f9a [term 0 FOLLOWER]: Becoming Follower/Learner. State: Replica: 8bfde091318c4108ab2408d20b348f9a, State: Initialized, Role: FOLLOWER
I20260601 13:26:12.866892 23491 consensus_queue.cc:260] T 183f0837c852496aad7e28e7828bfc29 P 8bfde091318c4108ab2408d20b348f9a [NON_LEADER]: Queue going to NON_LEADER mode. State: All replicated index: 0, Majority replicated index: 0, Committed index: 0, Last appended: 0.0, Last appended by leader: 0, Current term: 0, Majority size: -1, State: 0, Mode: NON_LEADER, active raft config: opid_index: -1 OBSOLETE_local: false peers { permanent_uuid: "050fc50764204f89845c6aae94bf1650" member_type: VOTER last_known_addr { host: "127.19.209.65" port: 38811 } } peers { permanent_uuid: "e84fbe70d23d4f41998060e65214831c" member_type: VOTER last_known_addr { host: "127.19.209.66" port: 44655 } } peers { permanent_uuid: "8bfde091318c4108ab2408d20b348f9a" member_type: VOTER last_known_addr { host: "127.19.209.67" port: 33581 } }
I20260601 13:26:12.866905 23492 raft_consensus.cc:359] T 6654d705865449a5aaaad3a8656fdb51 P e84fbe70d23d4f41998060e65214831c [term 0 FOLLOWER]: Replica starting. Triggering 0 pending ops. Active config: opid_index: -1 OBSOLETE_local: false peers { permanent_uuid: "050fc50764204f89845c6aae94bf1650" member_type: VOTER last_known_addr { host: "127.19.209.65" port: 38811 } } peers { permanent_uuid: "e84fbe70d23d4f41998060e65214831c" member_type: VOTER last_known_addr { host: "127.19.209.66" port: 44655 } } peers { permanent_uuid: "8bfde091318c4108ab2408d20b348f9a" member_type: VOTER last_known_addr { host: "127.19.209.67" port: 33581 } }
I20260601 13:26:12.866998 23492 raft_consensus.cc:385] T 6654d705865449a5aaaad3a8656fdb51 P e84fbe70d23d4f41998060e65214831c [term 0 FOLLOWER]: Consensus starting up: Expiring failure detector timer to make a prompt election more likely
I20260601 13:26:12.867034 23492 raft_consensus.cc:740] T 6654d705865449a5aaaad3a8656fdb51 P e84fbe70d23d4f41998060e65214831c [term 0 FOLLOWER]: Becoming Follower/Learner. State: Replica: e84fbe70d23d4f41998060e65214831c, State: Initialized, Role: FOLLOWER
I20260601 13:26:12.866636 23489 ts_tablet_manager.cc:1434] T 0b55049d2c524c499cae2523ccafad9b P 050fc50764204f89845c6aae94bf1650: Time spent starting tablet: real 0.001s	user 0.000s	sys 0.001s
I20260601 13:26:12.867157 23491 ts_tablet_manager.cc:1434] T 183f0837c852496aad7e28e7828bfc29 P 8bfde091318c4108ab2408d20b348f9a: Time spent starting tablet: real 0.001s	user 0.000s	sys 0.000s
I20260601 13:26:12.867342 23489 tablet_bootstrap.cc:492] T 0520aef474a548c5972934c3ddf850f8 P 050fc50764204f89845c6aae94bf1650: Bootstrap starting.
I20260601 13:26:12.867478 23491 tablet_bootstrap.cc:492] T 6654d705865449a5aaaad3a8656fdb51 P 8bfde091318c4108ab2408d20b348f9a: Bootstrap starting.
I20260601 13:26:12.868378 23489 tablet_bootstrap.cc:654] T 0520aef474a548c5972934c3ddf850f8 P 050fc50764204f89845c6aae94bf1650: Neither blocks nor log segments found. Creating new log.
I20260601 13:26:12.868546 23491 tablet_bootstrap.cc:654] T 6654d705865449a5aaaad3a8656fdb51 P 8bfde091318c4108ab2408d20b348f9a: Neither blocks nor log segments found. Creating new log.
