I20260601 13:24:59.042398 25903 raft_consensus.cc:515] T 00000000000000000000000000000000 P 890869ba4d714e638bb42cc7d68ed766 [term 1 FOLLOWER]: Starting leader election with config: opid_index: -1 OBSOLETE_local: false peers { permanent_uuid: "890869ba4d714e638bb42cc7d68ed766" member_type: VOTER last_known_addr { host: "127.25.21.190" port: 35529 } } peers { permanent_uuid: "b09d29ec866c4d7a976af41a186a500f" member_type: VOTER last_known_addr { host: "127.25.21.189" port: 40135 } } peers { permanent_uuid: "4631ed312fd84b919030fbf6e5bec253" member_type: VOTER last_known_addr { host: "127.25.21.188" port: 33499 } }
I20260601 13:24:59.042761 25903 leader_election.cc:290] T 00000000000000000000000000000000 P 890869ba4d714e638bb42cc7d68ed766 [CANDIDATE]: Term 1 election: Requested vote from peers b09d29ec866c4d7a976af41a186a500f (127.25.21.189:40135), 4631ed312fd84b919030fbf6e5bec253 (127.25.21.188:33499)
I20260601 13:24:59.043020 25792 tablet_service.cc:1917] Received RequestConsensusVote() RPC: tablet_id: "00000000000000000000000000000000" candidate_uuid: "890869ba4d714e638bb42cc7d68ed766" candidate_term: 1 candidate_status { last_received { term: 0 index: 0 } } ignore_live_leader: false dest_uuid: "b09d29ec866c4d7a976af41a186a500f"
I20260601 13:24:59.043063 25858 tablet_service.cc:1917] Received RequestConsensusVote() RPC: tablet_id: "00000000000000000000000000000000" candidate_uuid: "890869ba4d714e638bb42cc7d68ed766" candidate_term: 1 candidate_status { last_received { term: 0 index: 0 } } ignore_live_leader: false dest_uuid: "4631ed312fd84b919030fbf6e5bec253"
I20260601 13:24:59.043128 25792 raft_consensus.cc:3060] T 00000000000000000000000000000000 P b09d29ec866c4d7a976af41a186a500f [term 0 FOLLOWER]: Advancing to term 1
I20260601 13:24:59.043177 25858 raft_consensus.cc:3060] T 00000000000000000000000000000000 P 4631ed312fd84b919030fbf6e5bec253 [term 0 FOLLOWER]: Advancing to term 1
I20260601 13:24:59.043982 25858 raft_consensus.cc:2468] T 00000000000000000000000000000000 P 4631ed312fd84b919030fbf6e5bec253 [term 1 FOLLOWER]: Leader election vote request: Granting yes vote for candidate 890869ba4d714e638bb42cc7d68ed766 in term 1.
I20260601 13:24:59.044154 25792 raft_consensus.cc:2468] T 00000000000000000000000000000000 P b09d29ec866c4d7a976af41a186a500f [term 1 FOLLOWER]: Leader election vote request: Granting yes vote for candidate 890869ba4d714e638bb42cc7d68ed766 in term 1.
I20260601 13:24:59.044291 25701 leader_election.cc:304] T 00000000000000000000000000000000 P 890869ba4d714e638bb42cc7d68ed766 [CANDIDATE]: Term 1 election: Election decided. Result: candidate won. Election summary: received 2 responses out of 3 voters: 2 yes votes; 0 no votes. yes voters: 4631ed312fd84b919030fbf6e5bec253, 890869ba4d714e638bb42cc7d68ed766; no voters: 
I20260601 13:24:59.044427 25903 raft_consensus.cc:2804] T 00000000000000000000000000000000 P 890869ba4d714e638bb42cc7d68ed766 [term 1 FOLLOWER]: Leader election won for term 1
I20260601 13:24:59.044637 25903 raft_consensus.cc:697] T 00000000000000000000000000000000 P 890869ba4d714e638bb42cc7d68ed766 [term 1 LEADER]: Becoming Leader. State: Replica: 890869ba4d714e638bb42cc7d68ed766, State: Running, Role: LEADER
I20260601 13:24:59.044907 25903 consensus_queue.cc:237] T 00000000000000000000000000000000 P 890869ba4d714e638bb42cc7d68ed766 [LEADER]: Queue going to LEADER mode. State: All replicated index: 0, Majority replicated index: 0, Committed index: 0, Last appended: 0.0, Last appended by leader: 0, Current term: 1, Majority size: 2, State: 0, Mode: LEADER, active raft config: opid_index: -1 OBSOLETE_local: false peers { permanent_uuid: "890869ba4d714e638bb42cc7d68ed766" member_type: VOTER last_known_addr { host: "127.25.21.190" port: 35529 } } peers { permanent_uuid: "b09d29ec866c4d7a976af41a186a500f" member_type: VOTER last_known_addr { host: "127.25.21.189" port: 40135 } } peers { permanent_uuid: "4631ed312fd84b919030fbf6e5bec253" member_type: VOTER last_known_addr { host: "127.25.21.188" port: 33499 } }
I20260601 13:24:59.044149 26157 acceptor_pool.cc:272] collecting diagnostics on the listening RPC socket 127.25.21.131:41437 every 8 connection(s)
I20260601 13:24:59.046684 26162 sys_catalog.cc:455] T 00000000000000000000000000000000 P 890869ba4d714e638bb42cc7d68ed766 [sys.catalog]: SysCatalogTable state changed. Reason: New leader 890869ba4d714e638bb42cc7d68ed766. Latest consensus state: current_term: 1 leader_uuid: "890869ba4d714e638bb42cc7d68ed766" committed_config { opid_index: -1 OBSOLETE_local: false peers { permanent_uuid: "890869ba4d714e638bb42cc7d68ed766" member_type: VOTER last_known_addr { host: "127.25.21.190" port: 35529 } } peers { permanent_uuid: "b09d29ec866c4d7a976af41a186a500f" member_type: VOTER last_known_addr { host: "127.25.21.189" port: 40135 } } peers { permanent_uuid: "4631ed312fd84b919030fbf6e5bec253" member_type: VOTER last_known_addr { host: "127.25.21.188" port: 33499 } } }
I20260601 13:24:59.047816 26162 sys_catalog.cc:458] T 00000000000000000000000000000000 P 890869ba4d714e638bb42cc7d68ed766 [sys.catalog]: This master's current role is: LEADER
I20260601 13:24:59.048535 26166 catalog_manager.cc:1510] Loading table and tablet metadata into memory...
I20260601 13:24:59.051195 26166 catalog_manager.cc:1519] Initializing Kudu cluster ID...
I20260601 13:24:59.051824 26160 heartbeater.cc:344] Connected to a master server at 127.25.21.189:40135
I20260601 13:24:59.051919 26160 heartbeater.cc:461] Registering TS with master...
I20260601 13:24:59.052060 26159 heartbeater.cc:344] Connected to a master server at 127.25.21.188:33499
I20260601 13:24:59.053700 26159 heartbeater.cc:461] Registering TS with master...
I20260601 13:24:59.053920 26159 heartbeater.cc:507] Master 127.25.21.188:33499 requested a full tablet report, sending...
I20260601 13:24:59.052135 26160 heartbeater.cc:507] Master 127.25.21.189:40135 requested a full tablet report, sending...
I20260601 13:24:59.054589 25781 ts_manager.cc:194] Registered new tserver with Master: 4a5ff12f3055448b8372dbb0ef07fe1c (127.25.21.131:41437)
I20260601 13:24:59.054664 25848 ts_manager.cc:194] Registered new tserver with Master: 4a5ff12f3055448b8372dbb0ef07fe1c (127.25.21.131:41437)
I20260601 13:24:59.055773 26158 heartbeater.cc:344] Connected to a master server at 127.25.21.190:35529
I20260601 13:24:59.055877 26158 heartbeater.cc:461] Registering TS with master...
I20260601 13:24:59.056061 26158 heartbeater.cc:507] Master 127.25.21.190:35529 requested a full tablet report, sending...
I20260601 13:24:59.056624 25716 ts_manager.cc:194] Registered new tserver with Master: 4a5ff12f3055448b8372dbb0ef07fe1c (127.25.21.131:41437)
I20260601 13:24:59.057318 25686 internal_mini_cluster.cc:371] 3 TS(s) registered with all masters after 0.015259602s
I20260601 13:24:59.058243 25858 raft_consensus.cc:1275] T 00000000000000000000000000000000 P 4631ed312fd84b919030fbf6e5bec253 [term 1 FOLLOWER]: Refusing update from remote peer 890869ba4d714e638bb42cc7d68ed766: Log matching property violated. Preceding OpId in replica: term: 0 index: 0. Preceding OpId from leader: term: 1 index: 2. (index mismatch)
I20260601 13:24:59.058804 26162 consensus_queue.cc:1048] T 00000000000000000000000000000000 P 890869ba4d714e638bb42cc7d68ed766 [LEADER]: Connected to new peer: Peer: permanent_uuid: "4631ed312fd84b919030fbf6e5bec253" member_type: VOTER last_known_addr { host: "127.25.21.188" port: 33499 }, Status: LMP_MISMATCH, Last received: 0.0, Next index: 1, Last known committed idx: 0, Time since last communication: 0.000s
I20260601 13:24:59.058949 25792 raft_consensus.cc:1275] T 00000000000000000000000000000000 P b09d29ec866c4d7a976af41a186a500f [term 1 FOLLOWER]: Refusing update from remote peer 890869ba4d714e638bb42cc7d68ed766: Log matching property violated. Preceding OpId in replica: term: 0 index: 0. Preceding OpId from leader: term: 1 index: 2. (index mismatch)
I20260601 13:24:59.059301 26162 consensus_queue.cc:1048] T 00000000000000000000000000000000 P 890869ba4d714e638bb42cc7d68ed766 [LEADER]: Connected to new peer: Peer: permanent_uuid: "b09d29ec866c4d7a976af41a186a500f" member_type: VOTER last_known_addr { host: "127.25.21.189" port: 40135 }, Status: LMP_MISMATCH, Last received: 0.0, Next index: 1, Last known committed idx: 0, Time since last communication: 0.000s
I20260601 13:24:59.060844 25889 sys_catalog.cc:455] T 00000000000000000000000000000000 P 4631ed312fd84b919030fbf6e5bec253 [sys.catalog]: SysCatalogTable state changed. Reason: New leader 890869ba4d714e638bb42cc7d68ed766. Latest consensus state: current_term: 1 leader_uuid: "890869ba4d714e638bb42cc7d68ed766" committed_config { opid_index: -1 OBSOLETE_local: false peers { permanent_uuid: "890869ba4d714e638bb42cc7d68ed766" member_type: VOTER last_known_addr { host: "127.25.21.190" port: 35529 } } peers { permanent_uuid: "b09d29ec866c4d7a976af41a186a500f" member_type: VOTER last_known_addr { host: "127.25.21.189" port: 40135 } } peers { permanent_uuid: "4631ed312fd84b919030fbf6e5bec253" member_type: VOTER last_known_addr { host: "127.25.21.188" port: 33499 } } }
I20260601 13:24:59.060854 25916 sys_catalog.cc:455] T 00000000000000000000000000000000 P b09d29ec866c4d7a976af41a186a500f [sys.catalog]: SysCatalogTable state changed. Reason: New leader 890869ba4d714e638bb42cc7d68ed766. Latest consensus state: current_term: 1 leader_uuid: "890869ba4d714e638bb42cc7d68ed766" committed_config { opid_index: -1 OBSOLETE_local: false peers { permanent_uuid: "890869ba4d714e638bb42cc7d68ed766" member_type: VOTER last_known_addr { host: "127.25.21.190" port: 35529 } } peers { permanent_uuid: "b09d29ec866c4d7a976af41a186a500f" member_type: VOTER last_known_addr { host: "127.25.21.189" port: 40135 } } peers { permanent_uuid: "4631ed312fd84b919030fbf6e5bec253" member_type: VOTER last_known_addr { host: "127.25.21.188" port: 33499 } } }
I20260601 13:24:59.060971 25889 sys_catalog.cc:458] T 00000000000000000000000000000000 P 4631ed312fd84b919030fbf6e5bec253 [sys.catalog]: This master's current role is: FOLLOWER
I20260601 13:24:59.060988 25916 sys_catalog.cc:458] T 00000000000000000000000000000000 P b09d29ec866c4d7a976af41a186a500f [sys.catalog]: This master's current role is: FOLLOWER
I20260601 13:24:59.062781 26162 sys_catalog.cc:455] T 00000000000000000000000000000000 P 890869ba4d714e638bb42cc7d68ed766 [sys.catalog]: SysCatalogTable state changed. Reason: Peer health change. Latest consensus state: current_term: 1 leader_uuid: "890869ba4d714e638bb42cc7d68ed766" committed_config { opid_index: -1 OBSOLETE_local: false peers { permanent_uuid: "890869ba4d714e638bb42cc7d68ed766" member_type: VOTER last_known_addr { host: "127.25.21.190" port: 35529 } } peers { permanent_uuid: "b09d29ec866c4d7a976af41a186a500f" member_type: VOTER last_known_addr { host: "127.25.21.189" port: 40135 } } peers { permanent_uuid: "4631ed312fd84b919030fbf6e5bec253" member_type: VOTER last_known_addr { host: "127.25.21.188" port: 33499 } } }
I20260601 13:24:59.062875 26162 sys_catalog.cc:458] T 00000000000000000000000000000000 P 890869ba4d714e638bb42cc7d68ed766 [sys.catalog]: This master's current role is: LEADER
I20260601 13:24:59.062958 26162 sys_catalog.cc:455] T 00000000000000000000000000000000 P 890869ba4d714e638bb42cc7d68ed766 [sys.catalog]: SysCatalogTable state changed. Reason: Peer health change. Latest consensus state: current_term: 1 leader_uuid: "890869ba4d714e638bb42cc7d68ed766" committed_config { opid_index: -1 OBSOLETE_local: false peers { permanent_uuid: "890869ba4d714e638bb42cc7d68ed766" member_type: VOTER last_known_addr { host: "127.25.21.190" port: 35529 } } peers { permanent_uuid: "b09d29ec866c4d7a976af41a186a500f" member_type: VOTER last_known_addr { host: "127.25.21.189" port: 40135 } } peers { permanent_uuid: "4631ed312fd84b919030fbf6e5bec253" member_type: VOTER last_known_addr { host: "127.25.21.188" port: 33499 } } }
I20260601 13:24:59.063021 26162 sys_catalog.cc:458] T 00000000000000000000000000000000 P 890869ba4d714e638bb42cc7d68ed766 [sys.catalog]: This master's current role is: LEADER
I20260601 13:24:59.063402 26170 mvcc.cc:204] Tried to move back new op lower bound from 7292191944936255488 to 7292191944890257408. Current Snapshot: MvccSnapshot[applied={T|T < 7292191944936255488}]
I20260601 13:24:59.063441 25889 sys_catalog.cc:455] T 00000000000000000000000000000000 P 4631ed312fd84b919030fbf6e5bec253 [sys.catalog]: SysCatalogTable state changed. Reason: Replicated consensus-only round. Latest consensus state: current_term: 1 leader_uuid: "890869ba4d714e638bb42cc7d68ed766" committed_config { opid_index: -1 OBSOLETE_local: false peers { permanent_uuid: "890869ba4d714e638bb42cc7d68ed766" member_type: VOTER last_known_addr { host: "127.25.21.190" port: 35529 } } peers { permanent_uuid: "b09d29ec866c4d7a976af41a186a500f" member_type: VOTER last_known_addr { host: "127.25.21.189" port: 40135 } } peers { permanent_uuid: "4631ed312fd84b919030fbf6e5bec253" member_type: VOTER last_known_addr { host: "127.25.21.188" port: 33499 } } }
I20260601 13:24:59.063541 25889 sys_catalog.cc:458] T 00000000000000000000000000000000 P 4631ed312fd84b919030fbf6e5bec253 [sys.catalog]: This master's current role is: FOLLOWER
I20260601 13:24:59.064175 25916 sys_catalog.cc:455] T 00000000000000000000000000000000 P b09d29ec866c4d7a976af41a186a500f [sys.catalog]: SysCatalogTable state changed. Reason: Replicated consensus-only round. Latest consensus state: current_term: 1 leader_uuid: "890869ba4d714e638bb42cc7d68ed766" committed_config { opid_index: -1 OBSOLETE_local: false peers { permanent_uuid: "890869ba4d714e638bb42cc7d68ed766" member_type: VOTER last_known_addr { host: "127.25.21.190" port: 35529 } } peers { permanent_uuid: "b09d29ec866c4d7a976af41a186a500f" member_type: VOTER last_known_addr { host: "127.25.21.189" port: 40135 } } peers { permanent_uuid: "4631ed312fd84b919030fbf6e5bec253" member_type: VOTER last_known_addr { host: "127.25.21.188" port: 33499 } } }
I20260601 13:24:59.064263 25916 sys_catalog.cc:458] T 00000000000000000000000000000000 P b09d29ec866c4d7a976af41a186a500f [sys.catalog]: This master's current role is: FOLLOWER
I20260601 13:24:59.064750 26166 catalog_manager.cc:1382] Generated new cluster ID: fb4e68618f6b4567a5b79056b3fbceb4
I20260601 13:24:59.064808 26166 catalog_manager.cc:1530] Initializing Kudu internal certificate authority...
I20260601 13:24:59.092916 26166 catalog_manager.cc:1405] Generated new certificate authority record
I20260601 13:24:59.094300 26166 catalog_manager.cc:1539] Loading token signing keys...
I20260601 13:24:59.104810 26166 catalog_manager.cc:6069] T 00000000000000000000000000000000 P 890869ba4d714e638bb42cc7d68ed766: Generated new TSK 0
I20260601 13:24:59.105741 26166 catalog_manager.cc:1549] Initializing in-progress tserver states...
I20260601 13:24:59.928009 25900 catalog_manager.cc:1294] Loaded cluster ID: fb4e68618f6b4567a5b79056b3fbceb4
I20260601 13:24:59.928105 25900 catalog_manager.cc:1587] T 00000000000000000000000000000000 P 4631ed312fd84b919030fbf6e5bec253: loading cluster ID for follower catalog manager: success
I20260601 13:24:59.930362 25900 catalog_manager.cc:1609] T 00000000000000000000000000000000 P 4631ed312fd84b919030fbf6e5bec253: acquiring CA information for follower catalog manager: success
I20260601 13:24:59.931456 25900 catalog_manager.cc:1637] T 00000000000000000000000000000000 P 4631ed312fd84b919030fbf6e5bec253: importing token verification keys for follower catalog manager: success; most recent TSK sequence number 0
I20260601 13:24:59.950861 25927 catalog_manager.cc:1294] Loaded cluster ID: fb4e68618f6b4567a5b79056b3fbceb4
I20260601 13:24:59.950945 25927 catalog_manager.cc:1587] T 00000000000000000000000000000000 P b09d29ec866c4d7a976af41a186a500f: loading cluster ID for follower catalog manager: success
I20260601 13:24:59.952019 25927 catalog_manager.cc:1609] T 00000000000000000000000000000000 P b09d29ec866c4d7a976af41a186a500f: acquiring CA information for follower catalog manager: success
I20260601 13:24:59.952489 25927 catalog_manager.cc:1637] T 00000000000000000000000000000000 P b09d29ec866c4d7a976af41a186a500f: importing token verification keys for follower catalog manager: success; most recent TSK sequence number 0
I20260601 13:24:59.988871 25716 master_service.cc:502] Signed X509 certificate for tserver {username='slave'} at 127.0.0.1:50240
I20260601 13:25:00.013257 25716 master_service.cc:502] Signed X509 certificate for tserver {username='slave'} at 127.0.0.1:50244
I20260601 13:25:00.058158 25716 master_service.cc:502] Signed X509 certificate for tserver {username='slave'} at 127.0.0.1:50250
I20260601 13:25:00.937808 25913 auto_leader_rebalancer.cc:451] All tables' leader rebalancing finished this round
I20260601 13:25:00.990000 26000 heartbeater.cc:499] Master 127.25.21.190:35529 was elected leader, sending a full tablet report...
I20260601 13:25:01.014201 26079 heartbeater.cc:499] Master 127.25.21.190:35529 was elected leader, sending a full tablet report...
I20260601 13:25:01.059362 26158 heartbeater.cc:499] Master 127.25.21.190:35529 was elected leader, sending a full tablet report...
I20260601 13:25:01.227669 25716 catalog_manager.cc:2282] Servicing CreateTable request from {username='slave'} at 127.0.0.1:49840:
name: "test-workload"
schema {
  columns {
    name: "key"
    type: INT32
    is_key: true
    is_nullable: false
    encoding: AUTO_ENCODING
    compression: DEFAULT_COMPRESSION
    cfile_block_size: 0
    immutable: false
  }
  columns {
    name: "int_val"
    type: INT32
    is_key: false
    is_nullable: false
    encoding: AUTO_ENCODING
    compression: DEFAULT_COMPRESSION
    cfile_block_size: 0
    immutable: false
  }
  columns {
    name: "string_val"
    type: STRING
    is_key: false
    is_nullable: true
    encoding: AUTO_ENCODING
    compression: DEFAULT_COMPRESSION
    cfile_block_size: 0
    immutable: false
  }
}
num_replicas: 1
split_rows_range_bounds {
  rows: "\004\001\000\377\377\377\037\004\001\000\376\377\377?\004\001\000\375\377\377_""\004\001\000\377\377\377\037\004\001\000\376\377\377?\004\001\000\375\377\377_"
  indirect_data: """"
}
partition_schema {
  range_schema {
    columns {
      name: "key"
    }
  }
}
I20260601 13:25:01.246918 26122 tablet_service.cc:1511] Processing CreateTablet for tablet c3e64eb787e74b68809c5158c0223980 (DEFAULT_TABLE table=test-workload [id=1e97405e446849b8b92caab72da3a50d]), partition=RANGE (key) PARTITION VALUES < 536870911
I20260601 13:25:01.247416 26122 data_dirs.cc:400] Could only allocate 1 dirs of requested 3 for tablet c3e64eb787e74b68809c5158c0223980. 1 dirs total, 0 dirs full, 0 dirs failed
I20260601 13:25:01.247977 25963 tablet_service.cc:1511] Processing CreateTablet for tablet 8f1074b28a7f4d429c2fc434d7d92aad (DEFAULT_TABLE table=test-workload [id=1e97405e446849b8b92caab72da3a50d]), partition=RANGE (key) PARTITION 1610612733 <= VALUES
I20260601 13:25:01.247957 25964 tablet_service.cc:1511] Processing CreateTablet for tablet bfe298b93136496984fb21c8845d6785 (DEFAULT_TABLE table=test-workload [id=1e97405e446849b8b92caab72da3a50d]), partition=RANGE (key) PARTITION 1073741822 <= VALUES < 1610612733
I20260601 13:25:01.248297 25963 data_dirs.cc:400] Could only allocate 1 dirs of requested 3 for tablet 8f1074b28a7f4d429c2fc434d7d92aad. 1 dirs total, 0 dirs full, 0 dirs failed
I20260601 13:25:01.248399 25964 data_dirs.cc:400] Could only allocate 1 dirs of requested 3 for tablet bfe298b93136496984fb21c8845d6785. 1 dirs total, 0 dirs full, 0 dirs failed
I20260601 13:25:01.249946 26205 tablet_bootstrap.cc:492] T c3e64eb787e74b68809c5158c0223980 P 4a5ff12f3055448b8372dbb0ef07fe1c: Bootstrap starting.
I20260601 13:25:01.250313 26043 tablet_service.cc:1511] Processing CreateTablet for tablet b44daac7d46c4e779c1b28077cb073d9 (DEFAULT_TABLE table=test-workload [id=1e97405e446849b8b92caab72da3a50d]), partition=RANGE (key) PARTITION 536870911 <= VALUES < 1073741822
I20260601 13:25:01.250558 26206 tablet_bootstrap.cc:492] T bfe298b93136496984fb21c8845d6785 P 3404ad91d19b457f8d45deccf25172a1: Bootstrap starting.
I20260601 13:25:01.250576 26043 data_dirs.cc:400] Could only allocate 1 dirs of requested 3 for tablet b44daac7d46c4e779c1b28077cb073d9. 1 dirs total, 0 dirs full, 0 dirs failed
I20260601 13:25:01.250994 26205 tablet_bootstrap.cc:654] T c3e64eb787e74b68809c5158c0223980 P 4a5ff12f3055448b8372dbb0ef07fe1c: Neither blocks nor log segments found. Creating new log.
I20260601 13:25:01.251660 26206 tablet_bootstrap.cc:654] T bfe298b93136496984fb21c8845d6785 P 3404ad91d19b457f8d45deccf25172a1: Neither blocks nor log segments found. Creating new log.
I20260601 13:25:01.252642 26206 tablet_bootstrap.cc:492] T bfe298b93136496984fb21c8845d6785 P 3404ad91d19b457f8d45deccf25172a1: No bootstrap required, opened a new log
I20260601 13:25:01.252763 26206 ts_tablet_manager.cc:1403] T bfe298b93136496984fb21c8845d6785 P 3404ad91d19b457f8d45deccf25172a1: Time spent bootstrapping tablet: real 0.002s	user 0.001s	sys 0.000s
I20260601 13:25:01.252825 26209 tablet_bootstrap.cc:492] T b44daac7d46c4e779c1b28077cb073d9 P f9ce27c0ee624256852e695e9b4dbc26: Bootstrap starting.
I20260601 13:25:01.253229 26206 raft_consensus.cc:359] T bfe298b93136496984fb21c8845d6785 P 3404ad91d19b457f8d45deccf25172a1 [term 0 FOLLOWER]: Replica starting. Triggering 0 pending ops. Active config: opid_index: -1 OBSOLETE_local: true peers { permanent_uuid: "3404ad91d19b457f8d45deccf25172a1" member_type: VOTER last_known_addr { host: "127.25.21.129" port: 41881 } }
I20260601 13:25:01.253346 26206 raft_consensus.cc:385] T bfe298b93136496984fb21c8845d6785 P 3404ad91d19b457f8d45deccf25172a1 [term 0 FOLLOWER]: Consensus starting up: Expiring failure detector timer to make a prompt election more likely
I20260601 13:25:01.253351 26205 tablet_bootstrap.cc:492] T c3e64eb787e74b68809c5158c0223980 P 4a5ff12f3055448b8372dbb0ef07fe1c: No bootstrap required, opened a new log
I20260601 13:25:01.253407 26206 raft_consensus.cc:740] T bfe298b93136496984fb21c8845d6785 P 3404ad91d19b457f8d45deccf25172a1 [term 0 FOLLOWER]: Becoming Follower/Learner. State: Replica: 3404ad91d19b457f8d45deccf25172a1, State: Initialized, Role: FOLLOWER
I20260601 13:25:01.253521 26205 ts_tablet_manager.cc:1403] T c3e64eb787e74b68809c5158c0223980 P 4a5ff12f3055448b8372dbb0ef07fe1c: Time spent bootstrapping tablet: real 0.004s	user 0.002s	sys 0.000s
I20260601 13:25:01.253624 26206 consensus_queue.cc:260] T bfe298b93136496984fb21c8845d6785 P 3404ad91d19b457f8d45deccf25172a1 [NON_LEADER]: Queue going to NON_LEADER mode. State: All replicated index: 0, Majority replicated index: 0, Committed index: 0, Last appended: 0.0, Last appended by leader: 0, Current term: 0, Majority size: -1, State: 0, Mode: NON_LEADER, active raft config: opid_index: -1 OBSOLETE_local: true peers { permanent_uuid: "3404ad91d19b457f8d45deccf25172a1" member_type: VOTER last_known_addr { host: "127.25.21.129" port: 41881 } }
I20260601 13:25:01.253741 26206 raft_consensus.cc:399] T bfe298b93136496984fb21c8845d6785 P 3404ad91d19b457f8d45deccf25172a1 [term 0 FOLLOWER]: Only one voter in the Raft config. Triggering election immediately
I20260601 13:25:01.253794 26206 raft_consensus.cc:493] T bfe298b93136496984fb21c8845d6785 P 3404ad91d19b457f8d45deccf25172a1 [term 0 FOLLOWER]: Starting leader election (initial election of a single-replica configuration)
I20260601 13:25:01.253852 26206 raft_consensus.cc:3060] T bfe298b93136496984fb21c8845d6785 P 3404ad91d19b457f8d45deccf25172a1 [term 0 FOLLOWER]: Advancing to term 1
I20260601 13:25:01.253927 26205 raft_consensus.cc:359] T c3e64eb787e74b68809c5158c0223980 P 4a5ff12f3055448b8372dbb0ef07fe1c [term 0 FOLLOWER]: Replica starting. Triggering 0 pending ops. Active config: opid_index: -1 OBSOLETE_local: true peers { permanent_uuid: "4a5ff12f3055448b8372dbb0ef07fe1c" member_type: VOTER last_known_addr { host: "127.25.21.131" port: 41437 } }
I20260601 13:25:01.254037 26205 raft_consensus.cc:385] T c3e64eb787e74b68809c5158c0223980 P 4a5ff12f3055448b8372dbb0ef07fe1c [term 0 FOLLOWER]: Consensus starting up: Expiring failure detector timer to make a prompt election more likely
I20260601 13:25:01.254079 26205 raft_consensus.cc:740] T c3e64eb787e74b68809c5158c0223980 P 4a5ff12f3055448b8372dbb0ef07fe1c [term 0 FOLLOWER]: Becoming Follower/Learner. State: Replica: 4a5ff12f3055448b8372dbb0ef07fe1c, State: Initialized, Role: FOLLOWER
I20260601 13:25:01.254204 26209 tablet_bootstrap.cc:654] T b44daac7d46c4e779c1b28077cb073d9 P f9ce27c0ee624256852e695e9b4dbc26: Neither blocks nor log segments found. Creating new log.
I20260601 13:25:01.254220 26205 consensus_queue.cc:260] T c3e64eb787e74b68809c5158c0223980 P 4a5ff12f3055448b8372dbb0ef07fe1c [NON_LEADER]: Queue going to NON_LEADER mode. State: All replicated index: 0, Majority replicated index: 0, Committed index: 0, Last appended: 0.0, Last appended by leader: 0, Current term: 0, Majority size: -1, State: 0, Mode: NON_LEADER, active raft config: opid_index: -1 OBSOLETE_local: true peers { permanent_uuid: "4a5ff12f3055448b8372dbb0ef07fe1c" member_type: VOTER last_known_addr { host: "127.25.21.131" port: 41437 } }
I20260601 13:25:01.254305 26205 raft_consensus.cc:399] T c3e64eb787e74b68809c5158c0223980 P 4a5ff12f3055448b8372dbb0ef07fe1c [term 0 FOLLOWER]: Only one voter in the Raft config. Triggering election immediately
I20260601 13:25:01.254348 26205 raft_consensus.cc:493] T c3e64eb787e74b68809c5158c0223980 P 4a5ff12f3055448b8372dbb0ef07fe1c [term 0 FOLLOWER]: Starting leader election (initial election of a single-replica configuration)
I20260601 13:25:01.254400 26205 raft_consensus.cc:3060] T c3e64eb787e74b68809c5158c0223980 P 4a5ff12f3055448b8372dbb0ef07fe1c [term 0 FOLLOWER]: Advancing to term 1
I20260601 13:25:01.254755 26206 raft_consensus.cc:515] T bfe298b93136496984fb21c8845d6785 P 3404ad91d19b457f8d45deccf25172a1 [term 1 FOLLOWER]: Starting leader election with config: opid_index: -1 OBSOLETE_local: true peers { permanent_uuid: "3404ad91d19b457f8d45deccf25172a1" member_type: VOTER last_known_addr { host: "127.25.21.129" port: 41881 } }
I20260601 13:25:01.254896 26206 leader_election.cc:304] T bfe298b93136496984fb21c8845d6785 P 3404ad91d19b457f8d45deccf25172a1 [CANDIDATE]: Term 1 election: Election decided. Result: candidate won. Election summary: received 1 responses out of 1 voters: 1 yes votes; 0 no votes. yes voters: 3404ad91d19b457f8d45deccf25172a1; no voters: 
I20260601 13:25:01.255113 26206 leader_election.cc:290] T bfe298b93136496984fb21c8845d6785 P 3404ad91d19b457f8d45deccf25172a1 [CANDIDATE]: Term 1 election: Requested vote from peers 
I20260601 13:25:01.255187 26211 raft_consensus.cc:2804] T bfe298b93136496984fb21c8845d6785 P 3404ad91d19b457f8d45deccf25172a1 [term 1 FOLLOWER]: Leader election won for term 1
I20260601 13:25:01.255295 26205 raft_consensus.cc:515] T c3e64eb787e74b68809c5158c0223980 P 4a5ff12f3055448b8372dbb0ef07fe1c [term 1 FOLLOWER]: Starting leader election with config: opid_index: -1 OBSOLETE_local: true peers { permanent_uuid: "4a5ff12f3055448b8372dbb0ef07fe1c" member_type: VOTER last_known_addr { host: "127.25.21.131" port: 41437 } }
I20260601 13:25:01.255355 26211 raft_consensus.cc:697] T bfe298b93136496984fb21c8845d6785 P 3404ad91d19b457f8d45deccf25172a1 [term 1 LEADER]: Becoming Leader. State: Replica: 3404ad91d19b457f8d45deccf25172a1, State: Running, Role: LEADER
I20260601 13:25:01.255422 26205 leader_election.cc:304] T c3e64eb787e74b68809c5158c0223980 P 4a5ff12f3055448b8372dbb0ef07fe1c [CANDIDATE]: Term 1 election: Election decided. Result: candidate won. Election summary: received 1 responses out of 1 voters: 1 yes votes; 0 no votes. yes voters: 4a5ff12f3055448b8372dbb0ef07fe1c; no voters: 
I20260601 13:25:01.255441 26206 ts_tablet_manager.cc:1434] T bfe298b93136496984fb21c8845d6785 P 3404ad91d19b457f8d45deccf25172a1: Time spent starting tablet: real 0.003s	user 0.003s	sys 0.000s
I20260601 13:25:01.255488 26211 consensus_queue.cc:237] T bfe298b93136496984fb21c8845d6785 P 3404ad91d19b457f8d45deccf25172a1 [LEADER]: Queue going to LEADER mode. State: All replicated index: 0, Majority replicated index: 0, Committed index: 0, Last appended: 0.0, Last appended by leader: 0, Current term: 1, Majority size: 1, State: 0, Mode: LEADER, active raft config: opid_index: -1 OBSOLETE_local: true peers { permanent_uuid: "3404ad91d19b457f8d45deccf25172a1" member_type: VOTER last_known_addr { host: "127.25.21.129" port: 41881 } }
I20260601 13:25:01.255605 26205 leader_election.cc:290] T c3e64eb787e74b68809c5158c0223980 P 4a5ff12f3055448b8372dbb0ef07fe1c [CANDIDATE]: Term 1 election: Requested vote from peers 
I20260601 13:25:01.255685 26209 tablet_bootstrap.cc:492] T b44daac7d46c4e779c1b28077cb073d9 P f9ce27c0ee624256852e695e9b4dbc26: No bootstrap required, opened a new log
I20260601 13:25:01.255817 26209 ts_tablet_manager.cc:1403] T b44daac7d46c4e779c1b28077cb073d9 P f9ce27c0ee624256852e695e9b4dbc26: Time spent bootstrapping tablet: real 0.003s	user 0.002s	sys 0.000s
I20260601 13:25:01.255913 26205 ts_tablet_manager.cc:1434] T c3e64eb787e74b68809c5158c0223980 P 4a5ff12f3055448b8372dbb0ef07fe1c: Time spent starting tablet: real 0.002s	user 0.002s	sys 0.000s
I20260601 13:25:01.256170 26206 tablet_bootstrap.cc:492] T 8f1074b28a7f4d429c2fc434d7d92aad P 3404ad91d19b457f8d45deccf25172a1: Bootstrap starting.
I20260601 13:25:01.256358 26209 raft_consensus.cc:359] T b44daac7d46c4e779c1b28077cb073d9 P f9ce27c0ee624256852e695e9b4dbc26 [term 0 FOLLOWER]: Replica starting. Triggering 0 pending ops. Active config: opid_index: -1 OBSOLETE_local: true peers { permanent_uuid: "f9ce27c0ee624256852e695e9b4dbc26" member_type: VOTER last_known_addr { host: "127.25.21.130" port: 44173 } }
I20260601 13:25:01.256500 26209 raft_consensus.cc:385] T b44daac7d46c4e779c1b28077cb073d9 P f9ce27c0ee624256852e695e9b4dbc26 [term 0 FOLLOWER]: Consensus starting up: Expiring failure detector timer to make a prompt election more likely
I20260601 13:25:01.256578 26209 raft_consensus.cc:740] T b44daac7d46c4e779c1b28077cb073d9 P f9ce27c0ee624256852e695e9b4dbc26 [term 0 FOLLOWER]: Becoming Follower/Learner. State: Replica: f9ce27c0ee624256852e695e9b4dbc26, State: Initialized, Role: FOLLOWER
I20260601 13:25:01.256762 26209 consensus_queue.cc:260] T b44daac7d46c4e779c1b28077cb073d9 P f9ce27c0ee624256852e695e9b4dbc26 [NON_LEADER]: Queue going to NON_LEADER mode. State: All replicated index: 0, Majority replicated index: 0, Committed index: 0, Last appended: 0.0, Last appended by leader: 0, Current term: 0, Majority size: -1, State: 0, Mode: NON_LEADER, active raft config: opid_index: -1 OBSOLETE_local: true peers { permanent_uuid: "f9ce27c0ee624256852e695e9b4dbc26" member_type: VOTER last_known_addr { host: "127.25.21.130" port: 44173 } }
I20260601 13:25:01.256898 26209 raft_consensus.cc:399] T b44daac7d46c4e779c1b28077cb073d9 P f9ce27c0ee624256852e695e9b4dbc26 [term 0 FOLLOWER]: Only one voter in the Raft config. Triggering election immediately
I20260601 13:25:01.256943 26206 tablet_bootstrap.cc:654] T 8f1074b28a7f4d429c2fc434d7d92aad P 3404ad91d19b457f8d45deccf25172a1: Neither blocks nor log segments found. Creating new log.
I20260601 13:25:01.257006 26209 raft_consensus.cc:493] T b44daac7d46c4e779c1b28077cb073d9 P f9ce27c0ee624256852e695e9b4dbc26 [term 0 FOLLOWER]: Starting leader election (initial election of a single-replica configuration)
I20260601 13:25:01.257133 26209 raft_consensus.cc:3060] T b44daac7d46c4e779c1b28077cb073d9 P f9ce27c0ee624256852e695e9b4dbc26 [term 0 FOLLOWER]: Advancing to term 1
I20260601 13:25:01.258044 26209 raft_consensus.cc:515] T b44daac7d46c4e779c1b28077cb073d9 P f9ce27c0ee624256852e695e9b4dbc26 [term 1 FOLLOWER]: Starting leader election with config: opid_index: -1 OBSOLETE_local: true peers { permanent_uuid: "f9ce27c0ee624256852e695e9b4dbc26" member_type: VOTER last_known_addr { host: "127.25.21.130" port: 44173 } }
I20260601 13:25:01.258179 26209 leader_election.cc:304] T b44daac7d46c4e779c1b28077cb073d9 P f9ce27c0ee624256852e695e9b4dbc26 [CANDIDATE]: Term 1 election: Election decided. Result: candidate won. Election summary: received 1 responses out of 1 voters: 1 yes votes; 0 no votes. yes voters: f9ce27c0ee624256852e695e9b4dbc26; no voters: 
I20260601 13:25:01.258347 26209 leader_election.cc:290] T b44daac7d46c4e779c1b28077cb073d9 P f9ce27c0ee624256852e695e9b4dbc26 [CANDIDATE]: Term 1 election: Requested vote from peers 
I20260601 13:25:01.258509 26217 raft_consensus.cc:2804] T b44daac7d46c4e779c1b28077cb073d9 P f9ce27c0ee624256852e695e9b4dbc26 [term 1 FOLLOWER]: Leader election won for term 1
I20260601 13:25:01.258714 26214 raft_consensus.cc:2804] T c3e64eb787e74b68809c5158c0223980 P 4a5ff12f3055448b8372dbb0ef07fe1c [term 1 FOLLOWER]: Leader election won for term 1
I20260601 13:25:01.258754 26217 raft_consensus.cc:697] T b44daac7d46c4e779c1b28077cb073d9 P f9ce27c0ee624256852e695e9b4dbc26 [term 1 LEADER]: Becoming Leader. State: Replica: f9ce27c0ee624256852e695e9b4dbc26, State: Running, Role: LEADER
I20260601 13:25:01.258936 26214 raft_consensus.cc:697] T c3e64eb787e74b68809c5158c0223980 P 4a5ff12f3055448b8372dbb0ef07fe1c [term 1 LEADER]: Becoming Leader. State: Replica: 4a5ff12f3055448b8372dbb0ef07fe1c, State: Running, Role: LEADER
I20260601 13:25:01.259083 26214 consensus_queue.cc:237] T c3e64eb787e74b68809c5158c0223980 P 4a5ff12f3055448b8372dbb0ef07fe1c [LEADER]: Queue going to LEADER mode. State: All replicated index: 0, Majority replicated index: 0, Committed index: 0, Last appended: 0.0, Last appended by leader: 0, Current term: 1, Majority size: 1, State: 0, Mode: LEADER, active raft config: opid_index: -1 OBSOLETE_local: true peers { permanent_uuid: "4a5ff12f3055448b8372dbb0ef07fe1c" member_type: VOTER last_known_addr { host: "127.25.21.131" port: 41437 } }
I20260601 13:25:01.259105 26217 consensus_queue.cc:237] T b44daac7d46c4e779c1b28077cb073d9 P f9ce27c0ee624256852e695e9b4dbc26 [LEADER]: Queue going to LEADER mode. State: All replicated index: 0, Majority replicated index: 0, Committed index: 0, Last appended: 0.0, Last appended by leader: 0, Current term: 1, Majority size: 1, State: 0, Mode: LEADER, active raft config: opid_index: -1 OBSOLETE_local: true peers { permanent_uuid: "f9ce27c0ee624256852e695e9b4dbc26" member_type: VOTER last_known_addr { host: "127.25.21.130" port: 44173 } }
I20260601 13:25:01.260931 25716 catalog_manager.cc:5696] T c3e64eb787e74b68809c5158c0223980 P 4a5ff12f3055448b8372dbb0ef07fe1c reported cstate change: term changed from 0 to 1, leader changed from <none> to 4a5ff12f3055448b8372dbb0ef07fe1c (127.25.21.131). New cstate: current_term: 1 leader_uuid: "4a5ff12f3055448b8372dbb0ef07fe1c" committed_config { opid_index: -1 OBSOLETE_local: true peers { permanent_uuid: "4a5ff12f3055448b8372dbb0ef07fe1c" member_type: VOTER last_known_addr { host: "127.25.21.131" port: 41437 } health_report { overall_health: HEALTHY } } }
I20260601 13:25:01.261257 25715 catalog_manager.cc:5696] T b44daac7d46c4e779c1b28077cb073d9 P f9ce27c0ee624256852e695e9b4dbc26 reported cstate change: term changed from 0 to 1, leader changed from <none> to f9ce27c0ee624256852e695e9b4dbc26 (127.25.21.130). New cstate: current_term: 1 leader_uuid: "f9ce27c0ee624256852e695e9b4dbc26" committed_config { opid_index: -1 OBSOLETE_local: true peers { permanent_uuid: "f9ce27c0ee624256852e695e9b4dbc26" member_type: VOTER last_known_addr { host: "127.25.21.130" port: 44173 } health_report { overall_health: HEALTHY } } }
I20260601 13:25:01.258754 26209 ts_tablet_manager.cc:1434] T b44daac7d46c4e779c1b28077cb073d9 P f9ce27c0ee624256852e695e9b4dbc26: Time spent starting tablet: real 0.003s	user 0.002s	sys 0.000s
I20260601 13:25:01.262151 25714 catalog_manager.cc:5696] T bfe298b93136496984fb21c8845d6785 P 3404ad91d19b457f8d45deccf25172a1 reported cstate change: term changed from 0 to 1, leader changed from <none> to 3404ad91d19b457f8d45deccf25172a1 (127.25.21.129). New cstate: current_term: 1 leader_uuid: "3404ad91d19b457f8d45deccf25172a1" committed_config { opid_index: -1 OBSOLETE_local: true peers { permanent_uuid: "3404ad91d19b457f8d45deccf25172a1" member_type: VOTER last_known_addr { host: "127.25.21.129" port: 41881 } health_report { overall_health: HEALTHY } } }
I20260601 13:25:01.286063 26206 tablet_bootstrap.cc:492] T 8f1074b28a7f4d429c2fc434d7d92aad P 3404ad91d19b457f8d45deccf25172a1: No bootstrap required, opened a new log
I20260601 13:25:01.286187 26206 ts_tablet_manager.cc:1403] T 8f1074b28a7f4d429c2fc434d7d92aad P 3404ad91d19b457f8d45deccf25172a1: Time spent bootstrapping tablet: real 0.030s	user 0.001s	sys 0.000s
I20260601 13:25:01.286641 26206 raft_consensus.cc:359] T 8f1074b28a7f4d429c2fc434d7d92aad P 3404ad91d19b457f8d45deccf25172a1 [term 0 FOLLOWER]: Replica starting. Triggering 0 pending ops. Active config: opid_index: -1 OBSOLETE_local: true peers { permanent_uuid: "3404ad91d19b457f8d45deccf25172a1" member_type: VOTER last_known_addr { host: "127.25.21.129" port: 41881 } }
I20260601 13:25:01.286751 26206 raft_consensus.cc:385] T 8f1074b28a7f4d429c2fc434d7d92aad P 3404ad91d19b457f8d45deccf25172a1 [term 0 FOLLOWER]: Consensus starting up: Expiring failure detector timer to make a prompt election more likely
I20260601 13:25:01.286784 26206 raft_consensus.cc:740] T 8f1074b28a7f4d429c2fc434d7d92aad P 3404ad91d19b457f8d45deccf25172a1 [term 0 FOLLOWER]: Becoming Follower/Learner. State: Replica: 3404ad91d19b457f8d45deccf25172a1, State: Initialized, Role: FOLLOWER
I20260601 13:25:01.286890 26206 consensus_queue.cc:260] T 8f1074b28a7f4d429c2fc434d7d92aad P 3404ad91d19b457f8d45deccf25172a1 [NON_LEADER]: Queue going to NON_LEADER mode. State: All replicated index: 0, Majority replicated index: 0, Committed index: 0, Last appended: 0.0, Last appended by leader: 0, Current term: 0, Majority size: -1, State: 0, Mode: NON_LEADER, active raft config: opid_index: -1 OBSOLETE_local: true peers { permanent_uuid: "3404ad91d19b457f8d45deccf25172a1" member_type: VOTER last_known_addr { host: "127.25.21.129" port: 41881 } }
I20260601 13:25:01.286984 26206 raft_consensus.cc:399] T 8f1074b28a7f4d429c2fc434d7d92aad P 3404ad91d19b457f8d45deccf25172a1 [term 0 FOLLOWER]: Only one voter in the Raft config. Triggering election immediately
I20260601 13:25:01.287012 26206 raft_consensus.cc:493] T 8f1074b28a7f4d429c2fc434d7d92aad P 3404ad91d19b457f8d45deccf25172a1 [term 0 FOLLOWER]: Starting leader election (initial election of a single-replica configuration)
I20260601 13:25:01.287051 26206 raft_consensus.cc:3060] T 8f1074b28a7f4d429c2fc434d7d92aad P 3404ad91d19b457f8d45deccf25172a1 [term 0 FOLLOWER]: Advancing to term 1
I20260601 13:25:01.287855 26206 raft_consensus.cc:515] T 8f1074b28a7f4d429c2fc434d7d92aad P 3404ad91d19b457f8d45deccf25172a1 [term 1 FOLLOWER]: Starting leader election with config: opid_index: -1 OBSOLETE_local: true peers { permanent_uuid: "3404ad91d19b457f8d45deccf25172a1" member_type: VOTER last_known_addr { host: "127.25.21.129" port: 41881 } }
I20260601 13:25:01.287993 26206 leader_election.cc:304] T 8f1074b28a7f4d429c2fc434d7d92aad P 3404ad91d19b457f8d45deccf25172a1 [CANDIDATE]: Term 1 election: Election decided. Result: candidate won. Election summary: received 1 responses out of 1 voters: 1 yes votes; 0 no votes. yes voters: 3404ad91d19b457f8d45deccf25172a1; no voters: 
I20260601 13:25:01.288069 26206 leader_election.cc:290] T 8f1074b28a7f4d429c2fc434d7d92aad P 3404ad91d19b457f8d45deccf25172a1 [CANDIDATE]: Term 1 election: Requested vote from peers 
I20260601 13:25:01.288147 26211 raft_consensus.cc:2804] T 8f1074b28a7f4d429c2fc434d7d92aad P 3404ad91d19b457f8d45deccf25172a1 [term 1 FOLLOWER]: Leader election won for term 1
I20260601 13:25:01.288292 26211 raft_consensus.cc:697] T 8f1074b28a7f4d429c2fc434d7d92aad P 3404ad91d19b457f8d45deccf25172a1 [term 1 LEADER]: Becoming Leader. State: Replica: 3404ad91d19b457f8d45deccf25172a1, State: Running, Role: LEADER
I20260601 13:25:01.288362 26206 ts_tablet_manager.cc:1434] T 8f1074b28a7f4d429c2fc434d7d92aad P 3404ad91d19b457f8d45deccf25172a1: Time spent starting tablet: real 0.002s	user 0.003s	sys 0.000s
I20260601 13:25:01.288426 26211 consensus_queue.cc:237] T 8f1074b28a7f4d429c2fc434d7d92aad P 3404ad91d19b457f8d45deccf25172a1 [LEADER]: Queue going to LEADER mode. State: All replicated index: 0, Majority replicated index: 0, Committed index: 0, Last appended: 0.0, Last appended by leader: 0, Current term: 1, Majority size: 1, State: 0, Mode: LEADER, active raft config: opid_index: -1 OBSOLETE_local: true peers { permanent_uuid: "3404ad91d19b457f8d45deccf25172a1" member_type: VOTER last_known_addr { host: "127.25.21.129" port: 41881 } }
I20260601 13:25:01.289959 25715 catalog_manager.cc:5696] T 8f1074b28a7f4d429c2fc434d7d92aad P 3404ad91d19b457f8d45deccf25172a1 reported cstate change: term changed from 0 to 1, leader changed from <none> to 3404ad91d19b457f8d45deccf25172a1 (127.25.21.129). New cstate: current_term: 1 leader_uuid: "3404ad91d19b457f8d45deccf25172a1" committed_config { opid_index: -1 OBSOLETE_local: true peers { permanent_uuid: "3404ad91d19b457f8d45deccf25172a1" member_type: VOTER last_known_addr { host: "127.25.21.129" port: 41881 } health_report { overall_health: HEALTHY } } }
I20260601 13:25:01.303227 25686 tablet_server.cc:179] TabletServer@127.25.21.129:0 shutting down...
I20260601 13:25:01.308115 25686 ts_tablet_manager.cc:1507] Shutting down tablet manager...
I20260601 13:25:01.308465 25686 tablet_replica.cc:333] T 8f1074b28a7f4d429c2fc434d7d92aad P 3404ad91d19b457f8d45deccf25172a1: stopping tablet replica
I20260601 13:25:01.308712 25686 raft_consensus.cc:2243] T 8f1074b28a7f4d429c2fc434d7d92aad P 3404ad91d19b457f8d45deccf25172a1 [term 1 LEADER]: Raft consensus shutting down.
I20260601 13:25:01.308876 25686 raft_consensus.cc:2272] T 8f1074b28a7f4d429c2fc434d7d92aad P 3404ad91d19b457f8d45deccf25172a1 [term 1 FOLLOWER]: Raft consensus is shut down!
I20260601 13:25:01.310158 25686 tablet_replica.cc:333] T bfe298b93136496984fb21c8845d6785 P 3404ad91d19b457f8d45deccf25172a1: stopping tablet replica
I20260601 13:25:01.310281 25686 raft_consensus.cc:2243] T bfe298b93136496984fb21c8845d6785 P 3404ad91d19b457f8d45deccf25172a1 [term 1 LEADER]: Raft consensus shutting down.
I20260601 13:25:01.310400 25686 raft_consensus.cc:2272] T bfe298b93136496984fb21c8845d6785 P 3404ad91d19b457f8d45deccf25172a1 [term 1 FOLLOWER]: Raft consensus is shut down!
I20260601 13:25:01.324576 25686 tablet_server.cc:196] TabletServer@127.25.21.129:0 shutdown complete.
I20260601 13:25:01.328729 25686 tablet_server.cc:179] TabletServer@127.25.21.130:0 shutting down...
I20260601 13:25:01.332821 25686 ts_tablet_manager.cc:1507] Shutting down tablet manager...
I20260601 13:25:01.333084 25686 tablet_replica.cc:333] T b44daac7d46c4e779c1b28077cb073d9 P f9ce27c0ee624256852e695e9b4dbc26: stopping tablet replica
I20260601 13:25:01.333212 25686 raft_consensus.cc:2243] T b44daac7d46c4e779c1b28077cb073d9 P f9ce27c0ee624256852e695e9b4dbc26 [term 1 LEADER]: Raft consensus shutting down.
I20260601 13:25:01.333341 25686 raft_consensus.cc:2272] T b44daac7d46c4e779c1b28077cb073d9 P f9ce27c0ee624256852e695e9b4dbc26 [term 1 FOLLOWER]: Raft consensus is shut down!
I20260601 13:25:01.346464 25686 tablet_server.cc:196] TabletServer@127.25.21.130:0 shutdown complete.
I20260601 13:25:01.348393 25686 tablet_server.cc:179] TabletServer@127.25.21.131:0 shutting down...
I20260601 13:25:01.352169 25686 ts_tablet_manager.cc:1507] Shutting down tablet manager...
I20260601 13:25:01.352408 25686 tablet_replica.cc:333] T c3e64eb787e74b68809c5158c0223980 P 4a5ff12f3055448b8372dbb0ef07fe1c: stopping tablet replica
I20260601 13:25:01.352541 25686 raft_consensus.cc:2243] T c3e64eb787e74b68809c5158c0223980 P 4a5ff12f3055448b8372dbb0ef07fe1c [term 1 LEADER]: Raft consensus shutting down.
I20260601 13:25:01.352680 25686 raft_consensus.cc:2272] T c3e64eb787e74b68809c5158c0223980 P 4a5ff12f3055448b8372dbb0ef07fe1c [term 1 FOLLOWER]: Raft consensus is shut down!
I20260601 13:25:01.365759 25686 tablet_server.cc:196] TabletServer@127.25.21.131:0 shutdown complete.
I20260601 13:25:01.367452 25686 master.cc:562] Master@127.25.21.190:35529 shutting down...
I20260601 13:25:01.370961 25686 raft_consensus.cc:2243] T 00000000000000000000000000000000 P 890869ba4d714e638bb42cc7d68ed766 [term 1 LEADER]: Raft consensus shutting down.
I20260601 13:25:01.371251 25686 raft_consensus.cc:2272] T 00000000000000000000000000000000 P 890869ba4d714e638bb42cc7d68ed766 [term 1 FOLLOWER]: Raft consensus is shut down!
I20260601 13:25:01.371349 25686 tablet_replica.cc:333] T 00000000000000000000000000000000 P 890869ba4d714e638bb42cc7d68ed766: stopping tablet replica
I20260601 13:25:01.385314 25686 master.cc:584] Master@127.25.21.190:35529 shutdown complete.
I20260601 13:25:01.388497 25686 master.cc:562] Master@127.25.21.189:40135 shutting down...
I20260601 13:25:01.393013 25686 raft_consensus.cc:2243] T 00000000000000000000000000000000 P b09d29ec866c4d7a976af41a186a500f [term 1 FOLLOWER]: Raft consensus shutting down.
I20260601 13:25:01.393142 25686 raft_consensus.cc:2272] T 00000000000000000000000000000000 P b09d29ec866c4d7a976af41a186a500f [term 1 FOLLOWER]: Raft consensus is shut down!
I20260601 13:25:01.393188 25686 tablet_replica.cc:333] T 00000000000000000000000000000000 P b09d29ec866c4d7a976af41a186a500f: stopping tablet replica
I20260601 13:25:01.406628 25686 master.cc:584] Master@127.25.21.189:40135 shutdown complete.
I20260601 13:25:01.409113 25686 master.cc:562] Master@127.25.21.188:33499 shutting down...
I20260601 13:25:01.412266 25686 raft_consensus.cc:2243] T 00000000000000000000000000000000 P 4631ed312fd84b919030fbf6e5bec253 [term 1 FOLLOWER]: Raft consensus shutting down.
I20260601 13:25:01.412400 25686 raft_consensus.cc:2272] T 00000000000000000000000000000000 P 4631ed312fd84b919030fbf6e5bec253 [term 1 FOLLOWER]: Raft consensus is shut down!
I20260601 13:25:01.412446 25686 tablet_replica.cc:333] T 00000000000000000000000000000000 P 4631ed312fd84b919030fbf6e5bec253: stopping tablet replica
I20260601 13:25:01.424978 25686 master.cc:584] Master@127.25.21.188:33499 shutdown complete.
[       OK ] AutoRebalancerTest.OnlyLeaderDoesAutoRebalancing (2628 ms)
[ RUN      ] AutoRebalancerTest.AutoRebalancingTurnOffAndOn
I20260601 13:25:01.432675 25686 internal_mini_cluster.cc:156] Creating distributed mini masters. Addrs: 127.25.21.190:37275
I20260601 13:25:01.433019 25686 file_cache.cc:492] Constructed file cache file cache with capacity 419430
W20260601 13:25:01.434798 26232 instance_detector.cc:116] could not retrieve AWS instance metadata: Network error: curl error: HTTP response code said error: The requested URL returned error: 404
W20260601 13:25:01.434798 26233 instance_detector.cc:116] could not retrieve Azure instance metadata: Network error: curl error: HTTP response code said error: The requested URL returned error: 404
W20260601 13:25:01.434885 26235 instance_detector.cc:116] could not retrieve OpenStack instance metadata: Network error: curl error: HTTP response code said error: The requested URL returned error: 404
I20260601 13:25:01.435091 25686 server_base.cc:1061] running on GCE node
I20260601 13:25:01.435256 25686 hybrid_clock.cc:584] initializing the hybrid clock with 'system_unsync' time source
W20260601 13:25:01.435307 25686 system_unsync_time.cc:38] NTP support is disabled. Clock error bounds will not be accurate. This configuration is not suitable for distributed clusters.
I20260601 13:25:01.435333 25686 hybrid_clock.cc:648] HybridClock initialized: now 1780320301435332 us; error 0 us; skew 500 ppm
I20260601 13:25:01.436144 25686 webserver.cc:533] Webserver started at http://127.25.21.190:45903/ using document root <none> and password file <none>
I20260601 13:25:01.436321 25686 fs_manager.cc:362] Metadata directory not provided
I20260601 13:25:01.436388 25686 fs_manager.cc:368] Using write-ahead log directory (fs_wal_dir) as metadata directory
I20260601 13:25:01.436460 25686 server_base.cc:909] This appears to be a new deployment of Kudu; creating new FS layout
I20260601 13:25:01.436831 25686 fs_manager.cc:1068] Generated new instance metadata in path /tmp/dist-test-taskTz5X6o/test-tmp/auto_rebalancer-test.0.AutoRebalancerTest.AutoRebalancingTurnOffAndOn.1780320298794046-25686-0/minicluster-data/master-0-root/instance:
uuid: "d93dd5e434e945a682a4c79e1d9b0aa4"
format_stamp: "Formatted at 2026-06-01 13:25:01 on dist-test-slave-zt8n"
I20260601 13:25:01.438362 25686 fs_manager.cc:696] Time spent creating directory manager: real 0.001s	user 0.002s	sys 0.000s
I20260601 13:25:01.439265 26240 log_block_manager.cc:4031] Time spent loading block containers with low live blocks: real 0.000s	user 0.000s	sys 0.000s
I20260601 13:25:01.439502 25686 fs_manager.cc:730] Time spent opening block manager: real 0.001s	user 0.001s	sys 0.000s
I20260601 13:25:01.439584 25686 fs_manager.cc:647] Opened local filesystem: /tmp/dist-test-taskTz5X6o/test-tmp/auto_rebalancer-test.0.AutoRebalancerTest.AutoRebalancingTurnOffAndOn.1780320298794046-25686-0/minicluster-data/master-0-root
uuid: "d93dd5e434e945a682a4c79e1d9b0aa4"
format_stamp: "Formatted at 2026-06-01 13:25:01 on dist-test-slave-zt8n"
I20260601 13:25:01.439666 25686 fs_report.cc:389] FS layout report
--------------------
wal directory: /tmp/dist-test-taskTz5X6o/test-tmp/auto_rebalancer-test.0.AutoRebalancerTest.AutoRebalancingTurnOffAndOn.1780320298794046-25686-0/minicluster-data/master-0-root
metadata directory: /tmp/dist-test-taskTz5X6o/test-tmp/auto_rebalancer-test.0.AutoRebalancerTest.AutoRebalancingTurnOffAndOn.1780320298794046-25686-0/minicluster-data/master-0-root
1 data directories: /tmp/dist-test-taskTz5X6o/test-tmp/auto_rebalancer-test.0.AutoRebalancerTest.AutoRebalancingTurnOffAndOn.1780320298794046-25686-0/minicluster-data/master-0-root/data
Total live blocks: 0
Total live bytes: 0
Total live bytes (after alignment): 0
Total number of LBM containers: 0 (0 full)
Did not check for missing blocks
Did not check for orphaned blocks
Total full LBM containers with extra space: 0 (0 repaired)
