I20260601 13:20:40.158254 31608 raft_consensus.cc:359] T 1eb1273564e44e878394836769b42052 P c9f4676b88d640a5b1d87a333c68ee3c [term 0 FOLLOWER]: Replica starting. Triggering 0 pending ops. Active config: opid_index: -1 OBSOLETE_local: false peers { permanent_uuid: "c0d873a0068647fa8f8bf9e7ab8efe82" member_type: VOTER last_known_addr { host: "127.30.5.65" port: 42165 } } peers { permanent_uuid: "9ce8b9c3e7984d5cb08e98805445694e" member_type: VOTER last_known_addr { host: "127.30.5.66" port: 43399 } } peers { permanent_uuid: "c9f4676b88d640a5b1d87a333c68ee3c" member_type: VOTER last_known_addr { host: "127.30.5.67" port: 37191 } }
I20260601 13:20:40.158366 31608 raft_consensus.cc:385] T 1eb1273564e44e878394836769b42052 P c9f4676b88d640a5b1d87a333c68ee3c [term 0 FOLLOWER]: Consensus starting up: Expiring failure detector timer to make a prompt election more likely
I20260601 13:20:40.158422 31608 raft_consensus.cc:740] T 1eb1273564e44e878394836769b42052 P c9f4676b88d640a5b1d87a333c68ee3c [term 0 FOLLOWER]: Becoming Follower/Learner. State: Replica: c9f4676b88d640a5b1d87a333c68ee3c, State: Initialized, Role: FOLLOWER
I20260601 13:20:40.158830 31608 consensus_queue.cc:260] T 1eb1273564e44e878394836769b42052 P c9f4676b88d640a5b1d87a333c68ee3c [NON_LEADER]: Queue going to NON_LEADER mode. State: All replicated index: 0, Majority replicated index: 0, Committed index: 0, Last appended: 0.0, Last appended by leader: 0, Current term: 0, Majority size: -1, State: 0, Mode: NON_LEADER, active raft config: opid_index: -1 OBSOLETE_local: false peers { permanent_uuid: "c0d873a0068647fa8f8bf9e7ab8efe82" member_type: VOTER last_known_addr { host: "127.30.5.65" port: 42165 } } peers { permanent_uuid: "9ce8b9c3e7984d5cb08e98805445694e" member_type: VOTER last_known_addr { host: "127.30.5.66" port: 43399 } } peers { permanent_uuid: "c9f4676b88d640a5b1d87a333c68ee3c" member_type: VOTER last_known_addr { host: "127.30.5.67" port: 37191 } }
I20260601 13:20:40.159168 31608 ts_tablet_manager.cc:1434] T 1eb1273564e44e878394836769b42052 P c9f4676b88d640a5b1d87a333c68ee3c: Time spent starting tablet: real 0.001s	user 0.001s	sys 0.000s
W20260601 13:20:40.160475 31528 leader_election.cc:343] T afb74a7735ee4ba3865d486cb876fb44 P c9f4676b88d640a5b1d87a333c68ee3c [CANDIDATE]: Term 1 pre-election: Tablet error from VoteRequest() call to peer c0d873a0068647fa8f8bf9e7ab8efe82 (127.30.5.65:42165): Not found: Tablet not found: afb74a7735ee4ba3865d486cb876fb44
I20260601 13:20:40.160660 31608 tablet_bootstrap.cc:492] T f9f243d5966344de8d0dc9c7327220e0 P c9f4676b88d640a5b1d87a333c68ee3c: Bootstrap starting.
I20260601 13:20:40.161270 31400 tablet_service.cc:1511] Processing CreateTablet for tablet e748d2ed5b104f35969a0e98204ce8b7 (DEFAULT_TABLE table=test-workload [id=c564ff24d01f4d988d899aef41262899]), partition=RANGE (key) PARTITION 268435455 <= VALUES < 536870910
I20260601 13:20:40.161532 31400 data_dirs.cc:400] Could only allocate 1 dirs of requested 3 for tablet e748d2ed5b104f35969a0e98204ce8b7. 1 dirs total, 0 dirs full, 0 dirs failed
I20260601 13:20:40.161758 31608 tablet_bootstrap.cc:654] T f9f243d5966344de8d0dc9c7327220e0 P c9f4676b88d640a5b1d87a333c68ee3c: Neither blocks nor log segments found. Creating new log.
I20260601 13:20:40.162890 31552 data_dirs.cc:400] Could only allocate 1 dirs of requested 3 for tablet a9335fcd131c480ab4ad3af347e0e2cc. 1 dirs total, 0 dirs full, 0 dirs failed
I20260601 13:20:40.164232 31487 tablet_service.cc:1917] Received RequestConsensusVote() RPC: tablet_id: "afb74a7735ee4ba3865d486cb876fb44" candidate_uuid: "c9f4676b88d640a5b1d87a333c68ee3c" candidate_term: 1 candidate_status { last_received { term: 0 index: 0 } } ignore_live_leader: false dest_uuid: "9ce8b9c3e7984d5cb08e98805445694e" is_pre_election: true
I20260601 13:20:40.164386 31487 raft_consensus.cc:2468] T afb74a7735ee4ba3865d486cb876fb44 P 9ce8b9c3e7984d5cb08e98805445694e [term 0 FOLLOWER]: Leader pre-election vote request: Granting yes vote for candidate c9f4676b88d640a5b1d87a333c68ee3c in term 0.
I20260601 13:20:40.164698 31526 leader_election.cc:304] T afb74a7735ee4ba3865d486cb876fb44 P c9f4676b88d640a5b1d87a333c68ee3c [CANDIDATE]: Term 1 pre-election: Election decided. Result: candidate won. Election summary: received 3 responses out of 3 voters: 2 yes votes; 1 no votes. yes voters: 9ce8b9c3e7984d5cb08e98805445694e, c9f4676b88d640a5b1d87a333c68ee3c; no voters: c0d873a0068647fa8f8bf9e7ab8efe82
I20260601 13:20:40.164894 31617 raft_consensus.cc:2804] T afb74a7735ee4ba3865d486cb876fb44 P c9f4676b88d640a5b1d87a333c68ee3c [term 0 FOLLOWER]: Leader pre-election won for term 1
I20260601 13:20:40.164991 31617 raft_consensus.cc:493] T afb74a7735ee4ba3865d486cb876fb44 P c9f4676b88d640a5b1d87a333c68ee3c [term 0 FOLLOWER]: Starting leader election (no leader contacted us within the election timeout)
I20260601 13:20:40.165047 31617 raft_consensus.cc:3060] T afb74a7735ee4ba3865d486cb876fb44 P c9f4676b88d640a5b1d87a333c68ee3c [term 0 FOLLOWER]: Advancing to term 1
I20260601 13:20:40.165869 31608 tablet_bootstrap.cc:492] T f9f243d5966344de8d0dc9c7327220e0 P c9f4676b88d640a5b1d87a333c68ee3c: No bootstrap required, opened a new log
I20260601 13:20:40.165983 31608 ts_tablet_manager.cc:1403] T f9f243d5966344de8d0dc9c7327220e0 P c9f4676b88d640a5b1d87a333c68ee3c: Time spent bootstrapping tablet: real 0.007s	user 0.001s	sys 0.001s
I20260601 13:20:40.165979 31617 raft_consensus.cc:515] T afb74a7735ee4ba3865d486cb876fb44 P c9f4676b88d640a5b1d87a333c68ee3c [term 1 FOLLOWER]: Starting leader election with config: opid_index: -1 OBSOLETE_local: false peers { permanent_uuid: "c0d873a0068647fa8f8bf9e7ab8efe82" member_type: VOTER last_known_addr { host: "127.30.5.65" port: 42165 } } peers { permanent_uuid: "9ce8b9c3e7984d5cb08e98805445694e" member_type: VOTER last_known_addr { host: "127.30.5.66" port: 43399 } } peers { permanent_uuid: "c9f4676b88d640a5b1d87a333c68ee3c" member_type: VOTER last_known_addr { host: "127.30.5.67" port: 37191 } }
I20260601 13:20:40.166448 31617 leader_election.cc:290] T afb74a7735ee4ba3865d486cb876fb44 P c9f4676b88d640a5b1d87a333c68ee3c [CANDIDATE]: Term 1 election: Requested vote from peers c0d873a0068647fa8f8bf9e7ab8efe82 (127.30.5.65:42165), 9ce8b9c3e7984d5cb08e98805445694e (127.30.5.66:43399)
I20260601 13:20:40.166625 31608 raft_consensus.cc:359] T f9f243d5966344de8d0dc9c7327220e0 P c9f4676b88d640a5b1d87a333c68ee3c [term 0 FOLLOWER]: Replica starting. Triggering 0 pending ops. Active config: opid_index: -1 OBSOLETE_local: false peers { permanent_uuid: "c0d873a0068647fa8f8bf9e7ab8efe82" member_type: VOTER last_known_addr { host: "127.30.5.65" port: 42165 } } peers { permanent_uuid: "9ce8b9c3e7984d5cb08e98805445694e" member_type: VOTER last_known_addr { host: "127.30.5.66" port: 43399 } } peers { permanent_uuid: "c9f4676b88d640a5b1d87a333c68ee3c" member_type: VOTER last_known_addr { host: "127.30.5.67" port: 37191 } }
I20260601 13:20:40.166746 31608 raft_consensus.cc:385] T f9f243d5966344de8d0dc9c7327220e0 P c9f4676b88d640a5b1d87a333c68ee3c [term 0 FOLLOWER]: Consensus starting up: Expiring failure detector timer to make a prompt election more likely
I20260601 13:20:40.166767 31487 tablet_service.cc:1917] Received RequestConsensusVote() RPC: tablet_id: "afb74a7735ee4ba3865d486cb876fb44" candidate_uuid: "c9f4676b88d640a5b1d87a333c68ee3c" candidate_term: 1 candidate_status { last_received { term: 0 index: 0 } } ignore_live_leader: false dest_uuid: "9ce8b9c3e7984d5cb08e98805445694e"
I20260601 13:20:40.166805 31608 raft_consensus.cc:740] T f9f243d5966344de8d0dc9c7327220e0 P c9f4676b88d640a5b1d87a333c68ee3c [term 0 FOLLOWER]: Becoming Follower/Learner. State: Replica: c9f4676b88d640a5b1d87a333c68ee3c, State: Initialized, Role: FOLLOWER
I20260601 13:20:40.166904 31487 raft_consensus.cc:3060] T afb74a7735ee4ba3865d486cb876fb44 P 9ce8b9c3e7984d5cb08e98805445694e [term 0 FOLLOWER]: Advancing to term 1
I20260601 13:20:40.167045 31608 consensus_queue.cc:260] T f9f243d5966344de8d0dc9c7327220e0 P c9f4676b88d640a5b1d87a333c68ee3c [NON_LEADER]: Queue going to NON_LEADER mode. State: All replicated index: 0, Majority replicated index: 0, Committed index: 0, Last appended: 0.0, Last appended by leader: 0, Current term: 0, Majority size: -1, State: 0, Mode: NON_LEADER, active raft config: opid_index: -1 OBSOLETE_local: false peers { permanent_uuid: "c0d873a0068647fa8f8bf9e7ab8efe82" member_type: VOTER last_known_addr { host: "127.30.5.65" port: 42165 } } peers { permanent_uuid: "9ce8b9c3e7984d5cb08e98805445694e" member_type: VOTER last_known_addr { host: "127.30.5.66" port: 43399 } } peers { permanent_uuid: "c9f4676b88d640a5b1d87a333c68ee3c" member_type: VOTER last_known_addr { host: "127.30.5.67" port: 37191 } }
I20260601 13:20:40.167243 31618 tablet_bootstrap.cc:492] T ae2c49cf55ca40349304a79af0e5afa2 P c0d873a0068647fa8f8bf9e7ab8efe82: No bootstrap required, opened a new log
I20260601 13:20:40.167369 31618 ts_tablet_manager.cc:1403] T ae2c49cf55ca40349304a79af0e5afa2 P c0d873a0068647fa8f8bf9e7ab8efe82: Time spent bootstrapping tablet: real 0.017s	user 0.002s	sys 0.000s
I20260601 13:20:40.166780 31411 tablet_service.cc:1917] Received RequestConsensusVote() RPC: tablet_id: "afb74a7735ee4ba3865d486cb876fb44" candidate_uuid: "c9f4676b88d640a5b1d87a333c68ee3c" candidate_term: 1 candidate_status { last_received { term: 0 index: 0 } } ignore_live_leader: false dest_uuid: "c0d873a0068647fa8f8bf9e7ab8efe82"
I20260601 13:20:40.168048 31608 ts_tablet_manager.cc:1434] T f9f243d5966344de8d0dc9c7327220e0 P c9f4676b88d640a5b1d87a333c68ee3c: Time spent starting tablet: real 0.002s	user 0.001s	sys 0.001s
W20260601 13:20:40.168077 31528 leader_election.cc:343] T afb74a7735ee4ba3865d486cb876fb44 P c9f4676b88d640a5b1d87a333c68ee3c [CANDIDATE]: Term 1 election: Tablet error from VoteRequest() call to peer c0d873a0068647fa8f8bf9e7ab8efe82 (127.30.5.65:42165): Illegal state: must be running to vote when last-logged opid is not known
I20260601 13:20:40.168228 31618 raft_consensus.cc:359] T ae2c49cf55ca40349304a79af0e5afa2 P c0d873a0068647fa8f8bf9e7ab8efe82 [term 0 FOLLOWER]: Replica starting. Triggering 0 pending ops. Active config: opid_index: -1 OBSOLETE_local: false peers { permanent_uuid: "9ce8b9c3e7984d5cb08e98805445694e" member_type: VOTER last_known_addr { host: "127.30.5.66" port: 43399 } } peers { permanent_uuid: "c9f4676b88d640a5b1d87a333c68ee3c" member_type: VOTER last_known_addr { host: "127.30.5.67" port: 37191 } } peers { permanent_uuid: "c0d873a0068647fa8f8bf9e7ab8efe82" member_type: VOTER last_known_addr { host: "127.30.5.65" port: 42165 } }
I20260601 13:20:40.168305 31608 tablet_bootstrap.cc:492] T e748d2ed5b104f35969a0e98204ce8b7 P c9f4676b88d640a5b1d87a333c68ee3c: Bootstrap starting.
I20260601 13:20:40.168324 31487 raft_consensus.cc:2468] T afb74a7735ee4ba3865d486cb876fb44 P 9ce8b9c3e7984d5cb08e98805445694e [term 1 FOLLOWER]: Leader election vote request: Granting yes vote for candidate c9f4676b88d640a5b1d87a333c68ee3c in term 1.
I20260601 13:20:40.168644 31526 leader_election.cc:304] T afb74a7735ee4ba3865d486cb876fb44 P c9f4676b88d640a5b1d87a333c68ee3c [CANDIDATE]: Term 1 election: Election decided. Result: candidate won. Election summary: received 3 responses out of 3 voters: 2 yes votes; 1 no votes. yes voters: 9ce8b9c3e7984d5cb08e98805445694e, c9f4676b88d640a5b1d87a333c68ee3c; no voters: c0d873a0068647fa8f8bf9e7ab8efe82
I20260601 13:20:40.168879 31617 raft_consensus.cc:2804] T afb74a7735ee4ba3865d486cb876fb44 P c9f4676b88d640a5b1d87a333c68ee3c [term 1 FOLLOWER]: Leader election won for term 1
I20260601 13:20:40.168964 31617 raft_consensus.cc:697] T afb74a7735ee4ba3865d486cb876fb44 P c9f4676b88d640a5b1d87a333c68ee3c [term 1 LEADER]: Becoming Leader. State: Replica: c9f4676b88d640a5b1d87a333c68ee3c, State: Running, Role: LEADER
I20260601 13:20:40.169013 31609 tablet_bootstrap.cc:492] T e748d2ed5b104f35969a0e98204ce8b7 P 9ce8b9c3e7984d5cb08e98805445694e: No bootstrap required, opened a new log
I20260601 13:20:40.169096 31609 ts_tablet_manager.cc:1403] T e748d2ed5b104f35969a0e98204ce8b7 P 9ce8b9c3e7984d5cb08e98805445694e: Time spent bootstrapping tablet: real 0.024s	user 0.001s	sys 0.001s
I20260601 13:20:40.169083 31617 consensus_queue.cc:237] T afb74a7735ee4ba3865d486cb876fb44 P c9f4676b88d640a5b1d87a333c68ee3c [LEADER]: Queue going to LEADER mode. State: All replicated index: 0, Majority replicated index: 0, Committed index: 0, Last appended: 0.0, Last appended by leader: 0, Current term: 1, Majority size: 2, State: 0, Mode: LEADER, active raft config: opid_index: -1 OBSOLETE_local: false peers { permanent_uuid: "c0d873a0068647fa8f8bf9e7ab8efe82" member_type: VOTER last_known_addr { host: "127.30.5.65" port: 42165 } } peers { permanent_uuid: "9ce8b9c3e7984d5cb08e98805445694e" member_type: VOTER last_known_addr { host: "127.30.5.66" port: 43399 } } peers { permanent_uuid: "c9f4676b88d640a5b1d87a333c68ee3c" member_type: VOTER last_known_addr { host: "127.30.5.67" port: 37191 } }
I20260601 13:20:40.169497 31608 tablet_bootstrap.cc:654] T e748d2ed5b104f35969a0e98204ce8b7 P c9f4676b88d640a5b1d87a333c68ee3c: Neither blocks nor log segments found. Creating new log.
I20260601 13:20:40.169562 31609 raft_consensus.cc:359] T e748d2ed5b104f35969a0e98204ce8b7 P 9ce8b9c3e7984d5cb08e98805445694e [term 0 FOLLOWER]: Replica starting. Triggering 0 pending ops. Active config: opid_index: -1 OBSOLETE_local: false peers { permanent_uuid: "c0d873a0068647fa8f8bf9e7ab8efe82" member_type: VOTER last_known_addr { host: "127.30.5.65" port: 42165 } } peers { permanent_uuid: "9ce8b9c3e7984d5cb08e98805445694e" member_type: VOTER last_known_addr { host: "127.30.5.66" port: 43399 } } peers { permanent_uuid: "c9f4676b88d640a5b1d87a333c68ee3c" member_type: VOTER last_known_addr { host: "127.30.5.67" port: 37191 } }
I20260601 13:20:40.168335 31618 raft_consensus.cc:385] T ae2c49cf55ca40349304a79af0e5afa2 P c0d873a0068647fa8f8bf9e7ab8efe82 [term 0 FOLLOWER]: Consensus starting up: Expiring failure detector timer to make a prompt election more likely
I20260601 13:20:40.169664 31609 raft_consensus.cc:385] T e748d2ed5b104f35969a0e98204ce8b7 P 9ce8b9c3e7984d5cb08e98805445694e [term 0 FOLLOWER]: Consensus starting up: Expiring failure detector timer to make a prompt election more likely
I20260601 13:20:40.169726 31609 raft_consensus.cc:740] T e748d2ed5b104f35969a0e98204ce8b7 P 9ce8b9c3e7984d5cb08e98805445694e [term 0 FOLLOWER]: Becoming Follower/Learner. State: Replica: 9ce8b9c3e7984d5cb08e98805445694e, State: Initialized, Role: FOLLOWER
I20260601 13:20:40.169914 31609 consensus_queue.cc:260] T e748d2ed5b104f35969a0e98204ce8b7 P 9ce8b9c3e7984d5cb08e98805445694e [NON_LEADER]: Queue going to NON_LEADER mode. State: All replicated index: 0, Majority replicated index: 0, Committed index: 0, Last appended: 0.0, Last appended by leader: 0, Current term: 0, Majority size: -1, State: 0, Mode: NON_LEADER, active raft config: opid_index: -1 OBSOLETE_local: false peers { permanent_uuid: "c0d873a0068647fa8f8bf9e7ab8efe82" member_type: VOTER last_known_addr { host: "127.30.5.65" port: 42165 } } peers { permanent_uuid: "9ce8b9c3e7984d5cb08e98805445694e" member_type: VOTER last_known_addr { host: "127.30.5.66" port: 43399 } } peers { permanent_uuid: "c9f4676b88d640a5b1d87a333c68ee3c" member_type: VOTER last_known_addr { host: "127.30.5.67" port: 37191 } }
I20260601 13:20:40.170223 31609 ts_tablet_manager.cc:1434] T e748d2ed5b104f35969a0e98204ce8b7 P 9ce8b9c3e7984d5cb08e98805445694e: Time spent starting tablet: real 0.001s	user 0.001s	sys 0.000s
I20260601 13:20:40.170399 31609 tablet_bootstrap.cc:492] T 75024e5a6f6f441eb8dd77a0e268e317 P 9ce8b9c3e7984d5cb08e98805445694e: Bootstrap starting.
I20260601 13:20:40.171123 31608 tablet_bootstrap.cc:492] T e748d2ed5b104f35969a0e98204ce8b7 P c9f4676b88d640a5b1d87a333c68ee3c: No bootstrap required, opened a new log
I20260601 13:20:40.171205 31608 ts_tablet_manager.cc:1403] T e748d2ed5b104f35969a0e98204ce8b7 P c9f4676b88d640a5b1d87a333c68ee3c: Time spent bootstrapping tablet: real 0.003s	user 0.001s	sys 0.001s
I20260601 13:20:40.171182 31308 catalog_manager.cc:5696] T afb74a7735ee4ba3865d486cb876fb44 P c9f4676b88d640a5b1d87a333c68ee3c reported cstate change: term changed from 0 to 1, leader changed from <none> to c9f4676b88d640a5b1d87a333c68ee3c (127.30.5.67). New cstate: current_term: 1 leader_uuid: "c9f4676b88d640a5b1d87a333c68ee3c" committed_config { opid_index: -1 OBSOLETE_local: false peers { permanent_uuid: "c0d873a0068647fa8f8bf9e7ab8efe82" member_type: VOTER last_known_addr { host: "127.30.5.65" port: 42165 } health_report { overall_health: UNKNOWN } } peers { permanent_uuid: "9ce8b9c3e7984d5cb08e98805445694e" member_type: VOTER last_known_addr { host: "127.30.5.66" port: 43399 } health_report { overall_health: UNKNOWN } } peers { permanent_uuid: "c9f4676b88d640a5b1d87a333c68ee3c" member_type: VOTER last_known_addr { host: "127.30.5.67" port: 37191 } health_report { overall_health: HEALTHY } } }
I20260601 13:20:40.171535 31609 tablet_bootstrap.cc:654] T 75024e5a6f6f441eb8dd77a0e268e317 P 9ce8b9c3e7984d5cb08e98805445694e: Neither blocks nor log segments found. Creating new log.
I20260601 13:20:40.171701 31608 raft_consensus.cc:359] T e748d2ed5b104f35969a0e98204ce8b7 P c9f4676b88d640a5b1d87a333c68ee3c [term 0 FOLLOWER]: Replica starting. Triggering 0 pending ops. Active config: opid_index: -1 OBSOLETE_local: false peers { permanent_uuid: "c0d873a0068647fa8f8bf9e7ab8efe82" member_type: VOTER last_known_addr { host: "127.30.5.65" port: 42165 } } peers { permanent_uuid: "9ce8b9c3e7984d5cb08e98805445694e" member_type: VOTER last_known_addr { host: "127.30.5.66" port: 43399 } } peers { permanent_uuid: "c9f4676b88d640a5b1d87a333c68ee3c" member_type: VOTER last_known_addr { host: "127.30.5.67" port: 37191 } }
I20260601 13:20:40.171802 31608 raft_consensus.cc:385] T e748d2ed5b104f35969a0e98204ce8b7 P c9f4676b88d640a5b1d87a333c68ee3c [term 0 FOLLOWER]: Consensus starting up: Expiring failure detector timer to make a prompt election more likely
I20260601 13:20:40.171836 31608 raft_consensus.cc:740] T e748d2ed5b104f35969a0e98204ce8b7 P c9f4676b88d640a5b1d87a333c68ee3c [term 0 FOLLOWER]: Becoming Follower/Learner. State: Replica: c9f4676b88d640a5b1d87a333c68ee3c, State: Initialized, Role: FOLLOWER
I20260601 13:20:40.171976 31608 consensus_queue.cc:260] T e748d2ed5b104f35969a0e98204ce8b7 P c9f4676b88d640a5b1d87a333c68ee3c [NON_LEADER]: Queue going to NON_LEADER mode. State: All replicated index: 0, Majority replicated index: 0, Committed index: 0, Last appended: 0.0, Last appended by leader: 0, Current term: 0, Majority size: -1, State: 0, Mode: NON_LEADER, active raft config: opid_index: -1 OBSOLETE_local: false peers { permanent_uuid: "c0d873a0068647fa8f8bf9e7ab8efe82" member_type: VOTER last_known_addr { host: "127.30.5.65" port: 42165 } } peers { permanent_uuid: "9ce8b9c3e7984d5cb08e98805445694e" member_type: VOTER last_known_addr { host: "127.30.5.66" port: 43399 } } peers { permanent_uuid: "c9f4676b88d640a5b1d87a333c68ee3c" member_type: VOTER last_known_addr { host: "127.30.5.67" port: 37191 } }
I20260601 13:20:40.169677 31618 raft_consensus.cc:740] T ae2c49cf55ca40349304a79af0e5afa2 P c0d873a0068647fa8f8bf9e7ab8efe82 [term 0 FOLLOWER]: Becoming Follower/Learner. State: Replica: c0d873a0068647fa8f8bf9e7ab8efe82, State: Initialized, Role: FOLLOWER
I20260601 13:20:40.172268 31618 consensus_queue.cc:260] T ae2c49cf55ca40349304a79af0e5afa2 P c0d873a0068647fa8f8bf9e7ab8efe82 [NON_LEADER]: Queue going to NON_LEADER mode. State: All replicated index: 0, Majority replicated index: 0, Committed index: 0, Last appended: 0.0, Last appended by leader: 0, Current term: 0, Majority size: -1, State: 0, Mode: NON_LEADER, active raft config: opid_index: -1 OBSOLETE_local: false peers { permanent_uuid: "9ce8b9c3e7984d5cb08e98805445694e" member_type: VOTER last_known_addr { host: "127.30.5.66" port: 43399 } } peers { permanent_uuid: "c9f4676b88d640a5b1d87a333c68ee3c" member_type: VOTER last_known_addr { host: "127.30.5.67" port: 37191 } } peers { permanent_uuid: "c0d873a0068647fa8f8bf9e7ab8efe82" member_type: VOTER last_known_addr { host: "127.30.5.65" port: 42165 } }
I20260601 13:20:40.172343 31608 ts_tablet_manager.cc:1434] T e748d2ed5b104f35969a0e98204ce8b7 P c9f4676b88d640a5b1d87a333c68ee3c: Time spent starting tablet: real 0.001s	user 0.001s	sys 0.000s
I20260601 13:20:40.172513 31608 tablet_bootstrap.cc:492] T 75024e5a6f6f441eb8dd77a0e268e317 P c9f4676b88d640a5b1d87a333c68ee3c: Bootstrap starting.
I20260601 13:20:40.172652 31618 ts_tablet_manager.cc:1434] T ae2c49cf55ca40349304a79af0e5afa2 P c0d873a0068647fa8f8bf9e7ab8efe82: Time spent starting tablet: real 0.005s	user 0.002s	sys 0.000s
I20260601 13:20:40.172859 31618 tablet_bootstrap.cc:492] T a9335fcd131c480ab4ad3af347e0e2cc P c0d873a0068647fa8f8bf9e7ab8efe82: Bootstrap starting.
I20260601 13:20:40.173527 31608 tablet_bootstrap.cc:654] T 75024e5a6f6f441eb8dd77a0e268e317 P c9f4676b88d640a5b1d87a333c68ee3c: Neither blocks nor log segments found. Creating new log.
I20260601 13:20:40.173905 31618 tablet_bootstrap.cc:654] T a9335fcd131c480ab4ad3af347e0e2cc P c0d873a0068647fa8f8bf9e7ab8efe82: Neither blocks nor log segments found. Creating new log.
I20260601 13:20:40.175179 31618 tablet_bootstrap.cc:492] T a9335fcd131c480ab4ad3af347e0e2cc P c0d873a0068647fa8f8bf9e7ab8efe82: No bootstrap required, opened a new log
I20260601 13:20:40.175297 31618 ts_tablet_manager.cc:1403] T a9335fcd131c480ab4ad3af347e0e2cc P c0d873a0068647fa8f8bf9e7ab8efe82: Time spent bootstrapping tablet: real 0.002s	user 0.002s	sys 0.000s
I20260601 13:20:40.175629 31609 tablet_bootstrap.cc:492] T 75024e5a6f6f441eb8dd77a0e268e317 P 9ce8b9c3e7984d5cb08e98805445694e: No bootstrap required, opened a new log
I20260601 13:20:40.175727 31609 ts_tablet_manager.cc:1403] T 75024e5a6f6f441eb8dd77a0e268e317 P 9ce8b9c3e7984d5cb08e98805445694e: Time spent bootstrapping tablet: real 0.005s	user 0.000s	sys 0.002s
I20260601 13:20:40.175865 31618 raft_consensus.cc:359] T a9335fcd131c480ab4ad3af347e0e2cc P c0d873a0068647fa8f8bf9e7ab8efe82 [term 0 FOLLOWER]: Replica starting. Triggering 0 pending ops. Active config: opid_index: -1 OBSOLETE_local: false peers { permanent_uuid: "c0d873a0068647fa8f8bf9e7ab8efe82" member_type: VOTER last_known_addr { host: "127.30.5.65" port: 42165 } } peers { permanent_uuid: "9ce8b9c3e7984d5cb08e98805445694e" member_type: VOTER last_known_addr { host: "127.30.5.66" port: 43399 } } peers { permanent_uuid: "c9f4676b88d640a5b1d87a333c68ee3c" member_type: VOTER last_known_addr { host: "127.30.5.67" port: 37191 } }
I20260601 13:20:40.176016 31618 raft_consensus.cc:385] T a9335fcd131c480ab4ad3af347e0e2cc P c0d873a0068647fa8f8bf9e7ab8efe82 [term 0 FOLLOWER]: Consensus starting up: Expiring failure detector timer to make a prompt election more likely
I20260601 13:20:40.176052 31618 raft_consensus.cc:740] T a9335fcd131c480ab4ad3af347e0e2cc P c0d873a0068647fa8f8bf9e7ab8efe82 [term 0 FOLLOWER]: Becoming Follower/Learner. State: Replica: c0d873a0068647fa8f8bf9e7ab8efe82, State: Initialized, Role: FOLLOWER
I20260601 13:20:40.176189 31608 tablet_bootstrap.cc:492] T 75024e5a6f6f441eb8dd77a0e268e317 P c9f4676b88d640a5b1d87a333c68ee3c: No bootstrap required, opened a new log
I20260601 13:20:40.176120 31609 raft_consensus.cc:359] T 75024e5a6f6f441eb8dd77a0e268e317 P 9ce8b9c3e7984d5cb08e98805445694e [term 0 FOLLOWER]: Replica starting. Triggering 0 pending ops. Active config: opid_index: -1 OBSOLETE_local: false peers { permanent_uuid: "c0d873a0068647fa8f8bf9e7ab8efe82" member_type: VOTER last_known_addr { host: "127.30.5.65" port: 42165 } } peers { permanent_uuid: "9ce8b9c3e7984d5cb08e98805445694e" member_type: VOTER last_known_addr { host: "127.30.5.66" port: 43399 } } peers { permanent_uuid: "c9f4676b88d640a5b1d87a333c68ee3c" member_type: VOTER last_known_addr { host: "127.30.5.67" port: 37191 } }
I20260601 13:20:40.176276 31609 raft_consensus.cc:385] T 75024e5a6f6f441eb8dd77a0e268e317 P 9ce8b9c3e7984d5cb08e98805445694e [term 0 FOLLOWER]: Consensus starting up: Expiring failure detector timer to make a prompt election more likely
I20260601 13:20:40.176307 31608 ts_tablet_manager.cc:1403] T 75024e5a6f6f441eb8dd77a0e268e317 P c9f4676b88d640a5b1d87a333c68ee3c: Time spent bootstrapping tablet: real 0.004s	user 0.002s	sys 0.000s
I20260601 13:20:40.176329 31609 raft_consensus.cc:740] T 75024e5a6f6f441eb8dd77a0e268e317 P 9ce8b9c3e7984d5cb08e98805445694e [term 0 FOLLOWER]: Becoming Follower/Learner. State: Replica: 9ce8b9c3e7984d5cb08e98805445694e, State: Initialized, Role: FOLLOWER
I20260601 13:20:40.176448 31609 consensus_queue.cc:260] T 75024e5a6f6f441eb8dd77a0e268e317 P 9ce8b9c3e7984d5cb08e98805445694e [NON_LEADER]: Queue going to NON_LEADER mode. State: All replicated index: 0, Majority replicated index: 0, Committed index: 0, Last appended: 0.0, Last appended by leader: 0, Current term: 0, Majority size: -1, State: 0, Mode: NON_LEADER, active raft config: opid_index: -1 OBSOLETE_local: false peers { permanent_uuid: "c0d873a0068647fa8f8bf9e7ab8efe82" member_type: VOTER last_known_addr { host: "127.30.5.65" port: 42165 } } peers { permanent_uuid: "9ce8b9c3e7984d5cb08e98805445694e" member_type: VOTER last_known_addr { host: "127.30.5.66" port: 43399 } } peers { permanent_uuid: "c9f4676b88d640a5b1d87a333c68ee3c" member_type: VOTER last_known_addr { host: "127.30.5.67" port: 37191 } }
I20260601 13:20:40.176740 31609 ts_tablet_manager.cc:1434] T 75024e5a6f6f441eb8dd77a0e268e317 P 9ce8b9c3e7984d5cb08e98805445694e: Time spent starting tablet: real 0.001s	user 0.001s	sys 0.000s
I20260601 13:20:40.176764 31608 raft_consensus.cc:359] T 75024e5a6f6f441eb8dd77a0e268e317 P c9f4676b88d640a5b1d87a333c68ee3c [term 0 FOLLOWER]: Replica starting. Triggering 0 pending ops. Active config: opid_index: -1 OBSOLETE_local: false peers { permanent_uuid: "c0d873a0068647fa8f8bf9e7ab8efe82" member_type: VOTER last_known_addr { host: "127.30.5.65" port: 42165 } } peers { permanent_uuid: "9ce8b9c3e7984d5cb08e98805445694e" member_type: VOTER last_known_addr { host: "127.30.5.66" port: 43399 } } peers { permanent_uuid: "c9f4676b88d640a5b1d87a333c68ee3c" member_type: VOTER last_known_addr { host: "127.30.5.67" port: 37191 } }
I20260601 13:20:40.176888 31608 raft_consensus.cc:385] T 75024e5a6f6f441eb8dd77a0e268e317 P c9f4676b88d640a5b1d87a333c68ee3c [term 0 FOLLOWER]: Consensus starting up: Expiring failure detector timer to make a prompt election more likely
I20260601 13:20:40.176936 31608 raft_consensus.cc:740] T 75024e5a6f6f441eb8dd77a0e268e317 P c9f4676b88d640a5b1d87a333c68ee3c [term 0 FOLLOWER]: Becoming Follower/Learner. State: Replica: c9f4676b88d640a5b1d87a333c68ee3c, State: Initialized, Role: FOLLOWER
I20260601 13:20:40.176939 31609 tablet_bootstrap.cc:492] T 3c33ec8149d5496d8e21dc0b21f8dc63 P 9ce8b9c3e7984d5cb08e98805445694e: Bootstrap starting.
I20260601 13:20:40.177080 31608 consensus_queue.cc:260] T 75024e5a6f6f441eb8dd77a0e268e317 P c9f4676b88d640a5b1d87a333c68ee3c [NON_LEADER]: Queue going to NON_LEADER mode. State: All replicated index: 0, Majority replicated index: 0, Committed index: 0, Last appended: 0.0, Last appended by leader: 0, Current term: 0, Majority size: -1, State: 0, Mode: NON_LEADER, active raft config: opid_index: -1 OBSOLETE_local: false peers { permanent_uuid: "c0d873a0068647fa8f8bf9e7ab8efe82" member_type: VOTER last_known_addr { host: "127.30.5.65" port: 42165 } } peers { permanent_uuid: "9ce8b9c3e7984d5cb08e98805445694e" member_type: VOTER last_known_addr { host: "127.30.5.66" port: 43399 } } peers { permanent_uuid: "c9f4676b88d640a5b1d87a333c68ee3c" member_type: VOTER last_known_addr { host: "127.30.5.67" port: 37191 } }
I20260601 13:20:40.177330 31608 ts_tablet_manager.cc:1434] T 75024e5a6f6f441eb8dd77a0e268e317 P c9f4676b88d640a5b1d87a333c68ee3c: Time spent starting tablet: real 0.001s	user 0.000s	sys 0.000s
I20260601 13:20:40.177529 31608 tablet_bootstrap.cc:492] T ae2c49cf55ca40349304a79af0e5afa2 P c9f4676b88d640a5b1d87a333c68ee3c: Bootstrap starting.
I20260601 13:20:40.178140 31609 tablet_bootstrap.cc:654] T 3c33ec8149d5496d8e21dc0b21f8dc63 P 9ce8b9c3e7984d5cb08e98805445694e: Neither blocks nor log segments found. Creating new log.
I20260601 13:20:40.178524 31608 tablet_bootstrap.cc:654] T ae2c49cf55ca40349304a79af0e5afa2 P c9f4676b88d640a5b1d87a333c68ee3c: Neither blocks nor log segments found. Creating new log.
I20260601 13:20:40.176179 31618 consensus_queue.cc:260] T a9335fcd131c480ab4ad3af347e0e2cc P c0d873a0068647fa8f8bf9e7ab8efe82 [NON_LEADER]: Queue going to NON_LEADER mode. State: All replicated index: 0, Majority replicated index: 0, Committed index: 0, Last appended: 0.0, Last appended by leader: 0, Current term: 0, Majority size: -1, State: 0, Mode: NON_LEADER, active raft config: opid_index: -1 OBSOLETE_local: false peers { permanent_uuid: "c0d873a0068647fa8f8bf9e7ab8efe82" member_type: VOTER last_known_addr { host: "127.30.5.65" port: 42165 } } peers { permanent_uuid: "9ce8b9c3e7984d5cb08e98805445694e" member_type: VOTER last_known_addr { host: "127.30.5.66" port: 43399 } } peers { permanent_uuid: "c9f4676b88d640a5b1d87a333c68ee3c" member_type: VOTER last_known_addr { host: "127.30.5.67" port: 37191 } }
I20260601 13:20:40.179410 31618 ts_tablet_manager.cc:1434] T a9335fcd131c480ab4ad3af347e0e2cc P c0d873a0068647fa8f8bf9e7ab8efe82: Time spent starting tablet: real 0.004s	user 0.000s	sys 0.001s
I20260601 13:20:40.179667 31618 tablet_bootstrap.cc:492] T 1eb1273564e44e878394836769b42052 P c0d873a0068647fa8f8bf9e7ab8efe82: Bootstrap starting.
I20260601 13:20:40.180205 31609 tablet_bootstrap.cc:492] T 3c33ec8149d5496d8e21dc0b21f8dc63 P 9ce8b9c3e7984d5cb08e98805445694e: No bootstrap required, opened a new log
I20260601 13:20:40.180305 31609 ts_tablet_manager.cc:1403] T 3c33ec8149d5496d8e21dc0b21f8dc63 P 9ce8b9c3e7984d5cb08e98805445694e: Time spent bootstrapping tablet: real 0.003s	user 0.001s	sys 0.001s
I20260601 13:20:40.180779 31618 tablet_bootstrap.cc:654] T 1eb1273564e44e878394836769b42052 P c0d873a0068647fa8f8bf9e7ab8efe82: Neither blocks nor log segments found. Creating new log.
I20260601 13:20:40.180780 31609 raft_consensus.cc:359] T 3c33ec8149d5496d8e21dc0b21f8dc63 P 9ce8b9c3e7984d5cb08e98805445694e [term 0 FOLLOWER]: Replica starting. Triggering 0 pending ops. Active config: opid_index: -1 OBSOLETE_local: false peers { permanent_uuid: "c0d873a0068647fa8f8bf9e7ab8efe82" member_type: VOTER last_known_addr { host: "127.30.5.65" port: 42165 } } peers { permanent_uuid: "9ce8b9c3e7984d5cb08e98805445694e" member_type: VOTER last_known_addr { host: "127.30.5.66" port: 43399 } } peers { permanent_uuid: "c9f4676b88d640a5b1d87a333c68ee3c" member_type: VOTER last_known_addr { host: "127.30.5.67" port: 37191 } }
I20260601 13:20:40.180945 31609 raft_consensus.cc:385] T 3c33ec8149d5496d8e21dc0b21f8dc63 P 9ce8b9c3e7984d5cb08e98805445694e [term 0 FOLLOWER]: Consensus starting up: Expiring failure detector timer to make a prompt election more likely
I20260601 13:20:40.180996 31609 raft_consensus.cc:740] T 3c33ec8149d5496d8e21dc0b21f8dc63 P 9ce8b9c3e7984d5cb08e98805445694e [term 0 FOLLOWER]: Becoming Follower/Learner. State: Replica: 9ce8b9c3e7984d5cb08e98805445694e, State: Initialized, Role: FOLLOWER
I20260601 13:20:40.181155 31608 tablet_bootstrap.cc:492] T ae2c49cf55ca40349304a79af0e5afa2 P c9f4676b88d640a5b1d87a333c68ee3c: No bootstrap required, opened a new log
I20260601 13:20:40.181156 31609 consensus_queue.cc:260] T 3c33ec8149d5496d8e21dc0b21f8dc63 P 9ce8b9c3e7984d5cb08e98805445694e [NON_LEADER]: Queue going to NON_LEADER mode. State: All replicated index: 0, Majority replicated index: 0, Committed index: 0, Last appended: 0.0, Last appended by leader: 0, Current term: 0, Majority size: -1, State: 0, Mode: NON_LEADER, active raft config: opid_index: -1 OBSOLETE_local: false peers { permanent_uuid: "c0d873a0068647fa8f8bf9e7ab8efe82" member_type: VOTER last_known_addr { host: "127.30.5.65" port: 42165 } } peers { permanent_uuid: "9ce8b9c3e7984d5cb08e98805445694e" member_type: VOTER last_known_addr { host: "127.30.5.66" port: 43399 } } peers { permanent_uuid: "c9f4676b88d640a5b1d87a333c68ee3c" member_type: VOTER last_known_addr { host: "127.30.5.67" port: 37191 } }
I20260601 13:20:40.181353 31608 ts_tablet_manager.cc:1403] T ae2c49cf55ca40349304a79af0e5afa2 P c9f4676b88d640a5b1d87a333c68ee3c: Time spent bootstrapping tablet: real 0.004s	user 0.002s	sys 0.000s
I20260601 13:20:40.181931 31618 tablet_bootstrap.cc:492] T 1eb1273564e44e878394836769b42052 P c0d873a0068647fa8f8bf9e7ab8efe82: No bootstrap required, opened a new log
I20260601 13:20:40.181897 31608 raft_consensus.cc:359] T ae2c49cf55ca40349304a79af0e5afa2 P c9f4676b88d640a5b1d87a333c68ee3c [term 0 FOLLOWER]: Replica starting. Triggering 0 pending ops. Active config: opid_index: -1 OBSOLETE_local: false peers { permanent_uuid: "9ce8b9c3e7984d5cb08e98805445694e" member_type: VOTER last_known_addr { host: "127.30.5.66" port: 43399 } } peers { permanent_uuid: "c9f4676b88d640a5b1d87a333c68ee3c" member_type: VOTER last_known_addr { host: "127.30.5.67" port: 37191 } } peers { permanent_uuid: "c0d873a0068647fa8f8bf9e7ab8efe82" member_type: VOTER last_known_addr { host: "127.30.5.65" port: 42165 } }
I20260601 13:20:40.182022 31618 ts_tablet_manager.cc:1403] T 1eb1273564e44e878394836769b42052 P c0d873a0068647fa8f8bf9e7ab8efe82: Time spent bootstrapping tablet: real 0.002s	user 0.000s	sys 0.002s
I20260601 13:20:40.182111 31608 raft_consensus.cc:385] T ae2c49cf55ca40349304a79af0e5afa2 P c9f4676b88d640a5b1d87a333c68ee3c [term 0 FOLLOWER]: Consensus starting up: Expiring failure detector timer to make a prompt election more likely
I20260601 13:20:40.182240 31608 raft_consensus.cc:740] T ae2c49cf55ca40349304a79af0e5afa2 P c9f4676b88d640a5b1d87a333c68ee3c [term 0 FOLLOWER]: Becoming Follower/Learner. State: Replica: c9f4676b88d640a5b1d87a333c68ee3c, State: Initialized, Role: FOLLOWER
I20260601 13:20:40.182354 31609 ts_tablet_manager.cc:1434] T 3c33ec8149d5496d8e21dc0b21f8dc63 P 9ce8b9c3e7984d5cb08e98805445694e: Time spent starting tablet: real 0.002s	user 0.001s	sys 0.001s
I20260601 13:20:40.182453 31608 consensus_queue.cc:260] T ae2c49cf55ca40349304a79af0e5afa2 P c9f4676b88d640a5b1d87a333c68ee3c [NON_LEADER]: Queue going to NON_LEADER mode. State: All replicated index: 0, Majority replicated index: 0, Committed index: 0, Last appended: 0.0, Last appended by leader: 0, Current term: 0, Majority size: -1, State: 0, Mode: NON_LEADER, active raft config: opid_index: -1 OBSOLETE_local: false peers { permanent_uuid: "9ce8b9c3e7984d5cb08e98805445694e" member_type: VOTER last_known_addr { host: "127.30.5.66" port: 43399 } } peers { permanent_uuid: "c9f4676b88d640a5b1d87a333c68ee3c" member_type: VOTER last_known_addr { host: "127.30.5.67" port: 37191 } } peers { permanent_uuid: "c0d873a0068647fa8f8bf9e7ab8efe82" member_type: VOTER last_known_addr { host: "127.30.5.65" port: 42165 } }
I20260601 13:20:40.182533 31618 raft_consensus.cc:359] T 1eb1273564e44e878394836769b42052 P c0d873a0068647fa8f8bf9e7ab8efe82 [term 0 FOLLOWER]: Replica starting. Triggering 0 pending ops. Active config: opid_index: -1 OBSOLETE_local: false peers { permanent_uuid: "c0d873a0068647fa8f8bf9e7ab8efe82" member_type: VOTER last_known_addr { host: "127.30.5.65" port: 42165 } } peers { permanent_uuid: "9ce8b9c3e7984d5cb08e98805445694e" member_type: VOTER last_known_addr { host: "127.30.5.66" port: 43399 } } peers { permanent_uuid: "c9f4676b88d640a5b1d87a333c68ee3c" member_type: VOTER last_known_addr { host: "127.30.5.67" port: 37191 } }
I20260601 13:20:40.182646 31618 raft_consensus.cc:385] T 1eb1273564e44e878394836769b42052 P c0d873a0068647fa8f8bf9e7ab8efe82 [term 0 FOLLOWER]: Consensus starting up: Expiring failure detector timer to make a prompt election more likely
I20260601 13:20:40.182690 31618 raft_consensus.cc:740] T 1eb1273564e44e878394836769b42052 P c0d873a0068647fa8f8bf9e7ab8efe82 [term 0 FOLLOWER]: Becoming Follower/Learner. State: Replica: c0d873a0068647fa8f8bf9e7ab8efe82, State: Initialized, Role: FOLLOWER
I20260601 13:20:40.182802 31618 consensus_queue.cc:260] T 1eb1273564e44e878394836769b42052 P c0d873a0068647fa8f8bf9e7ab8efe82 [NON_LEADER]: Queue going to NON_LEADER mode. State: All replicated index: 0, Majority replicated index: 0, Committed index: 0, Last appended: 0.0, Last appended by leader: 0, Current term: 0, Majority size: -1, State: 0, Mode: NON_LEADER, active raft config: opid_index: -1 OBSOLETE_local: false peers { permanent_uuid: "c0d873a0068647fa8f8bf9e7ab8efe82" member_type: VOTER last_known_addr { host: "127.30.5.65" port: 42165 } } peers { permanent_uuid: "9ce8b9c3e7984d5cb08e98805445694e" member_type: VOTER last_known_addr { host: "127.30.5.66" port: 43399 } } peers { permanent_uuid: "c9f4676b88d640a5b1d87a333c68ee3c" member_type: VOTER last_known_addr { host: "127.30.5.67" port: 37191 } }
I20260601 13:20:40.183074 31618 ts_tablet_manager.cc:1434] T 1eb1273564e44e878394836769b42052 P c0d873a0068647fa8f8bf9e7ab8efe82: Time spent starting tablet: real 0.001s	user 0.000s	sys 0.001s
I20260601 13:20:40.183282 31618 tablet_bootstrap.cc:492] T 3c33ec8149d5496d8e21dc0b21f8dc63 P c0d873a0068647fa8f8bf9e7ab8efe82: Bootstrap starting.
I20260601 13:20:40.183933 31609 tablet_bootstrap.cc:492] T f9f243d5966344de8d0dc9c7327220e0 P 9ce8b9c3e7984d5cb08e98805445694e: Bootstrap starting.
I20260601 13:20:40.184412 31618 tablet_bootstrap.cc:654] T 3c33ec8149d5496d8e21dc0b21f8dc63 P c0d873a0068647fa8f8bf9e7ab8efe82: Neither blocks nor log segments found. Creating new log.
I20260601 13:20:40.185043 31609 tablet_bootstrap.cc:654] T f9f243d5966344de8d0dc9c7327220e0 P 9ce8b9c3e7984d5cb08e98805445694e: Neither blocks nor log segments found. Creating new log.
I20260601 13:20:40.182811 31608 ts_tablet_manager.cc:1434] T ae2c49cf55ca40349304a79af0e5afa2 P c9f4676b88d640a5b1d87a333c68ee3c: Time spent starting tablet: real 0.001s	user 0.001s	sys 0.000s
I20260601 13:20:40.185714 31618 tablet_bootstrap.cc:492] T 3c33ec8149d5496d8e21dc0b21f8dc63 P c0d873a0068647fa8f8bf9e7ab8efe82: No bootstrap required, opened a new log
I20260601 13:20:40.185855 31618 ts_tablet_manager.cc:1403] T 3c33ec8149d5496d8e21dc0b21f8dc63 P c0d873a0068647fa8f8bf9e7ab8efe82: Time spent bootstrapping tablet: real 0.003s	user 0.002s	sys 0.000s
I20260601 13:20:40.186218 31609 tablet_bootstrap.cc:492] T f9f243d5966344de8d0dc9c7327220e0 P 9ce8b9c3e7984d5cb08e98805445694e: No bootstrap required, opened a new log
I20260601 13:20:40.186229 31608 tablet_bootstrap.cc:492] T a9335fcd131c480ab4ad3af347e0e2cc P c9f4676b88d640a5b1d87a333c68ee3c: Bootstrap starting.
I20260601 13:20:40.186522 31609 ts_tablet_manager.cc:1403] T f9f243d5966344de8d0dc9c7327220e0 P 9ce8b9c3e7984d5cb08e98805445694e: Time spent bootstrapping tablet: real 0.003s	user 0.001s	sys 0.001s
I20260601 13:20:40.186494 31618 raft_consensus.cc:359] T 3c33ec8149d5496d8e21dc0b21f8dc63 P c0d873a0068647fa8f8bf9e7ab8efe82 [term 0 FOLLOWER]: Replica starting. Triggering 0 pending ops. Active config: opid_index: -1 OBSOLETE_local: false peers { permanent_uuid: "c0d873a0068647fa8f8bf9e7ab8efe82" member_type: VOTER last_known_addr { host: "127.30.5.65" port: 42165 } } peers { permanent_uuid: "9ce8b9c3e7984d5cb08e98805445694e" member_type: VOTER last_known_addr { host: "127.30.5.66" port: 43399 } } peers { permanent_uuid: "c9f4676b88d640a5b1d87a333c68ee3c" member_type: VOTER last_known_addr { host: "127.30.5.67" port: 37191 } }
I20260601 13:20:40.186699 31618 raft_consensus.cc:385] T 3c33ec8149d5496d8e21dc0b21f8dc63 P c0d873a0068647fa8f8bf9e7ab8efe82 [term 0 FOLLOWER]: Consensus starting up: Expiring failure detector timer to make a prompt election more likely
I20260601 13:20:40.186791 31618 raft_consensus.cc:740] T 3c33ec8149d5496d8e21dc0b21f8dc63 P c0d873a0068647fa8f8bf9e7ab8efe82 [term 0 FOLLOWER]: Becoming Follower/Learner. State: Replica: c0d873a0068647fa8f8bf9e7ab8efe82, State: Initialized, Role: FOLLOWER
I20260601 13:20:40.187005 31618 consensus_queue.cc:260] T 3c33ec8149d5496d8e21dc0b21f8dc63 P c0d873a0068647fa8f8bf9e7ab8efe82 [NON_LEADER]: Queue going to NON_LEADER mode. State: All replicated index: 0, Majority replicated index: 0, Committed index: 0, Last appended: 0.0, Last appended by leader: 0, Current term: 0, Majority size: -1, State: 0, Mode: NON_LEADER, active raft config: opid_index: -1 OBSOLETE_local: false peers { permanent_uuid: "c0d873a0068647fa8f8bf9e7ab8efe82" member_type: VOTER last_known_addr { host: "127.30.5.65" port: 42165 } } peers { permanent_uuid: "9ce8b9c3e7984d5cb08e98805445694e" member_type: VOTER last_known_addr { host: "127.30.5.66" port: 43399 } } peers { permanent_uuid: "c9f4676b88d640a5b1d87a333c68ee3c" member_type: VOTER last_known_addr { host: "127.30.5.67" port: 37191 } }
I20260601 13:20:40.187044 31609 raft_consensus.cc:359] T f9f243d5966344de8d0dc9c7327220e0 P 9ce8b9c3e7984d5cb08e98805445694e [term 0 FOLLOWER]: Replica starting. Triggering 0 pending ops. Active config: opid_index: -1 OBSOLETE_local: false peers { permanent_uuid: "c0d873a0068647fa8f8bf9e7ab8efe82" member_type: VOTER last_known_addr { host: "127.30.5.65" port: 42165 } } peers { permanent_uuid: "9ce8b9c3e7984d5cb08e98805445694e" member_type: VOTER last_known_addr { host: "127.30.5.66" port: 43399 } } peers { permanent_uuid: "c9f4676b88d640a5b1d87a333c68ee3c" member_type: VOTER last_known_addr { host: "127.30.5.67" port: 37191 } }
I20260601 13:20:40.187177 31609 raft_consensus.cc:385] T f9f243d5966344de8d0dc9c7327220e0 P 9ce8b9c3e7984d5cb08e98805445694e [term 0 FOLLOWER]: Consensus starting up: Expiring failure detector timer to make a prompt election more likely
I20260601 13:20:40.187217 31609 raft_consensus.cc:740] T f9f243d5966344de8d0dc9c7327220e0 P 9ce8b9c3e7984d5cb08e98805445694e [term 0 FOLLOWER]: Becoming Follower/Learner. State: Replica: 9ce8b9c3e7984d5cb08e98805445694e, State: Initialized, Role: FOLLOWER
I20260601 13:20:40.187347 31609 consensus_queue.cc:260] T f9f243d5966344de8d0dc9c7327220e0 P 9ce8b9c3e7984d5cb08e98805445694e [NON_LEADER]: Queue going to NON_LEADER mode. State: All replicated index: 0, Majority replicated index: 0, Committed index: 0, Last appended: 0.0, Last appended by leader: 0, Current term: 0, Majority size: -1, State: 0, Mode: NON_LEADER, active raft config: opid_index: -1 OBSOLETE_local: false peers { permanent_uuid: "c0d873a0068647fa8f8bf9e7ab8efe82" member_type: VOTER last_known_addr { host: "127.30.5.65" port: 42165 } } peers { permanent_uuid: "9ce8b9c3e7984d5cb08e98805445694e" member_type: VOTER last_known_addr { host: "127.30.5.66" port: 43399 } } peers { permanent_uuid: "c9f4676b88d640a5b1d87a333c68ee3c" member_type: VOTER last_known_addr { host: "127.30.5.67" port: 37191 } }
I20260601 13:20:40.187592 31608 tablet_bootstrap.cc:654] T a9335fcd131c480ab4ad3af347e0e2cc P c9f4676b88d640a5b1d87a333c68ee3c: Neither blocks nor log segments found. Creating new log.
I20260601 13:20:40.187657 31609 ts_tablet_manager.cc:1434] T f9f243d5966344de8d0dc9c7327220e0 P 9ce8b9c3e7984d5cb08e98805445694e: Time spent starting tablet: real 0.001s	user 0.002s	sys 0.000s
I20260601 13:20:40.187879 31609 tablet_bootstrap.cc:492] T a9335fcd131c480ab4ad3af347e0e2cc P 9ce8b9c3e7984d5cb08e98805445694e: Bootstrap starting.
I20260601 13:20:40.188438 31618 ts_tablet_manager.cc:1434] T 3c33ec8149d5496d8e21dc0b21f8dc63 P c0d873a0068647fa8f8bf9e7ab8efe82: Time spent starting tablet: real 0.002s	user 0.001s	sys 0.000s
I20260601 13:20:40.188666 31618 tablet_bootstrap.cc:492] T 75024e5a6f6f441eb8dd77a0e268e317 P c0d873a0068647fa8f8bf9e7ab8efe82: Bootstrap starting.
I20260601 13:20:40.188962 31609 tablet_bootstrap.cc:654] T a9335fcd131c480ab4ad3af347e0e2cc P 9ce8b9c3e7984d5cb08e98805445694e: Neither blocks nor log segments found. Creating new log.
I20260601 13:20:40.190222 31618 tablet_bootstrap.cc:654] T 75024e5a6f6f441eb8dd77a0e268e317 P c0d873a0068647fa8f8bf9e7ab8efe82: Neither blocks nor log segments found. Creating new log.
I20260601 13:20:40.190472 31609 tablet_bootstrap.cc:492] T a9335fcd131c480ab4ad3af347e0e2cc P 9ce8b9c3e7984d5cb08e98805445694e: No bootstrap required, opened a new log
I20260601 13:20:40.190598 31609 ts_tablet_manager.cc:1403] T a9335fcd131c480ab4ad3af347e0e2cc P 9ce8b9c3e7984d5cb08e98805445694e: Time spent bootstrapping tablet: real 0.003s	user 0.002s	sys 0.000s
I20260601 13:20:40.190663 31616 raft_consensus.cc:493] T 3c33ec8149d5496d8e21dc0b21f8dc63 P c9f4676b88d640a5b1d87a333c68ee3c [term 0 FOLLOWER]: Starting pre-election (no leader contacted us within the election timeout)
I20260601 13:20:40.190768 31616 raft_consensus.cc:515] T 3c33ec8149d5496d8e21dc0b21f8dc63 P c9f4676b88d640a5b1d87a333c68ee3c [term 0 FOLLOWER]: Starting pre-election with config: opid_index: -1 OBSOLETE_local: false peers { permanent_uuid: "c0d873a0068647fa8f8bf9e7ab8efe82" member_type: VOTER last_known_addr { host: "127.30.5.65" port: 42165 } } peers { permanent_uuid: "9ce8b9c3e7984d5cb08e98805445694e" member_type: VOTER last_known_addr { host: "127.30.5.66" port: 43399 } } peers { permanent_uuid: "c9f4676b88d640a5b1d87a333c68ee3c" member_type: VOTER last_known_addr { host: "127.30.5.67" port: 37191 } }
I20260601 13:20:40.191258 31616 leader_election.cc:290] T 3c33ec8149d5496d8e21dc0b21f8dc63 P c9f4676b88d640a5b1d87a333c68ee3c [CANDIDATE]: Term 1 pre-election: Requested pre-vote from peers c0d873a0068647fa8f8bf9e7ab8efe82 (127.30.5.65:42165), 9ce8b9c3e7984d5cb08e98805445694e (127.30.5.66:43399)
I20260601 13:20:40.191390 31609 raft_consensus.cc:359] T a9335fcd131c480ab4ad3af347e0e2cc P 9ce8b9c3e7984d5cb08e98805445694e [term 0 FOLLOWER]: Replica starting. Triggering 0 pending ops. Active config: opid_index: -1 OBSOLETE_local: false peers { permanent_uuid: "c0d873a0068647fa8f8bf9e7ab8efe82" member_type: VOTER last_known_addr { host: "127.30.5.65" port: 42165 } } peers { permanent_uuid: "9ce8b9c3e7984d5cb08e98805445694e" member_type: VOTER last_known_addr { host: "127.30.5.66" port: 43399 } } peers { permanent_uuid: "c9f4676b88d640a5b1d87a333c68ee3c" member_type: VOTER last_known_addr { host: "127.30.5.67" port: 37191 } }
I20260601 13:20:40.191578 31609 raft_consensus.cc:385] T a9335fcd131c480ab4ad3af347e0e2cc P 9ce8b9c3e7984d5cb08e98805445694e [term 0 FOLLOWER]: Consensus starting up: Expiring failure detector timer to make a prompt election more likely
I20260601 13:20:40.191620 31609 raft_consensus.cc:740] T a9335fcd131c480ab4ad3af347e0e2cc P 9ce8b9c3e7984d5cb08e98805445694e [term 0 FOLLOWER]: Becoming Follower/Learner. State: Replica: 9ce8b9c3e7984d5cb08e98805445694e, State: Initialized, Role: FOLLOWER
I20260601 13:20:40.191735 31618 tablet_bootstrap.cc:492] T 75024e5a6f6f441eb8dd77a0e268e317 P c0d873a0068647fa8f8bf9e7ab8efe82: No bootstrap required, opened a new log
I20260601 13:20:40.191694 31411 tablet_service.cc:1917] Received RequestConsensusVote() RPC: tablet_id: "3c33ec8149d5496d8e21dc0b21f8dc63" candidate_uuid: "c9f4676b88d640a5b1d87a333c68ee3c" candidate_term: 1 candidate_status { last_received { term: 0 index: 0 } } ignore_live_leader: false dest_uuid: "c0d873a0068647fa8f8bf9e7ab8efe82" is_pre_election: true
I20260601 13:20:40.191819 31411 raft_consensus.cc:2468] T 3c33ec8149d5496d8e21dc0b21f8dc63 P c0d873a0068647fa8f8bf9e7ab8efe82 [term 0 FOLLOWER]: Leader pre-election vote request: Granting yes vote for candidate c9f4676b88d640a5b1d87a333c68ee3c in term 0.
I20260601 13:20:40.191785 31609 consensus_queue.cc:260] T a9335fcd131c480ab4ad3af347e0e2cc P 9ce8b9c3e7984d5cb08e98805445694e [NON_LEADER]: Queue going to NON_LEADER mode. State: All replicated index: 0, Majority replicated index: 0, Committed index: 0, Last appended: 0.0, Last appended by leader: 0, Current term: 0, Majority size: -1, State: 0, Mode: NON_LEADER, active raft config: opid_index: -1 OBSOLETE_local: false peers { permanent_uuid: "c0d873a0068647fa8f8bf9e7ab8efe82" member_type: VOTER last_known_addr { host: "127.30.5.65" port: 42165 } } peers { permanent_uuid: "9ce8b9c3e7984d5cb08e98805445694e" member_type: VOTER last_known_addr { host: "127.30.5.66" port: 43399 } } peers { permanent_uuid: "c9f4676b88d640a5b1d87a333c68ee3c" member_type: VOTER last_known_addr { host: "127.30.5.67" port: 37191 } }
I20260601 13:20:40.191982 31487 tablet_service.cc:1917] Received RequestConsensusVote() RPC: tablet_id: "3c33ec8149d5496d8e21dc0b21f8dc63" candidate_uuid: "c9f4676b88d640a5b1d87a333c68ee3c" candidate_term: 1 candidate_status { last_received { term: 0 index: 0 } } ignore_live_leader: false dest_uuid: "9ce8b9c3e7984d5cb08e98805445694e" is_pre_election: true
I20260601 13:20:40.192106 31487 raft_consensus.cc:2468] T 3c33ec8149d5496d8e21dc0b21f8dc63 P 9ce8b9c3e7984d5cb08e98805445694e [term 0 FOLLOWER]: Leader pre-election vote request: Granting yes vote for candidate c9f4676b88d640a5b1d87a333c68ee3c in term 0.
I20260601 13:20:40.192145 31528 leader_election.cc:304] T 3c33ec8149d5496d8e21dc0b21f8dc63 P c9f4676b88d640a5b1d87a333c68ee3c [CANDIDATE]: Term 1 pre-election: Election decided. Result: candidate won. Election summary: received 2 responses out of 3 voters: 2 yes votes; 0 no votes. yes voters: c0d873a0068647fa8f8bf9e7ab8efe82, c9f4676b88d640a5b1d87a333c68ee3c; no voters: 
I20260601 13:20:40.192370 31616 raft_consensus.cc:2804] T 3c33ec8149d5496d8e21dc0b21f8dc63 P c9f4676b88d640a5b1d87a333c68ee3c [term 0 FOLLOWER]: Leader pre-election won for term 1
I20260601 13:20:40.192425 31616 raft_consensus.cc:493] T 3c33ec8149d5496d8e21dc0b21f8dc63 P c9f4676b88d640a5b1d87a333c68ee3c [term 0 FOLLOWER]: Starting leader election (no leader contacted us within the election timeout)
I20260601 13:20:40.192471 31616 raft_consensus.cc:3060] T 3c33ec8149d5496d8e21dc0b21f8dc63 P c9f4676b88d640a5b1d87a333c68ee3c [term 0 FOLLOWER]: Advancing to term 1
I20260601 13:20:40.192688 31609 ts_tablet_manager.cc:1434] T a9335fcd131c480ab4ad3af347e0e2cc P 9ce8b9c3e7984d5cb08e98805445694e: Time spent starting tablet: real 0.002s	user 0.002s	sys 0.000s
