I20260601 13:24:44.054468  4790 raft_consensus.cc:515] T 1d4a7e5f4ee346fd8b983c7802a19e5a P a7c044cf3f7e4fc0818f5fd100d0d5b1 [term 1 FOLLOWER]: Starting leader election with config: opid_index: -1 OBSOLETE_local: false peers { permanent_uuid: "386b874869014957899bbe804b0f3fe9" member_type: VOTER last_known_addr { host: "127.3.209.193" port: 40561 } } peers { permanent_uuid: "a7c044cf3f7e4fc0818f5fd100d0d5b1" member_type: VOTER last_known_addr { host: "127.3.209.194" port: 39657 } } peers { permanent_uuid: "a6d1bdde71234e598e1b279d560eef00" member_type: VOTER last_known_addr { host: "127.3.209.195" port: 40691 } }
I20260601 13:24:44.054893  4790 leader_election.cc:290] T 1d4a7e5f4ee346fd8b983c7802a19e5a P a7c044cf3f7e4fc0818f5fd100d0d5b1 [CANDIDATE]: Term 1 election: Requested vote from peers 386b874869014957899bbe804b0f3fe9 (127.3.209.193:40561), a6d1bdde71234e598e1b279d560eef00 (127.3.209.195:40691)
I20260601 13:24:44.055183  4581 tablet_service.cc:1917] Received RequestConsensusVote() RPC: tablet_id: "1d4a7e5f4ee346fd8b983c7802a19e5a" candidate_uuid: "a7c044cf3f7e4fc0818f5fd100d0d5b1" candidate_term: 1 candidate_status { last_received { term: 0 index: 0 } } ignore_live_leader: false dest_uuid: "386b874869014957899bbe804b0f3fe9"
I20260601 13:24:44.055267  4733 tablet_service.cc:1917] Received RequestConsensusVote() RPC: tablet_id: "1d4a7e5f4ee346fd8b983c7802a19e5a" candidate_uuid: "a7c044cf3f7e4fc0818f5fd100d0d5b1" candidate_term: 1 candidate_status { last_received { term: 0 index: 0 } } ignore_live_leader: false dest_uuid: "a6d1bdde71234e598e1b279d560eef00"
I20260601 13:24:44.055320  4581 raft_consensus.cc:3060] T 1d4a7e5f4ee346fd8b983c7802a19e5a P 386b874869014957899bbe804b0f3fe9 [term 0 FOLLOWER]: Advancing to term 1
I20260601 13:24:44.055392  4733 raft_consensus.cc:3060] T 1d4a7e5f4ee346fd8b983c7802a19e5a P a6d1bdde71234e598e1b279d560eef00 [term 0 FOLLOWER]: Advancing to term 1
I20260601 13:24:44.056139  4581 raft_consensus.cc:2468] T 1d4a7e5f4ee346fd8b983c7802a19e5a P 386b874869014957899bbe804b0f3fe9 [term 1 FOLLOWER]: Leader election vote request: Granting yes vote for candidate a7c044cf3f7e4fc0818f5fd100d0d5b1 in term 1.
I20260601 13:24:44.056212  4733 raft_consensus.cc:2468] T 1d4a7e5f4ee346fd8b983c7802a19e5a P a6d1bdde71234e598e1b279d560eef00 [term 1 FOLLOWER]: Leader election vote request: Granting yes vote for candidate a7c044cf3f7e4fc0818f5fd100d0d5b1 in term 1.
I20260601 13:24:44.056466  4620 leader_election.cc:304] T 1d4a7e5f4ee346fd8b983c7802a19e5a P a7c044cf3f7e4fc0818f5fd100d0d5b1 [CANDIDATE]: Term 1 election: Election decided. Result: candidate won. Election summary: received 2 responses out of 3 voters: 2 yes votes; 0 no votes. yes voters: 386b874869014957899bbe804b0f3fe9, a7c044cf3f7e4fc0818f5fd100d0d5b1; no voters: 
I20260601 13:24:44.056717  4790 raft_consensus.cc:2804] T 1d4a7e5f4ee346fd8b983c7802a19e5a P a7c044cf3f7e4fc0818f5fd100d0d5b1 [term 1 FOLLOWER]: Leader election won for term 1
I20260601 13:24:44.056828  4790 raft_consensus.cc:697] T 1d4a7e5f4ee346fd8b983c7802a19e5a P a7c044cf3f7e4fc0818f5fd100d0d5b1 [term 1 LEADER]: Becoming Leader. State: Replica: a7c044cf3f7e4fc0818f5fd100d0d5b1, State: Running, Role: LEADER
I20260601 13:24:44.056991  4790 consensus_queue.cc:237] T 1d4a7e5f4ee346fd8b983c7802a19e5a P a7c044cf3f7e4fc0818f5fd100d0d5b1 [LEADER]: Queue going to LEADER mode. State: All replicated index: 0, Majority replicated index: 0, Committed index: 0, Last appended: 0.0, Last appended by leader: 0, Current term: 1, Majority size: 2, State: 0, Mode: LEADER, active raft config: opid_index: -1 OBSOLETE_local: false peers { permanent_uuid: "386b874869014957899bbe804b0f3fe9" member_type: VOTER last_known_addr { host: "127.3.209.193" port: 40561 } } peers { permanent_uuid: "a7c044cf3f7e4fc0818f5fd100d0d5b1" member_type: VOTER last_known_addr { host: "127.3.209.194" port: 39657 } } peers { permanent_uuid: "a6d1bdde71234e598e1b279d560eef00" member_type: VOTER last_known_addr { host: "127.3.209.195" port: 40691 } }
I20260601 13:24:44.058733  4478 catalog_manager.cc:5696] T 1d4a7e5f4ee346fd8b983c7802a19e5a P a7c044cf3f7e4fc0818f5fd100d0d5b1 reported cstate change: term changed from 0 to 1, leader changed from <none> to a7c044cf3f7e4fc0818f5fd100d0d5b1 (127.3.209.194). New cstate: current_term: 1 leader_uuid: "a7c044cf3f7e4fc0818f5fd100d0d5b1" committed_config { opid_index: -1 OBSOLETE_local: false peers { permanent_uuid: "386b874869014957899bbe804b0f3fe9" member_type: VOTER last_known_addr { host: "127.3.209.193" port: 40561 } health_report { overall_health: UNKNOWN } } peers { permanent_uuid: "a7c044cf3f7e4fc0818f5fd100d0d5b1" member_type: VOTER last_known_addr { host: "127.3.209.194" port: 39657 } health_report { overall_health: HEALTHY } } peers { permanent_uuid: "a6d1bdde71234e598e1b279d560eef00" member_type: VOTER last_known_addr { host: "127.3.209.195" port: 40691 } health_report { overall_health: UNKNOWN } } }
I20260601 13:24:44.077507  4789 raft_consensus.cc:493] T 671eb85bfabc449e80f8faf4beecc38e P a6d1bdde71234e598e1b279d560eef00 [term 0 FOLLOWER]: Starting pre-election (no leader contacted us within the election timeout)
I20260601 13:24:44.077659  4789 raft_consensus.cc:515] T 671eb85bfabc449e80f8faf4beecc38e P a6d1bdde71234e598e1b279d560eef00 [term 0 FOLLOWER]: Starting pre-election with config: opid_index: -1 OBSOLETE_local: false peers { permanent_uuid: "386b874869014957899bbe804b0f3fe9" member_type: VOTER last_known_addr { host: "127.3.209.193" port: 40561 } } peers { permanent_uuid: "a7c044cf3f7e4fc0818f5fd100d0d5b1" member_type: VOTER last_known_addr { host: "127.3.209.194" port: 39657 } } peers { permanent_uuid: "a6d1bdde71234e598e1b279d560eef00" member_type: VOTER last_known_addr { host: "127.3.209.195" port: 40691 } }
I20260601 13:24:44.078140  4789 leader_election.cc:290] T 671eb85bfabc449e80f8faf4beecc38e P a6d1bdde71234e598e1b279d560eef00 [CANDIDATE]: Term 1 pre-election: Requested pre-vote from peers 386b874869014957899bbe804b0f3fe9 (127.3.209.193:40561), a7c044cf3f7e4fc0818f5fd100d0d5b1 (127.3.209.194:39657)
I20260601 13:24:44.078673  4581 tablet_service.cc:1917] Received RequestConsensusVote() RPC: tablet_id: "671eb85bfabc449e80f8faf4beecc38e" candidate_uuid: "a6d1bdde71234e598e1b279d560eef00" candidate_term: 1 candidate_status { last_received { term: 0 index: 0 } } ignore_live_leader: false dest_uuid: "386b874869014957899bbe804b0f3fe9" is_pre_election: true
I20260601 13:24:44.078670  4656 tablet_service.cc:1917] Received RequestConsensusVote() RPC: tablet_id: "671eb85bfabc449e80f8faf4beecc38e" candidate_uuid: "a6d1bdde71234e598e1b279d560eef00" candidate_term: 1 candidate_status { last_received { term: 0 index: 0 } } ignore_live_leader: false dest_uuid: "a7c044cf3f7e4fc0818f5fd100d0d5b1" is_pre_election: true
I20260601 13:24:44.078831  4581 raft_consensus.cc:2468] T 671eb85bfabc449e80f8faf4beecc38e P 386b874869014957899bbe804b0f3fe9 [term 0 FOLLOWER]: Leader pre-election vote request: Granting yes vote for candidate a6d1bdde71234e598e1b279d560eef00 in term 0.
I20260601 13:24:44.078862  4656 raft_consensus.cc:2468] T 671eb85bfabc449e80f8faf4beecc38e P a7c044cf3f7e4fc0818f5fd100d0d5b1 [term 0 FOLLOWER]: Leader pre-election vote request: Granting yes vote for candidate a6d1bdde71234e598e1b279d560eef00 in term 0.
I20260601 13:24:44.079145  4696 leader_election.cc:304] T 671eb85bfabc449e80f8faf4beecc38e P a6d1bdde71234e598e1b279d560eef00 [CANDIDATE]: Term 1 pre-election: Election decided. Result: candidate won. Election summary: received 2 responses out of 3 voters: 2 yes votes; 0 no votes. yes voters: 386b874869014957899bbe804b0f3fe9, a6d1bdde71234e598e1b279d560eef00; no voters: 
I20260601 13:24:44.079362  4789 raft_consensus.cc:2804] T 671eb85bfabc449e80f8faf4beecc38e P a6d1bdde71234e598e1b279d560eef00 [term 0 FOLLOWER]: Leader pre-election won for term 1
I20260601 13:24:44.079432  4789 raft_consensus.cc:493] T 671eb85bfabc449e80f8faf4beecc38e P a6d1bdde71234e598e1b279d560eef00 [term 0 FOLLOWER]: Starting leader election (no leader contacted us within the election timeout)
I20260601 13:24:44.079483  4789 raft_consensus.cc:3060] T 671eb85bfabc449e80f8faf4beecc38e P a6d1bdde71234e598e1b279d560eef00 [term 0 FOLLOWER]: Advancing to term 1
I20260601 13:24:44.080592  4789 raft_consensus.cc:515] T 671eb85bfabc449e80f8faf4beecc38e P a6d1bdde71234e598e1b279d560eef00 [term 1 FOLLOWER]: Starting leader election with config: opid_index: -1 OBSOLETE_local: false peers { permanent_uuid: "386b874869014957899bbe804b0f3fe9" member_type: VOTER last_known_addr { host: "127.3.209.193" port: 40561 } } peers { permanent_uuid: "a7c044cf3f7e4fc0818f5fd100d0d5b1" member_type: VOTER last_known_addr { host: "127.3.209.194" port: 39657 } } peers { permanent_uuid: "a6d1bdde71234e598e1b279d560eef00" member_type: VOTER last_known_addr { host: "127.3.209.195" port: 40691 } }
I20260601 13:24:44.080940  4789 leader_election.cc:290] T 671eb85bfabc449e80f8faf4beecc38e P a6d1bdde71234e598e1b279d560eef00 [CANDIDATE]: Term 1 election: Requested vote from peers 386b874869014957899bbe804b0f3fe9 (127.3.209.193:40561), a7c044cf3f7e4fc0818f5fd100d0d5b1 (127.3.209.194:39657)
I20260601 13:24:44.081240  4581 tablet_service.cc:1917] Received RequestConsensusVote() RPC: tablet_id: "671eb85bfabc449e80f8faf4beecc38e" candidate_uuid: "a6d1bdde71234e598e1b279d560eef00" candidate_term: 1 candidate_status { last_received { term: 0 index: 0 } } ignore_live_leader: false dest_uuid: "386b874869014957899bbe804b0f3fe9"
I20260601 13:24:44.081346  4656 tablet_service.cc:1917] Received RequestConsensusVote() RPC: tablet_id: "671eb85bfabc449e80f8faf4beecc38e" candidate_uuid: "a6d1bdde71234e598e1b279d560eef00" candidate_term: 1 candidate_status { last_received { term: 0 index: 0 } } ignore_live_leader: false dest_uuid: "a7c044cf3f7e4fc0818f5fd100d0d5b1"
I20260601 13:24:44.081364  4581 raft_consensus.cc:3060] T 671eb85bfabc449e80f8faf4beecc38e P 386b874869014957899bbe804b0f3fe9 [term 0 FOLLOWER]: Advancing to term 1
I20260601 13:24:44.081497  4656 raft_consensus.cc:3060] T 671eb85bfabc449e80f8faf4beecc38e P a7c044cf3f7e4fc0818f5fd100d0d5b1 [term 0 FOLLOWER]: Advancing to term 1
I20260601 13:24:44.082165  4581 raft_consensus.cc:2468] T 671eb85bfabc449e80f8faf4beecc38e P 386b874869014957899bbe804b0f3fe9 [term 1 FOLLOWER]: Leader election vote request: Granting yes vote for candidate a6d1bdde71234e598e1b279d560eef00 in term 1.
I20260601 13:24:44.082330  4656 raft_consensus.cc:2468] T 671eb85bfabc449e80f8faf4beecc38e P a7c044cf3f7e4fc0818f5fd100d0d5b1 [term 1 FOLLOWER]: Leader election vote request: Granting yes vote for candidate a6d1bdde71234e598e1b279d560eef00 in term 1.
I20260601 13:24:44.082468  4696 leader_election.cc:304] T 671eb85bfabc449e80f8faf4beecc38e P a6d1bdde71234e598e1b279d560eef00 [CANDIDATE]: Term 1 election: Election decided. Result: candidate won. Election summary: received 2 responses out of 3 voters: 2 yes votes; 0 no votes. yes voters: 386b874869014957899bbe804b0f3fe9, a6d1bdde71234e598e1b279d560eef00; no voters: 
I20260601 13:24:44.082726  4789 raft_consensus.cc:2804] T 671eb85bfabc449e80f8faf4beecc38e P a6d1bdde71234e598e1b279d560eef00 [term 1 FOLLOWER]: Leader election won for term 1
I20260601 13:24:44.082844  4789 raft_consensus.cc:697] T 671eb85bfabc449e80f8faf4beecc38e P a6d1bdde71234e598e1b279d560eef00 [term 1 LEADER]: Becoming Leader. State: Replica: a6d1bdde71234e598e1b279d560eef00, State: Running, Role: LEADER
I20260601 13:24:44.083006  4789 consensus_queue.cc:237] T 671eb85bfabc449e80f8faf4beecc38e P a6d1bdde71234e598e1b279d560eef00 [LEADER]: Queue going to LEADER mode. State: All replicated index: 0, Majority replicated index: 0, Committed index: 0, Last appended: 0.0, Last appended by leader: 0, Current term: 1, Majority size: 2, State: 0, Mode: LEADER, active raft config: opid_index: -1 OBSOLETE_local: false peers { permanent_uuid: "386b874869014957899bbe804b0f3fe9" member_type: VOTER last_known_addr { host: "127.3.209.193" port: 40561 } } peers { permanent_uuid: "a7c044cf3f7e4fc0818f5fd100d0d5b1" member_type: VOTER last_known_addr { host: "127.3.209.194" port: 39657 } } peers { permanent_uuid: "a6d1bdde71234e598e1b279d560eef00" member_type: VOTER last_known_addr { host: "127.3.209.195" port: 40691 } }
I20260601 13:24:44.084794  4478 catalog_manager.cc:5696] T 671eb85bfabc449e80f8faf4beecc38e P a6d1bdde71234e598e1b279d560eef00 reported cstate change: term changed from 0 to 1, leader changed from <none> to a6d1bdde71234e598e1b279d560eef00 (127.3.209.195). New cstate: current_term: 1 leader_uuid: "a6d1bdde71234e598e1b279d560eef00" committed_config { opid_index: -1 OBSOLETE_local: false peers { permanent_uuid: "386b874869014957899bbe804b0f3fe9" member_type: VOTER last_known_addr { host: "127.3.209.193" port: 40561 } health_report { overall_health: UNKNOWN } } peers { permanent_uuid: "a7c044cf3f7e4fc0818f5fd100d0d5b1" member_type: VOTER last_known_addr { host: "127.3.209.194" port: 39657 } health_report { overall_health: UNKNOWN } } peers { permanent_uuid: "a6d1bdde71234e598e1b279d560eef00" member_type: VOTER last_known_addr { host: "127.3.209.195" port: 40691 } health_report { overall_health: HEALTHY } } }
I20260601 13:24:44.147673  4783 raft_consensus.cc:493] T 3c3eb870fb1a46faa3ebf338a921f54f P 386b874869014957899bbe804b0f3fe9 [term 0 FOLLOWER]: Starting pre-election (no leader contacted us within the election timeout)
I20260601 13:24:44.147878  4783 raft_consensus.cc:515] T 3c3eb870fb1a46faa3ebf338a921f54f P 386b874869014957899bbe804b0f3fe9 [term 0 FOLLOWER]: Starting pre-election with config: opid_index: -1 OBSOLETE_local: false peers { permanent_uuid: "386b874869014957899bbe804b0f3fe9" member_type: VOTER last_known_addr { host: "127.3.209.193" port: 40561 } } peers { permanent_uuid: "a7c044cf3f7e4fc0818f5fd100d0d5b1" member_type: VOTER last_known_addr { host: "127.3.209.194" port: 39657 } } peers { permanent_uuid: "a6d1bdde71234e598e1b279d560eef00" member_type: VOTER last_known_addr { host: "127.3.209.195" port: 40691 } }
I20260601 13:24:44.148442  4783 leader_election.cc:290] T 3c3eb870fb1a46faa3ebf338a921f54f P 386b874869014957899bbe804b0f3fe9 [CANDIDATE]: Term 1 pre-election: Requested pre-vote from peers a7c044cf3f7e4fc0818f5fd100d0d5b1 (127.3.209.194:39657), a6d1bdde71234e598e1b279d560eef00 (127.3.209.195:40691)
I20260601 13:24:44.148859  4656 tablet_service.cc:1917] Received RequestConsensusVote() RPC: tablet_id: "3c3eb870fb1a46faa3ebf338a921f54f" candidate_uuid: "386b874869014957899bbe804b0f3fe9" candidate_term: 1 candidate_status { last_received { term: 0 index: 0 } } ignore_live_leader: false dest_uuid: "a7c044cf3f7e4fc0818f5fd100d0d5b1" is_pre_election: true
I20260601 13:24:44.148862  4733 tablet_service.cc:1917] Received RequestConsensusVote() RPC: tablet_id: "3c3eb870fb1a46faa3ebf338a921f54f" candidate_uuid: "386b874869014957899bbe804b0f3fe9" candidate_term: 1 candidate_status { last_received { term: 0 index: 0 } } ignore_live_leader: false dest_uuid: "a6d1bdde71234e598e1b279d560eef00" is_pre_election: true
I20260601 13:24:44.148979  4656 raft_consensus.cc:2468] T 3c3eb870fb1a46faa3ebf338a921f54f P a7c044cf3f7e4fc0818f5fd100d0d5b1 [term 0 FOLLOWER]: Leader pre-election vote request: Granting yes vote for candidate 386b874869014957899bbe804b0f3fe9 in term 0.
I20260601 13:24:44.149123  4733 raft_consensus.cc:2468] T 3c3eb870fb1a46faa3ebf338a921f54f P a6d1bdde71234e598e1b279d560eef00 [term 0 FOLLOWER]: Leader pre-election vote request: Granting yes vote for candidate 386b874869014957899bbe804b0f3fe9 in term 0.
I20260601 13:24:44.149423  4544 leader_election.cc:304] T 3c3eb870fb1a46faa3ebf338a921f54f P 386b874869014957899bbe804b0f3fe9 [CANDIDATE]: Term 1 pre-election: Election decided. Result: candidate won. Election summary: received 2 responses out of 3 voters: 2 yes votes; 0 no votes. yes voters: 386b874869014957899bbe804b0f3fe9, a7c044cf3f7e4fc0818f5fd100d0d5b1; no voters: 
I20260601 13:24:44.149603  4783 raft_consensus.cc:2804] T 3c3eb870fb1a46faa3ebf338a921f54f P 386b874869014957899bbe804b0f3fe9 [term 0 FOLLOWER]: Leader pre-election won for term 1
I20260601 13:24:44.149681  4783 raft_consensus.cc:493] T 3c3eb870fb1a46faa3ebf338a921f54f P 386b874869014957899bbe804b0f3fe9 [term 0 FOLLOWER]: Starting leader election (no leader contacted us within the election timeout)
I20260601 13:24:44.149746  4783 raft_consensus.cc:3060] T 3c3eb870fb1a46faa3ebf338a921f54f P 386b874869014957899bbe804b0f3fe9 [term 0 FOLLOWER]: Advancing to term 1
I20260601 13:24:44.150683  4783 raft_consensus.cc:515] T 3c3eb870fb1a46faa3ebf338a921f54f P 386b874869014957899bbe804b0f3fe9 [term 1 FOLLOWER]: Starting leader election with config: opid_index: -1 OBSOLETE_local: false peers { permanent_uuid: "386b874869014957899bbe804b0f3fe9" member_type: VOTER last_known_addr { host: "127.3.209.193" port: 40561 } } peers { permanent_uuid: "a7c044cf3f7e4fc0818f5fd100d0d5b1" member_type: VOTER last_known_addr { host: "127.3.209.194" port: 39657 } } peers { permanent_uuid: "a6d1bdde71234e598e1b279d560eef00" member_type: VOTER last_known_addr { host: "127.3.209.195" port: 40691 } }
I20260601 13:24:44.151063  4783 leader_election.cc:290] T 3c3eb870fb1a46faa3ebf338a921f54f P 386b874869014957899bbe804b0f3fe9 [CANDIDATE]: Term 1 election: Requested vote from peers a7c044cf3f7e4fc0818f5fd100d0d5b1 (127.3.209.194:39657), a6d1bdde71234e598e1b279d560eef00 (127.3.209.195:40691)
I20260601 13:24:44.151408  4733 tablet_service.cc:1917] Received RequestConsensusVote() RPC: tablet_id: "3c3eb870fb1a46faa3ebf338a921f54f" candidate_uuid: "386b874869014957899bbe804b0f3fe9" candidate_term: 1 candidate_status { last_received { term: 0 index: 0 } } ignore_live_leader: false dest_uuid: "a6d1bdde71234e598e1b279d560eef00"
I20260601 13:24:44.151435  4656 tablet_service.cc:1917] Received RequestConsensusVote() RPC: tablet_id: "3c3eb870fb1a46faa3ebf338a921f54f" candidate_uuid: "386b874869014957899bbe804b0f3fe9" candidate_term: 1 candidate_status { last_received { term: 0 index: 0 } } ignore_live_leader: false dest_uuid: "a7c044cf3f7e4fc0818f5fd100d0d5b1"
I20260601 13:24:44.151561  4733 raft_consensus.cc:3060] T 3c3eb870fb1a46faa3ebf338a921f54f P a6d1bdde71234e598e1b279d560eef00 [term 0 FOLLOWER]: Advancing to term 1
I20260601 13:24:44.151589  4656 raft_consensus.cc:3060] T 3c3eb870fb1a46faa3ebf338a921f54f P a7c044cf3f7e4fc0818f5fd100d0d5b1 [term 0 FOLLOWER]: Advancing to term 1
I20260601 13:24:44.152319  4733 raft_consensus.cc:2468] T 3c3eb870fb1a46faa3ebf338a921f54f P a6d1bdde71234e598e1b279d560eef00 [term 1 FOLLOWER]: Leader election vote request: Granting yes vote for candidate 386b874869014957899bbe804b0f3fe9 in term 1.
I20260601 13:24:44.152319  4656 raft_consensus.cc:2468] T 3c3eb870fb1a46faa3ebf338a921f54f P a7c044cf3f7e4fc0818f5fd100d0d5b1 [term 1 FOLLOWER]: Leader election vote request: Granting yes vote for candidate 386b874869014957899bbe804b0f3fe9 in term 1.
I20260601 13:24:44.152663  4545 leader_election.cc:304] T 3c3eb870fb1a46faa3ebf338a921f54f P 386b874869014957899bbe804b0f3fe9 [CANDIDATE]: Term 1 election: Election decided. Result: candidate won. Election summary: received 2 responses out of 3 voters: 2 yes votes; 0 no votes. yes voters: 386b874869014957899bbe804b0f3fe9, a6d1bdde71234e598e1b279d560eef00; no voters: 
I20260601 13:24:44.152849  4783 raft_consensus.cc:2804] T 3c3eb870fb1a46faa3ebf338a921f54f P 386b874869014957899bbe804b0f3fe9 [term 1 FOLLOWER]: Leader election won for term 1
I20260601 13:24:44.152940  4783 raft_consensus.cc:697] T 3c3eb870fb1a46faa3ebf338a921f54f P 386b874869014957899bbe804b0f3fe9 [term 1 LEADER]: Becoming Leader. State: Replica: 386b874869014957899bbe804b0f3fe9, State: Running, Role: LEADER
I20260601 13:24:44.153085  4783 consensus_queue.cc:237] T 3c3eb870fb1a46faa3ebf338a921f54f P 386b874869014957899bbe804b0f3fe9 [LEADER]: Queue going to LEADER mode. State: All replicated index: 0, Majority replicated index: 0, Committed index: 0, Last appended: 0.0, Last appended by leader: 0, Current term: 1, Majority size: 2, State: 0, Mode: LEADER, active raft config: opid_index: -1 OBSOLETE_local: false peers { permanent_uuid: "386b874869014957899bbe804b0f3fe9" member_type: VOTER last_known_addr { host: "127.3.209.193" port: 40561 } } peers { permanent_uuid: "a7c044cf3f7e4fc0818f5fd100d0d5b1" member_type: VOTER last_known_addr { host: "127.3.209.194" port: 39657 } } peers { permanent_uuid: "a6d1bdde71234e598e1b279d560eef00" member_type: VOTER last_known_addr { host: "127.3.209.195" port: 40691 } }
I20260601 13:24:44.154762  4478 catalog_manager.cc:5696] T 3c3eb870fb1a46faa3ebf338a921f54f P 386b874869014957899bbe804b0f3fe9 reported cstate change: term changed from 0 to 1, leader changed from <none> to 386b874869014957899bbe804b0f3fe9 (127.3.209.193). New cstate: current_term: 1 leader_uuid: "386b874869014957899bbe804b0f3fe9" committed_config { opid_index: -1 OBSOLETE_local: false peers { permanent_uuid: "386b874869014957899bbe804b0f3fe9" member_type: VOTER last_known_addr { host: "127.3.209.193" port: 40561 } health_report { overall_health: HEALTHY } } peers { permanent_uuid: "a7c044cf3f7e4fc0818f5fd100d0d5b1" member_type: VOTER last_known_addr { host: "127.3.209.194" port: 39657 } health_report { overall_health: UNKNOWN } } peers { permanent_uuid: "a6d1bdde71234e598e1b279d560eef00" member_type: VOTER last_known_addr { host: "127.3.209.195" port: 40691 } health_report { overall_health: UNKNOWN } } }
I20260601 13:24:44.192926  3911 file_cache.cc:492] Constructed file cache file cache with capacity 419430
W20260601 13:24:44.195125  4828 instance_detector.cc:116] could not retrieve Azure instance metadata: Network error: curl error: HTTP response code said error: The requested URL returned error: 404
W20260601 13:24:44.195140  4827 instance_detector.cc:116] could not retrieve AWS instance metadata: Network error: curl error: HTTP response code said error: The requested URL returned error: 404
W20260601 13:24:44.195235  4830 instance_detector.cc:116] could not retrieve OpenStack instance metadata: Network error: curl error: HTTP response code said error: The requested URL returned error: 404
I20260601 13:24:44.195268  3911 server_base.cc:1061] running on GCE node
I20260601 13:24:44.195520  3911 hybrid_clock.cc:584] initializing the hybrid clock with 'system_unsync' time source
W20260601 13:24:44.195566  3911 system_unsync_time.cc:38] NTP support is disabled. Clock error bounds will not be accurate. This configuration is not suitable for distributed clusters.
I20260601 13:24:44.195582  3911 hybrid_clock.cc:648] HybridClock initialized: now 1780320284195582 us; error 0 us; skew 500 ppm
I20260601 13:24:44.196647  3911 webserver.cc:533] Webserver started at http://127.3.209.196:32783/ using document root <none> and password file <none>
I20260601 13:24:44.196796  3911 fs_manager.cc:362] Metadata directory not provided
I20260601 13:24:44.196841  3911 fs_manager.cc:368] Using write-ahead log directory (fs_wal_dir) as metadata directory
I20260601 13:24:44.196903  3911 server_base.cc:909] This appears to be a new deployment of Kudu; creating new FS layout
I20260601 13:24:44.197310  3911 fs_manager.cc:1068] Generated new instance metadata in path /tmp/dist-test-taskshKvQr/test-tmp/auto_rebalancer-test.0.AutoRebalancerTest.AutoRebalancingTurnOffAndOn.1780320279995153-3911-0/minicluster-data/ts-3-root/instance:
uuid: "974580dbc14640d9b96d7d3f34bbec51"
format_stamp: "Formatted at 2026-06-01 13:24:44 on dist-test-slave-clgz"
I20260601 13:24:44.198932  3911 fs_manager.cc:696] Time spent creating directory manager: real 0.001s	user 0.000s	sys 0.002s
I20260601 13:24:44.199879  4835 log_block_manager.cc:4031] Time spent loading block containers with low live blocks: real 0.000s	user 0.000s	sys 0.000s
I20260601 13:24:44.200139  3911 fs_manager.cc:730] Time spent opening block manager: real 0.001s	user 0.000s	sys 0.001s
I20260601 13:24:44.200196  3911 fs_manager.cc:647] Opened local filesystem: /tmp/dist-test-taskshKvQr/test-tmp/auto_rebalancer-test.0.AutoRebalancerTest.AutoRebalancingTurnOffAndOn.1780320279995153-3911-0/minicluster-data/ts-3-root
uuid: "974580dbc14640d9b96d7d3f34bbec51"
format_stamp: "Formatted at 2026-06-01 13:24:44 on dist-test-slave-clgz"
I20260601 13:24:44.200255  3911 fs_report.cc:389] FS layout report
--------------------
wal directory: /tmp/dist-test-taskshKvQr/test-tmp/auto_rebalancer-test.0.AutoRebalancerTest.AutoRebalancingTurnOffAndOn.1780320279995153-3911-0/minicluster-data/ts-3-root
metadata directory: /tmp/dist-test-taskshKvQr/test-tmp/auto_rebalancer-test.0.AutoRebalancerTest.AutoRebalancingTurnOffAndOn.1780320279995153-3911-0/minicluster-data/ts-3-root
1 data directories: /tmp/dist-test-taskshKvQr/test-tmp/auto_rebalancer-test.0.AutoRebalancerTest.AutoRebalancingTurnOffAndOn.1780320279995153-3911-0/minicluster-data/ts-3-root/data
Total live blocks: 0
Total live bytes: 0
Total live bytes (after alignment): 0
Total number of LBM containers: 0 (0 full)
Did not check for missing blocks
Did not check for orphaned blocks
Total full LBM containers with extra space: 0 (0 repaired)
Total full LBM container extra space in bytes: 0 (0 repaired)
Total incomplete LBM containers: 0 (0 repaired)
Total LBM partial records: 0 (0 repaired)
Total corrupted LBM metadata records in RocksDB: 0 (0 repaired)
I20260601 13:24:44.207659  3911 rpc_server.cc:225] running with OpenSSL 1.1.1  11 Sep 2018
I20260601 13:24:44.208145  3911 kserver.cc:163] Server-wide thread pool size limit: 3276
I20260601 13:24:44.208413  3911 txn_system_client.cc:432] TxnSystemClient initialization is disabled...
I20260601 13:24:44.208905  3911 ts_tablet_manager.cc:585] Loaded tablet metadata (0 total tablets, 0 live tablets)
I20260601 13:24:44.208949  3911 ts_tablet_manager.cc:531] Time spent load tablet metadata: real 0.000s	user 0.000s	sys 0.000s
I20260601 13:24:44.208981  3911 ts_tablet_manager.cc:616] Registered 0 tablets
I20260601 13:24:44.208997  3911 ts_tablet_manager.cc:595] Time spent register tablets: real 0.000s	user 0.000s	sys 0.000s
I20260601 13:24:44.214413  3911 rpc_server.cc:307] RPC server started. Bound to: 127.3.209.196:34491
I20260601 13:24:44.214564  4898 acceptor_pool.cc:272] collecting diagnostics on the listening RPC socket 127.3.209.196:34491 every 8 connection(s)
I20260601 13:24:44.219408  4899 heartbeater.cc:344] Connected to a master server at 127.3.209.254:36943
I20260601 13:24:44.219553  4899 heartbeater.cc:461] Registering TS with master...
I20260601 13:24:44.219813  4899 heartbeater.cc:507] Master 127.3.209.254:36943 requested a full tablet report, sending...
I20260601 13:24:44.220530  4478 ts_manager.cc:194] Registered new tserver with Master: 974580dbc14640d9b96d7d3f34bbec51 (127.3.209.196:34491)
I20260601 13:24:44.221099  4478 master_service.cc:502] Signed X509 certificate for tserver {username='slave'} at 127.0.0.1:43544
I20260601 13:24:44.243614  4783 consensus_queue.cc:1048] T a83cae6722c24be3b5b8f2fd5eaede04 P 386b874869014957899bbe804b0f3fe9 [LEADER]: Connected to new peer: Peer: permanent_uuid: "a7c044cf3f7e4fc0818f5fd100d0d5b1" member_type: VOTER last_known_addr { host: "127.3.209.194" port: 39657 }, Status: LMP_MISMATCH, Last received: 0.0, Next index: 1, Last known committed idx: 0, Time since last communication: 0.000s
I20260601 13:24:44.247052  4904 consensus_queue.cc:1048] T a83cae6722c24be3b5b8f2fd5eaede04 P 386b874869014957899bbe804b0f3fe9 [LEADER]: Connected to new peer: Peer: permanent_uuid: "a6d1bdde71234e598e1b279d560eef00" member_type: VOTER last_known_addr { host: "127.3.209.195" port: 40691 }, Status: LMP_MISMATCH, Last received: 0.0, Next index: 1, Last known committed idx: 0, Time since last communication: 0.000s
I20260601 13:24:44.282662  4904 consensus_queue.cc:1048] T 9af35ba26b3045009936994f09e33a07 P 386b874869014957899bbe804b0f3fe9 [LEADER]: Connected to new peer: Peer: permanent_uuid: "a6d1bdde71234e598e1b279d560eef00" member_type: VOTER last_known_addr { host: "127.3.209.195" port: 40691 }, Status: LMP_MISMATCH, Last received: 0.0, Next index: 1, Last known committed idx: 0, Time since last communication: 0.000s
I20260601 13:24:44.286053  4783 consensus_queue.cc:1048] T 9af35ba26b3045009936994f09e33a07 P 386b874869014957899bbe804b0f3fe9 [LEADER]: Connected to new peer: Peer: permanent_uuid: "a7c044cf3f7e4fc0818f5fd100d0d5b1" member_type: VOTER last_known_addr { host: "127.3.209.194" port: 39657 }, Status: LMP_MISMATCH, Last received: 0.0, Next index: 1, Last known committed idx: 0, Time since last communication: 0.000s
I20260601 13:24:44.339474  4783 consensus_queue.cc:1048] T 7383e6fec6dc4cc886641db3e8033c26 P 386b874869014957899bbe804b0f3fe9 [LEADER]: Connected to new peer: Peer: permanent_uuid: "a7c044cf3f7e4fc0818f5fd100d0d5b1" member_type: VOTER last_known_addr { host: "127.3.209.194" port: 39657 }, Status: LMP_MISMATCH, Last received: 0.0, Next index: 1, Last known committed idx: 0, Time since last communication: 0.000s
I20260601 13:24:44.343209  4783 consensus_queue.cc:1048] T 7383e6fec6dc4cc886641db3e8033c26 P 386b874869014957899bbe804b0f3fe9 [LEADER]: Connected to new peer: Peer: permanent_uuid: "a6d1bdde71234e598e1b279d560eef00" member_type: VOTER last_known_addr { host: "127.3.209.195" port: 40691 }, Status: LMP_MISMATCH, Last received: 0.0, Next index: 1, Last known committed idx: 0, Time since last communication: 0.000s
I20260601 13:24:44.364233  4790 consensus_queue.cc:1048] T 9783f56d75ab484cb20c25d485441a15 P a7c044cf3f7e4fc0818f5fd100d0d5b1 [LEADER]: Connected to new peer: Peer: permanent_uuid: "a6d1bdde71234e598e1b279d560eef00" member_type: VOTER last_known_addr { host: "127.3.209.195" port: 40691 }, Status: LMP_MISMATCH, Last received: 0.0, Next index: 1, Last known committed idx: 0, Time since last communication: 0.000s
I20260601 13:24:44.367223  4790 consensus_queue.cc:1048] T 9783f56d75ab484cb20c25d485441a15 P a7c044cf3f7e4fc0818f5fd100d0d5b1 [LEADER]: Connected to new peer: Peer: permanent_uuid: "386b874869014957899bbe804b0f3fe9" member_type: VOTER last_known_addr { host: "127.3.209.193" port: 40561 }, Status: LMP_MISMATCH, Last received: 0.0, Next index: 1, Last known committed idx: 0, Time since last communication: 0.000s
I20260601 13:24:44.419169  4789 consensus_queue.cc:1048] T 872ed1c1019540e2b314908511c8fd8d P a6d1bdde71234e598e1b279d560eef00 [LEADER]: Connected to new peer: Peer: permanent_uuid: "386b874869014957899bbe804b0f3fe9" member_type: VOTER last_known_addr { host: "127.3.209.193" port: 40561 }, Status: LMP_MISMATCH, Last received: 0.0, Next index: 1, Last known committed idx: 0, Time since last communication: 0.000s
I20260601 13:24:44.422685  4916 consensus_queue.cc:1048] T 872ed1c1019540e2b314908511c8fd8d P a6d1bdde71234e598e1b279d560eef00 [LEADER]: Connected to new peer: Peer: permanent_uuid: "a7c044cf3f7e4fc0818f5fd100d0d5b1" member_type: VOTER last_known_addr { host: "127.3.209.194" port: 39657 }, Status: LMP_MISMATCH, Last received: 0.0, Next index: 1, Last known committed idx: 0, Time since last communication: 0.000s
I20260601 13:24:44.478044  4790 consensus_queue.cc:1048] T 1d4a7e5f4ee346fd8b983c7802a19e5a P a7c044cf3f7e4fc0818f5fd100d0d5b1 [LEADER]: Connected to new peer: Peer: permanent_uuid: "386b874869014957899bbe804b0f3fe9" member_type: VOTER last_known_addr { host: "127.3.209.193" port: 40561 }, Status: LMP_MISMATCH, Last received: 0.0, Next index: 1, Last known committed idx: 0, Time since last communication: 0.000s
I20260601 13:24:44.481242  4790 consensus_queue.cc:1048] T 1d4a7e5f4ee346fd8b983c7802a19e5a P a7c044cf3f7e4fc0818f5fd100d0d5b1 [LEADER]: Connected to new peer: Peer: permanent_uuid: "a6d1bdde71234e598e1b279d560eef00" member_type: VOTER last_known_addr { host: "127.3.209.195" port: 40691 }, Status: LMP_MISMATCH, Last received: 0.0, Next index: 1, Last known committed idx: 0, Time since last communication: 0.000s
I20260601 13:24:44.540284  4783 consensus_queue.cc:1048] T 3c3eb870fb1a46faa3ebf338a921f54f P 386b874869014957899bbe804b0f3fe9 [LEADER]: Connected to new peer: Peer: permanent_uuid: "a6d1bdde71234e598e1b279d560eef00" member_type: VOTER last_known_addr { host: "127.3.209.195" port: 40691 }, Status: LMP_MISMATCH, Last received: 0.0, Next index: 1, Last known committed idx: 0, Time since last communication: 0.000s
I20260601 13:24:44.543689  4904 consensus_queue.cc:1048] T 3c3eb870fb1a46faa3ebf338a921f54f P 386b874869014957899bbe804b0f3fe9 [LEADER]: Connected to new peer: Peer: permanent_uuid: "a7c044cf3f7e4fc0818f5fd100d0d5b1" member_type: VOTER last_known_addr { host: "127.3.209.194" port: 39657 }, Status: LMP_MISMATCH, Last received: 0.0, Next index: 1, Last known committed idx: 0, Time since last communication: 0.000s
I20260601 13:24:44.566239  4532 auto_leader_rebalancer.cc:140] leader rebalance for table test-workload
I20260601 13:24:44.571946  4581 tablet_service.cc:2072] Received LeaderStepDown RPC: tablet_id: "3c3eb870fb1a46faa3ebf338a921f54f"
dest_uuid: "386b874869014957899bbe804b0f3fe9"
mode: GRACEFUL
new_leader_uuid: "a7c044cf3f7e4fc0818f5fd100d0d5b1"
 from {username='slave'} at 127.0.0.1:54532
I20260601 13:24:44.572108  4581 raft_consensus.cc:606] T 3c3eb870fb1a46faa3ebf338a921f54f P 386b874869014957899bbe804b0f3fe9 [term 1 LEADER]: Received request to transfer leadership to TS a7c044cf3f7e4fc0818f5fd100d0d5b1
I20260601 13:24:44.572424  4532 auto_leader_rebalancer.cc:388] table: test-workload, leader rebalance finish, leader transfer count: 1
I20260601 13:24:44.572625  4532 auto_leader_rebalancer.cc:451] All tables' leader rebalancing finished this round
I20260601 13:24:44.664837  4916 consensus_queue.cc:1048] T 671eb85bfabc449e80f8faf4beecc38e P a6d1bdde71234e598e1b279d560eef00 [LEADER]: Connected to new peer: Peer: permanent_uuid: "386b874869014957899bbe804b0f3fe9" member_type: VOTER last_known_addr { host: "127.3.209.193" port: 40561 }, Status: LMP_MISMATCH, Last received: 0.0, Next index: 1, Last known committed idx: 0, Time since last communication: 0.000s
I20260601 13:24:44.668478  4789 consensus_queue.cc:1048] T 671eb85bfabc449e80f8faf4beecc38e P a6d1bdde71234e598e1b279d560eef00 [LEADER]: Connected to new peer: Peer: permanent_uuid: "a7c044cf3f7e4fc0818f5fd100d0d5b1" member_type: VOTER last_known_addr { host: "127.3.209.194" port: 39657 }, Status: LMP_MISMATCH, Last received: 0.0, Next index: 1, Last known committed idx: 0, Time since last communication: 0.000s
I20260601 13:24:44.945721  4909 raft_consensus.cc:993] T 3c3eb870fb1a46faa3ebf338a921f54f P 386b874869014957899bbe804b0f3fe9: : Instructing follower a7c044cf3f7e4fc0818f5fd100d0d5b1 to start an election
I20260601 13:24:44.945912  4909 raft_consensus.cc:1081] T 3c3eb870fb1a46faa3ebf338a921f54f P 386b874869014957899bbe804b0f3fe9 [term 1 LEADER]: Signalling peer a7c044cf3f7e4fc0818f5fd100d0d5b1 to start an election
I20260601 13:24:44.946506  4656 tablet_service.cc:2044] Received Run Leader Election RPC: tablet_id: "3c3eb870fb1a46faa3ebf338a921f54f"
dest_uuid: "a7c044cf3f7e4fc0818f5fd100d0d5b1"
 from {username='slave'} at 127.0.0.1:34788
I20260601 13:24:44.946703  4656 raft_consensus.cc:493] T 3c3eb870fb1a46faa3ebf338a921f54f P a7c044cf3f7e4fc0818f5fd100d0d5b1 [term 1 FOLLOWER]: Starting forced leader election (received explicit request)
I20260601 13:24:44.946763  4656 raft_consensus.cc:3060] T 3c3eb870fb1a46faa3ebf338a921f54f P a7c044cf3f7e4fc0818f5fd100d0d5b1 [term 1 FOLLOWER]: Advancing to term 2
I20260601 13:24:44.947592  4656 raft_consensus.cc:515] T 3c3eb870fb1a46faa3ebf338a921f54f P a7c044cf3f7e4fc0818f5fd100d0d5b1 [term 2 FOLLOWER]: Starting forced leader election with config: opid_index: -1 OBSOLETE_local: false peers { permanent_uuid: "386b874869014957899bbe804b0f3fe9" member_type: VOTER last_known_addr { host: "127.3.209.193" port: 40561 } } peers { permanent_uuid: "a7c044cf3f7e4fc0818f5fd100d0d5b1" member_type: VOTER last_known_addr { host: "127.3.209.194" port: 39657 } } peers { permanent_uuid: "a6d1bdde71234e598e1b279d560eef00" member_type: VOTER last_known_addr { host: "127.3.209.195" port: 40691 } }
I20260601 13:24:44.947975  4656 leader_election.cc:290] T 3c3eb870fb1a46faa3ebf338a921f54f P a7c044cf3f7e4fc0818f5fd100d0d5b1 [CANDIDATE]: Term 2 election: Requested vote from peers 386b874869014957899bbe804b0f3fe9 (127.3.209.193:40561), a6d1bdde71234e598e1b279d560eef00 (127.3.209.195:40691)
I20260601 13:24:44.948226  4581 tablet_service.cc:1917] Received RequestConsensusVote() RPC: tablet_id: "3c3eb870fb1a46faa3ebf338a921f54f" candidate_uuid: "a7c044cf3f7e4fc0818f5fd100d0d5b1" candidate_term: 2 candidate_status { last_received { term: 1 index: 1 } } ignore_live_leader: true dest_uuid: "386b874869014957899bbe804b0f3fe9"
I20260601 13:24:44.948367  4581 raft_consensus.cc:3055] T 3c3eb870fb1a46faa3ebf338a921f54f P 386b874869014957899bbe804b0f3fe9 [term 1 LEADER]: Stepping down as leader of term 1
I20260601 13:24:44.948344  4732 tablet_service.cc:1917] Received RequestConsensusVote() RPC: tablet_id: "3c3eb870fb1a46faa3ebf338a921f54f" candidate_uuid: "a7c044cf3f7e4fc0818f5fd100d0d5b1" candidate_term: 2 candidate_status { last_received { term: 1 index: 1 } } ignore_live_leader: true dest_uuid: "a6d1bdde71234e598e1b279d560eef00"
I20260601 13:24:44.948424  4581 raft_consensus.cc:740] T 3c3eb870fb1a46faa3ebf338a921f54f P 386b874869014957899bbe804b0f3fe9 [term 1 LEADER]: Becoming Follower/Learner. State: Replica: 386b874869014957899bbe804b0f3fe9, State: Running, Role: LEADER
I20260601 13:24:44.948470  4732 raft_consensus.cc:3060] T 3c3eb870fb1a46faa3ebf338a921f54f P a6d1bdde71234e598e1b279d560eef00 [term 1 FOLLOWER]: Advancing to term 2
I20260601 13:24:44.948603  4581 consensus_queue.cc:260] T 3c3eb870fb1a46faa3ebf338a921f54f P 386b874869014957899bbe804b0f3fe9 [NON_LEADER]: Queue going to NON_LEADER mode. State: All replicated index: 0, Majority replicated index: 1, Committed index: 1, Last appended: 1.1, Last appended by leader: 1, Current term: 1, Majority size: -1, State: 0, Mode: NON_LEADER, active raft config: opid_index: -1 OBSOLETE_local: false peers { permanent_uuid: "386b874869014957899bbe804b0f3fe9" member_type: VOTER last_known_addr { host: "127.3.209.193" port: 40561 } } peers { permanent_uuid: "a7c044cf3f7e4fc0818f5fd100d0d5b1" member_type: VOTER last_known_addr { host: "127.3.209.194" port: 39657 } } peers { permanent_uuid: "a6d1bdde71234e598e1b279d560eef00" member_type: VOTER last_known_addr { host: "127.3.209.195" port: 40691 } }
I20260601 13:24:44.948776  4581 raft_consensus.cc:3060] T 3c3eb870fb1a46faa3ebf338a921f54f P 386b874869014957899bbe804b0f3fe9 [term 1 FOLLOWER]: Advancing to term 2
I20260601 13:24:44.949570  4732 raft_consensus.cc:2468] T 3c3eb870fb1a46faa3ebf338a921f54f P a6d1bdde71234e598e1b279d560eef00 [term 2 FOLLOWER]: Leader election vote request: Granting yes vote for candidate a7c044cf3f7e4fc0818f5fd100d0d5b1 in term 2.
I20260601 13:24:44.949615  4581 raft_consensus.cc:2468] T 3c3eb870fb1a46faa3ebf338a921f54f P 386b874869014957899bbe804b0f3fe9 [term 2 FOLLOWER]: Leader election vote request: Granting yes vote for candidate a7c044cf3f7e4fc0818f5fd100d0d5b1 in term 2.
I20260601 13:24:44.949862  4620 leader_election.cc:304] T 3c3eb870fb1a46faa3ebf338a921f54f P a7c044cf3f7e4fc0818f5fd100d0d5b1 [CANDIDATE]: Term 2 election: Election decided. Result: candidate won. Election summary: received 2 responses out of 3 voters: 2 yes votes; 0 no votes. yes voters: 386b874869014957899bbe804b0f3fe9, a7c044cf3f7e4fc0818f5fd100d0d5b1; no voters: 
I20260601 13:24:44.950012  4928 raft_consensus.cc:2804] T 3c3eb870fb1a46faa3ebf338a921f54f P a7c044cf3f7e4fc0818f5fd100d0d5b1 [term 2 FOLLOWER]: Leader election won for term 2
I20260601 13:24:44.950103  4928 raft_consensus.cc:697] T 3c3eb870fb1a46faa3ebf338a921f54f P a7c044cf3f7e4fc0818f5fd100d0d5b1 [term 2 LEADER]: Becoming Leader. State: Replica: a7c044cf3f7e4fc0818f5fd100d0d5b1, State: Running, Role: LEADER
I20260601 13:24:44.950227  4928 consensus_queue.cc:237] T 3c3eb870fb1a46faa3ebf338a921f54f P a7c044cf3f7e4fc0818f5fd100d0d5b1 [LEADER]: Queue going to LEADER mode. State: All replicated index: 0, Majority replicated index: 1, Committed index: 1, Last appended: 1.1, Last appended by leader: 1, Current term: 2, Majority size: 2, State: 0, Mode: LEADER, active raft config: opid_index: -1 OBSOLETE_local: false peers { permanent_uuid: "386b874869014957899bbe804b0f3fe9" member_type: VOTER last_known_addr { host: "127.3.209.193" port: 40561 } } peers { permanent_uuid: "a7c044cf3f7e4fc0818f5fd100d0d5b1" member_type: VOTER last_known_addr { host: "127.3.209.194" port: 39657 } } peers { permanent_uuid: "a6d1bdde71234e598e1b279d560eef00" member_type: VOTER last_known_addr { host: "127.3.209.195" port: 40691 } }
I20260601 13:24:44.951633  4477 catalog_manager.cc:5696] T 3c3eb870fb1a46faa3ebf338a921f54f P a7c044cf3f7e4fc0818f5fd100d0d5b1 reported cstate change: term changed from 1 to 2, leader changed from 386b874869014957899bbe804b0f3fe9 (127.3.209.193) to a7c044cf3f7e4fc0818f5fd100d0d5b1 (127.3.209.194). New cstate: current_term: 2 leader_uuid: "a7c044cf3f7e4fc0818f5fd100d0d5b1" committed_config { opid_index: -1 OBSOLETE_local: false peers { permanent_uuid: "386b874869014957899bbe804b0f3fe9" member_type: VOTER last_known_addr { host: "127.3.209.193" port: 40561 } health_report { overall_health: UNKNOWN } } peers { permanent_uuid: "a7c044cf3f7e4fc0818f5fd100d0d5b1" member_type: VOTER last_known_addr { host: "127.3.209.194" port: 39657 } health_report { overall_health: HEALTHY } } peers { permanent_uuid: "a6d1bdde71234e598e1b279d560eef00" member_type: VOTER last_known_addr { host: "127.3.209.195" port: 40691 } health_report { overall_health: UNKNOWN } } }
I20260601 13:24:45.221997  4899 heartbeater.cc:499] Master 127.3.209.254:36943 was elected leader, sending a full tablet report...
I20260601 13:24:45.476622  4732 raft_consensus.cc:1275] T 3c3eb870fb1a46faa3ebf338a921f54f P a6d1bdde71234e598e1b279d560eef00 [term 2 FOLLOWER]: Refusing update from remote peer a7c044cf3f7e4fc0818f5fd100d0d5b1: Log matching property violated. Preceding OpId in replica: term: 1 index: 1. Preceding OpId from leader: term: 2 index: 2. (index mismatch)
I20260601 13:24:45.477062  4928 consensus_queue.cc:1048] T 3c3eb870fb1a46faa3ebf338a921f54f P a7c044cf3f7e4fc0818f5fd100d0d5b1 [LEADER]: Connected to new peer: Peer: permanent_uuid: "a6d1bdde71234e598e1b279d560eef00" member_type: VOTER last_known_addr { host: "127.3.209.195" port: 40691 }, Status: LMP_MISMATCH, Last received: 0.0, Next index: 2, Last known committed idx: 1, Time since last communication: 0.000s
I20260601 13:24:45.479453  4581 raft_consensus.cc:1275] T 3c3eb870fb1a46faa3ebf338a921f54f P 386b874869014957899bbe804b0f3fe9 [term 2 FOLLOWER]: Refusing update from remote peer a7c044cf3f7e4fc0818f5fd100d0d5b1: Log matching property violated. Preceding OpId in replica: term: 1 index: 1. Preceding OpId from leader: term: 2 index: 2. (index mismatch)
I20260601 13:24:45.479935  4934 consensus_queue.cc:1048] T 3c3eb870fb1a46faa3ebf338a921f54f P a7c044cf3f7e4fc0818f5fd100d0d5b1 [LEADER]: Connected to new peer: Peer: permanent_uuid: "386b874869014957899bbe804b0f3fe9" member_type: VOTER last_known_addr { host: "127.3.209.193" port: 40561 }, Status: LMP_MISMATCH, Last received: 0.0, Next index: 2, Last known committed idx: 1, Time since last communication: 0.000s
I20260601 13:24:46.572976  4532 auto_leader_rebalancer.cc:140] leader rebalance for table test-workload
I20260601 13:24:46.574034  4532 auto_leader_rebalancer.cc:388] table: test-workload, leader rebalance finish, leader transfer count: 0
I20260601 13:24:46.574164  4532 auto_leader_rebalancer.cc:451] All tables' leader rebalancing finished this round
I20260601 13:24:48.574479  4532 auto_leader_rebalancer.cc:140] leader rebalance for table test-workload
I20260601 13:24:48.575628  4532 auto_leader_rebalancer.cc:388] table: test-workload, leader rebalance finish, leader transfer count: 0
I20260601 13:24:48.575766  4532 auto_leader_rebalancer.cc:451] All tables' leader rebalancing finished this round
I20260601 13:24:49.573743  4656 consensus_queue.cc:237] T 9783f56d75ab484cb20c25d485441a15 P a7c044cf3f7e4fc0818f5fd100d0d5b1 [LEADER]: Queue going to LEADER mode. State: All replicated index: 0, Majority replicated index: 1, Committed index: 1, Last appended: 1.1, Last appended by leader: 0, Current term: 1, Majority size: 2, State: 0, Mode: LEADER, active raft config: opid_index: 2 OBSOLETE_local: false peers { permanent_uuid: "386b874869014957899bbe804b0f3fe9" member_type: VOTER last_known_addr { host: "127.3.209.193" port: 40561 } attrs { replace: true } } peers { permanent_uuid: "a6d1bdde71234e598e1b279d560eef00" member_type: VOTER last_known_addr { host: "127.3.209.195" port: 40691 } } peers { permanent_uuid: "a7c044cf3f7e4fc0818f5fd100d0d5b1" member_type: VOTER last_known_addr { host: "127.3.209.194" port: 39657 } } peers { permanent_uuid: "974580dbc14640d9b96d7d3f34bbec51" member_type: NON_VOTER last_known_addr { host: "127.3.209.196" port: 34491 } attrs { promote: true } }
I20260601 13:24:49.575289  4581 raft_consensus.cc:1275] T 9783f56d75ab484cb20c25d485441a15 P 386b874869014957899bbe804b0f3fe9 [term 1 FOLLOWER]: Refusing update from remote peer a7c044cf3f7e4fc0818f5fd100d0d5b1: Log matching property violated. Preceding OpId in replica: term: 1 index: 1. Preceding OpId from leader: term: 1 index: 2. (index mismatch)
I20260601 13:24:49.575450  4733 raft_consensus.cc:1275] T 9783f56d75ab484cb20c25d485441a15 P a6d1bdde71234e598e1b279d560eef00 [term 1 FOLLOWER]: Refusing update from remote peer a7c044cf3f7e4fc0818f5fd100d0d5b1: Log matching property violated. Preceding OpId in replica: term: 1 index: 1. Preceding OpId from leader: term: 1 index: 2. (index mismatch)
I20260601 13:24:49.575805  4941 consensus_queue.cc:1048] T 9783f56d75ab484cb20c25d485441a15 P a7c044cf3f7e4fc0818f5fd100d0d5b1 [LEADER]: Connected to new peer: Peer: permanent_uuid: "386b874869014957899bbe804b0f3fe9" member_type: VOTER last_known_addr { host: "127.3.209.193" port: 40561 } attrs { replace: true }, Status: LMP_MISMATCH, Last received: 0.0, Next index: 2, Last known committed idx: 1, Time since last communication: 0.000s
I20260601 13:24:49.576020  4942 consensus_queue.cc:1048] T 9783f56d75ab484cb20c25d485441a15 P a7c044cf3f7e4fc0818f5fd100d0d5b1 [LEADER]: Connected to new peer: Peer: permanent_uuid: "a6d1bdde71234e598e1b279d560eef00" member_type: VOTER last_known_addr { host: "127.3.209.195" port: 40691 }, Status: LMP_MISMATCH, Last received: 0.0, Next index: 2, Last known committed idx: 1, Time since last communication: 0.000s
I20260601 13:24:49.577845  4928 raft_consensus.cc:2955] T 9783f56d75ab484cb20c25d485441a15 P a7c044cf3f7e4fc0818f5fd100d0d5b1 [term 1 LEADER]: Committing config change with OpId 1.2: config changed from index -1 to 2, NON_VOTER 974580dbc14640d9b96d7d3f34bbec51 (127.3.209.196) added. New config: { opid_index: 2 OBSOLETE_local: false peers { permanent_uuid: "386b874869014957899bbe804b0f3fe9" member_type: VOTER last_known_addr { host: "127.3.209.193" port: 40561 } attrs { replace: true } } peers { permanent_uuid: "a6d1bdde71234e598e1b279d560eef00" member_type: VOTER last_known_addr { host: "127.3.209.195" port: 40691 } } peers { permanent_uuid: "a7c044cf3f7e4fc0818f5fd100d0d5b1" member_type: VOTER last_known_addr { host: "127.3.209.194" port: 39657 } } peers { permanent_uuid: "974580dbc14640d9b96d7d3f34bbec51" member_type: NON_VOTER last_known_addr { host: "127.3.209.196" port: 34491 } attrs { promote: true } } }
I20260601 13:24:49.578769  4581 raft_consensus.cc:2955] T 9783f56d75ab484cb20c25d485441a15 P 386b874869014957899bbe804b0f3fe9 [term 1 FOLLOWER]: Committing config change with OpId 1.2: config changed from index -1 to 2, NON_VOTER 974580dbc14640d9b96d7d3f34bbec51 (127.3.209.196) added. New config: { opid_index: 2 OBSOLETE_local: false peers { permanent_uuid: "386b874869014957899bbe804b0f3fe9" member_type: VOTER last_known_addr { host: "127.3.209.193" port: 40561 } attrs { replace: true } } peers { permanent_uuid: "a6d1bdde71234e598e1b279d560eef00" member_type: VOTER last_known_addr { host: "127.3.209.195" port: 40691 } } peers { permanent_uuid: "a7c044cf3f7e4fc0818f5fd100d0d5b1" member_type: VOTER last_known_addr { host: "127.3.209.194" port: 39657 } } peers { permanent_uuid: "974580dbc14640d9b96d7d3f34bbec51" member_type: NON_VOTER last_known_addr { host: "127.3.209.196" port: 34491 } attrs { promote: true } } }
W20260601 13:24:49.580111  4620 consensus_peers.cc:597] T 9783f56d75ab484cb20c25d485441a15 P a7c044cf3f7e4fc0818f5fd100d0d5b1 -> Peer 974580dbc14640d9b96d7d3f34bbec51 (127.3.209.196:34491): Couldn't send request to peer 974580dbc14640d9b96d7d3f34bbec51. Error code: TABLET_NOT_FOUND (6). Status: Not found: Tablet not found: 9783f56d75ab484cb20c25d485441a15. This is attempt 1: this message will repeat every 5th retry.
I20260601 13:24:49.580418  4733 raft_consensus.cc:2955] T 9783f56d75ab484cb20c25d485441a15 P a6d1bdde71234e598e1b279d560eef00 [term 1 FOLLOWER]: Committing config change with OpId 1.2: config changed from index -1 to 2, NON_VOTER 974580dbc14640d9b96d7d3f34bbec51 (127.3.209.196) added. New config: { opid_index: 2 OBSOLETE_local: false peers { permanent_uuid: "386b874869014957899bbe804b0f3fe9" member_type: VOTER last_known_addr { host: "127.3.209.193" port: 40561 } attrs { replace: true } } peers { permanent_uuid: "a6d1bdde71234e598e1b279d560eef00" member_type: VOTER last_known_addr { host: "127.3.209.195" port: 40691 } } peers { permanent_uuid: "a7c044cf3f7e4fc0818f5fd100d0d5b1" member_type: VOTER last_known_addr { host: "127.3.209.194" port: 39657 } } peers { permanent_uuid: "974580dbc14640d9b96d7d3f34bbec51" member_type: NON_VOTER last_known_addr { host: "127.3.209.196" port: 34491 } attrs { promote: true } } }
