I20260601 13:25:48.507267  4430 consensus_queue.cc:260] T 31d33eb4137b4dc6a25f17cd36e185df P e3e4e576fbc342dd98f17c0db11e2ab7 [NON_LEADER]: Queue going to NON_LEADER mode. State: All replicated index: 0, Majority replicated index: 0, Committed index: 0, Last appended: 0.0, Last appended by leader: 0, Current term: 0, Majority size: -1, State: 0, Mode: NON_LEADER, active raft config: opid_index: -1 OBSOLETE_local: false peers { permanent_uuid: "e3e4e576fbc342dd98f17c0db11e2ab7" member_type: VOTER last_known_addr { host: "127.1.54.194" port: 42065 } } peers { permanent_uuid: "acf57213eb0c47809e66dcbab5eb845b" member_type: VOTER last_known_addr { host: "127.1.54.193" port: 35053 } } peers { permanent_uuid: "0eebf6fd3d3743f59c66671ba7c417f2" member_type: VOTER last_known_addr { host: "127.1.54.195" port: 35971 } }
I20260601 13:25:48.507591  4430 ts_tablet_manager.cc:1434] T 31d33eb4137b4dc6a25f17cd36e185df P e3e4e576fbc342dd98f17c0db11e2ab7: Time spent starting tablet: real 0.001s	user 0.001s	sys 0.000s
I20260601 13:25:48.507758  4426 tablet_bootstrap.cc:492] T 1bd69e2749dc445ab19254a01551c723 P acf57213eb0c47809e66dcbab5eb845b: No bootstrap required, opened a new log
I20260601 13:25:48.507843  4426 ts_tablet_manager.cc:1403] T 1bd69e2749dc445ab19254a01551c723 P acf57213eb0c47809e66dcbab5eb845b: Time spent bootstrapping tablet: real 0.002s	user 0.002s	sys 0.000s
I20260601 13:25:48.508282  4426 raft_consensus.cc:359] T 1bd69e2749dc445ab19254a01551c723 P acf57213eb0c47809e66dcbab5eb845b [term 0 FOLLOWER]: Replica starting. Triggering 0 pending ops. Active config: opid_index: -1 OBSOLETE_local: false peers { permanent_uuid: "acf57213eb0c47809e66dcbab5eb845b" member_type: VOTER last_known_addr { host: "127.1.54.193" port: 35053 } } peers { permanent_uuid: "e3e4e576fbc342dd98f17c0db11e2ab7" member_type: VOTER last_known_addr { host: "127.1.54.194" port: 42065 } } peers { permanent_uuid: "0eebf6fd3d3743f59c66671ba7c417f2" member_type: VOTER last_known_addr { host: "127.1.54.195" port: 35971 } }
I20260601 13:25:48.508395  4426 raft_consensus.cc:385] T 1bd69e2749dc445ab19254a01551c723 P acf57213eb0c47809e66dcbab5eb845b [term 0 FOLLOWER]: Consensus starting up: Expiring failure detector timer to make a prompt election more likely
I20260601 13:25:48.508433  4426 raft_consensus.cc:740] T 1bd69e2749dc445ab19254a01551c723 P acf57213eb0c47809e66dcbab5eb845b [term 0 FOLLOWER]: Becoming Follower/Learner. State: Replica: acf57213eb0c47809e66dcbab5eb845b, State: Initialized, Role: FOLLOWER
I20260601 13:25:48.508530  4429 raft_consensus.cc:493] T aad6243b1ecd41b295905bed85c3a4e4 P 0eebf6fd3d3743f59c66671ba7c417f2 [term 0 FOLLOWER]: Starting pre-election (no leader contacted us within the election timeout)
I20260601 13:25:48.508560  4426 consensus_queue.cc:260] T 1bd69e2749dc445ab19254a01551c723 P acf57213eb0c47809e66dcbab5eb845b [NON_LEADER]: Queue going to NON_LEADER mode. State: All replicated index: 0, Majority replicated index: 0, Committed index: 0, Last appended: 0.0, Last appended by leader: 0, Current term: 0, Majority size: -1, State: 0, Mode: NON_LEADER, active raft config: opid_index: -1 OBSOLETE_local: false peers { permanent_uuid: "acf57213eb0c47809e66dcbab5eb845b" member_type: VOTER last_known_addr { host: "127.1.54.193" port: 35053 } } peers { permanent_uuid: "e3e4e576fbc342dd98f17c0db11e2ab7" member_type: VOTER last_known_addr { host: "127.1.54.194" port: 42065 } } peers { permanent_uuid: "0eebf6fd3d3743f59c66671ba7c417f2" member_type: VOTER last_known_addr { host: "127.1.54.195" port: 35971 } }
I20260601 13:25:48.507264  4425 ts_tablet_manager.cc:1434] T daab7e26b2af4141ba753e84c7270451 P 0eebf6fd3d3743f59c66671ba7c417f2: Time spent starting tablet: real 0.004s	user 0.002s	sys 0.000s
I20260601 13:25:48.508822  4426 ts_tablet_manager.cc:1434] T 1bd69e2749dc445ab19254a01551c723 P acf57213eb0c47809e66dcbab5eb845b: Time spent starting tablet: real 0.001s	user 0.001s	sys 0.000s
I20260601 13:25:48.508879  4425 tablet_bootstrap.cc:492] T 6056536123164cd682a3f31ec2fc435f P 0eebf6fd3d3743f59c66671ba7c417f2: Bootstrap starting.
I20260601 13:25:48.508960  4426 tablet_bootstrap.cc:492] T 8c4de9dc641a4f2c83fffc4335e463d0 P acf57213eb0c47809e66dcbab5eb845b: Bootstrap starting.
I20260601 13:25:48.509079  4430 tablet_bootstrap.cc:492] T aad6243b1ecd41b295905bed85c3a4e4 P e3e4e576fbc342dd98f17c0db11e2ab7: Bootstrap starting.
I20260601 13:25:48.509207  4444 raft_consensus.cc:493] T 31d33eb4137b4dc6a25f17cd36e185df P e3e4e576fbc342dd98f17c0db11e2ab7 [term 0 FOLLOWER]: Starting pre-election (no leader contacted us within the election timeout)
I20260601 13:25:48.509284  4444 raft_consensus.cc:515] T 31d33eb4137b4dc6a25f17cd36e185df P e3e4e576fbc342dd98f17c0db11e2ab7 [term 0 FOLLOWER]: Starting pre-election with config: opid_index: -1 OBSOLETE_local: false peers { permanent_uuid: "e3e4e576fbc342dd98f17c0db11e2ab7" member_type: VOTER last_known_addr { host: "127.1.54.194" port: 42065 } } peers { permanent_uuid: "acf57213eb0c47809e66dcbab5eb845b" member_type: VOTER last_known_addr { host: "127.1.54.193" port: 35053 } } peers { permanent_uuid: "0eebf6fd3d3743f59c66671ba7c417f2" member_type: VOTER last_known_addr { host: "127.1.54.195" port: 35971 } }
I20260601 13:25:48.509810  4425 tablet_bootstrap.cc:654] T 6056536123164cd682a3f31ec2fc435f P 0eebf6fd3d3743f59c66671ba7c417f2: Neither blocks nor log segments found. Creating new log.
I20260601 13:25:48.509831  4444 leader_election.cc:290] T 31d33eb4137b4dc6a25f17cd36e185df P e3e4e576fbc342dd98f17c0db11e2ab7 [CANDIDATE]: Term 1 pre-election: Requested pre-vote from peers acf57213eb0c47809e66dcbab5eb845b (127.1.54.193:35053), 0eebf6fd3d3743f59c66671ba7c417f2 (127.1.54.195:35971)
I20260601 13:25:48.510056  4430 tablet_bootstrap.cc:654] T aad6243b1ecd41b295905bed85c3a4e4 P e3e4e576fbc342dd98f17c0db11e2ab7: Neither blocks nor log segments found. Creating new log.
I20260601 13:25:48.509810  4426 tablet_bootstrap.cc:654] T 8c4de9dc641a4f2c83fffc4335e463d0 P acf57213eb0c47809e66dcbab5eb845b: Neither blocks nor log segments found. Creating new log.
I20260601 13:25:48.508633  4429 raft_consensus.cc:515] T aad6243b1ecd41b295905bed85c3a4e4 P 0eebf6fd3d3743f59c66671ba7c417f2 [term 0 FOLLOWER]: Starting pre-election with config: opid_index: -1 OBSOLETE_local: false peers { permanent_uuid: "0eebf6fd3d3743f59c66671ba7c417f2" member_type: VOTER last_known_addr { host: "127.1.54.195" port: 35971 } } peers { permanent_uuid: "acf57213eb0c47809e66dcbab5eb845b" member_type: VOTER last_known_addr { host: "127.1.54.193" port: 35053 } } peers { permanent_uuid: "e3e4e576fbc342dd98f17c0db11e2ab7" member_type: VOTER last_known_addr { host: "127.1.54.194" port: 42065 } }
I20260601 13:25:48.511070  4429 leader_election.cc:290] T aad6243b1ecd41b295905bed85c3a4e4 P 0eebf6fd3d3743f59c66671ba7c417f2 [CANDIDATE]: Term 1 pre-election: Requested pre-vote from peers acf57213eb0c47809e66dcbab5eb845b (127.1.54.193:35053), e3e4e576fbc342dd98f17c0db11e2ab7 (127.1.54.194:42065)
I20260601 13:25:48.513983  4425 tablet_bootstrap.cc:492] T 6056536123164cd682a3f31ec2fc435f P 0eebf6fd3d3743f59c66671ba7c417f2: No bootstrap required, opened a new log
I20260601 13:25:48.514070  4425 ts_tablet_manager.cc:1403] T 6056536123164cd682a3f31ec2fc435f P 0eebf6fd3d3743f59c66671ba7c417f2: Time spent bootstrapping tablet: real 0.005s	user 0.002s	sys 0.000s
I20260601 13:25:48.514079  4426 tablet_bootstrap.cc:492] T 8c4de9dc641a4f2c83fffc4335e463d0 P acf57213eb0c47809e66dcbab5eb845b: No bootstrap required, opened a new log
I20260601 13:25:48.514161  4426 ts_tablet_manager.cc:1403] T 8c4de9dc641a4f2c83fffc4335e463d0 P acf57213eb0c47809e66dcbab5eb845b: Time spent bootstrapping tablet: real 0.005s	user 0.002s	sys 0.000s
I20260601 13:25:48.514516  4430 tablet_bootstrap.cc:492] T aad6243b1ecd41b295905bed85c3a4e4 P e3e4e576fbc342dd98f17c0db11e2ab7: No bootstrap required, opened a new log
I20260601 13:25:48.514614  4430 ts_tablet_manager.cc:1403] T aad6243b1ecd41b295905bed85c3a4e4 P e3e4e576fbc342dd98f17c0db11e2ab7: Time spent bootstrapping tablet: real 0.006s	user 0.002s	sys 0.000s
I20260601 13:25:48.515082  4430 raft_consensus.cc:359] T aad6243b1ecd41b295905bed85c3a4e4 P e3e4e576fbc342dd98f17c0db11e2ab7 [term 0 FOLLOWER]: Replica starting. Triggering 0 pending ops. Active config: opid_index: -1 OBSOLETE_local: false peers { permanent_uuid: "0eebf6fd3d3743f59c66671ba7c417f2" member_type: VOTER last_known_addr { host: "127.1.54.195" port: 35971 } } peers { permanent_uuid: "acf57213eb0c47809e66dcbab5eb845b" member_type: VOTER last_known_addr { host: "127.1.54.193" port: 35053 } } peers { permanent_uuid: "e3e4e576fbc342dd98f17c0db11e2ab7" member_type: VOTER last_known_addr { host: "127.1.54.194" port: 42065 } }
I20260601 13:25:48.515188  4430 raft_consensus.cc:385] T aad6243b1ecd41b295905bed85c3a4e4 P e3e4e576fbc342dd98f17c0db11e2ab7 [term 0 FOLLOWER]: Consensus starting up: Expiring failure detector timer to make a prompt election more likely
I20260601 13:25:48.515219  4430 raft_consensus.cc:740] T aad6243b1ecd41b295905bed85c3a4e4 P e3e4e576fbc342dd98f17c0db11e2ab7 [term 0 FOLLOWER]: Becoming Follower/Learner. State: Replica: e3e4e576fbc342dd98f17c0db11e2ab7, State: Initialized, Role: FOLLOWER
I20260601 13:25:48.515329  4430 consensus_queue.cc:260] T aad6243b1ecd41b295905bed85c3a4e4 P e3e4e576fbc342dd98f17c0db11e2ab7 [NON_LEADER]: Queue going to NON_LEADER mode. State: All replicated index: 0, Majority replicated index: 0, Committed index: 0, Last appended: 0.0, Last appended by leader: 0, Current term: 0, Majority size: -1, State: 0, Mode: NON_LEADER, active raft config: opid_index: -1 OBSOLETE_local: false peers { permanent_uuid: "0eebf6fd3d3743f59c66671ba7c417f2" member_type: VOTER last_known_addr { host: "127.1.54.195" port: 35971 } } peers { permanent_uuid: "acf57213eb0c47809e66dcbab5eb845b" member_type: VOTER last_known_addr { host: "127.1.54.193" port: 35053 } } peers { permanent_uuid: "e3e4e576fbc342dd98f17c0db11e2ab7" member_type: VOTER last_known_addr { host: "127.1.54.194" port: 42065 } }
I20260601 13:25:48.514505  4426 raft_consensus.cc:359] T 8c4de9dc641a4f2c83fffc4335e463d0 P acf57213eb0c47809e66dcbab5eb845b [term 0 FOLLOWER]: Replica starting. Triggering 0 pending ops. Active config: opid_index: -1 OBSOLETE_local: false peers { permanent_uuid: "acf57213eb0c47809e66dcbab5eb845b" member_type: VOTER last_known_addr { host: "127.1.54.193" port: 35053 } } peers { permanent_uuid: "e3e4e576fbc342dd98f17c0db11e2ab7" member_type: VOTER last_known_addr { host: "127.1.54.194" port: 42065 } } peers { permanent_uuid: "0eebf6fd3d3743f59c66671ba7c417f2" member_type: VOTER last_known_addr { host: "127.1.54.195" port: 35971 } }
I20260601 13:25:48.515594  4426 raft_consensus.cc:385] T 8c4de9dc641a4f2c83fffc4335e463d0 P acf57213eb0c47809e66dcbab5eb845b [term 0 FOLLOWER]: Consensus starting up: Expiring failure detector timer to make a prompt election more likely
I20260601 13:25:48.515614  4430 ts_tablet_manager.cc:1434] T aad6243b1ecd41b295905bed85c3a4e4 P e3e4e576fbc342dd98f17c0db11e2ab7: Time spent starting tablet: real 0.001s	user 0.000s	sys 0.000s
I20260601 13:25:48.515625  4426 raft_consensus.cc:740] T 8c4de9dc641a4f2c83fffc4335e463d0 P acf57213eb0c47809e66dcbab5eb845b [term 0 FOLLOWER]: Becoming Follower/Learner. State: Replica: acf57213eb0c47809e66dcbab5eb845b, State: Initialized, Role: FOLLOWER
I20260601 13:25:48.515784  4426 consensus_queue.cc:260] T 8c4de9dc641a4f2c83fffc4335e463d0 P acf57213eb0c47809e66dcbab5eb845b [NON_LEADER]: Queue going to NON_LEADER mode. State: All replicated index: 0, Majority replicated index: 0, Committed index: 0, Last appended: 0.0, Last appended by leader: 0, Current term: 0, Majority size: -1, State: 0, Mode: NON_LEADER, active raft config: opid_index: -1 OBSOLETE_local: false peers { permanent_uuid: "acf57213eb0c47809e66dcbab5eb845b" member_type: VOTER last_known_addr { host: "127.1.54.193" port: 35053 } } peers { permanent_uuid: "e3e4e576fbc342dd98f17c0db11e2ab7" member_type: VOTER last_known_addr { host: "127.1.54.194" port: 42065 } } peers { permanent_uuid: "0eebf6fd3d3743f59c66671ba7c417f2" member_type: VOTER last_known_addr { host: "127.1.54.195" port: 35971 } }
I20260601 13:25:48.515830  4430 tablet_bootstrap.cc:492] T 1bd69e2749dc445ab19254a01551c723 P e3e4e576fbc342dd98f17c0db11e2ab7: Bootstrap starting.
I20260601 13:25:48.516041  4426 ts_tablet_manager.cc:1434] T 8c4de9dc641a4f2c83fffc4335e463d0 P acf57213eb0c47809e66dcbab5eb845b: Time spent starting tablet: real 0.002s	user 0.000s	sys 0.001s
I20260601 13:25:48.516215  4426 tablet_bootstrap.cc:492] T daab7e26b2af4141ba753e84c7270451 P acf57213eb0c47809e66dcbab5eb845b: Bootstrap starting.
I20260601 13:25:48.516896  4430 tablet_bootstrap.cc:654] T 1bd69e2749dc445ab19254a01551c723 P e3e4e576fbc342dd98f17c0db11e2ab7: Neither blocks nor log segments found. Creating new log.
I20260601 13:25:48.517132  4426 tablet_bootstrap.cc:654] T daab7e26b2af4141ba753e84c7270451 P acf57213eb0c47809e66dcbab5eb845b: Neither blocks nor log segments found. Creating new log.
I20260601 13:25:48.514504  4425 raft_consensus.cc:359] T 6056536123164cd682a3f31ec2fc435f P 0eebf6fd3d3743f59c66671ba7c417f2 [term 0 FOLLOWER]: Replica starting. Triggering 0 pending ops. Active config: opid_index: -1 OBSOLETE_local: false peers { permanent_uuid: "e3e4e576fbc342dd98f17c0db11e2ab7" member_type: VOTER last_known_addr { host: "127.1.54.194" port: 42065 } } peers { permanent_uuid: "acf57213eb0c47809e66dcbab5eb845b" member_type: VOTER last_known_addr { host: "127.1.54.193" port: 35053 } } peers { permanent_uuid: "0eebf6fd3d3743f59c66671ba7c417f2" member_type: VOTER last_known_addr { host: "127.1.54.195" port: 35971 } }
I20260601 13:25:48.517536  4425 raft_consensus.cc:385] T 6056536123164cd682a3f31ec2fc435f P 0eebf6fd3d3743f59c66671ba7c417f2 [term 0 FOLLOWER]: Consensus starting up: Expiring failure detector timer to make a prompt election more likely
I20260601 13:25:48.517572  4425 raft_consensus.cc:740] T 6056536123164cd682a3f31ec2fc435f P 0eebf6fd3d3743f59c66671ba7c417f2 [term 0 FOLLOWER]: Becoming Follower/Learner. State: Replica: 0eebf6fd3d3743f59c66671ba7c417f2, State: Initialized, Role: FOLLOWER
I20260601 13:25:48.517696  4425 consensus_queue.cc:260] T 6056536123164cd682a3f31ec2fc435f P 0eebf6fd3d3743f59c66671ba7c417f2 [NON_LEADER]: Queue going to NON_LEADER mode. State: All replicated index: 0, Majority replicated index: 0, Committed index: 0, Last appended: 0.0, Last appended by leader: 0, Current term: 0, Majority size: -1, State: 0, Mode: NON_LEADER, active raft config: opid_index: -1 OBSOLETE_local: false peers { permanent_uuid: "e3e4e576fbc342dd98f17c0db11e2ab7" member_type: VOTER last_known_addr { host: "127.1.54.194" port: 42065 } } peers { permanent_uuid: "acf57213eb0c47809e66dcbab5eb845b" member_type: VOTER last_known_addr { host: "127.1.54.193" port: 35053 } } peers { permanent_uuid: "0eebf6fd3d3743f59c66671ba7c417f2" member_type: VOTER last_known_addr { host: "127.1.54.195" port: 35971 } }
I20260601 13:25:48.517978  4425 ts_tablet_manager.cc:1434] T 6056536123164cd682a3f31ec2fc435f P 0eebf6fd3d3743f59c66671ba7c417f2: Time spent starting tablet: real 0.004s	user 0.001s	sys 0.000s
I20260601 13:25:48.518131  4425 tablet_bootstrap.cc:492] T 45dd71ed18624b5aa386ce99a3322eab P 0eebf6fd3d3743f59c66671ba7c417f2: Bootstrap starting.
I20260601 13:25:48.518620  4379 tablet_service.cc:1917] Received RequestConsensusVote() RPC: tablet_id: "31d33eb4137b4dc6a25f17cd36e185df" candidate_uuid: "e3e4e576fbc342dd98f17c0db11e2ab7" candidate_term: 1 candidate_status { last_received { term: 0 index: 0 } } ignore_live_leader: false dest_uuid: "0eebf6fd3d3743f59c66671ba7c417f2" is_pre_election: true
I20260601 13:25:48.518762  4379 raft_consensus.cc:2468] T 31d33eb4137b4dc6a25f17cd36e185df P 0eebf6fd3d3743f59c66671ba7c417f2 [term 0 FOLLOWER]: Leader pre-election vote request: Granting yes vote for candidate e3e4e576fbc342dd98f17c0db11e2ab7 in term 0.
I20260601 13:25:48.519068  4425 tablet_bootstrap.cc:654] T 45dd71ed18624b5aa386ce99a3322eab P 0eebf6fd3d3743f59c66671ba7c417f2: Neither blocks nor log segments found. Creating new log.
I20260601 13:25:48.519080  4270 leader_election.cc:304] T 31d33eb4137b4dc6a25f17cd36e185df P e3e4e576fbc342dd98f17c0db11e2ab7 [CANDIDATE]: Term 1 pre-election: Election decided. Result: candidate won. Election summary: received 2 responses out of 3 voters: 2 yes votes; 0 no votes. yes voters: 0eebf6fd3d3743f59c66671ba7c417f2, e3e4e576fbc342dd98f17c0db11e2ab7; no voters: 
I20260601 13:25:48.519336  4443 raft_consensus.cc:2804] T 31d33eb4137b4dc6a25f17cd36e185df P e3e4e576fbc342dd98f17c0db11e2ab7 [term 0 FOLLOWER]: Leader pre-election won for term 1
I20260601 13:25:48.519397  4443 raft_consensus.cc:493] T 31d33eb4137b4dc6a25f17cd36e185df P e3e4e576fbc342dd98f17c0db11e2ab7 [term 0 FOLLOWER]: Starting leader election (no leader contacted us within the election timeout)
I20260601 13:25:48.519445  4443 raft_consensus.cc:3060] T 31d33eb4137b4dc6a25f17cd36e185df P e3e4e576fbc342dd98f17c0db11e2ab7 [term 0 FOLLOWER]: Advancing to term 1
I20260601 13:25:48.520480  4443 raft_consensus.cc:515] T 31d33eb4137b4dc6a25f17cd36e185df P e3e4e576fbc342dd98f17c0db11e2ab7 [term 1 FOLLOWER]: Starting leader election with config: opid_index: -1 OBSOLETE_local: false peers { permanent_uuid: "e3e4e576fbc342dd98f17c0db11e2ab7" member_type: VOTER last_known_addr { host: "127.1.54.194" port: 42065 } } peers { permanent_uuid: "acf57213eb0c47809e66dcbab5eb845b" member_type: VOTER last_known_addr { host: "127.1.54.193" port: 35053 } } peers { permanent_uuid: "0eebf6fd3d3743f59c66671ba7c417f2" member_type: VOTER last_known_addr { host: "127.1.54.195" port: 35971 } }
I20260601 13:25:48.520562  4228 tablet_service.cc:1917] Received RequestConsensusVote() RPC: tablet_id: "aad6243b1ecd41b295905bed85c3a4e4" candidate_uuid: "0eebf6fd3d3743f59c66671ba7c417f2" candidate_term: 1 candidate_status { last_received { term: 0 index: 0 } } ignore_live_leader: false dest_uuid: "acf57213eb0c47809e66dcbab5eb845b" is_pre_election: true
I20260601 13:25:48.520669  4228 raft_consensus.cc:2468] T aad6243b1ecd41b295905bed85c3a4e4 P acf57213eb0c47809e66dcbab5eb845b [term 0 FOLLOWER]: Leader pre-election vote request: Granting yes vote for candidate 0eebf6fd3d3743f59c66671ba7c417f2 in term 0.
I20260601 13:25:48.521044  4345 leader_election.cc:304] T aad6243b1ecd41b295905bed85c3a4e4 P 0eebf6fd3d3743f59c66671ba7c417f2 [CANDIDATE]: Term 1 pre-election: Election decided. Result: candidate won. Election summary: received 2 responses out of 3 voters: 2 yes votes; 0 no votes. yes voters: 0eebf6fd3d3743f59c66671ba7c417f2, acf57213eb0c47809e66dcbab5eb845b; no voters: 
I20260601 13:25:48.521288  4429 raft_consensus.cc:2804] T aad6243b1ecd41b295905bed85c3a4e4 P 0eebf6fd3d3743f59c66671ba7c417f2 [term 0 FOLLOWER]: Leader pre-election won for term 1
I20260601 13:25:48.521343  4429 raft_consensus.cc:493] T aad6243b1ecd41b295905bed85c3a4e4 P 0eebf6fd3d3743f59c66671ba7c417f2 [term 0 FOLLOWER]: Starting leader election (no leader contacted us within the election timeout)
I20260601 13:25:48.521380  4429 raft_consensus.cc:3060] T aad6243b1ecd41b295905bed85c3a4e4 P 0eebf6fd3d3743f59c66671ba7c417f2 [term 0 FOLLOWER]: Advancing to term 1
I20260601 13:25:48.522217  4228 tablet_service.cc:1917] Received RequestConsensusVote() RPC: tablet_id: "31d33eb4137b4dc6a25f17cd36e185df" candidate_uuid: "e3e4e576fbc342dd98f17c0db11e2ab7" candidate_term: 1 candidate_status { last_received { term: 0 index: 0 } } ignore_live_leader: false dest_uuid: "acf57213eb0c47809e66dcbab5eb845b" is_pre_election: true
I20260601 13:25:48.522246  4227 tablet_service.cc:1917] Received RequestConsensusVote() RPC: tablet_id: "31d33eb4137b4dc6a25f17cd36e185df" candidate_uuid: "e3e4e576fbc342dd98f17c0db11e2ab7" candidate_term: 1 candidate_status { last_received { term: 0 index: 0 } } ignore_live_leader: false dest_uuid: "acf57213eb0c47809e66dcbab5eb845b"
I20260601 13:25:48.522328  4228 raft_consensus.cc:2468] T 31d33eb4137b4dc6a25f17cd36e185df P acf57213eb0c47809e66dcbab5eb845b [term 0 FOLLOWER]: Leader pre-election vote request: Granting yes vote for candidate e3e4e576fbc342dd98f17c0db11e2ab7 in term 0.
I20260601 13:25:48.522609  4429 raft_consensus.cc:515] T aad6243b1ecd41b295905bed85c3a4e4 P 0eebf6fd3d3743f59c66671ba7c417f2 [term 1 FOLLOWER]: Starting leader election with config: opid_index: -1 OBSOLETE_local: false peers { permanent_uuid: "0eebf6fd3d3743f59c66671ba7c417f2" member_type: VOTER last_known_addr { host: "127.1.54.195" port: 35971 } } peers { permanent_uuid: "acf57213eb0c47809e66dcbab5eb845b" member_type: VOTER last_known_addr { host: "127.1.54.193" port: 35053 } } peers { permanent_uuid: "e3e4e576fbc342dd98f17c0db11e2ab7" member_type: VOTER last_known_addr { host: "127.1.54.194" port: 42065 } }
I20260601 13:25:48.523198  4227 tablet_service.cc:1917] Received RequestConsensusVote() RPC: tablet_id: "aad6243b1ecd41b295905bed85c3a4e4" candidate_uuid: "0eebf6fd3d3743f59c66671ba7c417f2" candidate_term: 1 candidate_status { last_received { term: 0 index: 0 } } ignore_live_leader: false dest_uuid: "acf57213eb0c47809e66dcbab5eb845b"
I20260601 13:25:48.523305  4227 raft_consensus.cc:3060] T aad6243b1ecd41b295905bed85c3a4e4 P acf57213eb0c47809e66dcbab5eb845b [term 0 FOLLOWER]: Advancing to term 1
I20260601 13:25:48.523406  4304 tablet_service.cc:1917] Received RequestConsensusVote() RPC: tablet_id: "aad6243b1ecd41b295905bed85c3a4e4" candidate_uuid: "0eebf6fd3d3743f59c66671ba7c417f2" candidate_term: 1 candidate_status { last_received { term: 0 index: 0 } } ignore_live_leader: false dest_uuid: "e3e4e576fbc342dd98f17c0db11e2ab7" is_pre_election: true
I20260601 13:25:48.523538  4304 raft_consensus.cc:2468] T aad6243b1ecd41b295905bed85c3a4e4 P e3e4e576fbc342dd98f17c0db11e2ab7 [term 0 FOLLOWER]: Leader pre-election vote request: Granting yes vote for candidate 0eebf6fd3d3743f59c66671ba7c417f2 in term 0.
I20260601 13:25:48.523846  4425 tablet_bootstrap.cc:492] T 45dd71ed18624b5aa386ce99a3322eab P 0eebf6fd3d3743f59c66671ba7c417f2: No bootstrap required, opened a new log
I20260601 13:25:48.523936  4425 ts_tablet_manager.cc:1403] T 45dd71ed18624b5aa386ce99a3322eab P 0eebf6fd3d3743f59c66671ba7c417f2: Time spent bootstrapping tablet: real 0.006s	user 0.002s	sys 0.000s
I20260601 13:25:48.524000  4443 leader_election.cc:290] T 31d33eb4137b4dc6a25f17cd36e185df P e3e4e576fbc342dd98f17c0db11e2ab7 [CANDIDATE]: Term 1 election: Requested vote from peers acf57213eb0c47809e66dcbab5eb845b (127.1.54.193:35053), 0eebf6fd3d3743f59c66671ba7c417f2 (127.1.54.195:35971)
I20260601 13:25:48.524243  4227 raft_consensus.cc:2468] T aad6243b1ecd41b295905bed85c3a4e4 P acf57213eb0c47809e66dcbab5eb845b [term 1 FOLLOWER]: Leader election vote request: Granting yes vote for candidate 0eebf6fd3d3743f59c66671ba7c417f2 in term 1.
I20260601 13:25:48.524394  4379 tablet_service.cc:1917] Received RequestConsensusVote() RPC: tablet_id: "31d33eb4137b4dc6a25f17cd36e185df" candidate_uuid: "e3e4e576fbc342dd98f17c0db11e2ab7" candidate_term: 1 candidate_status { last_received { term: 0 index: 0 } } ignore_live_leader: false dest_uuid: "0eebf6fd3d3743f59c66671ba7c417f2"
I20260601 13:25:48.524415  4425 raft_consensus.cc:359] T 45dd71ed18624b5aa386ce99a3322eab P 0eebf6fd3d3743f59c66671ba7c417f2 [term 0 FOLLOWER]: Replica starting. Triggering 0 pending ops. Active config: opid_index: -1 OBSOLETE_local: false peers { permanent_uuid: "acf57213eb0c47809e66dcbab5eb845b" member_type: VOTER last_known_addr { host: "127.1.54.193" port: 35053 } } peers { permanent_uuid: "e3e4e576fbc342dd98f17c0db11e2ab7" member_type: VOTER last_known_addr { host: "127.1.54.194" port: 42065 } } peers { permanent_uuid: "0eebf6fd3d3743f59c66671ba7c417f2" member_type: VOTER last_known_addr { host: "127.1.54.195" port: 35971 } }
I20260601 13:25:48.524485  4379 raft_consensus.cc:3060] T 31d33eb4137b4dc6a25f17cd36e185df P 0eebf6fd3d3743f59c66671ba7c417f2 [term 0 FOLLOWER]: Advancing to term 1
I20260601 13:25:48.524502  4425 raft_consensus.cc:385] T 45dd71ed18624b5aa386ce99a3322eab P 0eebf6fd3d3743f59c66671ba7c417f2 [term 0 FOLLOWER]: Consensus starting up: Expiring failure detector timer to make a prompt election more likely
I20260601 13:25:48.524503  4345 leader_election.cc:304] T aad6243b1ecd41b295905bed85c3a4e4 P 0eebf6fd3d3743f59c66671ba7c417f2 [CANDIDATE]: Term 1 election: Election decided. Result: candidate won. Election summary: received 2 responses out of 3 voters: 2 yes votes; 0 no votes. yes voters: 0eebf6fd3d3743f59c66671ba7c417f2, acf57213eb0c47809e66dcbab5eb845b; no voters: 
I20260601 13:25:48.524557  4425 raft_consensus.cc:740] T 45dd71ed18624b5aa386ce99a3322eab P 0eebf6fd3d3743f59c66671ba7c417f2 [term 0 FOLLOWER]: Becoming Follower/Learner. State: Replica: 0eebf6fd3d3743f59c66671ba7c417f2, State: Initialized, Role: FOLLOWER
I20260601 13:25:48.524672  4425 consensus_queue.cc:260] T 45dd71ed18624b5aa386ce99a3322eab P 0eebf6fd3d3743f59c66671ba7c417f2 [NON_LEADER]: Queue going to NON_LEADER mode. State: All replicated index: 0, Majority replicated index: 0, Committed index: 0, Last appended: 0.0, Last appended by leader: 0, Current term: 0, Majority size: -1, State: 0, Mode: NON_LEADER, active raft config: opid_index: -1 OBSOLETE_local: false peers { permanent_uuid: "acf57213eb0c47809e66dcbab5eb845b" member_type: VOTER last_known_addr { host: "127.1.54.193" port: 35053 } } peers { permanent_uuid: "e3e4e576fbc342dd98f17c0db11e2ab7" member_type: VOTER last_known_addr { host: "127.1.54.194" port: 42065 } } peers { permanent_uuid: "0eebf6fd3d3743f59c66671ba7c417f2" member_type: VOTER last_known_addr { host: "127.1.54.195" port: 35971 } }
I20260601 13:25:48.524749  4429 leader_election.cc:290] T aad6243b1ecd41b295905bed85c3a4e4 P 0eebf6fd3d3743f59c66671ba7c417f2 [CANDIDATE]: Term 1 election: Requested vote from peers acf57213eb0c47809e66dcbab5eb845b (127.1.54.193:35053), e3e4e576fbc342dd98f17c0db11e2ab7 (127.1.54.194:42065)
I20260601 13:25:48.524773  4304 tablet_service.cc:1917] Received RequestConsensusVote() RPC: tablet_id: "aad6243b1ecd41b295905bed85c3a4e4" candidate_uuid: "0eebf6fd3d3743f59c66671ba7c417f2" candidate_term: 1 candidate_status { last_received { term: 0 index: 0 } } ignore_live_leader: false dest_uuid: "e3e4e576fbc342dd98f17c0db11e2ab7"
I20260601 13:25:48.524830  4429 raft_consensus.cc:2804] T aad6243b1ecd41b295905bed85c3a4e4 P 0eebf6fd3d3743f59c66671ba7c417f2 [term 1 FOLLOWER]: Leader election won for term 1
I20260601 13:25:48.524857  4304 raft_consensus.cc:3060] T aad6243b1ecd41b295905bed85c3a4e4 P e3e4e576fbc342dd98f17c0db11e2ab7 [term 0 FOLLOWER]: Advancing to term 1
I20260601 13:25:48.524880  4429 raft_consensus.cc:697] T aad6243b1ecd41b295905bed85c3a4e4 P 0eebf6fd3d3743f59c66671ba7c417f2 [term 1 LEADER]: Becoming Leader. State: Replica: 0eebf6fd3d3743f59c66671ba7c417f2, State: Running, Role: LEADER
I20260601 13:25:48.524959  4425 ts_tablet_manager.cc:1434] T 45dd71ed18624b5aa386ce99a3322eab P 0eebf6fd3d3743f59c66671ba7c417f2: Time spent starting tablet: real 0.001s	user 0.001s	sys 0.000s
I20260601 13:25:48.524986  4429 consensus_queue.cc:237] T aad6243b1ecd41b295905bed85c3a4e4 P 0eebf6fd3d3743f59c66671ba7c417f2 [LEADER]: Queue going to LEADER mode. State: All replicated index: 0, Majority replicated index: 0, Committed index: 0, Last appended: 0.0, Last appended by leader: 0, Current term: 1, Majority size: 2, State: 0, Mode: LEADER, active raft config: opid_index: -1 OBSOLETE_local: false peers { permanent_uuid: "0eebf6fd3d3743f59c66671ba7c417f2" member_type: VOTER last_known_addr { host: "127.1.54.195" port: 35971 } } peers { permanent_uuid: "acf57213eb0c47809e66dcbab5eb845b" member_type: VOTER last_known_addr { host: "127.1.54.193" port: 35053 } } peers { permanent_uuid: "e3e4e576fbc342dd98f17c0db11e2ab7" member_type: VOTER last_known_addr { host: "127.1.54.194" port: 42065 } }
I20260601 13:25:48.525112  4425 tablet_bootstrap.cc:492] T f646547f79704699a9d35db092fd9074 P 0eebf6fd3d3743f59c66671ba7c417f2: Bootstrap starting.
I20260601 13:25:48.525384  4379 raft_consensus.cc:2468] T 31d33eb4137b4dc6a25f17cd36e185df P 0eebf6fd3d3743f59c66671ba7c417f2 [term 1 FOLLOWER]: Leader election vote request: Granting yes vote for candidate e3e4e576fbc342dd98f17c0db11e2ab7 in term 1.
I20260601 13:25:48.525731  4304 raft_consensus.cc:2468] T aad6243b1ecd41b295905bed85c3a4e4 P e3e4e576fbc342dd98f17c0db11e2ab7 [term 1 FOLLOWER]: Leader election vote request: Granting yes vote for candidate 0eebf6fd3d3743f59c66671ba7c417f2 in term 1.
I20260601 13:25:48.525931  4270 leader_election.cc:304] T 31d33eb4137b4dc6a25f17cd36e185df P e3e4e576fbc342dd98f17c0db11e2ab7 [CANDIDATE]: Term 1 election: Election decided. Result: candidate won. Election summary: received 3 responses out of 3 voters: 2 yes votes; 1 no votes. yes voters: 0eebf6fd3d3743f59c66671ba7c417f2, e3e4e576fbc342dd98f17c0db11e2ab7; no voters: acf57213eb0c47809e66dcbab5eb845b
I20260601 13:25:48.526064  4443 raft_consensus.cc:2804] T 31d33eb4137b4dc6a25f17cd36e185df P e3e4e576fbc342dd98f17c0db11e2ab7 [term 1 FOLLOWER]: Leader election won for term 1
I20260601 13:25:48.526119  4425 tablet_bootstrap.cc:654] T f646547f79704699a9d35db092fd9074 P 0eebf6fd3d3743f59c66671ba7c417f2: Neither blocks nor log segments found. Creating new log.
I20260601 13:25:48.526158  4443 raft_consensus.cc:697] T 31d33eb4137b4dc6a25f17cd36e185df P e3e4e576fbc342dd98f17c0db11e2ab7 [term 1 LEADER]: Becoming Leader. State: Replica: e3e4e576fbc342dd98f17c0db11e2ab7, State: Running, Role: LEADER
I20260601 13:25:48.526285  4443 consensus_queue.cc:237] T 31d33eb4137b4dc6a25f17cd36e185df P e3e4e576fbc342dd98f17c0db11e2ab7 [LEADER]: Queue going to LEADER mode. State: All replicated index: 0, Majority replicated index: 0, Committed index: 0, Last appended: 0.0, Last appended by leader: 0, Current term: 1, Majority size: 2, State: 0, Mode: LEADER, active raft config: opid_index: -1 OBSOLETE_local: false peers { permanent_uuid: "e3e4e576fbc342dd98f17c0db11e2ab7" member_type: VOTER last_known_addr { host: "127.1.54.194" port: 42065 } } peers { permanent_uuid: "acf57213eb0c47809e66dcbab5eb845b" member_type: VOTER last_known_addr { host: "127.1.54.193" port: 35053 } } peers { permanent_uuid: "0eebf6fd3d3743f59c66671ba7c417f2" member_type: VOTER last_known_addr { host: "127.1.54.195" port: 35971 } }
I20260601 13:25:48.527190  4425 tablet_bootstrap.cc:492] T f646547f79704699a9d35db092fd9074 P 0eebf6fd3d3743f59c66671ba7c417f2: No bootstrap required, opened a new log
I20260601 13:25:48.527275  4425 ts_tablet_manager.cc:1403] T f646547f79704699a9d35db092fd9074 P 0eebf6fd3d3743f59c66671ba7c417f2: Time spent bootstrapping tablet: real 0.002s	user 0.002s	sys 0.000s
I20260601 13:25:48.527307  4426 tablet_bootstrap.cc:492] T daab7e26b2af4141ba753e84c7270451 P acf57213eb0c47809e66dcbab5eb845b: No bootstrap required, opened a new log
I20260601 13:25:48.527386  4426 ts_tablet_manager.cc:1403] T daab7e26b2af4141ba753e84c7270451 P acf57213eb0c47809e66dcbab5eb845b: Time spent bootstrapping tablet: real 0.011s	user 0.000s	sys 0.001s
I20260601 13:25:48.527424  4430 tablet_bootstrap.cc:492] T 1bd69e2749dc445ab19254a01551c723 P e3e4e576fbc342dd98f17c0db11e2ab7: No bootstrap required, opened a new log
I20260601 13:25:48.527498  4430 ts_tablet_manager.cc:1403] T 1bd69e2749dc445ab19254a01551c723 P e3e4e576fbc342dd98f17c0db11e2ab7: Time spent bootstrapping tablet: real 0.012s	user 0.002s	sys 0.000s
I20260601 13:25:48.527683  4425 raft_consensus.cc:359] T f646547f79704699a9d35db092fd9074 P 0eebf6fd3d3743f59c66671ba7c417f2 [term 0 FOLLOWER]: Replica starting. Triggering 0 pending ops. Active config: opid_index: -1 OBSOLETE_local: false peers { permanent_uuid: "e3e4e576fbc342dd98f17c0db11e2ab7" member_type: VOTER last_known_addr { host: "127.1.54.194" port: 42065 } } peers { permanent_uuid: "acf57213eb0c47809e66dcbab5eb845b" member_type: VOTER last_known_addr { host: "127.1.54.193" port: 35053 } } peers { permanent_uuid: "0eebf6fd3d3743f59c66671ba7c417f2" member_type: VOTER last_known_addr { host: "127.1.54.195" port: 35971 } }
I20260601 13:25:48.527801  4425 raft_consensus.cc:385] T f646547f79704699a9d35db092fd9074 P 0eebf6fd3d3743f59c66671ba7c417f2 [term 0 FOLLOWER]: Consensus starting up: Expiring failure detector timer to make a prompt election more likely
I20260601 13:25:48.527835  4425 raft_consensus.cc:740] T f646547f79704699a9d35db092fd9074 P 0eebf6fd3d3743f59c66671ba7c417f2 [term 0 FOLLOWER]: Becoming Follower/Learner. State: Replica: 0eebf6fd3d3743f59c66671ba7c417f2, State: Initialized, Role: FOLLOWER
I20260601 13:25:48.527858  4426 raft_consensus.cc:359] T daab7e26b2af4141ba753e84c7270451 P acf57213eb0c47809e66dcbab5eb845b [term 0 FOLLOWER]: Replica starting. Triggering 0 pending ops. Active config: opid_index: -1 OBSOLETE_local: false peers { permanent_uuid: "acf57213eb0c47809e66dcbab5eb845b" member_type: VOTER last_known_addr { host: "127.1.54.193" port: 35053 } } peers { permanent_uuid: "e3e4e576fbc342dd98f17c0db11e2ab7" member_type: VOTER last_known_addr { host: "127.1.54.194" port: 42065 } } peers { permanent_uuid: "0eebf6fd3d3743f59c66671ba7c417f2" member_type: VOTER last_known_addr { host: "127.1.54.195" port: 35971 } }
I20260601 13:25:48.527917  4430 raft_consensus.cc:359] T 1bd69e2749dc445ab19254a01551c723 P e3e4e576fbc342dd98f17c0db11e2ab7 [term 0 FOLLOWER]: Replica starting. Triggering 0 pending ops. Active config: opid_index: -1 OBSOLETE_local: false peers { permanent_uuid: "acf57213eb0c47809e66dcbab5eb845b" member_type: VOTER last_known_addr { host: "127.1.54.193" port: 35053 } } peers { permanent_uuid: "e3e4e576fbc342dd98f17c0db11e2ab7" member_type: VOTER last_known_addr { host: "127.1.54.194" port: 42065 } } peers { permanent_uuid: "0eebf6fd3d3743f59c66671ba7c417f2" member_type: VOTER last_known_addr { host: "127.1.54.195" port: 35971 } }
I20260601 13:25:48.527941  4425 consensus_queue.cc:260] T f646547f79704699a9d35db092fd9074 P 0eebf6fd3d3743f59c66671ba7c417f2 [NON_LEADER]: Queue going to NON_LEADER mode. State: All replicated index: 0, Majority replicated index: 0, Committed index: 0, Last appended: 0.0, Last appended by leader: 0, Current term: 0, Majority size: -1, State: 0, Mode: NON_LEADER, active raft config: opid_index: -1 OBSOLETE_local: false peers { permanent_uuid: "e3e4e576fbc342dd98f17c0db11e2ab7" member_type: VOTER last_known_addr { host: "127.1.54.194" port: 42065 } } peers { permanent_uuid: "acf57213eb0c47809e66dcbab5eb845b" member_type: VOTER last_known_addr { host: "127.1.54.193" port: 35053 } } peers { permanent_uuid: "0eebf6fd3d3743f59c66671ba7c417f2" member_type: VOTER last_known_addr { host: "127.1.54.195" port: 35971 } }
I20260601 13:25:48.527995  4430 raft_consensus.cc:385] T 1bd69e2749dc445ab19254a01551c723 P e3e4e576fbc342dd98f17c0db11e2ab7 [term 0 FOLLOWER]: Consensus starting up: Expiring failure detector timer to make a prompt election more likely
I20260601 13:25:48.528097  4430 raft_consensus.cc:740] T 1bd69e2749dc445ab19254a01551c723 P e3e4e576fbc342dd98f17c0db11e2ab7 [term 0 FOLLOWER]: Becoming Follower/Learner. State: Replica: e3e4e576fbc342dd98f17c0db11e2ab7, State: Initialized, Role: FOLLOWER
I20260601 13:25:48.528239  4425 ts_tablet_manager.cc:1434] T f646547f79704699a9d35db092fd9074 P 0eebf6fd3d3743f59c66671ba7c417f2: Time spent starting tablet: real 0.001s	user 0.001s	sys 0.000s
I20260601 13:25:48.528216  4430 consensus_queue.cc:260] T 1bd69e2749dc445ab19254a01551c723 P e3e4e576fbc342dd98f17c0db11e2ab7 [NON_LEADER]: Queue going to NON_LEADER mode. State: All replicated index: 0, Majority replicated index: 0, Committed index: 0, Last appended: 0.0, Last appended by leader: 0, Current term: 0, Majority size: -1, State: 0, Mode: NON_LEADER, active raft config: opid_index: -1 OBSOLETE_local: false peers { permanent_uuid: "acf57213eb0c47809e66dcbab5eb845b" member_type: VOTER last_known_addr { host: "127.1.54.193" port: 35053 } } peers { permanent_uuid: "e3e4e576fbc342dd98f17c0db11e2ab7" member_type: VOTER last_known_addr { host: "127.1.54.194" port: 42065 } } peers { permanent_uuid: "0eebf6fd3d3743f59c66671ba7c417f2" member_type: VOTER last_known_addr { host: "127.1.54.195" port: 35971 } }
I20260601 13:25:48.528400  4425 tablet_bootstrap.cc:492] T 8c4de9dc641a4f2c83fffc4335e463d0 P 0eebf6fd3d3743f59c66671ba7c417f2: Bootstrap starting.
I20260601 13:25:48.528450  4430 ts_tablet_manager.cc:1434] T 1bd69e2749dc445ab19254a01551c723 P e3e4e576fbc342dd98f17c0db11e2ab7: Time spent starting tablet: real 0.001s	user 0.001s	sys 0.000s
I20260601 13:25:48.528586  4430 tablet_bootstrap.cc:492] T 6056536123164cd682a3f31ec2fc435f P e3e4e576fbc342dd98f17c0db11e2ab7: Bootstrap starting.
I20260601 13:25:48.528491  4124 catalog_manager.cc:5696] T 31d33eb4137b4dc6a25f17cd36e185df P e3e4e576fbc342dd98f17c0db11e2ab7 reported cstate change: term changed from 0 to 1, leader changed from <none> to e3e4e576fbc342dd98f17c0db11e2ab7 (127.1.54.194). New cstate: current_term: 1 leader_uuid: "e3e4e576fbc342dd98f17c0db11e2ab7" committed_config { opid_index: -1 OBSOLETE_local: false peers { permanent_uuid: "e3e4e576fbc342dd98f17c0db11e2ab7" member_type: VOTER last_known_addr { host: "127.1.54.194" port: 42065 } health_report { overall_health: HEALTHY } } peers { permanent_uuid: "acf57213eb0c47809e66dcbab5eb845b" member_type: VOTER last_known_addr { host: "127.1.54.193" port: 35053 } health_report { overall_health: UNKNOWN } } peers { permanent_uuid: "0eebf6fd3d3743f59c66671ba7c417f2" member_type: VOTER last_known_addr { host: "127.1.54.195" port: 35971 } health_report { overall_health: UNKNOWN } } }
I20260601 13:25:48.529354  4425 tablet_bootstrap.cc:654] T 8c4de9dc641a4f2c83fffc4335e463d0 P 0eebf6fd3d3743f59c66671ba7c417f2: Neither blocks nor log segments found. Creating new log.
I20260601 13:25:48.529455  4430 tablet_bootstrap.cc:654] T 6056536123164cd682a3f31ec2fc435f P e3e4e576fbc342dd98f17c0db11e2ab7: Neither blocks nor log segments found. Creating new log.
I20260601 13:25:48.527948  4426 raft_consensus.cc:385] T daab7e26b2af4141ba753e84c7270451 P acf57213eb0c47809e66dcbab5eb845b [term 0 FOLLOWER]: Consensus starting up: Expiring failure detector timer to make a prompt election more likely
I20260601 13:25:48.530086  4426 raft_consensus.cc:740] T daab7e26b2af4141ba753e84c7270451 P acf57213eb0c47809e66dcbab5eb845b [term 0 FOLLOWER]: Becoming Follower/Learner. State: Replica: acf57213eb0c47809e66dcbab5eb845b, State: Initialized, Role: FOLLOWER
I20260601 13:25:48.527948  4123 catalog_manager.cc:5696] T aad6243b1ecd41b295905bed85c3a4e4 P 0eebf6fd3d3743f59c66671ba7c417f2 reported cstate change: term changed from 0 to 1, leader changed from <none> to 0eebf6fd3d3743f59c66671ba7c417f2 (127.1.54.195). New cstate: current_term: 1 leader_uuid: "0eebf6fd3d3743f59c66671ba7c417f2" committed_config { opid_index: -1 OBSOLETE_local: false peers { permanent_uuid: "0eebf6fd3d3743f59c66671ba7c417f2" member_type: VOTER last_known_addr { host: "127.1.54.195" port: 35971 } health_report { overall_health: HEALTHY } } peers { permanent_uuid: "acf57213eb0c47809e66dcbab5eb845b" member_type: VOTER last_known_addr { host: "127.1.54.193" port: 35053 } health_report { overall_health: UNKNOWN } } peers { permanent_uuid: "e3e4e576fbc342dd98f17c0db11e2ab7" member_type: VOTER last_known_addr { host: "127.1.54.194" port: 42065 } health_report { overall_health: UNKNOWN } } }
I20260601 13:25:48.530201  4426 consensus_queue.cc:260] T daab7e26b2af4141ba753e84c7270451 P acf57213eb0c47809e66dcbab5eb845b [NON_LEADER]: Queue going to NON_LEADER mode. State: All replicated index: 0, Majority replicated index: 0, Committed index: 0, Last appended: 0.0, Last appended by leader: 0, Current term: 0, Majority size: -1, State: 0, Mode: NON_LEADER, active raft config: opid_index: -1 OBSOLETE_local: false peers { permanent_uuid: "acf57213eb0c47809e66dcbab5eb845b" member_type: VOTER last_known_addr { host: "127.1.54.193" port: 35053 } } peers { permanent_uuid: "e3e4e576fbc342dd98f17c0db11e2ab7" member_type: VOTER last_known_addr { host: "127.1.54.194" port: 42065 } } peers { permanent_uuid: "0eebf6fd3d3743f59c66671ba7c417f2" member_type: VOTER last_known_addr { host: "127.1.54.195" port: 35971 } }
I20260601 13:25:48.530471  4430 tablet_bootstrap.cc:492] T 6056536123164cd682a3f31ec2fc435f P e3e4e576fbc342dd98f17c0db11e2ab7: No bootstrap required, opened a new log
I20260601 13:25:48.530557  4430 ts_tablet_manager.cc:1403] T 6056536123164cd682a3f31ec2fc435f P e3e4e576fbc342dd98f17c0db11e2ab7: Time spent bootstrapping tablet: real 0.002s	user 0.001s	sys 0.000s
I20260601 13:25:48.531258  4425 tablet_bootstrap.cc:492] T 8c4de9dc641a4f2c83fffc4335e463d0 P 0eebf6fd3d3743f59c66671ba7c417f2: No bootstrap required, opened a new log
I20260601 13:25:48.531337  4425 ts_tablet_manager.cc:1403] T 8c4de9dc641a4f2c83fffc4335e463d0 P 0eebf6fd3d3743f59c66671ba7c417f2: Time spent bootstrapping tablet: real 0.003s	user 0.002s	sys 0.000s
I20260601 13:25:48.531615  4430 raft_consensus.cc:359] T 6056536123164cd682a3f31ec2fc435f P e3e4e576fbc342dd98f17c0db11e2ab7 [term 0 FOLLOWER]: Replica starting. Triggering 0 pending ops. Active config: opid_index: -1 OBSOLETE_local: false peers { permanent_uuid: "e3e4e576fbc342dd98f17c0db11e2ab7" member_type: VOTER last_known_addr { host: "127.1.54.194" port: 42065 } } peers { permanent_uuid: "acf57213eb0c47809e66dcbab5eb845b" member_type: VOTER last_known_addr { host: "127.1.54.193" port: 35053 } } peers { permanent_uuid: "0eebf6fd3d3743f59c66671ba7c417f2" member_type: VOTER last_known_addr { host: "127.1.54.195" port: 35971 } }
I20260601 13:25:48.531698  4430 raft_consensus.cc:385] T 6056536123164cd682a3f31ec2fc435f P e3e4e576fbc342dd98f17c0db11e2ab7 [term 0 FOLLOWER]: Consensus starting up: Expiring failure detector timer to make a prompt election more likely
I20260601 13:25:48.531759  4430 raft_consensus.cc:740] T 6056536123164cd682a3f31ec2fc435f P e3e4e576fbc342dd98f17c0db11e2ab7 [term 0 FOLLOWER]: Becoming Follower/Learner. State: Replica: e3e4e576fbc342dd98f17c0db11e2ab7, State: Initialized, Role: FOLLOWER
I20260601 13:25:48.531752  4425 raft_consensus.cc:359] T 8c4de9dc641a4f2c83fffc4335e463d0 P 0eebf6fd3d3743f59c66671ba7c417f2 [term 0 FOLLOWER]: Replica starting. Triggering 0 pending ops. Active config: opid_index: -1 OBSOLETE_local: false peers { permanent_uuid: "acf57213eb0c47809e66dcbab5eb845b" member_type: VOTER last_known_addr { host: "127.1.54.193" port: 35053 } } peers { permanent_uuid: "e3e4e576fbc342dd98f17c0db11e2ab7" member_type: VOTER last_known_addr { host: "127.1.54.194" port: 42065 } } peers { permanent_uuid: "0eebf6fd3d3743f59c66671ba7c417f2" member_type: VOTER last_known_addr { host: "127.1.54.195" port: 35971 } }
I20260601 13:25:48.531841  4425 raft_consensus.cc:385] T 8c4de9dc641a4f2c83fffc4335e463d0 P 0eebf6fd3d3743f59c66671ba7c417f2 [term 0 FOLLOWER]: Consensus starting up: Expiring failure detector timer to make a prompt election more likely
I20260601 13:25:48.531874  4425 raft_consensus.cc:740] T 8c4de9dc641a4f2c83fffc4335e463d0 P 0eebf6fd3d3743f59c66671ba7c417f2 [term 0 FOLLOWER]: Becoming Follower/Learner. State: Replica: 0eebf6fd3d3743f59c66671ba7c417f2, State: Initialized, Role: FOLLOWER
I20260601 13:25:48.531925  4430 consensus_queue.cc:260] T 6056536123164cd682a3f31ec2fc435f P e3e4e576fbc342dd98f17c0db11e2ab7 [NON_LEADER]: Queue going to NON_LEADER mode. State: All replicated index: 0, Majority replicated index: 0, Committed index: 0, Last appended: 0.0, Last appended by leader: 0, Current term: 0, Majority size: -1, State: 0, Mode: NON_LEADER, active raft config: opid_index: -1 OBSOLETE_local: false peers { permanent_uuid: "e3e4e576fbc342dd98f17c0db11e2ab7" member_type: VOTER last_known_addr { host: "127.1.54.194" port: 42065 } } peers { permanent_uuid: "acf57213eb0c47809e66dcbab5eb845b" member_type: VOTER last_known_addr { host: "127.1.54.193" port: 35053 } } peers { permanent_uuid: "0eebf6fd3d3743f59c66671ba7c417f2" member_type: VOTER last_known_addr { host: "127.1.54.195" port: 35971 } }
I20260601 13:25:48.531961  4425 consensus_queue.cc:260] T 8c4de9dc641a4f2c83fffc4335e463d0 P 0eebf6fd3d3743f59c66671ba7c417f2 [NON_LEADER]: Queue going to NON_LEADER mode. State: All replicated index: 0, Majority replicated index: 0, Committed index: 0, Last appended: 0.0, Last appended by leader: 0, Current term: 0, Majority size: -1, State: 0, Mode: NON_LEADER, active raft config: opid_index: -1 OBSOLETE_local: false peers { permanent_uuid: "acf57213eb0c47809e66dcbab5eb845b" member_type: VOTER last_known_addr { host: "127.1.54.193" port: 35053 } } peers { permanent_uuid: "e3e4e576fbc342dd98f17c0db11e2ab7" member_type: VOTER last_known_addr { host: "127.1.54.194" port: 42065 } } peers { permanent_uuid: "0eebf6fd3d3743f59c66671ba7c417f2" member_type: VOTER last_known_addr { host: "127.1.54.195" port: 35971 } }
I20260601 13:25:48.530488  4426 ts_tablet_manager.cc:1434] T daab7e26b2af4141ba753e84c7270451 P acf57213eb0c47809e66dcbab5eb845b: Time spent starting tablet: real 0.003s	user 0.001s	sys 0.000s
I20260601 13:25:48.532157  4430 ts_tablet_manager.cc:1434] T 6056536123164cd682a3f31ec2fc435f P e3e4e576fbc342dd98f17c0db11e2ab7: Time spent starting tablet: real 0.002s	user 0.001s	sys 0.000s
I20260601 13:25:48.532207  4426 tablet_bootstrap.cc:492] T 6056536123164cd682a3f31ec2fc435f P acf57213eb0c47809e66dcbab5eb845b: Bootstrap starting.
I20260601 13:25:48.532157  4425 ts_tablet_manager.cc:1434] T 8c4de9dc641a4f2c83fffc4335e463d0 P 0eebf6fd3d3743f59c66671ba7c417f2: Time spent starting tablet: real 0.001s	user 0.001s	sys 0.000s
I20260601 13:25:48.532354  4430 tablet_bootstrap.cc:492] T 8c4de9dc641a4f2c83fffc4335e463d0 P e3e4e576fbc342dd98f17c0db11e2ab7: Bootstrap starting.
I20260601 13:25:48.533151  4426 tablet_bootstrap.cc:654] T 6056536123164cd682a3f31ec2fc435f P acf57213eb0c47809e66dcbab5eb845b: Neither blocks nor log segments found. Creating new log.
I20260601 13:25:48.533385  4430 tablet_bootstrap.cc:654] T 8c4de9dc641a4f2c83fffc4335e463d0 P e3e4e576fbc342dd98f17c0db11e2ab7: Neither blocks nor log segments found. Creating new log.
I20260601 13:25:48.534211  4426 tablet_bootstrap.cc:492] T 6056536123164cd682a3f31ec2fc435f P acf57213eb0c47809e66dcbab5eb845b: No bootstrap required, opened a new log
I20260601 13:25:48.534327  4426 ts_tablet_manager.cc:1403] T 6056536123164cd682a3f31ec2fc435f P acf57213eb0c47809e66dcbab5eb845b: Time spent bootstrapping tablet: real 0.002s	user 0.001s	sys 0.000s
I20260601 13:25:48.534737  4426 raft_consensus.cc:359] T 6056536123164cd682a3f31ec2fc435f P acf57213eb0c47809e66dcbab5eb845b [term 0 FOLLOWER]: Replica starting. Triggering 0 pending ops. Active config: opid_index: -1 OBSOLETE_local: false peers { permanent_uuid: "e3e4e576fbc342dd98f17c0db11e2ab7" member_type: VOTER last_known_addr { host: "127.1.54.194" port: 42065 } } peers { permanent_uuid: "acf57213eb0c47809e66dcbab5eb845b" member_type: VOTER last_known_addr { host: "127.1.54.193" port: 35053 } } peers { permanent_uuid: "0eebf6fd3d3743f59c66671ba7c417f2" member_type: VOTER last_known_addr { host: "127.1.54.195" port: 35971 } }
I20260601 13:25:48.534850  4426 raft_consensus.cc:385] T 6056536123164cd682a3f31ec2fc435f P acf57213eb0c47809e66dcbab5eb845b [term 0 FOLLOWER]: Consensus starting up: Expiring failure detector timer to make a prompt election more likely
I20260601 13:25:48.534896  4426 raft_consensus.cc:740] T 6056536123164cd682a3f31ec2fc435f P acf57213eb0c47809e66dcbab5eb845b [term 0 FOLLOWER]: Becoming Follower/Learner. State: Replica: acf57213eb0c47809e66dcbab5eb845b, State: Initialized, Role: FOLLOWER
I20260601 13:25:48.535012  4426 consensus_queue.cc:260] T 6056536123164cd682a3f31ec2fc435f P acf57213eb0c47809e66dcbab5eb845b [NON_LEADER]: Queue going to NON_LEADER mode. State: All replicated index: 0, Majority replicated index: 0, Committed index: 0, Last appended: 0.0, Last appended by leader: 0, Current term: 0, Majority size: -1, State: 0, Mode: NON_LEADER, active raft config: opid_index: -1 OBSOLETE_local: false peers { permanent_uuid: "e3e4e576fbc342dd98f17c0db11e2ab7" member_type: VOTER last_known_addr { host: "127.1.54.194" port: 42065 } } peers { permanent_uuid: "acf57213eb0c47809e66dcbab5eb845b" member_type: VOTER last_known_addr { host: "127.1.54.193" port: 35053 } } peers { permanent_uuid: "0eebf6fd3d3743f59c66671ba7c417f2" member_type: VOTER last_known_addr { host: "127.1.54.195" port: 35971 } }
I20260601 13:25:48.535296  4426 ts_tablet_manager.cc:1434] T 6056536123164cd682a3f31ec2fc435f P acf57213eb0c47809e66dcbab5eb845b: Time spent starting tablet: real 0.001s	user 0.001s	sys 0.000s
I20260601 13:25:48.535317  4430 tablet_bootstrap.cc:492] T 8c4de9dc641a4f2c83fffc4335e463d0 P e3e4e576fbc342dd98f17c0db11e2ab7: No bootstrap required, opened a new log
I20260601 13:25:48.535390  4430 ts_tablet_manager.cc:1403] T 8c4de9dc641a4f2c83fffc4335e463d0 P e3e4e576fbc342dd98f17c0db11e2ab7: Time spent bootstrapping tablet: real 0.003s	user 0.002s	sys 0.000s
I20260601 13:25:48.535457  4426 tablet_bootstrap.cc:492] T 45dd71ed18624b5aa386ce99a3322eab P acf57213eb0c47809e66dcbab5eb845b: Bootstrap starting.
I20260601 13:25:48.535832  4430 raft_consensus.cc:359] T 8c4de9dc641a4f2c83fffc4335e463d0 P e3e4e576fbc342dd98f17c0db11e2ab7 [term 0 FOLLOWER]: Replica starting. Triggering 0 pending ops. Active config: opid_index: -1 OBSOLETE_local: false peers { permanent_uuid: "acf57213eb0c47809e66dcbab5eb845b" member_type: VOTER last_known_addr { host: "127.1.54.193" port: 35053 } } peers { permanent_uuid: "e3e4e576fbc342dd98f17c0db11e2ab7" member_type: VOTER last_known_addr { host: "127.1.54.194" port: 42065 } } peers { permanent_uuid: "0eebf6fd3d3743f59c66671ba7c417f2" member_type: VOTER last_known_addr { host: "127.1.54.195" port: 35971 } }
I20260601 13:25:48.535933  4430 raft_consensus.cc:385] T 8c4de9dc641a4f2c83fffc4335e463d0 P e3e4e576fbc342dd98f17c0db11e2ab7 [term 0 FOLLOWER]: Consensus starting up: Expiring failure detector timer to make a prompt election more likely
