I20260601 13:25:41.645251 25905 tablet_service.cc:1917] Received RequestConsensusVote() RPC: tablet_id: "b1682997edb74471b04e5ab955ebad2b" candidate_uuid: "e8b3f913510641b6beda6ae3ba8e11ad" candidate_term: 1 candidate_status { last_received { term: 0 index: 0 } } ignore_live_leader: false dest_uuid: "0477b6ef31c64fadab7c1fdca04a34f0" is_pre_election: true
I20260601 13:25:41.645396 26056 raft_consensus.cc:2468] T b1682997edb74471b04e5ab955ebad2b P f89418769a1f448aa337f1619d1c57ad [term 0 FOLLOWER]: Leader pre-election vote request: Granting yes vote for candidate e8b3f913510641b6beda6ae3ba8e11ad in term 0.
I20260601 13:25:41.645510 25905 raft_consensus.cc:2468] T b1682997edb74471b04e5ab955ebad2b P 0477b6ef31c64fadab7c1fdca04a34f0 [term 0 FOLLOWER]: Leader pre-election vote request: Granting yes vote for candidate e8b3f913510641b6beda6ae3ba8e11ad in term 0.
I20260601 13:25:41.645743 25947 leader_election.cc:304] T b1682997edb74471b04e5ab955ebad2b P e8b3f913510641b6beda6ae3ba8e11ad [CANDIDATE]: Term 1 pre-election: Election decided. Result: candidate won. Election summary: received 2 responses out of 3 voters: 2 yes votes; 0 no votes. yes voters: e8b3f913510641b6beda6ae3ba8e11ad, f89418769a1f448aa337f1619d1c57ad; no voters: 
I20260601 13:25:41.645996 26107 raft_consensus.cc:2804] T b1682997edb74471b04e5ab955ebad2b P e8b3f913510641b6beda6ae3ba8e11ad [term 0 FOLLOWER]: Leader pre-election won for term 1
I20260601 13:25:41.646044 26107 raft_consensus.cc:493] T b1682997edb74471b04e5ab955ebad2b P e8b3f913510641b6beda6ae3ba8e11ad [term 0 FOLLOWER]: Starting leader election (no leader contacted us within the election timeout)
I20260601 13:25:41.646087 26107 raft_consensus.cc:3060] T b1682997edb74471b04e5ab955ebad2b P e8b3f913510641b6beda6ae3ba8e11ad [term 0 FOLLOWER]: Advancing to term 1
I20260601 13:25:41.647110 26107 raft_consensus.cc:515] T b1682997edb74471b04e5ab955ebad2b P e8b3f913510641b6beda6ae3ba8e11ad [term 1 FOLLOWER]: Starting leader election with config: opid_index: -1 OBSOLETE_local: false peers { permanent_uuid: "0477b6ef31c64fadab7c1fdca04a34f0" member_type: VOTER last_known_addr { host: "127.22.191.1" port: 44209 } } peers { permanent_uuid: "e8b3f913510641b6beda6ae3ba8e11ad" member_type: VOTER last_known_addr { host: "127.22.191.2" port: 41829 } } peers { permanent_uuid: "f89418769a1f448aa337f1619d1c57ad" member_type: VOTER last_known_addr { host: "127.22.191.3" port: 42795 } }
I20260601 13:25:41.647476 26107 leader_election.cc:290] T b1682997edb74471b04e5ab955ebad2b P e8b3f913510641b6beda6ae3ba8e11ad [CANDIDATE]: Term 1 election: Requested vote from peers 0477b6ef31c64fadab7c1fdca04a34f0 (127.22.191.1:44209), f89418769a1f448aa337f1619d1c57ad (127.22.191.3:42795)
I20260601 13:25:41.647805 25905 tablet_service.cc:1917] Received RequestConsensusVote() RPC: tablet_id: "b1682997edb74471b04e5ab955ebad2b" candidate_uuid: "e8b3f913510641b6beda6ae3ba8e11ad" candidate_term: 1 candidate_status { last_received { term: 0 index: 0 } } ignore_live_leader: false dest_uuid: "0477b6ef31c64fadab7c1fdca04a34f0"
I20260601 13:25:41.647848 26056 tablet_service.cc:1917] Received RequestConsensusVote() RPC: tablet_id: "b1682997edb74471b04e5ab955ebad2b" candidate_uuid: "e8b3f913510641b6beda6ae3ba8e11ad" candidate_term: 1 candidate_status { last_received { term: 0 index: 0 } } ignore_live_leader: false dest_uuid: "f89418769a1f448aa337f1619d1c57ad"
I20260601 13:25:41.647954 25905 raft_consensus.cc:3060] T b1682997edb74471b04e5ab955ebad2b P 0477b6ef31c64fadab7c1fdca04a34f0 [term 0 FOLLOWER]: Advancing to term 1
I20260601 13:25:41.648033 26056 raft_consensus.cc:3060] T b1682997edb74471b04e5ab955ebad2b P f89418769a1f448aa337f1619d1c57ad [term 0 FOLLOWER]: Advancing to term 1
I20260601 13:25:41.648944 26056 raft_consensus.cc:2468] T b1682997edb74471b04e5ab955ebad2b P f89418769a1f448aa337f1619d1c57ad [term 1 FOLLOWER]: Leader election vote request: Granting yes vote for candidate e8b3f913510641b6beda6ae3ba8e11ad in term 1.
I20260601 13:25:41.648947 25905 raft_consensus.cc:2468] T b1682997edb74471b04e5ab955ebad2b P 0477b6ef31c64fadab7c1fdca04a34f0 [term 1 FOLLOWER]: Leader election vote request: Granting yes vote for candidate e8b3f913510641b6beda6ae3ba8e11ad in term 1.
I20260601 13:25:41.649253 25947 leader_election.cc:304] T b1682997edb74471b04e5ab955ebad2b P e8b3f913510641b6beda6ae3ba8e11ad [CANDIDATE]: Term 1 election: Election decided. Result: candidate won. Election summary: received 2 responses out of 3 voters: 2 yes votes; 0 no votes. yes voters: e8b3f913510641b6beda6ae3ba8e11ad, f89418769a1f448aa337f1619d1c57ad; no voters: 
I20260601 13:25:41.649431 26107 raft_consensus.cc:2804] T b1682997edb74471b04e5ab955ebad2b P e8b3f913510641b6beda6ae3ba8e11ad [term 1 FOLLOWER]: Leader election won for term 1
I20260601 13:25:41.649555 26107 raft_consensus.cc:697] T b1682997edb74471b04e5ab955ebad2b P e8b3f913510641b6beda6ae3ba8e11ad [term 1 LEADER]: Becoming Leader. State: Replica: e8b3f913510641b6beda6ae3ba8e11ad, State: Running, Role: LEADER
I20260601 13:25:41.649688 26107 consensus_queue.cc:237] T b1682997edb74471b04e5ab955ebad2b P e8b3f913510641b6beda6ae3ba8e11ad [LEADER]: Queue going to LEADER mode. State: All replicated index: 0, Majority replicated index: 0, Committed index: 0, Last appended: 0.0, Last appended by leader: 0, Current term: 1, Majority size: 2, State: 0, Mode: LEADER, active raft config: opid_index: -1 OBSOLETE_local: false peers { permanent_uuid: "0477b6ef31c64fadab7c1fdca04a34f0" member_type: VOTER last_known_addr { host: "127.22.191.1" port: 44209 } } peers { permanent_uuid: "e8b3f913510641b6beda6ae3ba8e11ad" member_type: VOTER last_known_addr { host: "127.22.191.2" port: 41829 } } peers { permanent_uuid: "f89418769a1f448aa337f1619d1c57ad" member_type: VOTER last_known_addr { host: "127.22.191.3" port: 42795 } }
I20260601 13:25:41.651237 25799 catalog_manager.cc:5696] T b1682997edb74471b04e5ab955ebad2b P e8b3f913510641b6beda6ae3ba8e11ad reported cstate change: term changed from 0 to 1, leader changed from <none> to e8b3f913510641b6beda6ae3ba8e11ad (127.22.191.2). New cstate: current_term: 1 leader_uuid: "e8b3f913510641b6beda6ae3ba8e11ad" committed_config { opid_index: -1 OBSOLETE_local: false peers { permanent_uuid: "0477b6ef31c64fadab7c1fdca04a34f0" member_type: VOTER last_known_addr { host: "127.22.191.1" port: 44209 } health_report { overall_health: UNKNOWN } } peers { permanent_uuid: "e8b3f913510641b6beda6ae3ba8e11ad" member_type: VOTER last_known_addr { host: "127.22.191.2" port: 41829 } health_report { overall_health: HEALTHY } } peers { permanent_uuid: "f89418769a1f448aa337f1619d1c57ad" member_type: VOTER last_known_addr { host: "127.22.191.3" port: 42795 } health_report { overall_health: UNKNOWN } } }
W20260601 13:25:41.688517 25932 tablet.cc:2404] T 0f3687e806d644e19cc62a89f877c6e1 P 0477b6ef31c64fadab7c1fdca04a34f0: Can't schedule compaction. Clean time has not been advanced past its initial value.
I20260601 13:25:41.773703 26110 raft_consensus.cc:493] T e54a6e5b7dd14facbfe78f2328444ebf P 0477b6ef31c64fadab7c1fdca04a34f0 [term 0 FOLLOWER]: Starting pre-election (no leader contacted us within the election timeout)
I20260601 13:25:41.773887 26110 raft_consensus.cc:515] T e54a6e5b7dd14facbfe78f2328444ebf P 0477b6ef31c64fadab7c1fdca04a34f0 [term 0 FOLLOWER]: Starting pre-election with config: opid_index: -1 OBSOLETE_local: false peers { permanent_uuid: "0477b6ef31c64fadab7c1fdca04a34f0" member_type: VOTER last_known_addr { host: "127.22.191.1" port: 44209 } } peers { permanent_uuid: "e8b3f913510641b6beda6ae3ba8e11ad" member_type: VOTER last_known_addr { host: "127.22.191.2" port: 41829 } } peers { permanent_uuid: "f89418769a1f448aa337f1619d1c57ad" member_type: VOTER last_known_addr { host: "127.22.191.3" port: 42795 } }
I20260601 13:25:41.774701 26110 leader_election.cc:290] T e54a6e5b7dd14facbfe78f2328444ebf P 0477b6ef31c64fadab7c1fdca04a34f0 [CANDIDATE]: Term 1 pre-election: Requested pre-vote from peers e8b3f913510641b6beda6ae3ba8e11ad (127.22.191.2:41829), f89418769a1f448aa337f1619d1c57ad (127.22.191.3:42795)
I20260601 13:25:41.779000 25981 tablet_service.cc:1917] Received RequestConsensusVote() RPC: tablet_id: "e54a6e5b7dd14facbfe78f2328444ebf" candidate_uuid: "0477b6ef31c64fadab7c1fdca04a34f0" candidate_term: 1 candidate_status { last_received { term: 0 index: 0 } } ignore_live_leader: false dest_uuid: "e8b3f913510641b6beda6ae3ba8e11ad" is_pre_election: true
I20260601 13:25:41.779246 25981 raft_consensus.cc:2468] T e54a6e5b7dd14facbfe78f2328444ebf P e8b3f913510641b6beda6ae3ba8e11ad [term 0 FOLLOWER]: Leader pre-election vote request: Granting yes vote for candidate 0477b6ef31c64fadab7c1fdca04a34f0 in term 0.
I20260601 13:25:41.779372 26056 tablet_service.cc:1917] Received RequestConsensusVote() RPC: tablet_id: "e54a6e5b7dd14facbfe78f2328444ebf" candidate_uuid: "0477b6ef31c64fadab7c1fdca04a34f0" candidate_term: 1 candidate_status { last_received { term: 0 index: 0 } } ignore_live_leader: false dest_uuid: "f89418769a1f448aa337f1619d1c57ad" is_pre_election: true
I20260601 13:25:41.779580 26056 raft_consensus.cc:2468] T e54a6e5b7dd14facbfe78f2328444ebf P f89418769a1f448aa337f1619d1c57ad [term 0 FOLLOWER]: Leader pre-election vote request: Granting yes vote for candidate 0477b6ef31c64fadab7c1fdca04a34f0 in term 0.
I20260601 13:25:41.779618 25871 leader_election.cc:304] T e54a6e5b7dd14facbfe78f2328444ebf P 0477b6ef31c64fadab7c1fdca04a34f0 [CANDIDATE]: Term 1 pre-election: Election decided. Result: candidate won. Election summary: received 2 responses out of 3 voters: 2 yes votes; 0 no votes. yes voters: 0477b6ef31c64fadab7c1fdca04a34f0, e8b3f913510641b6beda6ae3ba8e11ad; no voters: 
I20260601 13:25:41.779811 26110 raft_consensus.cc:2804] T e54a6e5b7dd14facbfe78f2328444ebf P 0477b6ef31c64fadab7c1fdca04a34f0 [term 0 FOLLOWER]: Leader pre-election won for term 1
I20260601 13:25:41.779883 26110 raft_consensus.cc:493] T e54a6e5b7dd14facbfe78f2328444ebf P 0477b6ef31c64fadab7c1fdca04a34f0 [term 0 FOLLOWER]: Starting leader election (no leader contacted us within the election timeout)
I20260601 13:25:41.779938 26110 raft_consensus.cc:3060] T e54a6e5b7dd14facbfe78f2328444ebf P 0477b6ef31c64fadab7c1fdca04a34f0 [term 0 FOLLOWER]: Advancing to term 1
I20260601 13:25:41.780808 26110 raft_consensus.cc:515] T e54a6e5b7dd14facbfe78f2328444ebf P 0477b6ef31c64fadab7c1fdca04a34f0 [term 1 FOLLOWER]: Starting leader election with config: opid_index: -1 OBSOLETE_local: false peers { permanent_uuid: "0477b6ef31c64fadab7c1fdca04a34f0" member_type: VOTER last_known_addr { host: "127.22.191.1" port: 44209 } } peers { permanent_uuid: "e8b3f913510641b6beda6ae3ba8e11ad" member_type: VOTER last_known_addr { host: "127.22.191.2" port: 41829 } } peers { permanent_uuid: "f89418769a1f448aa337f1619d1c57ad" member_type: VOTER last_known_addr { host: "127.22.191.3" port: 42795 } }
I20260601 13:25:41.781203 26110 leader_election.cc:290] T e54a6e5b7dd14facbfe78f2328444ebf P 0477b6ef31c64fadab7c1fdca04a34f0 [CANDIDATE]: Term 1 election: Requested vote from peers e8b3f913510641b6beda6ae3ba8e11ad (127.22.191.2:41829), f89418769a1f448aa337f1619d1c57ad (127.22.191.3:42795)
I20260601 13:25:41.781608 25981 tablet_service.cc:1917] Received RequestConsensusVote() RPC: tablet_id: "e54a6e5b7dd14facbfe78f2328444ebf" candidate_uuid: "0477b6ef31c64fadab7c1fdca04a34f0" candidate_term: 1 candidate_status { last_received { term: 0 index: 0 } } ignore_live_leader: false dest_uuid: "e8b3f913510641b6beda6ae3ba8e11ad"
I20260601 13:25:41.781738 25981 raft_consensus.cc:3060] T e54a6e5b7dd14facbfe78f2328444ebf P e8b3f913510641b6beda6ae3ba8e11ad [term 0 FOLLOWER]: Advancing to term 1
I20260601 13:25:41.781755 26056 tablet_service.cc:1917] Received RequestConsensusVote() RPC: tablet_id: "e54a6e5b7dd14facbfe78f2328444ebf" candidate_uuid: "0477b6ef31c64fadab7c1fdca04a34f0" candidate_term: 1 candidate_status { last_received { term: 0 index: 0 } } ignore_live_leader: false dest_uuid: "f89418769a1f448aa337f1619d1c57ad"
I20260601 13:25:41.781893 26056 raft_consensus.cc:3060] T e54a6e5b7dd14facbfe78f2328444ebf P f89418769a1f448aa337f1619d1c57ad [term 0 FOLLOWER]: Advancing to term 1
I20260601 13:25:41.782570 25981 raft_consensus.cc:2468] T e54a6e5b7dd14facbfe78f2328444ebf P e8b3f913510641b6beda6ae3ba8e11ad [term 1 FOLLOWER]: Leader election vote request: Granting yes vote for candidate 0477b6ef31c64fadab7c1fdca04a34f0 in term 1.
I20260601 13:25:41.782825 26056 raft_consensus.cc:2468] T e54a6e5b7dd14facbfe78f2328444ebf P f89418769a1f448aa337f1619d1c57ad [term 1 FOLLOWER]: Leader election vote request: Granting yes vote for candidate 0477b6ef31c64fadab7c1fdca04a34f0 in term 1.
I20260601 13:25:41.782872 25871 leader_election.cc:304] T e54a6e5b7dd14facbfe78f2328444ebf P 0477b6ef31c64fadab7c1fdca04a34f0 [CANDIDATE]: Term 1 election: Election decided. Result: candidate won. Election summary: received 2 responses out of 3 voters: 2 yes votes; 0 no votes. yes voters: 0477b6ef31c64fadab7c1fdca04a34f0, e8b3f913510641b6beda6ae3ba8e11ad; no voters: 
I20260601 13:25:41.783026 26110 raft_consensus.cc:2804] T e54a6e5b7dd14facbfe78f2328444ebf P 0477b6ef31c64fadab7c1fdca04a34f0 [term 1 FOLLOWER]: Leader election won for term 1
I20260601 13:25:41.783283 26110 raft_consensus.cc:697] T e54a6e5b7dd14facbfe78f2328444ebf P 0477b6ef31c64fadab7c1fdca04a34f0 [term 1 LEADER]: Becoming Leader. State: Replica: 0477b6ef31c64fadab7c1fdca04a34f0, State: Running, Role: LEADER
I20260601 13:25:41.783486 26110 consensus_queue.cc:237] T e54a6e5b7dd14facbfe78f2328444ebf P 0477b6ef31c64fadab7c1fdca04a34f0 [LEADER]: Queue going to LEADER mode. State: All replicated index: 0, Majority replicated index: 0, Committed index: 0, Last appended: 0.0, Last appended by leader: 0, Current term: 1, Majority size: 2, State: 0, Mode: LEADER, active raft config: opid_index: -1 OBSOLETE_local: false peers { permanent_uuid: "0477b6ef31c64fadab7c1fdca04a34f0" member_type: VOTER last_known_addr { host: "127.22.191.1" port: 44209 } } peers { permanent_uuid: "e8b3f913510641b6beda6ae3ba8e11ad" member_type: VOTER last_known_addr { host: "127.22.191.2" port: 41829 } } peers { permanent_uuid: "f89418769a1f448aa337f1619d1c57ad" member_type: VOTER last_known_addr { host: "127.22.191.3" port: 42795 } }
I20260601 13:25:41.785249 25799 catalog_manager.cc:5696] T e54a6e5b7dd14facbfe78f2328444ebf P 0477b6ef31c64fadab7c1fdca04a34f0 reported cstate change: term changed from 0 to 1, leader changed from <none> to 0477b6ef31c64fadab7c1fdca04a34f0 (127.22.191.1). New cstate: current_term: 1 leader_uuid: "0477b6ef31c64fadab7c1fdca04a34f0" committed_config { opid_index: -1 OBSOLETE_local: false peers { permanent_uuid: "0477b6ef31c64fadab7c1fdca04a34f0" member_type: VOTER last_known_addr { host: "127.22.191.1" port: 44209 } health_report { overall_health: HEALTHY } } peers { permanent_uuid: "e8b3f913510641b6beda6ae3ba8e11ad" member_type: VOTER last_known_addr { host: "127.22.191.2" port: 41829 } health_report { overall_health: UNKNOWN } } peers { permanent_uuid: "f89418769a1f448aa337f1619d1c57ad" member_type: VOTER last_known_addr { host: "127.22.191.3" port: 42795 } health_report { overall_health: UNKNOWN } } }
I20260601 13:25:41.818496 26109 raft_consensus.cc:493] T fceae6c474614933bedc9bd260c1ab65 P f89418769a1f448aa337f1619d1c57ad [term 0 FOLLOWER]: Starting pre-election (no leader contacted us within the election timeout)
I20260601 13:25:41.818672 26109 raft_consensus.cc:515] T fceae6c474614933bedc9bd260c1ab65 P f89418769a1f448aa337f1619d1c57ad [term 0 FOLLOWER]: Starting pre-election with config: opid_index: -1 OBSOLETE_local: false peers { permanent_uuid: "0477b6ef31c64fadab7c1fdca04a34f0" member_type: VOTER last_known_addr { host: "127.22.191.1" port: 44209 } } peers { permanent_uuid: "e8b3f913510641b6beda6ae3ba8e11ad" member_type: VOTER last_known_addr { host: "127.22.191.2" port: 41829 } } peers { permanent_uuid: "f89418769a1f448aa337f1619d1c57ad" member_type: VOTER last_known_addr { host: "127.22.191.3" port: 42795 } }
I20260601 13:25:41.819309 26109 leader_election.cc:290] T fceae6c474614933bedc9bd260c1ab65 P f89418769a1f448aa337f1619d1c57ad [CANDIDATE]: Term 1 pre-election: Requested pre-vote from peers 0477b6ef31c64fadab7c1fdca04a34f0 (127.22.191.1:44209), e8b3f913510641b6beda6ae3ba8e11ad (127.22.191.2:41829)
I20260601 13:25:41.823765 25905 tablet_service.cc:1917] Received RequestConsensusVote() RPC: tablet_id: "fceae6c474614933bedc9bd260c1ab65" candidate_uuid: "f89418769a1f448aa337f1619d1c57ad" candidate_term: 1 candidate_status { last_received { term: 0 index: 0 } } ignore_live_leader: false dest_uuid: "0477b6ef31c64fadab7c1fdca04a34f0" is_pre_election: true
I20260601 13:25:41.823779 25981 tablet_service.cc:1917] Received RequestConsensusVote() RPC: tablet_id: "fceae6c474614933bedc9bd260c1ab65" candidate_uuid: "f89418769a1f448aa337f1619d1c57ad" candidate_term: 1 candidate_status { last_received { term: 0 index: 0 } } ignore_live_leader: false dest_uuid: "e8b3f913510641b6beda6ae3ba8e11ad" is_pre_election: true
I20260601 13:25:41.823935 25905 raft_consensus.cc:2468] T fceae6c474614933bedc9bd260c1ab65 P 0477b6ef31c64fadab7c1fdca04a34f0 [term 0 FOLLOWER]: Leader pre-election vote request: Granting yes vote for candidate f89418769a1f448aa337f1619d1c57ad in term 0.
I20260601 13:25:41.823995 25981 raft_consensus.cc:2468] T fceae6c474614933bedc9bd260c1ab65 P e8b3f913510641b6beda6ae3ba8e11ad [term 0 FOLLOWER]: Leader pre-election vote request: Granting yes vote for candidate f89418769a1f448aa337f1619d1c57ad in term 0.
I20260601 13:25:41.824292 26019 leader_election.cc:304] T fceae6c474614933bedc9bd260c1ab65 P f89418769a1f448aa337f1619d1c57ad [CANDIDATE]: Term 1 pre-election: Election decided. Result: candidate won. Election summary: received 2 responses out of 3 voters: 2 yes votes; 0 no votes. yes voters: 0477b6ef31c64fadab7c1fdca04a34f0, f89418769a1f448aa337f1619d1c57ad; no voters: 
I20260601 13:25:41.824501 26109 raft_consensus.cc:2804] T fceae6c474614933bedc9bd260c1ab65 P f89418769a1f448aa337f1619d1c57ad [term 0 FOLLOWER]: Leader pre-election won for term 1
I20260601 13:25:41.824565 26109 raft_consensus.cc:493] T fceae6c474614933bedc9bd260c1ab65 P f89418769a1f448aa337f1619d1c57ad [term 0 FOLLOWER]: Starting leader election (no leader contacted us within the election timeout)
I20260601 13:25:41.824604 26109 raft_consensus.cc:3060] T fceae6c474614933bedc9bd260c1ab65 P f89418769a1f448aa337f1619d1c57ad [term 0 FOLLOWER]: Advancing to term 1
I20260601 13:25:41.825500 26109 raft_consensus.cc:515] T fceae6c474614933bedc9bd260c1ab65 P f89418769a1f448aa337f1619d1c57ad [term 1 FOLLOWER]: Starting leader election with config: opid_index: -1 OBSOLETE_local: false peers { permanent_uuid: "0477b6ef31c64fadab7c1fdca04a34f0" member_type: VOTER last_known_addr { host: "127.22.191.1" port: 44209 } } peers { permanent_uuid: "e8b3f913510641b6beda6ae3ba8e11ad" member_type: VOTER last_known_addr { host: "127.22.191.2" port: 41829 } } peers { permanent_uuid: "f89418769a1f448aa337f1619d1c57ad" member_type: VOTER last_known_addr { host: "127.22.191.3" port: 42795 } }
I20260601 13:25:41.825903 26109 leader_election.cc:290] T fceae6c474614933bedc9bd260c1ab65 P f89418769a1f448aa337f1619d1c57ad [CANDIDATE]: Term 1 election: Requested vote from peers 0477b6ef31c64fadab7c1fdca04a34f0 (127.22.191.1:44209), e8b3f913510641b6beda6ae3ba8e11ad (127.22.191.2:41829)
I20260601 13:25:41.826314 25905 tablet_service.cc:1917] Received RequestConsensusVote() RPC: tablet_id: "fceae6c474614933bedc9bd260c1ab65" candidate_uuid: "f89418769a1f448aa337f1619d1c57ad" candidate_term: 1 candidate_status { last_received { term: 0 index: 0 } } ignore_live_leader: false dest_uuid: "0477b6ef31c64fadab7c1fdca04a34f0"
I20260601 13:25:41.826438 25905 raft_consensus.cc:3060] T fceae6c474614933bedc9bd260c1ab65 P 0477b6ef31c64fadab7c1fdca04a34f0 [term 0 FOLLOWER]: Advancing to term 1
I20260601 13:25:41.826618 25981 tablet_service.cc:1917] Received RequestConsensusVote() RPC: tablet_id: "fceae6c474614933bedc9bd260c1ab65" candidate_uuid: "f89418769a1f448aa337f1619d1c57ad" candidate_term: 1 candidate_status { last_received { term: 0 index: 0 } } ignore_live_leader: false dest_uuid: "e8b3f913510641b6beda6ae3ba8e11ad"
I20260601 13:25:41.826818 25981 raft_consensus.cc:3060] T fceae6c474614933bedc9bd260c1ab65 P e8b3f913510641b6beda6ae3ba8e11ad [term 0 FOLLOWER]: Advancing to term 1
I20260601 13:25:41.827396 25905 raft_consensus.cc:2468] T fceae6c474614933bedc9bd260c1ab65 P 0477b6ef31c64fadab7c1fdca04a34f0 [term 1 FOLLOWER]: Leader election vote request: Granting yes vote for candidate f89418769a1f448aa337f1619d1c57ad in term 1.
I20260601 13:25:41.827793 25981 raft_consensus.cc:2468] T fceae6c474614933bedc9bd260c1ab65 P e8b3f913510641b6beda6ae3ba8e11ad [term 1 FOLLOWER]: Leader election vote request: Granting yes vote for candidate f89418769a1f448aa337f1619d1c57ad in term 1.
I20260601 13:25:41.827804 26019 leader_election.cc:304] T fceae6c474614933bedc9bd260c1ab65 P f89418769a1f448aa337f1619d1c57ad [CANDIDATE]: Term 1 election: Election decided. Result: candidate won. Election summary: received 2 responses out of 3 voters: 2 yes votes; 0 no votes. yes voters: 0477b6ef31c64fadab7c1fdca04a34f0, f89418769a1f448aa337f1619d1c57ad; no voters: 
I20260601 13:25:41.828050 26109 raft_consensus.cc:2804] T fceae6c474614933bedc9bd260c1ab65 P f89418769a1f448aa337f1619d1c57ad [term 1 FOLLOWER]: Leader election won for term 1
I20260601 13:25:41.828337 26109 raft_consensus.cc:697] T fceae6c474614933bedc9bd260c1ab65 P f89418769a1f448aa337f1619d1c57ad [term 1 LEADER]: Becoming Leader. State: Replica: f89418769a1f448aa337f1619d1c57ad, State: Running, Role: LEADER
I20260601 13:25:41.828524 26109 consensus_queue.cc:237] T fceae6c474614933bedc9bd260c1ab65 P f89418769a1f448aa337f1619d1c57ad [LEADER]: Queue going to LEADER mode. State: All replicated index: 0, Majority replicated index: 0, Committed index: 0, Last appended: 0.0, Last appended by leader: 0, Current term: 1, Majority size: 2, State: 0, Mode: LEADER, active raft config: opid_index: -1 OBSOLETE_local: false peers { permanent_uuid: "0477b6ef31c64fadab7c1fdca04a34f0" member_type: VOTER last_known_addr { host: "127.22.191.1" port: 44209 } } peers { permanent_uuid: "e8b3f913510641b6beda6ae3ba8e11ad" member_type: VOTER last_known_addr { host: "127.22.191.2" port: 41829 } } peers { permanent_uuid: "f89418769a1f448aa337f1619d1c57ad" member_type: VOTER last_known_addr { host: "127.22.191.3" port: 42795 } }
I20260601 13:25:41.830773 25799 catalog_manager.cc:5696] T fceae6c474614933bedc9bd260c1ab65 P f89418769a1f448aa337f1619d1c57ad reported cstate change: term changed from 0 to 1, leader changed from <none> to f89418769a1f448aa337f1619d1c57ad (127.22.191.3). New cstate: current_term: 1 leader_uuid: "f89418769a1f448aa337f1619d1c57ad" committed_config { opid_index: -1 OBSOLETE_local: false peers { permanent_uuid: "0477b6ef31c64fadab7c1fdca04a34f0" member_type: VOTER last_known_addr { host: "127.22.191.1" port: 44209 } health_report { overall_health: UNKNOWN } } peers { permanent_uuid: "e8b3f913510641b6beda6ae3ba8e11ad" member_type: VOTER last_known_addr { host: "127.22.191.2" port: 41829 } health_report { overall_health: UNKNOWN } } peers { permanent_uuid: "f89418769a1f448aa337f1619d1c57ad" member_type: VOTER last_known_addr { host: "127.22.191.3" port: 42795 } health_report { overall_health: HEALTHY } } }
I20260601 13:25:41.840452 23292 tablet_server.cc:179] TabletServer@127.22.191.1:0 shutting down...
I20260601 13:25:41.845906 23292 ts_tablet_manager.cc:1507] Shutting down tablet manager...
I20260601 13:25:41.846266 23292 tablet_replica.cc:333] T e54a6e5b7dd14facbfe78f2328444ebf P 0477b6ef31c64fadab7c1fdca04a34f0: stopping tablet replica
I20260601 13:25:41.846431 23292 raft_consensus.cc:2243] T e54a6e5b7dd14facbfe78f2328444ebf P 0477b6ef31c64fadab7c1fdca04a34f0 [term 1 LEADER]: Raft consensus shutting down.
I20260601 13:25:41.846635 23292 pending_rounds.cc:70] T e54a6e5b7dd14facbfe78f2328444ebf P 0477b6ef31c64fadab7c1fdca04a34f0: Trying to abort 1 pending ops.
I20260601 13:25:41.846735 23292 pending_rounds.cc:77] T e54a6e5b7dd14facbfe78f2328444ebf P 0477b6ef31c64fadab7c1fdca04a34f0: Aborting op as it isn't in flight: id { term: 1 index: 1 } timestamp: 7292192119946928128 op_type: NO_OP noop_request { }
I20260601 13:25:41.846850 23292 raft_consensus.cc:2889] T e54a6e5b7dd14facbfe78f2328444ebf P 0477b6ef31c64fadab7c1fdca04a34f0 [term 1 LEADER]: NO_OP replication failed: Aborted: Op aborted
I20260601 13:25:41.846942 23292 raft_consensus.cc:2272] T e54a6e5b7dd14facbfe78f2328444ebf P 0477b6ef31c64fadab7c1fdca04a34f0 [term 1 FOLLOWER]: Raft consensus is shut down!
I20260601 13:25:41.847688 23292 tablet_replica.cc:333] T b1682997edb74471b04e5ab955ebad2b P 0477b6ef31c64fadab7c1fdca04a34f0: stopping tablet replica
I20260601 13:25:41.847776 23292 raft_consensus.cc:2243] T b1682997edb74471b04e5ab955ebad2b P 0477b6ef31c64fadab7c1fdca04a34f0 [term 1 FOLLOWER]: Raft consensus shutting down.
I20260601 13:25:41.847906 23292 raft_consensus.cc:2272] T b1682997edb74471b04e5ab955ebad2b P 0477b6ef31c64fadab7c1fdca04a34f0 [term 1 FOLLOWER]: Raft consensus is shut down!
I20260601 13:25:41.848299 23292 tablet_replica.cc:333] T 0f3687e806d644e19cc62a89f877c6e1 P 0477b6ef31c64fadab7c1fdca04a34f0: stopping tablet replica
I20260601 13:25:41.848404 23292 raft_consensus.cc:2243] T 0f3687e806d644e19cc62a89f877c6e1 P 0477b6ef31c64fadab7c1fdca04a34f0 [term 1 FOLLOWER]: Raft consensus shutting down.
I20260601 13:25:41.848500 23292 raft_consensus.cc:2272] T 0f3687e806d644e19cc62a89f877c6e1 P 0477b6ef31c64fadab7c1fdca04a34f0 [term 1 FOLLOWER]: Raft consensus is shut down!
I20260601 13:25:41.848881 23292 tablet_replica.cc:333] T fceae6c474614933bedc9bd260c1ab65 P 0477b6ef31c64fadab7c1fdca04a34f0: stopping tablet replica
I20260601 13:25:41.848948 23292 raft_consensus.cc:2243] T fceae6c474614933bedc9bd260c1ab65 P 0477b6ef31c64fadab7c1fdca04a34f0 [term 1 FOLLOWER]: Raft consensus shutting down.
I20260601 13:25:41.849046 23292 raft_consensus.cc:2272] T fceae6c474614933bedc9bd260c1ab65 P 0477b6ef31c64fadab7c1fdca04a34f0 [term 1 FOLLOWER]: Raft consensus is shut down!
I20260601 13:25:41.852586 23292 tablet_server.cc:196] TabletServer@127.22.191.1:0 shutdown complete.
I20260601 13:25:41.855024 23292 tablet_server.cc:179] TabletServer@127.22.191.2:0 shutting down...
I20260601 13:25:41.859483 23292 ts_tablet_manager.cc:1507] Shutting down tablet manager...
I20260601 13:25:41.859870 23292 tablet_replica.cc:333] T 0f3687e806d644e19cc62a89f877c6e1 P e8b3f913510641b6beda6ae3ba8e11ad: stopping tablet replica
I20260601 13:25:41.860024 23292 raft_consensus.cc:2243] T 0f3687e806d644e19cc62a89f877c6e1 P e8b3f913510641b6beda6ae3ba8e11ad [term 1 LEADER]: Raft consensus shutting down.
I20260601 13:25:41.860224 23292 pending_rounds.cc:70] T 0f3687e806d644e19cc62a89f877c6e1 P e8b3f913510641b6beda6ae3ba8e11ad: Trying to abort 1 pending ops.
I20260601 13:25:41.860275 23292 pending_rounds.cc:77] T 0f3687e806d644e19cc62a89f877c6e1 P e8b3f913510641b6beda6ae3ba8e11ad: Aborting op as it isn't in flight: id { term: 1 index: 1 } timestamp: 7292192119135031296 op_type: NO_OP noop_request { }
I20260601 13:25:41.860358 23292 raft_consensus.cc:2889] T 0f3687e806d644e19cc62a89f877c6e1 P e8b3f913510641b6beda6ae3ba8e11ad [term 1 LEADER]: NO_OP replication failed: Aborted: Op aborted
I20260601 13:25:41.860424 23292 raft_consensus.cc:2272] T 0f3687e806d644e19cc62a89f877c6e1 P e8b3f913510641b6beda6ae3ba8e11ad [term 1 FOLLOWER]: Raft consensus is shut down!
I20260601 13:25:41.861109 23292 tablet_replica.cc:333] T fceae6c474614933bedc9bd260c1ab65 P e8b3f913510641b6beda6ae3ba8e11ad: stopping tablet replica
I20260601 13:25:41.861241 23292 raft_consensus.cc:2243] T fceae6c474614933bedc9bd260c1ab65 P e8b3f913510641b6beda6ae3ba8e11ad [term 1 FOLLOWER]: Raft consensus shutting down.
I20260601 13:25:41.861371 23292 raft_consensus.cc:2272] T fceae6c474614933bedc9bd260c1ab65 P e8b3f913510641b6beda6ae3ba8e11ad [term 1 FOLLOWER]: Raft consensus is shut down!
I20260601 13:25:41.861876 23292 tablet_replica.cc:333] T b1682997edb74471b04e5ab955ebad2b P e8b3f913510641b6beda6ae3ba8e11ad: stopping tablet replica
I20260601 13:25:41.862008 23292 raft_consensus.cc:2243] T b1682997edb74471b04e5ab955ebad2b P e8b3f913510641b6beda6ae3ba8e11ad [term 1 LEADER]: Raft consensus shutting down.
I20260601 13:25:41.862166 23292 pending_rounds.cc:70] T b1682997edb74471b04e5ab955ebad2b P e8b3f913510641b6beda6ae3ba8e11ad: Trying to abort 1 pending ops.
I20260601 13:25:41.862215 23292 pending_rounds.cc:77] T b1682997edb74471b04e5ab955ebad2b P e8b3f913510641b6beda6ae3ba8e11ad: Aborting op as it isn't in flight: id { term: 1 index: 1 } timestamp: 7292192119398674432 op_type: NO_OP noop_request { }
I20260601 13:25:41.862290 23292 raft_consensus.cc:2889] T b1682997edb74471b04e5ab955ebad2b P e8b3f913510641b6beda6ae3ba8e11ad [term 1 LEADER]: NO_OP replication failed: Aborted: Op aborted
I20260601 13:25:41.862352 23292 raft_consensus.cc:2272] T b1682997edb74471b04e5ab955ebad2b P e8b3f913510641b6beda6ae3ba8e11ad [term 1 FOLLOWER]: Raft consensus is shut down!
I20260601 13:25:41.862920 23292 tablet_replica.cc:333] T e54a6e5b7dd14facbfe78f2328444ebf P e8b3f913510641b6beda6ae3ba8e11ad: stopping tablet replica
I20260601 13:25:41.863042 23292 raft_consensus.cc:2243] T e54a6e5b7dd14facbfe78f2328444ebf P e8b3f913510641b6beda6ae3ba8e11ad [term 1 FOLLOWER]: Raft consensus shutting down.
I20260601 13:25:41.863152 23292 raft_consensus.cc:2272] T e54a6e5b7dd14facbfe78f2328444ebf P e8b3f913510641b6beda6ae3ba8e11ad [term 1 FOLLOWER]: Raft consensus is shut down!
I20260601 13:25:41.876921 23292 tablet_server.cc:196] TabletServer@127.22.191.2:0 shutdown complete.
I20260601 13:25:41.879601 23292 tablet_server.cc:179] TabletServer@127.22.191.3:0 shutting down...
I20260601 13:25:41.885444 23292 ts_tablet_manager.cc:1507] Shutting down tablet manager...
I20260601 13:25:41.885890 23292 tablet_replica.cc:333] T e54a6e5b7dd14facbfe78f2328444ebf P f89418769a1f448aa337f1619d1c57ad: stopping tablet replica
I20260601 13:25:41.886057 23292 raft_consensus.cc:2243] T e54a6e5b7dd14facbfe78f2328444ebf P f89418769a1f448aa337f1619d1c57ad [term 1 FOLLOWER]: Raft consensus shutting down.
I20260601 13:25:41.886217 23292 raft_consensus.cc:2272] T e54a6e5b7dd14facbfe78f2328444ebf P f89418769a1f448aa337f1619d1c57ad [term 1 FOLLOWER]: Raft consensus is shut down!
I20260601 13:25:41.886780 23292 tablet_replica.cc:333] T fceae6c474614933bedc9bd260c1ab65 P f89418769a1f448aa337f1619d1c57ad: stopping tablet replica
I20260601 13:25:41.886914 23292 raft_consensus.cc:2243] T fceae6c474614933bedc9bd260c1ab65 P f89418769a1f448aa337f1619d1c57ad [term 1 LEADER]: Raft consensus shutting down.
I20260601 13:25:41.887077 23292 pending_rounds.cc:70] T fceae6c474614933bedc9bd260c1ab65 P f89418769a1f448aa337f1619d1c57ad: Trying to abort 1 pending ops.
I20260601 13:25:41.887126 23292 pending_rounds.cc:77] T fceae6c474614933bedc9bd260c1ab65 P f89418769a1f448aa337f1619d1c57ad: Aborting op as it isn't in flight: id { term: 1 index: 1 } timestamp: 7292192120131751936 op_type: NO_OP noop_request { }
I20260601 13:25:41.887209 23292 raft_consensus.cc:2889] T fceae6c474614933bedc9bd260c1ab65 P f89418769a1f448aa337f1619d1c57ad [term 1 LEADER]: NO_OP replication failed: Aborted: Op aborted
I20260601 13:25:41.887276 23292 raft_consensus.cc:2272] T fceae6c474614933bedc9bd260c1ab65 P f89418769a1f448aa337f1619d1c57ad [term 1 FOLLOWER]: Raft consensus is shut down!
I20260601 13:25:41.887984 23292 tablet_replica.cc:333] T 0f3687e806d644e19cc62a89f877c6e1 P f89418769a1f448aa337f1619d1c57ad: stopping tablet replica
I20260601 13:25:41.888115 23292 raft_consensus.cc:2243] T 0f3687e806d644e19cc62a89f877c6e1 P f89418769a1f448aa337f1619d1c57ad [term 1 FOLLOWER]: Raft consensus shutting down.
I20260601 13:25:41.888232 23292 raft_consensus.cc:2272] T 0f3687e806d644e19cc62a89f877c6e1 P f89418769a1f448aa337f1619d1c57ad [term 1 FOLLOWER]: Raft consensus is shut down!
I20260601 13:25:41.888664 23292 tablet_replica.cc:333] T b1682997edb74471b04e5ab955ebad2b P f89418769a1f448aa337f1619d1c57ad: stopping tablet replica
I20260601 13:25:41.888773 23292 raft_consensus.cc:2243] T b1682997edb74471b04e5ab955ebad2b P f89418769a1f448aa337f1619d1c57ad [term 1 FOLLOWER]: Raft consensus shutting down.
I20260601 13:25:41.888864 23292 raft_consensus.cc:2272] T b1682997edb74471b04e5ab955ebad2b P f89418769a1f448aa337f1619d1c57ad [term 1 FOLLOWER]: Raft consensus is shut down!
I20260601 13:25:41.902169 23292 tablet_server.cc:196] TabletServer@127.22.191.3:0 shutdown complete.
I20260601 13:25:41.904837 23292 master.cc:562] Master@127.22.191.62:38567 shutting down...
I20260601 13:25:41.909403 23292 raft_consensus.cc:2243] T 00000000000000000000000000000000 P b5aa5a92f0604f90ac4f809c794db270 [term 1 LEADER]: Raft consensus shutting down.
I20260601 13:25:41.909601 23292 raft_consensus.cc:2272] T 00000000000000000000000000000000 P b5aa5a92f0604f90ac4f809c794db270 [term 1 FOLLOWER]: Raft consensus is shut down!
I20260601 13:25:41.909664 23292 tablet_replica.cc:333] T 00000000000000000000000000000000 P b5aa5a92f0604f90ac4f809c794db270: stopping tablet replica
I20260601 13:25:41.923477 23292 master.cc:584] Master@127.22.191.62:38567 shutdown complete.
[       OK ] AutoRebalancerTest.RangeAwareBuildClusterInfoGroupsByRange (1640 ms)
[ RUN      ] AutoRebalancerTest.RangeAwareRebalancesNewRangeReplicas
I20260601 13:25:41.932502 23292 internal_mini_cluster.cc:156] Creating distributed mini masters. Addrs: 127.22.191.62:34701
I20260601 13:25:41.932871 23292 file_cache.cc:492] Constructed file cache file cache with capacity 419430
W20260601 13:25:41.934976 26134 instance_detector.cc:116] could not retrieve Azure instance metadata: Network error: curl error: HTTP response code said error: The requested URL returned error: 404
W20260601 13:25:41.934988 26136 instance_detector.cc:116] could not retrieve OpenStack instance metadata: Network error: curl error: HTTP response code said error: The requested URL returned error: 404
I20260601 13:25:41.935249 23292 server_base.cc:1061] running on GCE node
W20260601 13:25:41.935250 26133 instance_detector.cc:116] could not retrieve AWS instance metadata: Network error: curl error: HTTP response code said error: The requested URL returned error: 404
I20260601 13:25:41.935642 23292 hybrid_clock.cc:584] initializing the hybrid clock with 'system_unsync' time source
W20260601 13:25:41.935689 23292 system_unsync_time.cc:38] NTP support is disabled. Clock error bounds will not be accurate. This configuration is not suitable for distributed clusters.
I20260601 13:25:41.935707 23292 hybrid_clock.cc:648] HybridClock initialized: now 1780320341935707 us; error 0 us; skew 500 ppm
I20260601 13:25:41.936589 23292 webserver.cc:533] Webserver started at http://127.22.191.62:42725/ using document root <none> and password file <none>
I20260601 13:25:41.936793 23292 fs_manager.cc:362] Metadata directory not provided
I20260601 13:25:41.936851 23292 fs_manager.cc:368] Using write-ahead log directory (fs_wal_dir) as metadata directory
I20260601 13:25:41.936914 23292 server_base.cc:909] This appears to be a new deployment of Kudu; creating new FS layout
I20260601 13:25:41.937382 23292 fs_manager.cc:1068] Generated new instance metadata in path /tmp/dist-test-taskZSEx1M/test-tmp/auto_rebalancer-test.0.AutoRebalancerTest.RangeAwareRebalancesNewRangeReplicas.1780320272498056-23292-0/minicluster-data/master-0-root/instance:
uuid: "f4dfe61bbed84481a5dd225b05625b86"
format_stamp: "Formatted at 2026-06-01 13:25:41 on dist-test-slave-sm5t"
I20260601 13:25:41.938891 23292 fs_manager.cc:696] Time spent creating directory manager: real 0.001s	user 0.002s	sys 0.000s
I20260601 13:25:41.940117 26141 log_block_manager.cc:4031] Time spent loading block containers with low live blocks: real 0.000s	user 0.000s	sys 0.000s
I20260601 13:25:41.940569 23292 fs_manager.cc:730] Time spent opening block manager: real 0.001s	user 0.000s	sys 0.000s
I20260601 13:25:41.940742 23292 fs_manager.cc:647] Opened local filesystem: /tmp/dist-test-taskZSEx1M/test-tmp/auto_rebalancer-test.0.AutoRebalancerTest.RangeAwareRebalancesNewRangeReplicas.1780320272498056-23292-0/minicluster-data/master-0-root
uuid: "f4dfe61bbed84481a5dd225b05625b86"
format_stamp: "Formatted at 2026-06-01 13:25:41 on dist-test-slave-sm5t"
I20260601 13:25:41.940852 23292 fs_report.cc:389] FS layout report
--------------------
wal directory: /tmp/dist-test-taskZSEx1M/test-tmp/auto_rebalancer-test.0.AutoRebalancerTest.RangeAwareRebalancesNewRangeReplicas.1780320272498056-23292-0/minicluster-data/master-0-root
metadata directory: /tmp/dist-test-taskZSEx1M/test-tmp/auto_rebalancer-test.0.AutoRebalancerTest.RangeAwareRebalancesNewRangeReplicas.1780320272498056-23292-0/minicluster-data/master-0-root
1 data directories: /tmp/dist-test-taskZSEx1M/test-tmp/auto_rebalancer-test.0.AutoRebalancerTest.RangeAwareRebalancesNewRangeReplicas.1780320272498056-23292-0/minicluster-data/master-0-root/data
Total live blocks: 0
Total live bytes: 0
Total live bytes (after alignment): 0
Total number of LBM containers: 0 (0 full)
Did not check for missing blocks
Did not check for orphaned blocks
Total full LBM containers with extra space: 0 (0 repaired)
Total full LBM container extra space in bytes: 0 (0 repaired)
Total incomplete LBM containers: 0 (0 repaired)
Total LBM partial records: 0 (0 repaired)
Total corrupted LBM metadata records in RocksDB: 0 (0 repaired)
I20260601 13:25:41.952816 23292 rpc_server.cc:225] running with OpenSSL 1.1.1  11 Sep 2018
I20260601 13:25:41.953429 23292 kserver.cc:163] Server-wide thread pool size limit: 3276
I20260601 13:25:41.958343 23292 rpc_server.cc:307] RPC server started. Bound to: 127.22.191.62:34701
I20260601 13:25:41.961691 26193 acceptor_pool.cc:272] collecting diagnostics on the listening RPC socket 127.22.191.62:34701 every 8 connection(s)
I20260601 13:25:41.962218 26194 data_dirs.cc:400] Could only allocate 1 dirs of requested 3 for tablet 00000000000000000000000000000000. 1 dirs total, 0 dirs full, 0 dirs failed
I20260601 13:25:41.964193 26194 tablet_bootstrap.cc:492] T 00000000000000000000000000000000 P f4dfe61bbed84481a5dd225b05625b86: Bootstrap starting.
I20260601 13:25:41.965085 26194 tablet_bootstrap.cc:654] T 00000000000000000000000000000000 P f4dfe61bbed84481a5dd225b05625b86: Neither blocks nor log segments found. Creating new log.
I20260601 13:25:41.966297 26194 tablet_bootstrap.cc:492] T 00000000000000000000000000000000 P f4dfe61bbed84481a5dd225b05625b86: No bootstrap required, opened a new log
I20260601 13:25:41.966747 26194 raft_consensus.cc:359] T 00000000000000000000000000000000 P f4dfe61bbed84481a5dd225b05625b86 [term 0 FOLLOWER]: Replica starting. Triggering 0 pending ops. Active config: opid_index: -1 OBSOLETE_local: true peers { permanent_uuid: "f4dfe61bbed84481a5dd225b05625b86" member_type: VOTER }
I20260601 13:25:41.966841 26194 raft_consensus.cc:385] T 00000000000000000000000000000000 P f4dfe61bbed84481a5dd225b05625b86 [term 0 FOLLOWER]: Consensus starting up: Expiring failure detector timer to make a prompt election more likely
I20260601 13:25:41.966863 26194 raft_consensus.cc:740] T 00000000000000000000000000000000 P f4dfe61bbed84481a5dd225b05625b86 [term 0 FOLLOWER]: Becoming Follower/Learner. State: Replica: f4dfe61bbed84481a5dd225b05625b86, State: Initialized, Role: FOLLOWER
I20260601 13:25:41.967020 26194 consensus_queue.cc:260] T 00000000000000000000000000000000 P f4dfe61bbed84481a5dd225b05625b86 [NON_LEADER]: Queue going to NON_LEADER mode. State: All replicated index: 0, Majority replicated index: 0, Committed index: 0, Last appended: 0.0, Last appended by leader: 0, Current term: 0, Majority size: -1, State: 0, Mode: NON_LEADER, active raft config: opid_index: -1 OBSOLETE_local: true peers { permanent_uuid: "f4dfe61bbed84481a5dd225b05625b86" member_type: VOTER }
I20260601 13:25:41.967093 26194 raft_consensus.cc:399] T 00000000000000000000000000000000 P f4dfe61bbed84481a5dd225b05625b86 [term 0 FOLLOWER]: Only one voter in the Raft config. Triggering election immediately
I20260601 13:25:41.967150 26194 raft_consensus.cc:493] T 00000000000000000000000000000000 P f4dfe61bbed84481a5dd225b05625b86 [term 0 FOLLOWER]: Starting leader election (initial election of a single-replica configuration)
I20260601 13:25:41.967212 26194 raft_consensus.cc:3060] T 00000000000000000000000000000000 P f4dfe61bbed84481a5dd225b05625b86 [term 0 FOLLOWER]: Advancing to term 1
I20260601 13:25:41.968156 26194 raft_consensus.cc:515] T 00000000000000000000000000000000 P f4dfe61bbed84481a5dd225b05625b86 [term 1 FOLLOWER]: Starting leader election with config: opid_index: -1 OBSOLETE_local: true peers { permanent_uuid: "f4dfe61bbed84481a5dd225b05625b86" member_type: VOTER }
I20260601 13:25:41.968307 26194 leader_election.cc:304] T 00000000000000000000000000000000 P f4dfe61bbed84481a5dd225b05625b86 [CANDIDATE]: Term 1 election: Election decided. Result: candidate won. Election summary: received 1 responses out of 1 voters: 1 yes votes; 0 no votes. yes voters: f4dfe61bbed84481a5dd225b05625b86; no voters: 
I20260601 13:25:41.968559 26194 leader_election.cc:290] T 00000000000000000000000000000000 P f4dfe61bbed84481a5dd225b05625b86 [CANDIDATE]: Term 1 election: Requested vote from peers 
I20260601 13:25:41.968755 26197 raft_consensus.cc:2804] T 00000000000000000000000000000000 P f4dfe61bbed84481a5dd225b05625b86 [term 1 FOLLOWER]: Leader election won for term 1
I20260601 13:25:41.968981 26197 raft_consensus.cc:697] T 00000000000000000000000000000000 P f4dfe61bbed84481a5dd225b05625b86 [term 1 LEADER]: Becoming Leader. State: Replica: f4dfe61bbed84481a5dd225b05625b86, State: Running, Role: LEADER
I20260601 13:25:41.969094 26194 sys_catalog.cc:565] T 00000000000000000000000000000000 P f4dfe61bbed84481a5dd225b05625b86 [sys.catalog]: configured and running, proceeding with master startup.
I20260601 13:25:41.969144 26197 consensus_queue.cc:237] T 00000000000000000000000000000000 P f4dfe61bbed84481a5dd225b05625b86 [LEADER]: Queue going to LEADER mode. State: All replicated index: 0, Majority replicated index: 0, Committed index: 0, Last appended: 0.0, Last appended by leader: 0, Current term: 1, Majority size: 1, State: 0, Mode: LEADER, active raft config: opid_index: -1 OBSOLETE_local: true peers { permanent_uuid: "f4dfe61bbed84481a5dd225b05625b86" member_type: VOTER }
I20260601 13:25:41.969604 26198 sys_catalog.cc:455] T 00000000000000000000000000000000 P f4dfe61bbed84481a5dd225b05625b86 [sys.catalog]: SysCatalogTable state changed. Reason: RaftConsensus started. Latest consensus state: current_term: 1 leader_uuid: "f4dfe61bbed84481a5dd225b05625b86" committed_config { opid_index: -1 OBSOLETE_local: true peers { permanent_uuid: "f4dfe61bbed84481a5dd225b05625b86" member_type: VOTER } }
I20260601 13:25:41.969729 26198 sys_catalog.cc:458] T 00000000000000000000000000000000 P f4dfe61bbed84481a5dd225b05625b86 [sys.catalog]: This master's current role is: LEADER
I20260601 13:25:41.969632 26199 sys_catalog.cc:455] T 00000000000000000000000000000000 P f4dfe61bbed84481a5dd225b05625b86 [sys.catalog]: SysCatalogTable state changed. Reason: New leader f4dfe61bbed84481a5dd225b05625b86. Latest consensus state: current_term: 1 leader_uuid: "f4dfe61bbed84481a5dd225b05625b86" committed_config { opid_index: -1 OBSOLETE_local: true peers { permanent_uuid: "f4dfe61bbed84481a5dd225b05625b86" member_type: VOTER } }
I20260601 13:25:41.969993 26199 sys_catalog.cc:458] T 00000000000000000000000000000000 P f4dfe61bbed84481a5dd225b05625b86 [sys.catalog]: This master's current role is: LEADER
I20260601 13:25:41.970528 26203 catalog_manager.cc:1510] Loading table and tablet metadata into memory...
I20260601 13:25:41.971328 26203 catalog_manager.cc:1519] Initializing Kudu cluster ID...
I20260601 13:25:41.971517 23292 internal_mini_cluster.cc:184] Waiting to initialize catalog manager on master 0
I20260601 13:25:41.973865 26203 catalog_manager.cc:1382] Generated new cluster ID: 7633c827568644b7b3d3111a964bdc23
I20260601 13:25:41.973943 26203 catalog_manager.cc:1530] Initializing Kudu internal certificate authority...
I20260601 13:25:41.991089 26203 catalog_manager.cc:1405] Generated new certificate authority record
I20260601 13:25:41.991897 26203 catalog_manager.cc:1539] Loading token signing keys...
I20260601 13:25:42.005270 26203 catalog_manager.cc:6069] T 00000000000000000000000000000000 P f4dfe61bbed84481a5dd225b05625b86: Generated new TSK 0
I20260601 13:25:42.005542 26203 catalog_manager.cc:1549] Initializing in-progress tserver states...
I20260601 13:25:42.036593 23292 file_cache.cc:492] Constructed file cache file cache with capacity 419430
W20260601 13:25:42.039368 26215 instance_detector.cc:116] could not retrieve AWS instance metadata: Network error: curl error: HTTP response code said error: The requested URL returned error: 404
W20260601 13:25:42.039651 26218 instance_detector.cc:116] could not retrieve OpenStack instance metadata: Network error: curl error: HTTP response code said error: The requested URL returned error: 404
W20260601 13:25:42.039814 26216 instance_detector.cc:116] could not retrieve Azure instance metadata: Network error: curl error: HTTP response code said error: The requested URL returned error: 404
I20260601 13:25:42.039830 23292 server_base.cc:1061] running on GCE node
I20260601 13:25:42.040115 23292 hybrid_clock.cc:584] initializing the hybrid clock with 'system_unsync' time source
W20260601 13:25:42.040190 23292 system_unsync_time.cc:38] NTP support is disabled. Clock error bounds will not be accurate. This configuration is not suitable for distributed clusters.
I20260601 13:25:42.040230 23292 hybrid_clock.cc:648] HybridClock initialized: now 1780320342040227 us; error 0 us; skew 500 ppm
I20260601 13:25:42.041211 23292 webserver.cc:533] Webserver started at http://127.22.191.1:40325/ using document root <none> and password file <none>
I20260601 13:25:42.041465 23292 fs_manager.cc:362] Metadata directory not provided
I20260601 13:25:42.041563 23292 fs_manager.cc:368] Using write-ahead log directory (fs_wal_dir) as metadata directory
I20260601 13:25:42.041651 23292 server_base.cc:909] This appears to be a new deployment of Kudu; creating new FS layout
I20260601 13:25:42.042250 23292 fs_manager.cc:1068] Generated new instance metadata in path /tmp/dist-test-taskZSEx1M/test-tmp/auto_rebalancer-test.0.AutoRebalancerTest.RangeAwareRebalancesNewRangeReplicas.1780320272498056-23292-0/minicluster-data/ts-0-root/instance:
uuid: "ad10a37b2e0b4cdbbab57d93effbc821"
format_stamp: "Formatted at 2026-06-01 13:25:42 on dist-test-slave-sm5t"
I20260601 13:25:42.043970 23292 fs_manager.cc:696] Time spent creating directory manager: real 0.001s	user 0.003s	sys 0.000s
I20260601 13:25:42.045246 26223 log_block_manager.cc:4031] Time spent loading block containers with low live blocks: real 0.000s	user 0.000s	sys 0.000s
I20260601 13:25:42.045529 23292 fs_manager.cc:730] Time spent opening block manager: real 0.001s	user 0.001s	sys 0.000s
I20260601 13:25:42.045627 23292 fs_manager.cc:647] Opened local filesystem: /tmp/dist-test-taskZSEx1M/test-tmp/auto_rebalancer-test.0.AutoRebalancerTest.RangeAwareRebalancesNewRangeReplicas.1780320272498056-23292-0/minicluster-data/ts-0-root
uuid: "ad10a37b2e0b4cdbbab57d93effbc821"
format_stamp: "Formatted at 2026-06-01 13:25:42 on dist-test-slave-sm5t"
I20260601 13:25:42.045732 23292 fs_report.cc:389] FS layout report
--------------------
wal directory: /tmp/dist-test-taskZSEx1M/test-tmp/auto_rebalancer-test.0.AutoRebalancerTest.RangeAwareRebalancesNewRangeReplicas.1780320272498056-23292-0/minicluster-data/ts-0-root
metadata directory: /tmp/dist-test-taskZSEx1M/test-tmp/auto_rebalancer-test.0.AutoRebalancerTest.RangeAwareRebalancesNewRangeReplicas.1780320272498056-23292-0/minicluster-data/ts-0-root
1 data directories: /tmp/dist-test-taskZSEx1M/test-tmp/auto_rebalancer-test.0.AutoRebalancerTest.RangeAwareRebalancesNewRangeReplicas.1780320272498056-23292-0/minicluster-data/ts-0-root/data
Total live blocks: 0
Total live bytes: 0
Total live bytes (after alignment): 0
Total number of LBM containers: 0 (0 full)
Did not check for missing blocks
Did not check for orphaned blocks
Total full LBM containers with extra space: 0 (0 repaired)
Total full LBM container extra space in bytes: 0 (0 repaired)
Total incomplete LBM containers: 0 (0 repaired)
Total LBM partial records: 0 (0 repaired)
Total corrupted LBM metadata records in RocksDB: 0 (0 repaired)
I20260601 13:25:42.077356 23292 rpc_server.cc:225] running with OpenSSL 1.1.1  11 Sep 2018
I20260601 13:25:42.077842 23292 kserver.cc:163] Server-wide thread pool size limit: 3276
I20260601 13:25:42.078215 23292 txn_system_client.cc:432] TxnSystemClient initialization is disabled...
I20260601 13:25:42.078747 23292 ts_tablet_manager.cc:585] Loaded tablet metadata (0 total tablets, 0 live tablets)
I20260601 13:25:42.078819 23292 ts_tablet_manager.cc:531] Time spent load tablet metadata: real 0.000s	user 0.000s	sys 0.000s
I20260601 13:25:42.078879 23292 ts_tablet_manager.cc:616] Registered 0 tablets
I20260601 13:25:42.078919 23292 ts_tablet_manager.cc:595] Time spent register tablets: real 0.000s	user 0.000s	sys 0.000s
I20260601 13:25:42.083591 23292 rpc_server.cc:307] RPC server started. Bound to: 127.22.191.1:44351
I20260601 13:25:42.083618 26286 acceptor_pool.cc:272] collecting diagnostics on the listening RPC socket 127.22.191.1:44351 every 8 connection(s)
I20260601 13:25:42.084601 23292 file_cache.cc:492] Constructed file cache file cache with capacity 419430
W20260601 13:25:42.087433 26292 instance_detector.cc:116] could not retrieve Azure instance metadata: Network error: curl error: HTTP response code said error: The requested URL returned error: 404
