I20260601 13:26:16.993180 28705 ts_tablet_manager.cc:1403] T bc4560c11f214351a7f4ebde277dc527 P 38106f71c0944510b367e3b15049ffc4: Time spent bootstrapping tablet: real 0.003s	user 0.000s	sys 0.002s
I20260601 13:26:16.993278 28707 tablet_bootstrap.cc:492] T 673defa39b414eadae47f840999e925c P 0cf972b5a8204b0786ef85b0b76eec6b: No bootstrap required, opened a new log
I20260601 13:26:16.993356 28707 ts_tablet_manager.cc:1403] T 673defa39b414eadae47f840999e925c P 0cf972b5a8204b0786ef85b0b76eec6b: Time spent bootstrapping tablet: real 0.002s	user 0.001s	sys 0.001s
I20260601 13:26:16.993641 28705 raft_consensus.cc:359] T bc4560c11f214351a7f4ebde277dc527 P 38106f71c0944510b367e3b15049ffc4 [term 0 FOLLOWER]: Replica starting. Triggering 0 pending ops. Active config: opid_index: -1 OBSOLETE_local: false peers { permanent_uuid: "38106f71c0944510b367e3b15049ffc4" member_type: VOTER last_known_addr { host: "127.23.134.129" port: 43331 } } peers { permanent_uuid: "0c46fe9b61664cc0ae40adfacb89c8f0" member_type: VOTER last_known_addr { host: "127.23.134.130" port: 34189 } } peers { permanent_uuid: "0cf972b5a8204b0786ef85b0b76eec6b" member_type: VOTER last_known_addr { host: "127.23.134.131" port: 40455 } }
I20260601 13:26:16.993710 28704 raft_consensus.cc:359] T b29128c4c2694452afaeeb892b68a74f P 0c46fe9b61664cc0ae40adfacb89c8f0 [term 0 FOLLOWER]: Replica starting. Triggering 0 pending ops. Active config: opid_index: -1 OBSOLETE_local: false peers { permanent_uuid: "38106f71c0944510b367e3b15049ffc4" member_type: VOTER last_known_addr { host: "127.23.134.129" port: 43331 } } peers { permanent_uuid: "0c46fe9b61664cc0ae40adfacb89c8f0" member_type: VOTER last_known_addr { host: "127.23.134.130" port: 34189 } } peers { permanent_uuid: "0cf972b5a8204b0786ef85b0b76eec6b" member_type: VOTER last_known_addr { host: "127.23.134.131" port: 40455 } }
I20260601 13:26:16.993804 28705 raft_consensus.cc:385] T bc4560c11f214351a7f4ebde277dc527 P 38106f71c0944510b367e3b15049ffc4 [term 0 FOLLOWER]: Consensus starting up: Expiring failure detector timer to make a prompt election more likely
I20260601 13:26:16.993816 28704 raft_consensus.cc:385] T b29128c4c2694452afaeeb892b68a74f P 0c46fe9b61664cc0ae40adfacb89c8f0 [term 0 FOLLOWER]: Consensus starting up: Expiring failure detector timer to make a prompt election more likely
I20260601 13:26:16.993810 28707 raft_consensus.cc:359] T 673defa39b414eadae47f840999e925c P 0cf972b5a8204b0786ef85b0b76eec6b [term 0 FOLLOWER]: Replica starting. Triggering 0 pending ops. Active config: opid_index: -1 OBSOLETE_local: false peers { permanent_uuid: "38106f71c0944510b367e3b15049ffc4" member_type: VOTER last_known_addr { host: "127.23.134.129" port: 43331 } } peers { permanent_uuid: "0c46fe9b61664cc0ae40adfacb89c8f0" member_type: VOTER last_known_addr { host: "127.23.134.130" port: 34189 } } peers { permanent_uuid: "0cf972b5a8204b0786ef85b0b76eec6b" member_type: VOTER last_known_addr { host: "127.23.134.131" port: 40455 } }
I20260601 13:26:16.993997 28707 raft_consensus.cc:385] T 673defa39b414eadae47f840999e925c P 0cf972b5a8204b0786ef85b0b76eec6b [term 0 FOLLOWER]: Consensus starting up: Expiring failure detector timer to make a prompt election more likely
I20260601 13:26:16.994048 28707 raft_consensus.cc:740] T 673defa39b414eadae47f840999e925c P 0cf972b5a8204b0786ef85b0b76eec6b [term 0 FOLLOWER]: Becoming Follower/Learner. State: Replica: 0cf972b5a8204b0786ef85b0b76eec6b, State: Initialized, Role: FOLLOWER
I20260601 13:26:16.993884 28705 raft_consensus.cc:740] T bc4560c11f214351a7f4ebde277dc527 P 38106f71c0944510b367e3b15049ffc4 [term 0 FOLLOWER]: Becoming Follower/Learner. State: Replica: 38106f71c0944510b367e3b15049ffc4, State: Initialized, Role: FOLLOWER
I20260601 13:26:16.994197 28707 consensus_queue.cc:260] T 673defa39b414eadae47f840999e925c P 0cf972b5a8204b0786ef85b0b76eec6b [NON_LEADER]: Queue going to NON_LEADER mode. State: All replicated index: 0, Majority replicated index: 0, Committed index: 0, Last appended: 0.0, Last appended by leader: 0, Current term: 0, Majority size: -1, State: 0, Mode: NON_LEADER, active raft config: opid_index: -1 OBSOLETE_local: false peers { permanent_uuid: "38106f71c0944510b367e3b15049ffc4" member_type: VOTER last_known_addr { host: "127.23.134.129" port: 43331 } } peers { permanent_uuid: "0c46fe9b61664cc0ae40adfacb89c8f0" member_type: VOTER last_known_addr { host: "127.23.134.130" port: 34189 } } peers { permanent_uuid: "0cf972b5a8204b0786ef85b0b76eec6b" member_type: VOTER last_known_addr { host: "127.23.134.131" port: 40455 } }
I20260601 13:26:16.994263 28705 consensus_queue.cc:260] T bc4560c11f214351a7f4ebde277dc527 P 38106f71c0944510b367e3b15049ffc4 [NON_LEADER]: Queue going to NON_LEADER mode. State: All replicated index: 0, Majority replicated index: 0, Committed index: 0, Last appended: 0.0, Last appended by leader: 0, Current term: 0, Majority size: -1, State: 0, Mode: NON_LEADER, active raft config: opid_index: -1 OBSOLETE_local: false peers { permanent_uuid: "38106f71c0944510b367e3b15049ffc4" member_type: VOTER last_known_addr { host: "127.23.134.129" port: 43331 } } peers { permanent_uuid: "0c46fe9b61664cc0ae40adfacb89c8f0" member_type: VOTER last_known_addr { host: "127.23.134.130" port: 34189 } } peers { permanent_uuid: "0cf972b5a8204b0786ef85b0b76eec6b" member_type: VOTER last_known_addr { host: "127.23.134.131" port: 40455 } }
I20260601 13:26:16.994459 28707 ts_tablet_manager.cc:1434] T 673defa39b414eadae47f840999e925c P 0cf972b5a8204b0786ef85b0b76eec6b: Time spent starting tablet: real 0.001s	user 0.001s	sys 0.000s
I20260601 13:26:16.994594 28705 ts_tablet_manager.cc:1434] T bc4560c11f214351a7f4ebde277dc527 P 38106f71c0944510b367e3b15049ffc4: Time spent starting tablet: real 0.001s	user 0.000s	sys 0.001s
I20260601 13:26:16.994629 28707 tablet_bootstrap.cc:492] T 7410be0f552146d99b7b2f14363941e4 P 0cf972b5a8204b0786ef85b0b76eec6b: Bootstrap starting.
I20260601 13:26:16.995057 28705 tablet_bootstrap.cc:492] T b29128c4c2694452afaeeb892b68a74f P 38106f71c0944510b367e3b15049ffc4: Bootstrap starting.
I20260601 13:26:16.995694 28707 tablet_bootstrap.cc:654] T 7410be0f552146d99b7b2f14363941e4 P 0cf972b5a8204b0786ef85b0b76eec6b: Neither blocks nor log segments found. Creating new log.
I20260601 13:26:16.996170 28705 tablet_bootstrap.cc:654] T b29128c4c2694452afaeeb892b68a74f P 38106f71c0944510b367e3b15049ffc4: Neither blocks nor log segments found. Creating new log.
I20260601 13:26:16.993976 28704 raft_consensus.cc:740] T b29128c4c2694452afaeeb892b68a74f P 0c46fe9b61664cc0ae40adfacb89c8f0 [term 0 FOLLOWER]: Becoming Follower/Learner. State: Replica: 0c46fe9b61664cc0ae40adfacb89c8f0, State: Initialized, Role: FOLLOWER
I20260601 13:26:16.996457 28704 consensus_queue.cc:260] T b29128c4c2694452afaeeb892b68a74f P 0c46fe9b61664cc0ae40adfacb89c8f0 [NON_LEADER]: Queue going to NON_LEADER mode. State: All replicated index: 0, Majority replicated index: 0, Committed index: 0, Last appended: 0.0, Last appended by leader: 0, Current term: 0, Majority size: -1, State: 0, Mode: NON_LEADER, active raft config: opid_index: -1 OBSOLETE_local: false peers { permanent_uuid: "38106f71c0944510b367e3b15049ffc4" member_type: VOTER last_known_addr { host: "127.23.134.129" port: 43331 } } peers { permanent_uuid: "0c46fe9b61664cc0ae40adfacb89c8f0" member_type: VOTER last_known_addr { host: "127.23.134.130" port: 34189 } } peers { permanent_uuid: "0cf972b5a8204b0786ef85b0b76eec6b" member_type: VOTER last_known_addr { host: "127.23.134.131" port: 40455 } }
I20260601 13:26:16.996753 28704 ts_tablet_manager.cc:1434] T b29128c4c2694452afaeeb892b68a74f P 0c46fe9b61664cc0ae40adfacb89c8f0: Time spent starting tablet: real 0.004s	user 0.001s	sys 0.000s
I20260601 13:26:16.997074 28704 tablet_bootstrap.cc:492] T ca0fdc4b06bf4c2ca30a2d6c8ee9dd1b P 0c46fe9b61664cc0ae40adfacb89c8f0: Bootstrap starting.
I20260601 13:26:16.998029 28705 tablet_bootstrap.cc:492] T b29128c4c2694452afaeeb892b68a74f P 38106f71c0944510b367e3b15049ffc4: No bootstrap required, opened a new log
I20260601 13:26:16.998085 28704 tablet_bootstrap.cc:654] T ca0fdc4b06bf4c2ca30a2d6c8ee9dd1b P 0c46fe9b61664cc0ae40adfacb89c8f0: Neither blocks nor log segments found. Creating new log.
I20260601 13:26:16.998119 28707 tablet_bootstrap.cc:492] T 7410be0f552146d99b7b2f14363941e4 P 0cf972b5a8204b0786ef85b0b76eec6b: No bootstrap required, opened a new log
I20260601 13:26:16.998123 28705 ts_tablet_manager.cc:1403] T b29128c4c2694452afaeeb892b68a74f P 38106f71c0944510b367e3b15049ffc4: Time spent bootstrapping tablet: real 0.003s	user 0.001s	sys 0.000s
I20260601 13:26:16.998202 28707 ts_tablet_manager.cc:1403] T 7410be0f552146d99b7b2f14363941e4 P 0cf972b5a8204b0786ef85b0b76eec6b: Time spent bootstrapping tablet: real 0.004s	user 0.002s	sys 0.000s
I20260601 13:26:16.998657 28705 raft_consensus.cc:359] T b29128c4c2694452afaeeb892b68a74f P 38106f71c0944510b367e3b15049ffc4 [term 0 FOLLOWER]: Replica starting. Triggering 0 pending ops. Active config: opid_index: -1 OBSOLETE_local: false peers { permanent_uuid: "38106f71c0944510b367e3b15049ffc4" member_type: VOTER last_known_addr { host: "127.23.134.129" port: 43331 } } peers { permanent_uuid: "0c46fe9b61664cc0ae40adfacb89c8f0" member_type: VOTER last_known_addr { host: "127.23.134.130" port: 34189 } } peers { permanent_uuid: "0cf972b5a8204b0786ef85b0b76eec6b" member_type: VOTER last_known_addr { host: "127.23.134.131" port: 40455 } }
I20260601 13:26:16.998747 28705 raft_consensus.cc:385] T b29128c4c2694452afaeeb892b68a74f P 38106f71c0944510b367e3b15049ffc4 [term 0 FOLLOWER]: Consensus starting up: Expiring failure detector timer to make a prompt election more likely
I20260601 13:26:16.998721 28707 raft_consensus.cc:359] T 7410be0f552146d99b7b2f14363941e4 P 0cf972b5a8204b0786ef85b0b76eec6b [term 0 FOLLOWER]: Replica starting. Triggering 0 pending ops. Active config: opid_index: -1 OBSOLETE_local: false peers { permanent_uuid: "38106f71c0944510b367e3b15049ffc4" member_type: VOTER last_known_addr { host: "127.23.134.129" port: 43331 } } peers { permanent_uuid: "0c46fe9b61664cc0ae40adfacb89c8f0" member_type: VOTER last_known_addr { host: "127.23.134.130" port: 34189 } } peers { permanent_uuid: "0cf972b5a8204b0786ef85b0b76eec6b" member_type: VOTER last_known_addr { host: "127.23.134.131" port: 40455 } }
I20260601 13:26:16.998785 28705 raft_consensus.cc:740] T b29128c4c2694452afaeeb892b68a74f P 38106f71c0944510b367e3b15049ffc4 [term 0 FOLLOWER]: Becoming Follower/Learner. State: Replica: 38106f71c0944510b367e3b15049ffc4, State: Initialized, Role: FOLLOWER
I20260601 13:26:16.998819 28707 raft_consensus.cc:385] T 7410be0f552146d99b7b2f14363941e4 P 0cf972b5a8204b0786ef85b0b76eec6b [term 0 FOLLOWER]: Consensus starting up: Expiring failure detector timer to make a prompt election more likely
I20260601 13:26:16.998854 28707 raft_consensus.cc:740] T 7410be0f552146d99b7b2f14363941e4 P 0cf972b5a8204b0786ef85b0b76eec6b [term 0 FOLLOWER]: Becoming Follower/Learner. State: Replica: 0cf972b5a8204b0786ef85b0b76eec6b, State: Initialized, Role: FOLLOWER
I20260601 13:26:16.998894 28705 consensus_queue.cc:260] T b29128c4c2694452afaeeb892b68a74f P 38106f71c0944510b367e3b15049ffc4 [NON_LEADER]: Queue going to NON_LEADER mode. State: All replicated index: 0, Majority replicated index: 0, Committed index: 0, Last appended: 0.0, Last appended by leader: 0, Current term: 0, Majority size: -1, State: 0, Mode: NON_LEADER, active raft config: opid_index: -1 OBSOLETE_local: false peers { permanent_uuid: "38106f71c0944510b367e3b15049ffc4" member_type: VOTER last_known_addr { host: "127.23.134.129" port: 43331 } } peers { permanent_uuid: "0c46fe9b61664cc0ae40adfacb89c8f0" member_type: VOTER last_known_addr { host: "127.23.134.130" port: 34189 } } peers { permanent_uuid: "0cf972b5a8204b0786ef85b0b76eec6b" member_type: VOTER last_known_addr { host: "127.23.134.131" port: 40455 } }
I20260601 13:26:16.998979 28707 consensus_queue.cc:260] T 7410be0f552146d99b7b2f14363941e4 P 0cf972b5a8204b0786ef85b0b76eec6b [NON_LEADER]: Queue going to NON_LEADER mode. State: All replicated index: 0, Majority replicated index: 0, Committed index: 0, Last appended: 0.0, Last appended by leader: 0, Current term: 0, Majority size: -1, State: 0, Mode: NON_LEADER, active raft config: opid_index: -1 OBSOLETE_local: false peers { permanent_uuid: "38106f71c0944510b367e3b15049ffc4" member_type: VOTER last_known_addr { host: "127.23.134.129" port: 43331 } } peers { permanent_uuid: "0c46fe9b61664cc0ae40adfacb89c8f0" member_type: VOTER last_known_addr { host: "127.23.134.130" port: 34189 } } peers { permanent_uuid: "0cf972b5a8204b0786ef85b0b76eec6b" member_type: VOTER last_known_addr { host: "127.23.134.131" port: 40455 } }
I20260601 13:26:16.999132 28705 ts_tablet_manager.cc:1434] T b29128c4c2694452afaeeb892b68a74f P 38106f71c0944510b367e3b15049ffc4: Time spent starting tablet: real 0.001s	user 0.001s	sys 0.000s
I20260601 13:26:16.999151 28704 tablet_bootstrap.cc:492] T ca0fdc4b06bf4c2ca30a2d6c8ee9dd1b P 0c46fe9b61664cc0ae40adfacb89c8f0: No bootstrap required, opened a new log
I20260601 13:26:16.999282 28705 tablet_bootstrap.cc:492] T bb572d0135a148dda47825477fd18d58 P 38106f71c0944510b367e3b15049ffc4: Bootstrap starting.
I20260601 13:26:16.999261 28707 ts_tablet_manager.cc:1434] T 7410be0f552146d99b7b2f14363941e4 P 0cf972b5a8204b0786ef85b0b76eec6b: Time spent starting tablet: real 0.001s	user 0.000s	sys 0.000s
I20260601 13:26:16.999512 28707 tablet_bootstrap.cc:492] T b29128c4c2694452afaeeb892b68a74f P 0cf972b5a8204b0786ef85b0b76eec6b: Bootstrap starting.
I20260601 13:26:16.999233 28704 ts_tablet_manager.cc:1403] T ca0fdc4b06bf4c2ca30a2d6c8ee9dd1b P 0c46fe9b61664cc0ae40adfacb89c8f0: Time spent bootstrapping tablet: real 0.002s	user 0.002s	sys 0.000s
I20260601 13:26:17.000108 28704 raft_consensus.cc:359] T ca0fdc4b06bf4c2ca30a2d6c8ee9dd1b P 0c46fe9b61664cc0ae40adfacb89c8f0 [term 0 FOLLOWER]: Replica starting. Triggering 0 pending ops. Active config: opid_index: -1 OBSOLETE_local: false peers { permanent_uuid: "38106f71c0944510b367e3b15049ffc4" member_type: VOTER last_known_addr { host: "127.23.134.129" port: 43331 } } peers { permanent_uuid: "0c46fe9b61664cc0ae40adfacb89c8f0" member_type: VOTER last_known_addr { host: "127.23.134.130" port: 34189 } } peers { permanent_uuid: "0cf972b5a8204b0786ef85b0b76eec6b" member_type: VOTER last_known_addr { host: "127.23.134.131" port: 40455 } }
I20260601 13:26:17.000205 28704 raft_consensus.cc:385] T ca0fdc4b06bf4c2ca30a2d6c8ee9dd1b P 0c46fe9b61664cc0ae40adfacb89c8f0 [term 0 FOLLOWER]: Consensus starting up: Expiring failure detector timer to make a prompt election more likely
I20260601 13:26:17.000236 28704 raft_consensus.cc:740] T ca0fdc4b06bf4c2ca30a2d6c8ee9dd1b P 0c46fe9b61664cc0ae40adfacb89c8f0 [term 0 FOLLOWER]: Becoming Follower/Learner. State: Replica: 0c46fe9b61664cc0ae40adfacb89c8f0, State: Initialized, Role: FOLLOWER
I20260601 13:26:17.000351 28704 consensus_queue.cc:260] T ca0fdc4b06bf4c2ca30a2d6c8ee9dd1b P 0c46fe9b61664cc0ae40adfacb89c8f0 [NON_LEADER]: Queue going to NON_LEADER mode. State: All replicated index: 0, Majority replicated index: 0, Committed index: 0, Last appended: 0.0, Last appended by leader: 0, Current term: 0, Majority size: -1, State: 0, Mode: NON_LEADER, active raft config: opid_index: -1 OBSOLETE_local: false peers { permanent_uuid: "38106f71c0944510b367e3b15049ffc4" member_type: VOTER last_known_addr { host: "127.23.134.129" port: 43331 } } peers { permanent_uuid: "0c46fe9b61664cc0ae40adfacb89c8f0" member_type: VOTER last_known_addr { host: "127.23.134.130" port: 34189 } } peers { permanent_uuid: "0cf972b5a8204b0786ef85b0b76eec6b" member_type: VOTER last_known_addr { host: "127.23.134.131" port: 40455 } }
I20260601 13:26:17.000524 28707 tablet_bootstrap.cc:654] T b29128c4c2694452afaeeb892b68a74f P 0cf972b5a8204b0786ef85b0b76eec6b: Neither blocks nor log segments found. Creating new log.
I20260601 13:26:17.000624 28704 ts_tablet_manager.cc:1434] T ca0fdc4b06bf4c2ca30a2d6c8ee9dd1b P 0c46fe9b61664cc0ae40adfacb89c8f0: Time spent starting tablet: real 0.001s	user 0.001s	sys 0.000s
I20260601 13:26:17.000236 28705 tablet_bootstrap.cc:654] T bb572d0135a148dda47825477fd18d58 P 38106f71c0944510b367e3b15049ffc4: Neither blocks nor log segments found. Creating new log.
I20260601 13:26:17.001585 28704 tablet_bootstrap.cc:492] T bc4560c11f214351a7f4ebde277dc527 P 0c46fe9b61664cc0ae40adfacb89c8f0: Bootstrap starting.
I20260601 13:26:17.002025 28711 raft_consensus.cc:493] T ca0fdc4b06bf4c2ca30a2d6c8ee9dd1b P 0c46fe9b61664cc0ae40adfacb89c8f0 [term 0 FOLLOWER]: Starting pre-election (no leader contacted us within the election timeout)
I20260601 13:26:17.002086 28705 tablet_bootstrap.cc:492] T bb572d0135a148dda47825477fd18d58 P 38106f71c0944510b367e3b15049ffc4: No bootstrap required, opened a new log
I20260601 13:26:17.002113 28711 raft_consensus.cc:515] T ca0fdc4b06bf4c2ca30a2d6c8ee9dd1b P 0c46fe9b61664cc0ae40adfacb89c8f0 [term 0 FOLLOWER]: Starting pre-election with config: opid_index: -1 OBSOLETE_local: false peers { permanent_uuid: "38106f71c0944510b367e3b15049ffc4" member_type: VOTER last_known_addr { host: "127.23.134.129" port: 43331 } } peers { permanent_uuid: "0c46fe9b61664cc0ae40adfacb89c8f0" member_type: VOTER last_known_addr { host: "127.23.134.130" port: 34189 } } peers { permanent_uuid: "0cf972b5a8204b0786ef85b0b76eec6b" member_type: VOTER last_known_addr { host: "127.23.134.131" port: 40455 } }
I20260601 13:26:17.002169 28705 ts_tablet_manager.cc:1403] T bb572d0135a148dda47825477fd18d58 P 38106f71c0944510b367e3b15049ffc4: Time spent bootstrapping tablet: real 0.003s	user 0.001s	sys 0.000s
I20260601 13:26:17.002528 28704 tablet_bootstrap.cc:654] T bc4560c11f214351a7f4ebde277dc527 P 0c46fe9b61664cc0ae40adfacb89c8f0: Neither blocks nor log segments found. Creating new log.
I20260601 13:26:17.002583 28711 leader_election.cc:290] T ca0fdc4b06bf4c2ca30a2d6c8ee9dd1b P 0c46fe9b61664cc0ae40adfacb89c8f0 [CANDIDATE]: Term 1 pre-election: Requested pre-vote from peers 38106f71c0944510b367e3b15049ffc4 (127.23.134.129:43331), 0cf972b5a8204b0786ef85b0b76eec6b (127.23.134.131:40455)
I20260601 13:26:17.002632 28705 raft_consensus.cc:359] T bb572d0135a148dda47825477fd18d58 P 38106f71c0944510b367e3b15049ffc4 [term 0 FOLLOWER]: Replica starting. Triggering 0 pending ops. Active config: opid_index: -1 OBSOLETE_local: false peers { permanent_uuid: "38106f71c0944510b367e3b15049ffc4" member_type: VOTER last_known_addr { host: "127.23.134.129" port: 43331 } } peers { permanent_uuid: "0c46fe9b61664cc0ae40adfacb89c8f0" member_type: VOTER last_known_addr { host: "127.23.134.130" port: 34189 } } peers { permanent_uuid: "0cf972b5a8204b0786ef85b0b76eec6b" member_type: VOTER last_known_addr { host: "127.23.134.131" port: 40455 } }
I20260601 13:26:17.002745 28705 raft_consensus.cc:385] T bb572d0135a148dda47825477fd18d58 P 38106f71c0944510b367e3b15049ffc4 [term 0 FOLLOWER]: Consensus starting up: Expiring failure detector timer to make a prompt election more likely
I20260601 13:26:17.002774 28705 raft_consensus.cc:740] T bb572d0135a148dda47825477fd18d58 P 38106f71c0944510b367e3b15049ffc4 [term 0 FOLLOWER]: Becoming Follower/Learner. State: Replica: 38106f71c0944510b367e3b15049ffc4, State: Initialized, Role: FOLLOWER
I20260601 13:26:17.002882 28705 consensus_queue.cc:260] T bb572d0135a148dda47825477fd18d58 P 38106f71c0944510b367e3b15049ffc4 [NON_LEADER]: Queue going to NON_LEADER mode. State: All replicated index: 0, Majority replicated index: 0, Committed index: 0, Last appended: 0.0, Last appended by leader: 0, Current term: 0, Majority size: -1, State: 0, Mode: NON_LEADER, active raft config: opid_index: -1 OBSOLETE_local: false peers { permanent_uuid: "38106f71c0944510b367e3b15049ffc4" member_type: VOTER last_known_addr { host: "127.23.134.129" port: 43331 } } peers { permanent_uuid: "0c46fe9b61664cc0ae40adfacb89c8f0" member_type: VOTER last_known_addr { host: "127.23.134.130" port: 34189 } } peers { permanent_uuid: "0cf972b5a8204b0786ef85b0b76eec6b" member_type: VOTER last_known_addr { host: "127.23.134.131" port: 40455 } }
I20260601 13:26:17.004416 28704 tablet_bootstrap.cc:492] T bc4560c11f214351a7f4ebde277dc527 P 0c46fe9b61664cc0ae40adfacb89c8f0: No bootstrap required, opened a new log
I20260601 13:26:17.004509 28704 ts_tablet_manager.cc:1403] T bc4560c11f214351a7f4ebde277dc527 P 0c46fe9b61664cc0ae40adfacb89c8f0: Time spent bootstrapping tablet: real 0.003s	user 0.002s	sys 0.000s
I20260601 13:26:17.004580 28705 ts_tablet_manager.cc:1434] T bb572d0135a148dda47825477fd18d58 P 38106f71c0944510b367e3b15049ffc4: Time spent starting tablet: real 0.002s	user 0.001s	sys 0.000s
I20260601 13:26:17.004782 28705 tablet_bootstrap.cc:492] T 673defa39b414eadae47f840999e925c P 38106f71c0944510b367e3b15049ffc4: Bootstrap starting.
I20260601 13:26:17.004918 28704 raft_consensus.cc:359] T bc4560c11f214351a7f4ebde277dc527 P 0c46fe9b61664cc0ae40adfacb89c8f0 [term 0 FOLLOWER]: Replica starting. Triggering 0 pending ops. Active config: opid_index: -1 OBSOLETE_local: false peers { permanent_uuid: "38106f71c0944510b367e3b15049ffc4" member_type: VOTER last_known_addr { host: "127.23.134.129" port: 43331 } } peers { permanent_uuid: "0c46fe9b61664cc0ae40adfacb89c8f0" member_type: VOTER last_known_addr { host: "127.23.134.130" port: 34189 } } peers { permanent_uuid: "0cf972b5a8204b0786ef85b0b76eec6b" member_type: VOTER last_known_addr { host: "127.23.134.131" port: 40455 } }
I20260601 13:26:17.005019 28704 raft_consensus.cc:385] T bc4560c11f214351a7f4ebde277dc527 P 0c46fe9b61664cc0ae40adfacb89c8f0 [term 0 FOLLOWER]: Consensus starting up: Expiring failure detector timer to make a prompt election more likely
I20260601 13:26:17.005054 28704 raft_consensus.cc:740] T bc4560c11f214351a7f4ebde277dc527 P 0c46fe9b61664cc0ae40adfacb89c8f0 [term 0 FOLLOWER]: Becoming Follower/Learner. State: Replica: 0c46fe9b61664cc0ae40adfacb89c8f0, State: Initialized, Role: FOLLOWER
I20260601 13:26:17.005185 28704 consensus_queue.cc:260] T bc4560c11f214351a7f4ebde277dc527 P 0c46fe9b61664cc0ae40adfacb89c8f0 [NON_LEADER]: Queue going to NON_LEADER mode. State: All replicated index: 0, Majority replicated index: 0, Committed index: 0, Last appended: 0.0, Last appended by leader: 0, Current term: 0, Majority size: -1, State: 0, Mode: NON_LEADER, active raft config: opid_index: -1 OBSOLETE_local: false peers { permanent_uuid: "38106f71c0944510b367e3b15049ffc4" member_type: VOTER last_known_addr { host: "127.23.134.129" port: 43331 } } peers { permanent_uuid: "0c46fe9b61664cc0ae40adfacb89c8f0" member_type: VOTER last_known_addr { host: "127.23.134.130" port: 34189 } } peers { permanent_uuid: "0cf972b5a8204b0786ef85b0b76eec6b" member_type: VOTER last_known_addr { host: "127.23.134.131" port: 40455 } }
I20260601 13:26:17.005765 28704 ts_tablet_manager.cc:1434] T bc4560c11f214351a7f4ebde277dc527 P 0c46fe9b61664cc0ae40adfacb89c8f0: Time spent starting tablet: real 0.001s	user 0.001s	sys 0.000s
I20260601 13:26:17.005915 28705 tablet_bootstrap.cc:654] T 673defa39b414eadae47f840999e925c P 38106f71c0944510b367e3b15049ffc4: Neither blocks nor log segments found. Creating new log.
I20260601 13:26:17.005959 28704 tablet_bootstrap.cc:492] T bb572d0135a148dda47825477fd18d58 P 0c46fe9b61664cc0ae40adfacb89c8f0: Bootstrap starting.
I20260601 13:26:17.006911 28704 tablet_bootstrap.cc:654] T bb572d0135a148dda47825477fd18d58 P 0c46fe9b61664cc0ae40adfacb89c8f0: Neither blocks nor log segments found. Creating new log.
I20260601 13:26:17.007172 28707 tablet_bootstrap.cc:492] T b29128c4c2694452afaeeb892b68a74f P 0cf972b5a8204b0786ef85b0b76eec6b: No bootstrap required, opened a new log
I20260601 13:26:17.007267 28707 ts_tablet_manager.cc:1403] T b29128c4c2694452afaeeb892b68a74f P 0cf972b5a8204b0786ef85b0b76eec6b: Time spent bootstrapping tablet: real 0.008s	user 0.001s	sys 0.001s
I20260601 13:26:17.007748 28707 raft_consensus.cc:359] T b29128c4c2694452afaeeb892b68a74f P 0cf972b5a8204b0786ef85b0b76eec6b [term 0 FOLLOWER]: Replica starting. Triggering 0 pending ops. Active config: opid_index: -1 OBSOLETE_local: false peers { permanent_uuid: "38106f71c0944510b367e3b15049ffc4" member_type: VOTER last_known_addr { host: "127.23.134.129" port: 43331 } } peers { permanent_uuid: "0c46fe9b61664cc0ae40adfacb89c8f0" member_type: VOTER last_known_addr { host: "127.23.134.130" port: 34189 } } peers { permanent_uuid: "0cf972b5a8204b0786ef85b0b76eec6b" member_type: VOTER last_known_addr { host: "127.23.134.131" port: 40455 } }
I20260601 13:26:17.007863 28707 raft_consensus.cc:385] T b29128c4c2694452afaeeb892b68a74f P 0cf972b5a8204b0786ef85b0b76eec6b [term 0 FOLLOWER]: Consensus starting up: Expiring failure detector timer to make a prompt election more likely
I20260601 13:26:17.007899 28707 raft_consensus.cc:740] T b29128c4c2694452afaeeb892b68a74f P 0cf972b5a8204b0786ef85b0b76eec6b [term 0 FOLLOWER]: Becoming Follower/Learner. State: Replica: 0cf972b5a8204b0786ef85b0b76eec6b, State: Initialized, Role: FOLLOWER
I20260601 13:26:17.008015 28707 consensus_queue.cc:260] T b29128c4c2694452afaeeb892b68a74f P 0cf972b5a8204b0786ef85b0b76eec6b [NON_LEADER]: Queue going to NON_LEADER mode. State: All replicated index: 0, Majority replicated index: 0, Committed index: 0, Last appended: 0.0, Last appended by leader: 0, Current term: 0, Majority size: -1, State: 0, Mode: NON_LEADER, active raft config: opid_index: -1 OBSOLETE_local: false peers { permanent_uuid: "38106f71c0944510b367e3b15049ffc4" member_type: VOTER last_known_addr { host: "127.23.134.129" port: 43331 } } peers { permanent_uuid: "0c46fe9b61664cc0ae40adfacb89c8f0" member_type: VOTER last_known_addr { host: "127.23.134.130" port: 34189 } } peers { permanent_uuid: "0cf972b5a8204b0786ef85b0b76eec6b" member_type: VOTER last_known_addr { host: "127.23.134.131" port: 40455 } }
I20260601 13:26:17.008318 28707 ts_tablet_manager.cc:1434] T b29128c4c2694452afaeeb892b68a74f P 0cf972b5a8204b0786ef85b0b76eec6b: Time spent starting tablet: real 0.001s	user 0.000s	sys 0.000s
I20260601 13:26:17.008502 28707 tablet_bootstrap.cc:492] T 21bcb641f1eb4362a841de3a0a3db369 P 0cf972b5a8204b0786ef85b0b76eec6b: Bootstrap starting.
I20260601 13:26:17.009654 28707 tablet_bootstrap.cc:654] T 21bcb641f1eb4362a841de3a0a3db369 P 0cf972b5a8204b0786ef85b0b76eec6b: Neither blocks nor log segments found. Creating new log.
I20260601 13:26:17.009732 28507 tablet_service.cc:1917] Received RequestConsensusVote() RPC: tablet_id: "ca0fdc4b06bf4c2ca30a2d6c8ee9dd1b" candidate_uuid: "0c46fe9b61664cc0ae40adfacb89c8f0" candidate_term: 1 candidate_status { last_received { term: 0 index: 0 } } ignore_live_leader: false dest_uuid: "38106f71c0944510b367e3b15049ffc4" is_pre_election: true
W20260601 13:26:17.010068 28546 leader_election.cc:343] T ca0fdc4b06bf4c2ca30a2d6c8ee9dd1b P 0c46fe9b61664cc0ae40adfacb89c8f0 [CANDIDATE]: Term 1 pre-election: Tablet error from VoteRequest() call to peer 38106f71c0944510b367e3b15049ffc4 (127.23.134.129:43331): Illegal state: must be running to vote when last-logged opid is not known
I20260601 13:26:17.010926 28658 tablet_service.cc:1917] Received RequestConsensusVote() RPC: tablet_id: "ca0fdc4b06bf4c2ca30a2d6c8ee9dd1b" candidate_uuid: "0c46fe9b61664cc0ae40adfacb89c8f0" candidate_term: 1 candidate_status { last_received { term: 0 index: 0 } } ignore_live_leader: false dest_uuid: "0cf972b5a8204b0786ef85b0b76eec6b" is_pre_election: true
I20260601 13:26:17.011075 28704 tablet_bootstrap.cc:492] T bb572d0135a148dda47825477fd18d58 P 0c46fe9b61664cc0ae40adfacb89c8f0: No bootstrap required, opened a new log
I20260601 13:26:17.011164 28704 ts_tablet_manager.cc:1403] T bb572d0135a148dda47825477fd18d58 P 0c46fe9b61664cc0ae40adfacb89c8f0: Time spent bootstrapping tablet: real 0.005s	user 0.002s	sys 0.000s
I20260601 13:26:17.011175 28707 tablet_bootstrap.cc:492] T 21bcb641f1eb4362a841de3a0a3db369 P 0cf972b5a8204b0786ef85b0b76eec6b: No bootstrap required, opened a new log
I20260601 13:26:17.011264 28707 ts_tablet_manager.cc:1403] T 21bcb641f1eb4362a841de3a0a3db369 P 0cf972b5a8204b0786ef85b0b76eec6b: Time spent bootstrapping tablet: real 0.003s	user 0.002s	sys 0.000s
I20260601 13:26:17.011646 28704 raft_consensus.cc:359] T bb572d0135a148dda47825477fd18d58 P 0c46fe9b61664cc0ae40adfacb89c8f0 [term 0 FOLLOWER]: Replica starting. Triggering 0 pending ops. Active config: opid_index: -1 OBSOLETE_local: false peers { permanent_uuid: "38106f71c0944510b367e3b15049ffc4" member_type: VOTER last_known_addr { host: "127.23.134.129" port: 43331 } } peers { permanent_uuid: "0c46fe9b61664cc0ae40adfacb89c8f0" member_type: VOTER last_known_addr { host: "127.23.134.130" port: 34189 } } peers { permanent_uuid: "0cf972b5a8204b0786ef85b0b76eec6b" member_type: VOTER last_known_addr { host: "127.23.134.131" port: 40455 } }
I20260601 13:26:17.011690 28707 raft_consensus.cc:359] T 21bcb641f1eb4362a841de3a0a3db369 P 0cf972b5a8204b0786ef85b0b76eec6b [term 0 FOLLOWER]: Replica starting. Triggering 0 pending ops. Active config: opid_index: -1 OBSOLETE_local: false peers { permanent_uuid: "38106f71c0944510b367e3b15049ffc4" member_type: VOTER last_known_addr { host: "127.23.134.129" port: 43331 } } peers { permanent_uuid: "0c46fe9b61664cc0ae40adfacb89c8f0" member_type: VOTER last_known_addr { host: "127.23.134.130" port: 34189 } } peers { permanent_uuid: "0cf972b5a8204b0786ef85b0b76eec6b" member_type: VOTER last_known_addr { host: "127.23.134.131" port: 40455 } }
I20260601 13:26:17.011749 28704 raft_consensus.cc:385] T bb572d0135a148dda47825477fd18d58 P 0c46fe9b61664cc0ae40adfacb89c8f0 [term 0 FOLLOWER]: Consensus starting up: Expiring failure detector timer to make a prompt election more likely
I20260601 13:26:17.011785 28704 raft_consensus.cc:740] T bb572d0135a148dda47825477fd18d58 P 0c46fe9b61664cc0ae40adfacb89c8f0 [term 0 FOLLOWER]: Becoming Follower/Learner. State: Replica: 0c46fe9b61664cc0ae40adfacb89c8f0, State: Initialized, Role: FOLLOWER
I20260601 13:26:17.011783 28707 raft_consensus.cc:385] T 21bcb641f1eb4362a841de3a0a3db369 P 0cf972b5a8204b0786ef85b0b76eec6b [term 0 FOLLOWER]: Consensus starting up: Expiring failure detector timer to make a prompt election more likely
I20260601 13:26:17.011865 28707 raft_consensus.cc:740] T 21bcb641f1eb4362a841de3a0a3db369 P 0cf972b5a8204b0786ef85b0b76eec6b [term 0 FOLLOWER]: Becoming Follower/Learner. State: Replica: 0cf972b5a8204b0786ef85b0b76eec6b, State: Initialized, Role: FOLLOWER
W20260601 13:26:17.011248 28546 leader_election.cc:343] T ca0fdc4b06bf4c2ca30a2d6c8ee9dd1b P 0c46fe9b61664cc0ae40adfacb89c8f0 [CANDIDATE]: Term 1 pre-election: Tablet error from VoteRequest() call to peer 0cf972b5a8204b0786ef85b0b76eec6b (127.23.134.131:40455): Illegal state: must be running to vote when last-logged opid is not known
I20260601 13:26:17.011921 28704 consensus_queue.cc:260] T bb572d0135a148dda47825477fd18d58 P 0c46fe9b61664cc0ae40adfacb89c8f0 [NON_LEADER]: Queue going to NON_LEADER mode. State: All replicated index: 0, Majority replicated index: 0, Committed index: 0, Last appended: 0.0, Last appended by leader: 0, Current term: 0, Majority size: -1, State: 0, Mode: NON_LEADER, active raft config: opid_index: -1 OBSOLETE_local: false peers { permanent_uuid: "38106f71c0944510b367e3b15049ffc4" member_type: VOTER last_known_addr { host: "127.23.134.129" port: 43331 } } peers { permanent_uuid: "0c46fe9b61664cc0ae40adfacb89c8f0" member_type: VOTER last_known_addr { host: "127.23.134.130" port: 34189 } } peers { permanent_uuid: "0cf972b5a8204b0786ef85b0b76eec6b" member_type: VOTER last_known_addr { host: "127.23.134.131" port: 40455 } }
I20260601 13:26:17.011869 28705 tablet_bootstrap.cc:492] T 673defa39b414eadae47f840999e925c P 38106f71c0944510b367e3b15049ffc4: No bootstrap required, opened a new log
I20260601 13:26:17.011992 28546 leader_election.cc:304] T ca0fdc4b06bf4c2ca30a2d6c8ee9dd1b P 0c46fe9b61664cc0ae40adfacb89c8f0 [CANDIDATE]: Term 1 pre-election: Election decided. Result: candidate lost. Election summary: received 3 responses out of 3 voters: 1 yes votes; 2 no votes. yes voters: 0c46fe9b61664cc0ae40adfacb89c8f0; no voters: 0cf972b5a8204b0786ef85b0b76eec6b, 38106f71c0944510b367e3b15049ffc4
I20260601 13:26:17.012122 28705 ts_tablet_manager.cc:1403] T 673defa39b414eadae47f840999e925c P 38106f71c0944510b367e3b15049ffc4: Time spent bootstrapping tablet: real 0.007s	user 0.002s	sys 0.000s
I20260601 13:26:17.012359 28704 ts_tablet_manager.cc:1434] T bb572d0135a148dda47825477fd18d58 P 0c46fe9b61664cc0ae40adfacb89c8f0: Time spent starting tablet: real 0.001s	user 0.002s	sys 0.000s
I20260601 13:26:17.012493 28711 raft_consensus.cc:2749] T ca0fdc4b06bf4c2ca30a2d6c8ee9dd1b P 0c46fe9b61664cc0ae40adfacb89c8f0 [term 0 FOLLOWER]: Leader pre-election lost for term 1. Reason: could not achieve majority
I20260601 13:26:17.012526 28705 raft_consensus.cc:359] T 673defa39b414eadae47f840999e925c P 38106f71c0944510b367e3b15049ffc4 [term 0 FOLLOWER]: Replica starting. Triggering 0 pending ops. Active config: opid_index: -1 OBSOLETE_local: false peers { permanent_uuid: "38106f71c0944510b367e3b15049ffc4" member_type: VOTER last_known_addr { host: "127.23.134.129" port: 43331 } } peers { permanent_uuid: "0c46fe9b61664cc0ae40adfacb89c8f0" member_type: VOTER last_known_addr { host: "127.23.134.130" port: 34189 } } peers { permanent_uuid: "0cf972b5a8204b0786ef85b0b76eec6b" member_type: VOTER last_known_addr { host: "127.23.134.131" port: 40455 } }
I20260601 13:26:17.012625 28705 raft_consensus.cc:385] T 673defa39b414eadae47f840999e925c P 38106f71c0944510b367e3b15049ffc4 [term 0 FOLLOWER]: Consensus starting up: Expiring failure detector timer to make a prompt election more likely
I20260601 13:26:17.012653 28705 raft_consensus.cc:740] T 673defa39b414eadae47f840999e925c P 38106f71c0944510b367e3b15049ffc4 [term 0 FOLLOWER]: Becoming Follower/Learner. State: Replica: 38106f71c0944510b367e3b15049ffc4, State: Initialized, Role: FOLLOWER
I20260601 13:26:17.012809 28705 consensus_queue.cc:260] T 673defa39b414eadae47f840999e925c P 38106f71c0944510b367e3b15049ffc4 [NON_LEADER]: Queue going to NON_LEADER mode. State: All replicated index: 0, Majority replicated index: 0, Committed index: 0, Last appended: 0.0, Last appended by leader: 0, Current term: 0, Majority size: -1, State: 0, Mode: NON_LEADER, active raft config: opid_index: -1 OBSOLETE_local: false peers { permanent_uuid: "38106f71c0944510b367e3b15049ffc4" member_type: VOTER last_known_addr { host: "127.23.134.129" port: 43331 } } peers { permanent_uuid: "0c46fe9b61664cc0ae40adfacb89c8f0" member_type: VOTER last_known_addr { host: "127.23.134.130" port: 34189 } } peers { permanent_uuid: "0cf972b5a8204b0786ef85b0b76eec6b" member_type: VOTER last_known_addr { host: "127.23.134.131" port: 40455 } }
I20260601 13:26:17.012856 28704 tablet_bootstrap.cc:492] T 21bcb641f1eb4362a841de3a0a3db369 P 0c46fe9b61664cc0ae40adfacb89c8f0: Bootstrap starting.
I20260601 13:26:17.013135 28705 ts_tablet_manager.cc:1434] T 673defa39b414eadae47f840999e925c P 38106f71c0944510b367e3b15049ffc4: Time spent starting tablet: real 0.001s	user 0.001s	sys 0.000s
I20260601 13:26:17.012001 28707 consensus_queue.cc:260] T 21bcb641f1eb4362a841de3a0a3db369 P 0cf972b5a8204b0786ef85b0b76eec6b [NON_LEADER]: Queue going to NON_LEADER mode. State: All replicated index: 0, Majority replicated index: 0, Committed index: 0, Last appended: 0.0, Last appended by leader: 0, Current term: 0, Majority size: -1, State: 0, Mode: NON_LEADER, active raft config: opid_index: -1 OBSOLETE_local: false peers { permanent_uuid: "38106f71c0944510b367e3b15049ffc4" member_type: VOTER last_known_addr { host: "127.23.134.129" port: 43331 } } peers { permanent_uuid: "0c46fe9b61664cc0ae40adfacb89c8f0" member_type: VOTER last_known_addr { host: "127.23.134.130" port: 34189 } } peers { permanent_uuid: "0cf972b5a8204b0786ef85b0b76eec6b" member_type: VOTER last_known_addr { host: "127.23.134.131" port: 40455 } }
I20260601 13:26:17.013710 28705 tablet_bootstrap.cc:492] T ca0fdc4b06bf4c2ca30a2d6c8ee9dd1b P 38106f71c0944510b367e3b15049ffc4: Bootstrap starting.
I20260601 13:26:17.014037 28707 ts_tablet_manager.cc:1434] T 21bcb641f1eb4362a841de3a0a3db369 P 0cf972b5a8204b0786ef85b0b76eec6b: Time spent starting tablet: real 0.003s	user 0.001s	sys 0.000s
I20260601 13:26:17.014142 28704 tablet_bootstrap.cc:654] T 21bcb641f1eb4362a841de3a0a3db369 P 0c46fe9b61664cc0ae40adfacb89c8f0: Neither blocks nor log segments found. Creating new log.
I20260601 13:26:17.014245 28707 tablet_bootstrap.cc:492] T bb572d0135a148dda47825477fd18d58 P 0cf972b5a8204b0786ef85b0b76eec6b: Bootstrap starting.
I20260601 13:26:17.014657 28705 tablet_bootstrap.cc:654] T ca0fdc4b06bf4c2ca30a2d6c8ee9dd1b P 38106f71c0944510b367e3b15049ffc4: Neither blocks nor log segments found. Creating new log.
I20260601 13:26:17.015167 28707 tablet_bootstrap.cc:654] T bb572d0135a148dda47825477fd18d58 P 0cf972b5a8204b0786ef85b0b76eec6b: Neither blocks nor log segments found. Creating new log.
I20260601 13:26:17.015360 28704 tablet_bootstrap.cc:492] T 21bcb641f1eb4362a841de3a0a3db369 P 0c46fe9b61664cc0ae40adfacb89c8f0: No bootstrap required, opened a new log
I20260601 13:26:17.015461 28704 ts_tablet_manager.cc:1403] T 21bcb641f1eb4362a841de3a0a3db369 P 0c46fe9b61664cc0ae40adfacb89c8f0: Time spent bootstrapping tablet: real 0.003s	user 0.002s	sys 0.000s
I20260601 13:26:17.015933 28704 raft_consensus.cc:359] T 21bcb641f1eb4362a841de3a0a3db369 P 0c46fe9b61664cc0ae40adfacb89c8f0 [term 0 FOLLOWER]: Replica starting. Triggering 0 pending ops. Active config: opid_index: -1 OBSOLETE_local: false peers { permanent_uuid: "38106f71c0944510b367e3b15049ffc4" member_type: VOTER last_known_addr { host: "127.23.134.129" port: 43331 } } peers { permanent_uuid: "0c46fe9b61664cc0ae40adfacb89c8f0" member_type: VOTER last_known_addr { host: "127.23.134.130" port: 34189 } } peers { permanent_uuid: "0cf972b5a8204b0786ef85b0b76eec6b" member_type: VOTER last_known_addr { host: "127.23.134.131" port: 40455 } }
I20260601 13:26:17.016044 28704 raft_consensus.cc:385] T 21bcb641f1eb4362a841de3a0a3db369 P 0c46fe9b61664cc0ae40adfacb89c8f0 [term 0 FOLLOWER]: Consensus starting up: Expiring failure detector timer to make a prompt election more likely
I20260601 13:26:17.016077 28704 raft_consensus.cc:740] T 21bcb641f1eb4362a841de3a0a3db369 P 0c46fe9b61664cc0ae40adfacb89c8f0 [term 0 FOLLOWER]: Becoming Follower/Learner. State: Replica: 0c46fe9b61664cc0ae40adfacb89c8f0, State: Initialized, Role: FOLLOWER
I20260601 13:26:17.016156 28707 tablet_bootstrap.cc:492] T bb572d0135a148dda47825477fd18d58 P 0cf972b5a8204b0786ef85b0b76eec6b: No bootstrap required, opened a new log
I20260601 13:26:17.016185 28704 consensus_queue.cc:260] T 21bcb641f1eb4362a841de3a0a3db369 P 0c46fe9b61664cc0ae40adfacb89c8f0 [NON_LEADER]: Queue going to NON_LEADER mode. State: All replicated index: 0, Majority replicated index: 0, Committed index: 0, Last appended: 0.0, Last appended by leader: 0, Current term: 0, Majority size: -1, State: 0, Mode: NON_LEADER, active raft config: opid_index: -1 OBSOLETE_local: false peers { permanent_uuid: "38106f71c0944510b367e3b15049ffc4" member_type: VOTER last_known_addr { host: "127.23.134.129" port: 43331 } } peers { permanent_uuid: "0c46fe9b61664cc0ae40adfacb89c8f0" member_type: VOTER last_known_addr { host: "127.23.134.130" port: 34189 } } peers { permanent_uuid: "0cf972b5a8204b0786ef85b0b76eec6b" member_type: VOTER last_known_addr { host: "127.23.134.131" port: 40455 } }
I20260601 13:26:17.016237 28707 ts_tablet_manager.cc:1403] T bb572d0135a148dda47825477fd18d58 P 0cf972b5a8204b0786ef85b0b76eec6b: Time spent bootstrapping tablet: real 0.002s	user 0.001s	sys 0.000s
I20260601 13:26:17.016464 28704 ts_tablet_manager.cc:1434] T 21bcb641f1eb4362a841de3a0a3db369 P 0c46fe9b61664cc0ae40adfacb89c8f0: Time spent starting tablet: real 0.001s	user 0.001s	sys 0.000s
I20260601 13:26:17.016659 28704 tablet_bootstrap.cc:492] T aec849e673214933b596c59a7db356df P 0c46fe9b61664cc0ae40adfacb89c8f0: Bootstrap starting.
I20260601 13:26:17.016686 28707 raft_consensus.cc:359] T bb572d0135a148dda47825477fd18d58 P 0cf972b5a8204b0786ef85b0b76eec6b [term 0 FOLLOWER]: Replica starting. Triggering 0 pending ops. Active config: opid_index: -1 OBSOLETE_local: false peers { permanent_uuid: "38106f71c0944510b367e3b15049ffc4" member_type: VOTER last_known_addr { host: "127.23.134.129" port: 43331 } } peers { permanent_uuid: "0c46fe9b61664cc0ae40adfacb89c8f0" member_type: VOTER last_known_addr { host: "127.23.134.130" port: 34189 } } peers { permanent_uuid: "0cf972b5a8204b0786ef85b0b76eec6b" member_type: VOTER last_known_addr { host: "127.23.134.131" port: 40455 } }
I20260601 13:26:17.016773 28707 raft_consensus.cc:385] T bb572d0135a148dda47825477fd18d58 P 0cf972b5a8204b0786ef85b0b76eec6b [term 0 FOLLOWER]: Consensus starting up: Expiring failure detector timer to make a prompt election more likely
I20260601 13:26:17.016803 28707 raft_consensus.cc:740] T bb572d0135a148dda47825477fd18d58 P 0cf972b5a8204b0786ef85b0b76eec6b [term 0 FOLLOWER]: Becoming Follower/Learner. State: Replica: 0cf972b5a8204b0786ef85b0b76eec6b, State: Initialized, Role: FOLLOWER
I20260601 13:26:17.016924 28705 tablet_bootstrap.cc:492] T ca0fdc4b06bf4c2ca30a2d6c8ee9dd1b P 38106f71c0944510b367e3b15049ffc4: No bootstrap required, opened a new log
I20260601 13:26:17.016907 28707 consensus_queue.cc:260] T bb572d0135a148dda47825477fd18d58 P 0cf972b5a8204b0786ef85b0b76eec6b [NON_LEADER]: Queue going to NON_LEADER mode. State: All replicated index: 0, Majority replicated index: 0, Committed index: 0, Last appended: 0.0, Last appended by leader: 0, Current term: 0, Majority size: -1, State: 0, Mode: NON_LEADER, active raft config: opid_index: -1 OBSOLETE_local: false peers { permanent_uuid: "38106f71c0944510b367e3b15049ffc4" member_type: VOTER last_known_addr { host: "127.23.134.129" port: 43331 } } peers { permanent_uuid: "0c46fe9b61664cc0ae40adfacb89c8f0" member_type: VOTER last_known_addr { host: "127.23.134.130" port: 34189 } } peers { permanent_uuid: "0cf972b5a8204b0786ef85b0b76eec6b" member_type: VOTER last_known_addr { host: "127.23.134.131" port: 40455 } }
I20260601 13:26:17.016984 28705 ts_tablet_manager.cc:1403] T ca0fdc4b06bf4c2ca30a2d6c8ee9dd1b P 38106f71c0944510b367e3b15049ffc4: Time spent bootstrapping tablet: real 0.003s	user 0.001s	sys 0.000s
I20260601 13:26:17.017134 28707 ts_tablet_manager.cc:1434] T bb572d0135a148dda47825477fd18d58 P 0cf972b5a8204b0786ef85b0b76eec6b: Time spent starting tablet: real 0.001s	user 0.001s	sys 0.000s
I20260601 13:26:17.017313 28707 tablet_bootstrap.cc:492] T ca0fdc4b06bf4c2ca30a2d6c8ee9dd1b P 0cf972b5a8204b0786ef85b0b76eec6b: Bootstrap starting.
I20260601 13:26:17.017424 28705 raft_consensus.cc:359] T ca0fdc4b06bf4c2ca30a2d6c8ee9dd1b P 38106f71c0944510b367e3b15049ffc4 [term 0 FOLLOWER]: Replica starting. Triggering 0 pending ops. Active config: opid_index: -1 OBSOLETE_local: false peers { permanent_uuid: "38106f71c0944510b367e3b15049ffc4" member_type: VOTER last_known_addr { host: "127.23.134.129" port: 43331 } } peers { permanent_uuid: "0c46fe9b61664cc0ae40adfacb89c8f0" member_type: VOTER last_known_addr { host: "127.23.134.130" port: 34189 } } peers { permanent_uuid: "0cf972b5a8204b0786ef85b0b76eec6b" member_type: VOTER last_known_addr { host: "127.23.134.131" port: 40455 } }
I20260601 13:26:17.017505 28705 raft_consensus.cc:385] T ca0fdc4b06bf4c2ca30a2d6c8ee9dd1b P 38106f71c0944510b367e3b15049ffc4 [term 0 FOLLOWER]: Consensus starting up: Expiring failure detector timer to make a prompt election more likely
I20260601 13:26:17.017534 28705 raft_consensus.cc:740] T ca0fdc4b06bf4c2ca30a2d6c8ee9dd1b P 38106f71c0944510b367e3b15049ffc4 [term 0 FOLLOWER]: Becoming Follower/Learner. State: Replica: 38106f71c0944510b367e3b15049ffc4, State: Initialized, Role: FOLLOWER
I20260601 13:26:17.017633 28705 consensus_queue.cc:260] T ca0fdc4b06bf4c2ca30a2d6c8ee9dd1b P 38106f71c0944510b367e3b15049ffc4 [NON_LEADER]: Queue going to NON_LEADER mode. State: All replicated index: 0, Majority replicated index: 0, Committed index: 0, Last appended: 0.0, Last appended by leader: 0, Current term: 0, Majority size: -1, State: 0, Mode: NON_LEADER, active raft config: opid_index: -1 OBSOLETE_local: false peers { permanent_uuid: "38106f71c0944510b367e3b15049ffc4" member_type: VOTER last_known_addr { host: "127.23.134.129" port: 43331 } } peers { permanent_uuid: "0c46fe9b61664cc0ae40adfacb89c8f0" member_type: VOTER last_known_addr { host: "127.23.134.130" port: 34189 } } peers { permanent_uuid: "0cf972b5a8204b0786ef85b0b76eec6b" member_type: VOTER last_known_addr { host: "127.23.134.131" port: 40455 } }
I20260601 13:26:17.017747 28704 tablet_bootstrap.cc:654] T aec849e673214933b596c59a7db356df P 0c46fe9b61664cc0ae40adfacb89c8f0: Neither blocks nor log segments found. Creating new log.
I20260601 13:26:17.017863 28705 ts_tablet_manager.cc:1434] T ca0fdc4b06bf4c2ca30a2d6c8ee9dd1b P 38106f71c0944510b367e3b15049ffc4: Time spent starting tablet: real 0.001s	user 0.001s	sys 0.000s
I20260601 13:26:17.018016 28705 tablet_bootstrap.cc:492] T ee5f865c3f6c47aeb59aa33c9d345d9a P 38106f71c0944510b367e3b15049ffc4: Bootstrap starting.
I20260601 13:26:17.018246 28707 tablet_bootstrap.cc:654] T ca0fdc4b06bf4c2ca30a2d6c8ee9dd1b P 0cf972b5a8204b0786ef85b0b76eec6b: Neither blocks nor log segments found. Creating new log.
I20260601 13:26:17.018886 28705 tablet_bootstrap.cc:654] T ee5f865c3f6c47aeb59aa33c9d345d9a P 38106f71c0944510b367e3b15049ffc4: Neither blocks nor log segments found. Creating new log.
I20260601 13:26:17.019538 28704 tablet_bootstrap.cc:492] T aec849e673214933b596c59a7db356df P 0c46fe9b61664cc0ae40adfacb89c8f0: No bootstrap required, opened a new log
I20260601 13:26:17.019634 28704 ts_tablet_manager.cc:1403] T aec849e673214933b596c59a7db356df P 0c46fe9b61664cc0ae40adfacb89c8f0: Time spent bootstrapping tablet: real 0.003s	user 0.002s	sys 0.000s
I20260601 13:26:17.020079 28704 raft_consensus.cc:359] T aec849e673214933b596c59a7db356df P 0c46fe9b61664cc0ae40adfacb89c8f0 [term 0 FOLLOWER]: Replica starting. Triggering 0 pending ops. Active config: opid_index: -1 OBSOLETE_local: false peers { permanent_uuid: "38106f71c0944510b367e3b15049ffc4" member_type: VOTER last_known_addr { host: "127.23.134.129" port: 43331 } } peers { permanent_uuid: "0c46fe9b61664cc0ae40adfacb89c8f0" member_type: VOTER last_known_addr { host: "127.23.134.130" port: 34189 } } peers { permanent_uuid: "0cf972b5a8204b0786ef85b0b76eec6b" member_type: VOTER last_known_addr { host: "127.23.134.131" port: 40455 } }
I20260601 13:26:17.020195 28704 raft_consensus.cc:385] T aec849e673214933b596c59a7db356df P 0c46fe9b61664cc0ae40adfacb89c8f0 [term 0 FOLLOWER]: Consensus starting up: Expiring failure detector timer to make a prompt election more likely
I20260601 13:26:17.020226 28704 raft_consensus.cc:740] T aec849e673214933b596c59a7db356df P 0c46fe9b61664cc0ae40adfacb89c8f0 [term 0 FOLLOWER]: Becoming Follower/Learner. State: Replica: 0c46fe9b61664cc0ae40adfacb89c8f0, State: Initialized, Role: FOLLOWER
I20260601 13:26:17.020334 28705 tablet_bootstrap.cc:492] T ee5f865c3f6c47aeb59aa33c9d345d9a P 38106f71c0944510b367e3b15049ffc4: No bootstrap required, opened a new log
I20260601 13:26:17.020427 28705 ts_tablet_manager.cc:1403] T ee5f865c3f6c47aeb59aa33c9d345d9a P 38106f71c0944510b367e3b15049ffc4: Time spent bootstrapping tablet: real 0.002s	user 0.001s	sys 0.000s
I20260601 13:26:17.020488 28707 tablet_bootstrap.cc:492] T ca0fdc4b06bf4c2ca30a2d6c8ee9dd1b P 0cf972b5a8204b0786ef85b0b76eec6b: No bootstrap required, opened a new log
I20260601 13:26:17.020550 28707 ts_tablet_manager.cc:1403] T ca0fdc4b06bf4c2ca30a2d6c8ee9dd1b P 0cf972b5a8204b0786ef85b0b76eec6b: Time spent bootstrapping tablet: real 0.003s	user 0.002s	sys 0.000s
I20260601 13:26:17.020805 28705 raft_consensus.cc:359] T ee5f865c3f6c47aeb59aa33c9d345d9a P 38106f71c0944510b367e3b15049ffc4 [term 0 FOLLOWER]: Replica starting. Triggering 0 pending ops. Active config: opid_index: -1 OBSOLETE_local: false peers { permanent_uuid: "38106f71c0944510b367e3b15049ffc4" member_type: VOTER last_known_addr { host: "127.23.134.129" port: 43331 } } peers { permanent_uuid: "0c46fe9b61664cc0ae40adfacb89c8f0" member_type: VOTER last_known_addr { host: "127.23.134.130" port: 34189 } } peers { permanent_uuid: "0cf972b5a8204b0786ef85b0b76eec6b" member_type: VOTER last_known_addr { host: "127.23.134.131" port: 40455 } }
I20260601 13:26:17.020907 28705 raft_consensus.cc:385] T ee5f865c3f6c47aeb59aa33c9d345d9a P 38106f71c0944510b367e3b15049ffc4 [term 0 FOLLOWER]: Consensus starting up: Expiring failure detector timer to make a prompt election more likely
I20260601 13:26:17.020884 28707 raft_consensus.cc:359] T ca0fdc4b06bf4c2ca30a2d6c8ee9dd1b P 0cf972b5a8204b0786ef85b0b76eec6b [term 0 FOLLOWER]: Replica starting. Triggering 0 pending ops. Active config: opid_index: -1 OBSOLETE_local: false peers { permanent_uuid: "38106f71c0944510b367e3b15049ffc4" member_type: VOTER last_known_addr { host: "127.23.134.129" port: 43331 } } peers { permanent_uuid: "0c46fe9b61664cc0ae40adfacb89c8f0" member_type: VOTER last_known_addr { host: "127.23.134.130" port: 34189 } } peers { permanent_uuid: "0cf972b5a8204b0786ef85b0b76eec6b" member_type: VOTER last_known_addr { host: "127.23.134.131" port: 40455 } }
I20260601 13:26:17.020937 28705 raft_consensus.cc:740] T ee5f865c3f6c47aeb59aa33c9d345d9a P 38106f71c0944510b367e3b15049ffc4 [term 0 FOLLOWER]: Becoming Follower/Learner. State: Replica: 38106f71c0944510b367e3b15049ffc4, State: Initialized, Role: FOLLOWER
I20260601 13:26:17.020949 28707 raft_consensus.cc:385] T ca0fdc4b06bf4c2ca30a2d6c8ee9dd1b P 0cf972b5a8204b0786ef85b0b76eec6b [term 0 FOLLOWER]: Consensus starting up: Expiring failure detector timer to make a prompt election more likely
