I20260601 13:24:35.564858 24971 raft_consensus.cc:515] T 83d0a28838e3486c9998d07237068338 P e8c5ab54a4c04e0083622af16d78102d [term 1 FOLLOWER]: Starting leader election with config: opid_index: -1 OBSOLETE_local: false peers { permanent_uuid: "e8c5ab54a4c04e0083622af16d78102d" member_type: VOTER last_known_addr { host: "127.23.134.130" port: 43383 } } peers { permanent_uuid: "a3f1f867c14f43e8b4640405e443bfe9" member_type: VOTER last_known_addr { host: "127.23.134.131" port: 44539 } } peers { permanent_uuid: "72a6da1807fd46d19c3a8ca551b058fa" member_type: VOTER last_known_addr { host: "127.23.134.129" port: 33445 } }
I20260601 13:24:35.565233 24971 leader_election.cc:290] T 83d0a28838e3486c9998d07237068338 P e8c5ab54a4c04e0083622af16d78102d [CANDIDATE]: Term 1 election: Requested vote from peers a3f1f867c14f43e8b4640405e443bfe9 (127.23.134.131:44539), 72a6da1807fd46d19c3a8ca551b058fa (127.23.134.129:33445)
I20260601 13:24:35.565618 24915 tablet_service.cc:1917] Received RequestConsensusVote() RPC: tablet_id: "83d0a28838e3486c9998d07237068338" candidate_uuid: "e8c5ab54a4c04e0083622af16d78102d" candidate_term: 1 candidate_status { last_received { term: 0 index: 0 } } ignore_live_leader: false dest_uuid: "a3f1f867c14f43e8b4640405e443bfe9"
I20260601 13:24:35.565725 24915 raft_consensus.cc:3060] T 83d0a28838e3486c9998d07237068338 P a3f1f867c14f43e8b4640405e443bfe9 [term 0 FOLLOWER]: Advancing to term 1
I20260601 13:24:35.565721 24763 tablet_service.cc:1917] Received RequestConsensusVote() RPC: tablet_id: "83d0a28838e3486c9998d07237068338" candidate_uuid: "e8c5ab54a4c04e0083622af16d78102d" candidate_term: 1 candidate_status { last_received { term: 0 index: 0 } } ignore_live_leader: false dest_uuid: "72a6da1807fd46d19c3a8ca551b058fa"
I20260601 13:24:35.565914 24763 raft_consensus.cc:3060] T 83d0a28838e3486c9998d07237068338 P 72a6da1807fd46d19c3a8ca551b058fa [term 0 FOLLOWER]: Advancing to term 1
I20260601 13:24:35.566553 24915 raft_consensus.cc:2468] T 83d0a28838e3486c9998d07237068338 P a3f1f867c14f43e8b4640405e443bfe9 [term 1 FOLLOWER]: Leader election vote request: Granting yes vote for candidate e8c5ab54a4c04e0083622af16d78102d in term 1.
I20260601 13:24:35.566815 24805 leader_election.cc:304] T 83d0a28838e3486c9998d07237068338 P e8c5ab54a4c04e0083622af16d78102d [CANDIDATE]: Term 1 election: Election decided. Result: candidate won. Election summary: received 2 responses out of 3 voters: 2 yes votes; 0 no votes. yes voters: a3f1f867c14f43e8b4640405e443bfe9, e8c5ab54a4c04e0083622af16d78102d; no voters: 
I20260601 13:24:35.566834 24763 raft_consensus.cc:2468] T 83d0a28838e3486c9998d07237068338 P 72a6da1807fd46d19c3a8ca551b058fa [term 1 FOLLOWER]: Leader election vote request: Granting yes vote for candidate e8c5ab54a4c04e0083622af16d78102d in term 1.
I20260601 13:24:35.566988 24971 raft_consensus.cc:2804] T 83d0a28838e3486c9998d07237068338 P e8c5ab54a4c04e0083622af16d78102d [term 1 FOLLOWER]: Leader election won for term 1
I20260601 13:24:35.567255 24971 raft_consensus.cc:697] T 83d0a28838e3486c9998d07237068338 P e8c5ab54a4c04e0083622af16d78102d [term 1 LEADER]: Becoming Leader. State: Replica: e8c5ab54a4c04e0083622af16d78102d, State: Running, Role: LEADER
I20260601 13:24:35.567394 24971 consensus_queue.cc:237] T 83d0a28838e3486c9998d07237068338 P e8c5ab54a4c04e0083622af16d78102d [LEADER]: Queue going to LEADER mode. State: All replicated index: 0, Majority replicated index: 0, Committed index: 0, Last appended: 0.0, Last appended by leader: 0, Current term: 1, Majority size: 2, State: 0, Mode: LEADER, active raft config: opid_index: -1 OBSOLETE_local: false peers { permanent_uuid: "e8c5ab54a4c04e0083622af16d78102d" member_type: VOTER last_known_addr { host: "127.23.134.130" port: 43383 } } peers { permanent_uuid: "a3f1f867c14f43e8b4640405e443bfe9" member_type: VOTER last_known_addr { host: "127.23.134.131" port: 44539 } } peers { permanent_uuid: "72a6da1807fd46d19c3a8ca551b058fa" member_type: VOTER last_known_addr { host: "127.23.134.129" port: 33445 } }
I20260601 13:24:35.569176 24661 catalog_manager.cc:5696] T 83d0a28838e3486c9998d07237068338 P e8c5ab54a4c04e0083622af16d78102d reported cstate change: term changed from 0 to 1, leader changed from <none> to e8c5ab54a4c04e0083622af16d78102d (127.23.134.130). New cstate: current_term: 1 leader_uuid: "e8c5ab54a4c04e0083622af16d78102d" committed_config { opid_index: -1 OBSOLETE_local: false peers { permanent_uuid: "e8c5ab54a4c04e0083622af16d78102d" member_type: VOTER last_known_addr { host: "127.23.134.130" port: 43383 } health_report { overall_health: HEALTHY } } peers { permanent_uuid: "a3f1f867c14f43e8b4640405e443bfe9" member_type: VOTER last_known_addr { host: "127.23.134.131" port: 44539 } health_report { overall_health: UNKNOWN } } peers { permanent_uuid: "72a6da1807fd46d19c3a8ca551b058fa" member_type: VOTER last_known_addr { host: "127.23.134.129" port: 33445 } health_report { overall_health: UNKNOWN } } }
I20260601 13:24:35.590112 24997 raft_consensus.cc:493] T a618d28cb017413ea8331054e888d5b9 P a3f1f867c14f43e8b4640405e443bfe9 [term 0 FOLLOWER]: Starting pre-election (no leader contacted us within the election timeout)
I20260601 13:24:35.590306 24997 raft_consensus.cc:515] T a618d28cb017413ea8331054e888d5b9 P a3f1f867c14f43e8b4640405e443bfe9 [term 0 FOLLOWER]: Starting pre-election with config: opid_index: -1 OBSOLETE_local: false peers { permanent_uuid: "72a6da1807fd46d19c3a8ca551b058fa" member_type: VOTER last_known_addr { host: "127.23.134.129" port: 33445 } } peers { permanent_uuid: "e8c5ab54a4c04e0083622af16d78102d" member_type: VOTER last_known_addr { host: "127.23.134.130" port: 43383 } } peers { permanent_uuid: "a3f1f867c14f43e8b4640405e443bfe9" member_type: VOTER last_known_addr { host: "127.23.134.131" port: 44539 } }
I20260601 13:24:35.590826 24997 leader_election.cc:290] T a618d28cb017413ea8331054e888d5b9 P a3f1f867c14f43e8b4640405e443bfe9 [CANDIDATE]: Term 1 pre-election: Requested pre-vote from peers 72a6da1807fd46d19c3a8ca551b058fa (127.23.134.129:33445), e8c5ab54a4c04e0083622af16d78102d (127.23.134.130:43383)
I20260601 13:24:35.591358 24763 tablet_service.cc:1917] Received RequestConsensusVote() RPC: tablet_id: "a618d28cb017413ea8331054e888d5b9" candidate_uuid: "a3f1f867c14f43e8b4640405e443bfe9" candidate_term: 1 candidate_status { last_received { term: 0 index: 0 } } ignore_live_leader: false dest_uuid: "72a6da1807fd46d19c3a8ca551b058fa" is_pre_election: true
I20260601 13:24:35.591362 24839 tablet_service.cc:1917] Received RequestConsensusVote() RPC: tablet_id: "a618d28cb017413ea8331054e888d5b9" candidate_uuid: "a3f1f867c14f43e8b4640405e443bfe9" candidate_term: 1 candidate_status { last_received { term: 0 index: 0 } } ignore_live_leader: false dest_uuid: "e8c5ab54a4c04e0083622af16d78102d" is_pre_election: true
I20260601 13:24:35.591502 24763 raft_consensus.cc:2468] T a618d28cb017413ea8331054e888d5b9 P 72a6da1807fd46d19c3a8ca551b058fa [term 0 FOLLOWER]: Leader pre-election vote request: Granting yes vote for candidate a3f1f867c14f43e8b4640405e443bfe9 in term 0.
I20260601 13:24:35.591607 24839 raft_consensus.cc:2468] T a618d28cb017413ea8331054e888d5b9 P e8c5ab54a4c04e0083622af16d78102d [term 0 FOLLOWER]: Leader pre-election vote request: Granting yes vote for candidate a3f1f867c14f43e8b4640405e443bfe9 in term 0.
I20260601 13:24:35.591869 24879 leader_election.cc:304] T a618d28cb017413ea8331054e888d5b9 P a3f1f867c14f43e8b4640405e443bfe9 [CANDIDATE]: Term 1 pre-election: Election decided. Result: candidate won. Election summary: received 2 responses out of 3 voters: 2 yes votes; 0 no votes. yes voters: 72a6da1807fd46d19c3a8ca551b058fa, a3f1f867c14f43e8b4640405e443bfe9; no voters: 
I20260601 13:24:35.592049 24997 raft_consensus.cc:2804] T a618d28cb017413ea8331054e888d5b9 P a3f1f867c14f43e8b4640405e443bfe9 [term 0 FOLLOWER]: Leader pre-election won for term 1
I20260601 13:24:35.592134 24997 raft_consensus.cc:493] T a618d28cb017413ea8331054e888d5b9 P a3f1f867c14f43e8b4640405e443bfe9 [term 0 FOLLOWER]: Starting leader election (no leader contacted us within the election timeout)
I20260601 13:24:35.592175 24997 raft_consensus.cc:3060] T a618d28cb017413ea8331054e888d5b9 P a3f1f867c14f43e8b4640405e443bfe9 [term 0 FOLLOWER]: Advancing to term 1
I20260601 13:24:35.593231 24997 raft_consensus.cc:515] T a618d28cb017413ea8331054e888d5b9 P a3f1f867c14f43e8b4640405e443bfe9 [term 1 FOLLOWER]: Starting leader election with config: opid_index: -1 OBSOLETE_local: false peers { permanent_uuid: "72a6da1807fd46d19c3a8ca551b058fa" member_type: VOTER last_known_addr { host: "127.23.134.129" port: 33445 } } peers { permanent_uuid: "e8c5ab54a4c04e0083622af16d78102d" member_type: VOTER last_known_addr { host: "127.23.134.130" port: 43383 } } peers { permanent_uuid: "a3f1f867c14f43e8b4640405e443bfe9" member_type: VOTER last_known_addr { host: "127.23.134.131" port: 44539 } }
I20260601 13:24:35.593724 24997 leader_election.cc:290] T a618d28cb017413ea8331054e888d5b9 P a3f1f867c14f43e8b4640405e443bfe9 [CANDIDATE]: Term 1 election: Requested vote from peers 72a6da1807fd46d19c3a8ca551b058fa (127.23.134.129:33445), e8c5ab54a4c04e0083622af16d78102d (127.23.134.130:43383)
I20260601 13:24:35.594151 24839 tablet_service.cc:1917] Received RequestConsensusVote() RPC: tablet_id: "a618d28cb017413ea8331054e888d5b9" candidate_uuid: "a3f1f867c14f43e8b4640405e443bfe9" candidate_term: 1 candidate_status { last_received { term: 0 index: 0 } } ignore_live_leader: false dest_uuid: "e8c5ab54a4c04e0083622af16d78102d"
I20260601 13:24:35.594151 24763 tablet_service.cc:1917] Received RequestConsensusVote() RPC: tablet_id: "a618d28cb017413ea8331054e888d5b9" candidate_uuid: "a3f1f867c14f43e8b4640405e443bfe9" candidate_term: 1 candidate_status { last_received { term: 0 index: 0 } } ignore_live_leader: false dest_uuid: "72a6da1807fd46d19c3a8ca551b058fa"
I20260601 13:24:35.594349 24763 raft_consensus.cc:3060] T a618d28cb017413ea8331054e888d5b9 P 72a6da1807fd46d19c3a8ca551b058fa [term 0 FOLLOWER]: Advancing to term 1
I20260601 13:24:35.594349 24839 raft_consensus.cc:3060] T a618d28cb017413ea8331054e888d5b9 P e8c5ab54a4c04e0083622af16d78102d [term 0 FOLLOWER]: Advancing to term 1
I20260601 13:24:35.595378 24839 raft_consensus.cc:2468] T a618d28cb017413ea8331054e888d5b9 P e8c5ab54a4c04e0083622af16d78102d [term 1 FOLLOWER]: Leader election vote request: Granting yes vote for candidate a3f1f867c14f43e8b4640405e443bfe9 in term 1.
I20260601 13:24:35.595378 24763 raft_consensus.cc:2468] T a618d28cb017413ea8331054e888d5b9 P 72a6da1807fd46d19c3a8ca551b058fa [term 1 FOLLOWER]: Leader election vote request: Granting yes vote for candidate a3f1f867c14f43e8b4640405e443bfe9 in term 1.
I20260601 13:24:35.595739 24879 leader_election.cc:304] T a618d28cb017413ea8331054e888d5b9 P a3f1f867c14f43e8b4640405e443bfe9 [CANDIDATE]: Term 1 election: Election decided. Result: candidate won. Election summary: received 2 responses out of 3 voters: 2 yes votes; 0 no votes. yes voters: a3f1f867c14f43e8b4640405e443bfe9, e8c5ab54a4c04e0083622af16d78102d; no voters: 
I20260601 13:24:35.595916 24997 raft_consensus.cc:2804] T a618d28cb017413ea8331054e888d5b9 P a3f1f867c14f43e8b4640405e443bfe9 [term 1 FOLLOWER]: Leader election won for term 1
I20260601 13:24:35.596028 24997 raft_consensus.cc:697] T a618d28cb017413ea8331054e888d5b9 P a3f1f867c14f43e8b4640405e443bfe9 [term 1 LEADER]: Becoming Leader. State: Replica: a3f1f867c14f43e8b4640405e443bfe9, State: Running, Role: LEADER
I20260601 13:24:35.596176 24997 consensus_queue.cc:237] T a618d28cb017413ea8331054e888d5b9 P a3f1f867c14f43e8b4640405e443bfe9 [LEADER]: Queue going to LEADER mode. State: All replicated index: 0, Majority replicated index: 0, Committed index: 0, Last appended: 0.0, Last appended by leader: 0, Current term: 1, Majority size: 2, State: 0, Mode: LEADER, active raft config: opid_index: -1 OBSOLETE_local: false peers { permanent_uuid: "72a6da1807fd46d19c3a8ca551b058fa" member_type: VOTER last_known_addr { host: "127.23.134.129" port: 33445 } } peers { permanent_uuid: "e8c5ab54a4c04e0083622af16d78102d" member_type: VOTER last_known_addr { host: "127.23.134.130" port: 43383 } } peers { permanent_uuid: "a3f1f867c14f43e8b4640405e443bfe9" member_type: VOTER last_known_addr { host: "127.23.134.131" port: 44539 } }
I20260601 13:24:35.598093 24661 catalog_manager.cc:5696] T a618d28cb017413ea8331054e888d5b9 P a3f1f867c14f43e8b4640405e443bfe9 reported cstate change: term changed from 0 to 1, leader changed from <none> to a3f1f867c14f43e8b4640405e443bfe9 (127.23.134.131). New cstate: current_term: 1 leader_uuid: "a3f1f867c14f43e8b4640405e443bfe9" committed_config { opid_index: -1 OBSOLETE_local: false peers { permanent_uuid: "72a6da1807fd46d19c3a8ca551b058fa" member_type: VOTER last_known_addr { host: "127.23.134.129" port: 33445 } health_report { overall_health: UNKNOWN } } peers { permanent_uuid: "e8c5ab54a4c04e0083622af16d78102d" member_type: VOTER last_known_addr { host: "127.23.134.130" port: 43383 } health_report { overall_health: UNKNOWN } } peers { permanent_uuid: "a3f1f867c14f43e8b4640405e443bfe9" member_type: VOTER last_known_addr { host: "127.23.134.131" port: 44539 } health_report { overall_health: HEALTHY } } }
I20260601 13:24:35.738565 24971 raft_consensus.cc:493] T ff672ac90c81449693d136da3bb3b122 P e8c5ab54a4c04e0083622af16d78102d [term 0 FOLLOWER]: Starting pre-election (no leader contacted us within the election timeout)
I20260601 13:24:35.738808 24971 raft_consensus.cc:515] T ff672ac90c81449693d136da3bb3b122 P e8c5ab54a4c04e0083622af16d78102d [term 0 FOLLOWER]: Starting pre-election with config: opid_index: -1 OBSOLETE_local: false peers { permanent_uuid: "72a6da1807fd46d19c3a8ca551b058fa" member_type: VOTER last_known_addr { host: "127.23.134.129" port: 33445 } } peers { permanent_uuid: "e8c5ab54a4c04e0083622af16d78102d" member_type: VOTER last_known_addr { host: "127.23.134.130" port: 43383 } } peers { permanent_uuid: "a3f1f867c14f43e8b4640405e443bfe9" member_type: VOTER last_known_addr { host: "127.23.134.131" port: 44539 } }
I20260601 13:24:35.739373 24971 leader_election.cc:290] T ff672ac90c81449693d136da3bb3b122 P e8c5ab54a4c04e0083622af16d78102d [CANDIDATE]: Term 1 pre-election: Requested pre-vote from peers 72a6da1807fd46d19c3a8ca551b058fa (127.23.134.129:33445), a3f1f867c14f43e8b4640405e443bfe9 (127.23.134.131:44539)
I20260601 13:24:35.739939 24763 tablet_service.cc:1917] Received RequestConsensusVote() RPC: tablet_id: "ff672ac90c81449693d136da3bb3b122" candidate_uuid: "e8c5ab54a4c04e0083622af16d78102d" candidate_term: 1 candidate_status { last_received { term: 0 index: 0 } } ignore_live_leader: false dest_uuid: "72a6da1807fd46d19c3a8ca551b058fa" is_pre_election: true
I20260601 13:24:35.739940 24915 tablet_service.cc:1917] Received RequestConsensusVote() RPC: tablet_id: "ff672ac90c81449693d136da3bb3b122" candidate_uuid: "e8c5ab54a4c04e0083622af16d78102d" candidate_term: 1 candidate_status { last_received { term: 0 index: 0 } } ignore_live_leader: false dest_uuid: "a3f1f867c14f43e8b4640405e443bfe9" is_pre_election: true
I20260601 13:24:35.740149 24915 raft_consensus.cc:2468] T ff672ac90c81449693d136da3bb3b122 P a3f1f867c14f43e8b4640405e443bfe9 [term 0 FOLLOWER]: Leader pre-election vote request: Granting yes vote for candidate e8c5ab54a4c04e0083622af16d78102d in term 0.
I20260601 13:24:35.740154 24763 raft_consensus.cc:2468] T ff672ac90c81449693d136da3bb3b122 P 72a6da1807fd46d19c3a8ca551b058fa [term 0 FOLLOWER]: Leader pre-election vote request: Granting yes vote for candidate e8c5ab54a4c04e0083622af16d78102d in term 0.
I20260601 13:24:35.740495 24805 leader_election.cc:304] T ff672ac90c81449693d136da3bb3b122 P e8c5ab54a4c04e0083622af16d78102d [CANDIDATE]: Term 1 pre-election: Election decided. Result: candidate won. Election summary: received 2 responses out of 3 voters: 2 yes votes; 0 no votes. yes voters: a3f1f867c14f43e8b4640405e443bfe9, e8c5ab54a4c04e0083622af16d78102d; no voters: 
I20260601 13:24:35.740724 24971 raft_consensus.cc:2804] T ff672ac90c81449693d136da3bb3b122 P e8c5ab54a4c04e0083622af16d78102d [term 0 FOLLOWER]: Leader pre-election won for term 1
I20260601 13:24:35.740782 24971 raft_consensus.cc:493] T ff672ac90c81449693d136da3bb3b122 P e8c5ab54a4c04e0083622af16d78102d [term 0 FOLLOWER]: Starting leader election (no leader contacted us within the election timeout)
I20260601 13:24:35.740808 24971 raft_consensus.cc:3060] T ff672ac90c81449693d136da3bb3b122 P e8c5ab54a4c04e0083622af16d78102d [term 0 FOLLOWER]: Advancing to term 1
I20260601 13:24:35.741910 24971 raft_consensus.cc:515] T ff672ac90c81449693d136da3bb3b122 P e8c5ab54a4c04e0083622af16d78102d [term 1 FOLLOWER]: Starting leader election with config: opid_index: -1 OBSOLETE_local: false peers { permanent_uuid: "72a6da1807fd46d19c3a8ca551b058fa" member_type: VOTER last_known_addr { host: "127.23.134.129" port: 33445 } } peers { permanent_uuid: "e8c5ab54a4c04e0083622af16d78102d" member_type: VOTER last_known_addr { host: "127.23.134.130" port: 43383 } } peers { permanent_uuid: "a3f1f867c14f43e8b4640405e443bfe9" member_type: VOTER last_known_addr { host: "127.23.134.131" port: 44539 } }
I20260601 13:24:35.742321 24971 leader_election.cc:290] T ff672ac90c81449693d136da3bb3b122 P e8c5ab54a4c04e0083622af16d78102d [CANDIDATE]: Term 1 election: Requested vote from peers 72a6da1807fd46d19c3a8ca551b058fa (127.23.134.129:33445), a3f1f867c14f43e8b4640405e443bfe9 (127.23.134.131:44539)
I20260601 13:24:35.742697 24763 tablet_service.cc:1917] Received RequestConsensusVote() RPC: tablet_id: "ff672ac90c81449693d136da3bb3b122" candidate_uuid: "e8c5ab54a4c04e0083622af16d78102d" candidate_term: 1 candidate_status { last_received { term: 0 index: 0 } } ignore_live_leader: false dest_uuid: "72a6da1807fd46d19c3a8ca551b058fa"
I20260601 13:24:35.742748 24915 tablet_service.cc:1917] Received RequestConsensusVote() RPC: tablet_id: "ff672ac90c81449693d136da3bb3b122" candidate_uuid: "e8c5ab54a4c04e0083622af16d78102d" candidate_term: 1 candidate_status { last_received { term: 0 index: 0 } } ignore_live_leader: false dest_uuid: "a3f1f867c14f43e8b4640405e443bfe9"
I20260601 13:24:35.742837 24763 raft_consensus.cc:3060] T ff672ac90c81449693d136da3bb3b122 P 72a6da1807fd46d19c3a8ca551b058fa [term 0 FOLLOWER]: Advancing to term 1
I20260601 13:24:35.742854 24915 raft_consensus.cc:3060] T ff672ac90c81449693d136da3bb3b122 P a3f1f867c14f43e8b4640405e443bfe9 [term 0 FOLLOWER]: Advancing to term 1
I20260601 13:24:35.743688 24763 raft_consensus.cc:2468] T ff672ac90c81449693d136da3bb3b122 P 72a6da1807fd46d19c3a8ca551b058fa [term 1 FOLLOWER]: Leader election vote request: Granting yes vote for candidate e8c5ab54a4c04e0083622af16d78102d in term 1.
I20260601 13:24:35.743703 24915 raft_consensus.cc:2468] T ff672ac90c81449693d136da3bb3b122 P a3f1f867c14f43e8b4640405e443bfe9 [term 1 FOLLOWER]: Leader election vote request: Granting yes vote for candidate e8c5ab54a4c04e0083622af16d78102d in term 1.
I20260601 13:24:35.744041 24804 leader_election.cc:304] T ff672ac90c81449693d136da3bb3b122 P e8c5ab54a4c04e0083622af16d78102d [CANDIDATE]: Term 1 election: Election decided. Result: candidate won. Election summary: received 2 responses out of 3 voters: 2 yes votes; 0 no votes. yes voters: 72a6da1807fd46d19c3a8ca551b058fa, e8c5ab54a4c04e0083622af16d78102d; no voters: 
I20260601 13:24:35.744235 24971 raft_consensus.cc:2804] T ff672ac90c81449693d136da3bb3b122 P e8c5ab54a4c04e0083622af16d78102d [term 1 FOLLOWER]: Leader election won for term 1
I20260601 13:24:35.744324 24971 raft_consensus.cc:697] T ff672ac90c81449693d136da3bb3b122 P e8c5ab54a4c04e0083622af16d78102d [term 1 LEADER]: Becoming Leader. State: Replica: e8c5ab54a4c04e0083622af16d78102d, State: Running, Role: LEADER
I20260601 13:24:35.744472 24971 consensus_queue.cc:237] T ff672ac90c81449693d136da3bb3b122 P e8c5ab54a4c04e0083622af16d78102d [LEADER]: Queue going to LEADER mode. State: All replicated index: 0, Majority replicated index: 0, Committed index: 0, Last appended: 0.0, Last appended by leader: 0, Current term: 1, Majority size: 2, State: 0, Mode: LEADER, active raft config: opid_index: -1 OBSOLETE_local: false peers { permanent_uuid: "72a6da1807fd46d19c3a8ca551b058fa" member_type: VOTER last_known_addr { host: "127.23.134.129" port: 33445 } } peers { permanent_uuid: "e8c5ab54a4c04e0083622af16d78102d" member_type: VOTER last_known_addr { host: "127.23.134.130" port: 43383 } } peers { permanent_uuid: "a3f1f867c14f43e8b4640405e443bfe9" member_type: VOTER last_known_addr { host: "127.23.134.131" port: 44539 } }
I20260601 13:24:35.746346 24661 catalog_manager.cc:5696] T ff672ac90c81449693d136da3bb3b122 P e8c5ab54a4c04e0083622af16d78102d reported cstate change: term changed from 0 to 1, leader changed from <none> to e8c5ab54a4c04e0083622af16d78102d (127.23.134.130). New cstate: current_term: 1 leader_uuid: "e8c5ab54a4c04e0083622af16d78102d" committed_config { opid_index: -1 OBSOLETE_local: false peers { permanent_uuid: "72a6da1807fd46d19c3a8ca551b058fa" member_type: VOTER last_known_addr { host: "127.23.134.129" port: 33445 } health_report { overall_health: UNKNOWN } } peers { permanent_uuid: "e8c5ab54a4c04e0083622af16d78102d" member_type: VOTER last_known_addr { host: "127.23.134.130" port: 43383 } health_report { overall_health: HEALTHY } } peers { permanent_uuid: "a3f1f867c14f43e8b4640405e443bfe9" member_type: VOTER last_known_addr { host: "127.23.134.131" port: 44539 } health_report { overall_health: UNKNOWN } } }
I20260601 13:24:35.762137 24090 file_cache.cc:492] Constructed file cache file cache with capacity 419430
W20260601 13:24:35.764421 25009 instance_detector.cc:116] could not retrieve AWS instance metadata: Network error: curl error: HTTP response code said error: The requested URL returned error: 404
W20260601 13:24:35.764564 25010 instance_detector.cc:116] could not retrieve Azure instance metadata: Network error: curl error: HTTP response code said error: The requested URL returned error: 404
W20260601 13:24:35.764422 25012 instance_detector.cc:116] could not retrieve OpenStack instance metadata: Network error: curl error: HTTP response code said error: The requested URL returned error: 404
I20260601 13:24:35.764539 24090 server_base.cc:1061] running on GCE node
I20260601 13:24:35.764946 24090 hybrid_clock.cc:584] initializing the hybrid clock with 'system_unsync' time source
W20260601 13:24:35.765004 24090 system_unsync_time.cc:38] NTP support is disabled. Clock error bounds will not be accurate. This configuration is not suitable for distributed clusters.
I20260601 13:24:35.765038 24090 hybrid_clock.cc:648] HybridClock initialized: now 1780320275765037 us; error 0 us; skew 500 ppm
I20260601 13:24:35.766196 24090 webserver.cc:533] Webserver started at http://127.23.134.132:42005/ using document root <none> and password file <none>
I20260601 13:24:35.766383 24090 fs_manager.cc:362] Metadata directory not provided
I20260601 13:24:35.766440 24090 fs_manager.cc:368] Using write-ahead log directory (fs_wal_dir) as metadata directory
I20260601 13:24:35.766523 24090 server_base.cc:909] This appears to be a new deployment of Kudu; creating new FS layout
I20260601 13:24:35.766913 24090 fs_manager.cc:1068] Generated new instance metadata in path /tmp/dist-test-taskEfpsmH/test-tmp/auto_rebalancer-test.0.AutoRebalancerTest.AutoRebalancingTurnOffAndOn.1780320271568052-24090-0/minicluster-data/ts-3-root/instance:
uuid: "5fe456e49e0e4f4abba66be7020d75d5"
format_stamp: "Formatted at 2026-06-01 13:24:35 on dist-test-slave-zp1n"
I20260601 13:24:35.768333 24090 fs_manager.cc:696] Time spent creating directory manager: real 0.001s	user 0.001s	sys 0.001s
I20260601 13:24:35.769469 25017 log_block_manager.cc:4031] Time spent loading block containers with low live blocks: real 0.000s	user 0.000s	sys 0.000s
I20260601 13:24:35.769768 24090 fs_manager.cc:730] Time spent opening block manager: real 0.001s	user 0.001s	sys 0.000s
I20260601 13:24:35.769865 24090 fs_manager.cc:647] Opened local filesystem: /tmp/dist-test-taskEfpsmH/test-tmp/auto_rebalancer-test.0.AutoRebalancerTest.AutoRebalancingTurnOffAndOn.1780320271568052-24090-0/minicluster-data/ts-3-root
uuid: "5fe456e49e0e4f4abba66be7020d75d5"
format_stamp: "Formatted at 2026-06-01 13:24:35 on dist-test-slave-zp1n"
I20260601 13:24:35.769954 24090 fs_report.cc:389] FS layout report
--------------------
wal directory: /tmp/dist-test-taskEfpsmH/test-tmp/auto_rebalancer-test.0.AutoRebalancerTest.AutoRebalancingTurnOffAndOn.1780320271568052-24090-0/minicluster-data/ts-3-root
metadata directory: /tmp/dist-test-taskEfpsmH/test-tmp/auto_rebalancer-test.0.AutoRebalancerTest.AutoRebalancingTurnOffAndOn.1780320271568052-24090-0/minicluster-data/ts-3-root
1 data directories: /tmp/dist-test-taskEfpsmH/test-tmp/auto_rebalancer-test.0.AutoRebalancerTest.AutoRebalancingTurnOffAndOn.1780320271568052-24090-0/minicluster-data/ts-3-root/data
Total live blocks: 0
Total live bytes: 0
Total live bytes (after alignment): 0
Total number of LBM containers: 0 (0 full)
Did not check for missing blocks
Did not check for orphaned blocks
Total full LBM containers with extra space: 0 (0 repaired)
Total full LBM container extra space in bytes: 0 (0 repaired)
Total incomplete LBM containers: 0 (0 repaired)
Total LBM partial records: 0 (0 repaired)
Total corrupted LBM metadata records in RocksDB: 0 (0 repaired)
I20260601 13:24:35.795053 24090 rpc_server.cc:225] running with OpenSSL 1.1.1  11 Sep 2018
I20260601 13:24:35.795616 24090 kserver.cc:163] Server-wide thread pool size limit: 3276
I20260601 13:24:35.795965 24090 txn_system_client.cc:432] TxnSystemClient initialization is disabled...
I20260601 13:24:35.796519 24090 ts_tablet_manager.cc:585] Loaded tablet metadata (0 total tablets, 0 live tablets)
I20260601 13:24:35.796562 24090 ts_tablet_manager.cc:531] Time spent load tablet metadata: real 0.000s	user 0.000s	sys 0.000s
I20260601 13:24:35.796605 24090 ts_tablet_manager.cc:616] Registered 0 tablets
I20260601 13:24:35.796627 24090 ts_tablet_manager.cc:595] Time spent register tablets: real 0.000s	user 0.000s	sys 0.000s
I20260601 13:24:35.802238 24090 rpc_server.cc:307] RPC server started. Bound to: 127.23.134.132:45523
I20260601 13:24:35.802448 25080 acceptor_pool.cc:272] collecting diagnostics on the listening RPC socket 127.23.134.132:45523 every 8 connection(s)
I20260601 13:24:35.807026 25081 heartbeater.cc:344] Connected to a master server at 127.23.134.190:42017
I20260601 13:24:35.807139 25081 heartbeater.cc:461] Registering TS with master...
I20260601 13:24:35.807381 25081 heartbeater.cc:507] Master 127.23.134.190:42017 requested a full tablet report, sending...
I20260601 13:24:35.807971 24661 ts_manager.cc:194] Registered new tserver with Master: 5fe456e49e0e4f4abba66be7020d75d5 (127.23.134.132:45523)
I20260601 13:24:35.808486 24661 master_service.cc:502] Signed X509 certificate for tserver {username='slave'} at 127.0.0.1:53482
I20260601 13:24:35.852555 24997 consensus_queue.cc:1048] T 6eb30b1d864a47c58c86dcacf4cdc7d0 P a3f1f867c14f43e8b4640405e443bfe9 [LEADER]: Connected to new peer: Peer: permanent_uuid: "72a6da1807fd46d19c3a8ca551b058fa" member_type: VOTER last_known_addr { host: "127.23.134.129" port: 33445 }, Status: LMP_MISMATCH, Last received: 0.0, Next index: 1, Last known committed idx: 0, Time since last communication: 0.000s
I20260601 13:24:35.855980 24997 consensus_queue.cc:1048] T 6eb30b1d864a47c58c86dcacf4cdc7d0 P a3f1f867c14f43e8b4640405e443bfe9 [LEADER]: Connected to new peer: Peer: permanent_uuid: "e8c5ab54a4c04e0083622af16d78102d" member_type: VOTER last_known_addr { host: "127.23.134.130" port: 43383 }, Status: LMP_MISMATCH, Last received: 0.0, Next index: 1, Last known committed idx: 0, Time since last communication: 0.000s
I20260601 13:24:35.883405 24997 consensus_queue.cc:1048] T 8a92f0cb866b4bdc8695fe4e344f4341 P a3f1f867c14f43e8b4640405e443bfe9 [LEADER]: Connected to new peer: Peer: permanent_uuid: "72a6da1807fd46d19c3a8ca551b058fa" member_type: VOTER last_known_addr { host: "127.23.134.129" port: 33445 }, Status: LMP_MISMATCH, Last received: 0.0, Next index: 1, Last known committed idx: 0, Time since last communication: 0.000s
I20260601 13:24:35.886498 24989 consensus_queue.cc:1048] T 8a92f0cb866b4bdc8695fe4e344f4341 P a3f1f867c14f43e8b4640405e443bfe9 [LEADER]: Connected to new peer: Peer: permanent_uuid: "e8c5ab54a4c04e0083622af16d78102d" member_type: VOTER last_known_addr { host: "127.23.134.130" port: 43383 }, Status: LMP_MISMATCH, Last received: 0.0, Next index: 1, Last known committed idx: 0, Time since last communication: 0.000s
I20260601 13:24:35.894613 24971 raft_consensus.cc:493] T a916de3af8af43e5b6d999d6d0d5bdb3 P e8c5ab54a4c04e0083622af16d78102d [term 0 FOLLOWER]: Starting pre-election (no leader contacted us within the election timeout)
I20260601 13:24:35.894742 24971 raft_consensus.cc:515] T a916de3af8af43e5b6d999d6d0d5bdb3 P e8c5ab54a4c04e0083622af16d78102d [term 0 FOLLOWER]: Starting pre-election with config: opid_index: -1 OBSOLETE_local: false peers { permanent_uuid: "72a6da1807fd46d19c3a8ca551b058fa" member_type: VOTER last_known_addr { host: "127.23.134.129" port: 33445 } } peers { permanent_uuid: "e8c5ab54a4c04e0083622af16d78102d" member_type: VOTER last_known_addr { host: "127.23.134.130" port: 43383 } } peers { permanent_uuid: "a3f1f867c14f43e8b4640405e443bfe9" member_type: VOTER last_known_addr { host: "127.23.134.131" port: 44539 } }
I20260601 13:24:35.895156 24971 leader_election.cc:290] T a916de3af8af43e5b6d999d6d0d5bdb3 P e8c5ab54a4c04e0083622af16d78102d [CANDIDATE]: Term 1 pre-election: Requested pre-vote from peers 72a6da1807fd46d19c3a8ca551b058fa (127.23.134.129:33445), a3f1f867c14f43e8b4640405e443bfe9 (127.23.134.131:44539)
I20260601 13:24:35.895509 24915 tablet_service.cc:1917] Received RequestConsensusVote() RPC: tablet_id: "a916de3af8af43e5b6d999d6d0d5bdb3" candidate_uuid: "e8c5ab54a4c04e0083622af16d78102d" candidate_term: 1 candidate_status { last_received { term: 0 index: 0 } } ignore_live_leader: false dest_uuid: "a3f1f867c14f43e8b4640405e443bfe9" is_pre_election: true
I20260601 13:24:35.895542 24763 tablet_service.cc:1917] Received RequestConsensusVote() RPC: tablet_id: "a916de3af8af43e5b6d999d6d0d5bdb3" candidate_uuid: "e8c5ab54a4c04e0083622af16d78102d" candidate_term: 1 candidate_status { last_received { term: 0 index: 0 } } ignore_live_leader: false dest_uuid: "72a6da1807fd46d19c3a8ca551b058fa" is_pre_election: true
I20260601 13:24:35.895669 24915 raft_consensus.cc:2393] T a916de3af8af43e5b6d999d6d0d5bdb3 P a3f1f867c14f43e8b4640405e443bfe9 [term 1 FOLLOWER]: Leader pre-election vote request: Denying vote to candidate e8c5ab54a4c04e0083622af16d78102d in current term 1: Already voted for candidate 72a6da1807fd46d19c3a8ca551b058fa in this term.
I20260601 13:24:35.895990 24804 leader_election.cc:304] T a916de3af8af43e5b6d999d6d0d5bdb3 P e8c5ab54a4c04e0083622af16d78102d [CANDIDATE]: Term 1 pre-election: Election decided. Result: candidate lost. Election summary: received 3 responses out of 3 voters: 1 yes votes; 2 no votes. yes voters: e8c5ab54a4c04e0083622af16d78102d; no voters: 72a6da1807fd46d19c3a8ca551b058fa, a3f1f867c14f43e8b4640405e443bfe9
I20260601 13:24:35.896148 24971 raft_consensus.cc:3060] T a916de3af8af43e5b6d999d6d0d5bdb3 P e8c5ab54a4c04e0083622af16d78102d [term 0 FOLLOWER]: Advancing to term 1
I20260601 13:24:35.896958 24971 raft_consensus.cc:2749] T a916de3af8af43e5b6d999d6d0d5bdb3 P e8c5ab54a4c04e0083622af16d78102d [term 1 FOLLOWER]: Leader pre-election lost for term 1. Reason: could not achieve majority
I20260601 13:24:35.905609 24989 consensus_queue.cc:1048] T 9d2386d38e0c4ff6b83cb7edfc1af957 P a3f1f867c14f43e8b4640405e443bfe9 [LEADER]: Connected to new peer: Peer: permanent_uuid: "72a6da1807fd46d19c3a8ca551b058fa" member_type: VOTER last_known_addr { host: "127.23.134.129" port: 33445 }, Status: LMP_MISMATCH, Last received: 0.0, Next index: 1, Last known committed idx: 0, Time since last communication: 0.000s
I20260601 13:24:35.909010 24997 consensus_queue.cc:1048] T 9d2386d38e0c4ff6b83cb7edfc1af957 P a3f1f867c14f43e8b4640405e443bfe9 [LEADER]: Connected to new peer: Peer: permanent_uuid: "e8c5ab54a4c04e0083622af16d78102d" member_type: VOTER last_known_addr { host: "127.23.134.130" port: 43383 }, Status: LMP_MISMATCH, Last received: 0.0, Next index: 1, Last known committed idx: 0, Time since last communication: 0.000s
I20260601 13:24:35.954902 24994 consensus_queue.cc:1048] T a916de3af8af43e5b6d999d6d0d5bdb3 P 72a6da1807fd46d19c3a8ca551b058fa [LEADER]: Connected to new peer: Peer: permanent_uuid: "a3f1f867c14f43e8b4640405e443bfe9" member_type: VOTER last_known_addr { host: "127.23.134.131" port: 44539 }, Status: LMP_MISMATCH, Last received: 0.0, Next index: 1, Last known committed idx: 0, Time since last communication: 0.000s
I20260601 13:24:35.958263 25094 consensus_queue.cc:1048] T a916de3af8af43e5b6d999d6d0d5bdb3 P 72a6da1807fd46d19c3a8ca551b058fa [LEADER]: Connected to new peer: Peer: permanent_uuid: "e8c5ab54a4c04e0083622af16d78102d" member_type: VOTER last_known_addr { host: "127.23.134.130" port: 43383 }, Status: LMP_MISMATCH, Last received: 0.0, Next index: 1, Last known committed idx: 0, Time since last communication: 0.000s
I20260601 13:24:35.981053 24971 consensus_queue.cc:1048] T 83d0a28838e3486c9998d07237068338 P e8c5ab54a4c04e0083622af16d78102d [LEADER]: Connected to new peer: Peer: permanent_uuid: "72a6da1807fd46d19c3a8ca551b058fa" member_type: VOTER last_known_addr { host: "127.23.134.129" port: 33445 }, Status: LMP_MISMATCH, Last received: 0.0, Next index: 1, Last known committed idx: 0, Time since last communication: 0.000s
I20260601 13:24:35.984706 25097 consensus_queue.cc:1048] T 83d0a28838e3486c9998d07237068338 P e8c5ab54a4c04e0083622af16d78102d [LEADER]: Connected to new peer: Peer: permanent_uuid: "a3f1f867c14f43e8b4640405e443bfe9" member_type: VOTER last_known_addr { host: "127.23.134.131" port: 44539 }, Status: LMP_MISMATCH, Last received: 0.0, Next index: 1, Last known committed idx: 0, Time since last communication: 0.000s
I20260601 13:24:35.992965 24997 consensus_queue.cc:1048] T 1a79fab4b6eb496a883da9932bfbc9bc P a3f1f867c14f43e8b4640405e443bfe9 [LEADER]: Connected to new peer: Peer: permanent_uuid: "72a6da1807fd46d19c3a8ca551b058fa" member_type: VOTER last_known_addr { host: "127.23.134.129" port: 33445 }, Status: LMP_MISMATCH, Last received: 0.0, Next index: 1, Last known committed idx: 0, Time since last communication: 0.000s
I20260601 13:24:35.995959 24969 consensus_queue.cc:1048] T 1a79fab4b6eb496a883da9932bfbc9bc P a3f1f867c14f43e8b4640405e443bfe9 [LEADER]: Connected to new peer: Peer: permanent_uuid: "e8c5ab54a4c04e0083622af16d78102d" member_type: VOTER last_known_addr { host: "127.23.134.130" port: 43383 }, Status: LMP_MISMATCH, Last received: 0.0, Next index: 1, Last known committed idx: 0, Time since last communication: 0.000s
I20260601 13:24:36.012617 24969 consensus_queue.cc:1048] T a618d28cb017413ea8331054e888d5b9 P a3f1f867c14f43e8b4640405e443bfe9 [LEADER]: Connected to new peer: Peer: permanent_uuid: "72a6da1807fd46d19c3a8ca551b058fa" member_type: VOTER last_known_addr { host: "127.23.134.129" port: 33445 }, Status: LMP_MISMATCH, Last received: 0.0, Next index: 1, Last known committed idx: 0, Time since last communication: 0.000s
I20260601 13:24:36.016157 24969 consensus_queue.cc:1048] T a618d28cb017413ea8331054e888d5b9 P a3f1f867c14f43e8b4640405e443bfe9 [LEADER]: Connected to new peer: Peer: permanent_uuid: "e8c5ab54a4c04e0083622af16d78102d" member_type: VOTER last_known_addr { host: "127.23.134.130" port: 43383 }, Status: LMP_MISMATCH, Last received: 0.0, Next index: 1, Last known committed idx: 0, Time since last communication: 0.000s
I20260601 13:24:36.181202 24715 auto_leader_rebalancer.cc:140] leader rebalance for table test-workload
I20260601 13:24:36.188441 24915 tablet_service.cc:2072] Received LeaderStepDown RPC: tablet_id: "8a92f0cb866b4bdc8695fe4e344f4341"
dest_uuid: "a3f1f867c14f43e8b4640405e443bfe9"
mode: GRACEFUL
new_leader_uuid: "72a6da1807fd46d19c3a8ca551b058fa"
 from {username='slave'} at 127.0.0.1:49844
I20260601 13:24:36.188686 24915 raft_consensus.cc:606] T 8a92f0cb866b4bdc8695fe4e344f4341 P a3f1f867c14f43e8b4640405e443bfe9 [term 1 LEADER]: Received request to transfer leadership to TS 72a6da1807fd46d19c3a8ca551b058fa
I20260601 13:24:36.189908 24915 tablet_service.cc:2072] Received LeaderStepDown RPC: tablet_id: "9d2386d38e0c4ff6b83cb7edfc1af957"
dest_uuid: "a3f1f867c14f43e8b4640405e443bfe9"
mode: GRACEFUL
new_leader_uuid: "72a6da1807fd46d19c3a8ca551b058fa"
 from {username='slave'} at 127.0.0.1:49844
I20260601 13:24:36.190055 24915 raft_consensus.cc:606] T 9d2386d38e0c4ff6b83cb7edfc1af957 P a3f1f867c14f43e8b4640405e443bfe9 [term 1 LEADER]: Received request to transfer leadership to TS 72a6da1807fd46d19c3a8ca551b058fa
I20260601 13:24:36.190471 24715 auto_leader_rebalancer.cc:388] table: test-workload, leader rebalance finish, leader transfer count: 2
I20260601 13:24:36.190821 24715 auto_leader_rebalancer.cc:451] All tables' leader rebalancing finished this round
I20260601 13:24:36.214056 25097 consensus_queue.cc:1048] T ff672ac90c81449693d136da3bb3b122 P e8c5ab54a4c04e0083622af16d78102d [LEADER]: Connected to new peer: Peer: permanent_uuid: "72a6da1807fd46d19c3a8ca551b058fa" member_type: VOTER last_known_addr { host: "127.23.134.129" port: 33445 }, Status: LMP_MISMATCH, Last received: 0.0, Next index: 1, Last known committed idx: 0, Time since last communication: 0.000s
I20260601 13:24:36.217773 24971 consensus_queue.cc:1048] T ff672ac90c81449693d136da3bb3b122 P e8c5ab54a4c04e0083622af16d78102d [LEADER]: Connected to new peer: Peer: permanent_uuid: "a3f1f867c14f43e8b4640405e443bfe9" member_type: VOTER last_known_addr { host: "127.23.134.131" port: 44539 }, Status: LMP_MISMATCH, Last received: 0.0, Next index: 1, Last known committed idx: 0, Time since last communication: 0.000s
I20260601 13:24:36.423309 24997 raft_consensus.cc:993] T 8a92f0cb866b4bdc8695fe4e344f4341 P a3f1f867c14f43e8b4640405e443bfe9: : Instructing follower 72a6da1807fd46d19c3a8ca551b058fa to start an election
I20260601 13:24:36.423446 24997 raft_consensus.cc:1081] T 8a92f0cb866b4bdc8695fe4e344f4341 P a3f1f867c14f43e8b4640405e443bfe9 [term 1 LEADER]: Signalling peer 72a6da1807fd46d19c3a8ca551b058fa to start an election
I20260601 13:24:36.424053 24763 tablet_service.cc:2044] Received Run Leader Election RPC: tablet_id: "8a92f0cb866b4bdc8695fe4e344f4341"
dest_uuid: "72a6da1807fd46d19c3a8ca551b058fa"
 from {username='slave'} at 127.0.0.1:40950
I20260601 13:24:36.424292 24763 raft_consensus.cc:493] T 8a92f0cb866b4bdc8695fe4e344f4341 P 72a6da1807fd46d19c3a8ca551b058fa [term 1 FOLLOWER]: Starting forced leader election (received explicit request)
I20260601 13:24:36.424363 24763 raft_consensus.cc:3060] T 8a92f0cb866b4bdc8695fe4e344f4341 P 72a6da1807fd46d19c3a8ca551b058fa [term 1 FOLLOWER]: Advancing to term 2
I20260601 13:24:36.425490 24763 raft_consensus.cc:515] T 8a92f0cb866b4bdc8695fe4e344f4341 P 72a6da1807fd46d19c3a8ca551b058fa [term 2 FOLLOWER]: Starting forced leader election with config: opid_index: -1 OBSOLETE_local: false peers { permanent_uuid: "72a6da1807fd46d19c3a8ca551b058fa" member_type: VOTER last_known_addr { host: "127.23.134.129" port: 33445 } } peers { permanent_uuid: "e8c5ab54a4c04e0083622af16d78102d" member_type: VOTER last_known_addr { host: "127.23.134.130" port: 43383 } } peers { permanent_uuid: "a3f1f867c14f43e8b4640405e443bfe9" member_type: VOTER last_known_addr { host: "127.23.134.131" port: 44539 } }
I20260601 13:24:36.425946 24763 leader_election.cc:290] T 8a92f0cb866b4bdc8695fe4e344f4341 P 72a6da1807fd46d19c3a8ca551b058fa [CANDIDATE]: Term 2 election: Requested vote from peers e8c5ab54a4c04e0083622af16d78102d (127.23.134.130:43383), a3f1f867c14f43e8b4640405e443bfe9 (127.23.134.131:44539)
I20260601 13:24:36.426345 24839 tablet_service.cc:1917] Received RequestConsensusVote() RPC: tablet_id: "8a92f0cb866b4bdc8695fe4e344f4341" candidate_uuid: "72a6da1807fd46d19c3a8ca551b058fa" candidate_term: 2 candidate_status { last_received { term: 1 index: 1 } } ignore_live_leader: true dest_uuid: "e8c5ab54a4c04e0083622af16d78102d"
I20260601 13:24:36.426473 24839 raft_consensus.cc:3060] T 8a92f0cb866b4bdc8695fe4e344f4341 P e8c5ab54a4c04e0083622af16d78102d [term 1 FOLLOWER]: Advancing to term 2
I20260601 13:24:36.426477 24915 tablet_service.cc:1917] Received RequestConsensusVote() RPC: tablet_id: "8a92f0cb866b4bdc8695fe4e344f4341" candidate_uuid: "72a6da1807fd46d19c3a8ca551b058fa" candidate_term: 2 candidate_status { last_received { term: 1 index: 1 } } ignore_live_leader: true dest_uuid: "a3f1f867c14f43e8b4640405e443bfe9"
I20260601 13:24:36.426674 24915 raft_consensus.cc:3055] T 8a92f0cb866b4bdc8695fe4e344f4341 P a3f1f867c14f43e8b4640405e443bfe9 [term 1 LEADER]: Stepping down as leader of term 1
I20260601 13:24:36.426725 24915 raft_consensus.cc:740] T 8a92f0cb866b4bdc8695fe4e344f4341 P a3f1f867c14f43e8b4640405e443bfe9 [term 1 LEADER]: Becoming Follower/Learner. State: Replica: a3f1f867c14f43e8b4640405e443bfe9, State: Running, Role: LEADER
I20260601 13:24:36.426908 24915 consensus_queue.cc:260] T 8a92f0cb866b4bdc8695fe4e344f4341 P a3f1f867c14f43e8b4640405e443bfe9 [NON_LEADER]: Queue going to NON_LEADER mode. State: All replicated index: 0, Majority replicated index: 1, Committed index: 1, Last appended: 1.1, Last appended by leader: 1, Current term: 1, Majority size: -1, State: 0, Mode: NON_LEADER, active raft config: opid_index: -1 OBSOLETE_local: false peers { permanent_uuid: "72a6da1807fd46d19c3a8ca551b058fa" member_type: VOTER last_known_addr { host: "127.23.134.129" port: 33445 } } peers { permanent_uuid: "e8c5ab54a4c04e0083622af16d78102d" member_type: VOTER last_known_addr { host: "127.23.134.130" port: 43383 } } peers { permanent_uuid: "a3f1f867c14f43e8b4640405e443bfe9" member_type: VOTER last_known_addr { host: "127.23.134.131" port: 44539 } }
I20260601 13:24:36.427080 24915 raft_consensus.cc:3060] T 8a92f0cb866b4bdc8695fe4e344f4341 P a3f1f867c14f43e8b4640405e443bfe9 [term 1 FOLLOWER]: Advancing to term 2
I20260601 13:24:36.427767 24839 raft_consensus.cc:2468] T 8a92f0cb866b4bdc8695fe4e344f4341 P e8c5ab54a4c04e0083622af16d78102d [term 2 FOLLOWER]: Leader election vote request: Granting yes vote for candidate 72a6da1807fd46d19c3a8ca551b058fa in term 2.
I20260601 13:24:36.428099 24915 raft_consensus.cc:2468] T 8a92f0cb866b4bdc8695fe4e344f4341 P a3f1f867c14f43e8b4640405e443bfe9 [term 2 FOLLOWER]: Leader election vote request: Granting yes vote for candidate 72a6da1807fd46d19c3a8ca551b058fa in term 2.
I20260601 13:24:36.428099 24728 leader_election.cc:304] T 8a92f0cb866b4bdc8695fe4e344f4341 P 72a6da1807fd46d19c3a8ca551b058fa [CANDIDATE]: Term 2 election: Election decided. Result: candidate won. Election summary: received 2 responses out of 3 voters: 2 yes votes; 0 no votes. yes voters: 72a6da1807fd46d19c3a8ca551b058fa, e8c5ab54a4c04e0083622af16d78102d; no voters: 
I20260601 13:24:36.428328 25094 raft_consensus.cc:2804] T 8a92f0cb866b4bdc8695fe4e344f4341 P 72a6da1807fd46d19c3a8ca551b058fa [term 2 FOLLOWER]: Leader election won for term 2
I20260601 13:24:36.428457 25094 raft_consensus.cc:697] T 8a92f0cb866b4bdc8695fe4e344f4341 P 72a6da1807fd46d19c3a8ca551b058fa [term 2 LEADER]: Becoming Leader. State: Replica: 72a6da1807fd46d19c3a8ca551b058fa, State: Running, Role: LEADER
I20260601 13:24:36.428761 25094 consensus_queue.cc:237] T 8a92f0cb866b4bdc8695fe4e344f4341 P 72a6da1807fd46d19c3a8ca551b058fa [LEADER]: Queue going to LEADER mode. State: All replicated index: 0, Majority replicated index: 1, Committed index: 1, Last appended: 1.1, Last appended by leader: 1, Current term: 2, Majority size: 2, State: 0, Mode: LEADER, active raft config: opid_index: -1 OBSOLETE_local: false peers { permanent_uuid: "72a6da1807fd46d19c3a8ca551b058fa" member_type: VOTER last_known_addr { host: "127.23.134.129" port: 33445 } } peers { permanent_uuid: "e8c5ab54a4c04e0083622af16d78102d" member_type: VOTER last_known_addr { host: "127.23.134.130" port: 43383 } } peers { permanent_uuid: "a3f1f867c14f43e8b4640405e443bfe9" member_type: VOTER last_known_addr { host: "127.23.134.131" port: 44539 } }
I20260601 13:24:36.430573 24661 catalog_manager.cc:5696] T 8a92f0cb866b4bdc8695fe4e344f4341 P 72a6da1807fd46d19c3a8ca551b058fa reported cstate change: term changed from 1 to 2, leader changed from a3f1f867c14f43e8b4640405e443bfe9 (127.23.134.131) to 72a6da1807fd46d19c3a8ca551b058fa (127.23.134.129). New cstate: current_term: 2 leader_uuid: "72a6da1807fd46d19c3a8ca551b058fa" committed_config { opid_index: -1 OBSOLETE_local: false peers { permanent_uuid: "72a6da1807fd46d19c3a8ca551b058fa" member_type: VOTER last_known_addr { host: "127.23.134.129" port: 33445 } health_report { overall_health: HEALTHY } } peers { permanent_uuid: "e8c5ab54a4c04e0083622af16d78102d" member_type: VOTER last_known_addr { host: "127.23.134.130" port: 43383 } health_report { overall_health: UNKNOWN } } peers { permanent_uuid: "a3f1f867c14f43e8b4640405e443bfe9" member_type: VOTER last_known_addr { host: "127.23.134.131" port: 44539 } health_report { overall_health: UNKNOWN } } }
I20260601 13:24:36.475291 24969 raft_consensus.cc:993] T 9d2386d38e0c4ff6b83cb7edfc1af957 P a3f1f867c14f43e8b4640405e443bfe9: : Instructing follower 72a6da1807fd46d19c3a8ca551b058fa to start an election
I20260601 13:24:36.475447 24969 raft_consensus.cc:1081] T 9d2386d38e0c4ff6b83cb7edfc1af957 P a3f1f867c14f43e8b4640405e443bfe9 [term 1 LEADER]: Signalling peer 72a6da1807fd46d19c3a8ca551b058fa to start an election
I20260601 13:24:36.476086 24763 tablet_service.cc:2044] Received Run Leader Election RPC: tablet_id: "9d2386d38e0c4ff6b83cb7edfc1af957"
dest_uuid: "72a6da1807fd46d19c3a8ca551b058fa"
 from {username='slave'} at 127.0.0.1:40950
I20260601 13:24:36.476267 24763 raft_consensus.cc:493] T 9d2386d38e0c4ff6b83cb7edfc1af957 P 72a6da1807fd46d19c3a8ca551b058fa [term 1 FOLLOWER]: Starting forced leader election (received explicit request)
I20260601 13:24:36.476333 24763 raft_consensus.cc:3060] T 9d2386d38e0c4ff6b83cb7edfc1af957 P 72a6da1807fd46d19c3a8ca551b058fa [term 1 FOLLOWER]: Advancing to term 2
I20260601 13:24:36.477450 24763 raft_consensus.cc:515] T 9d2386d38e0c4ff6b83cb7edfc1af957 P 72a6da1807fd46d19c3a8ca551b058fa [term 2 FOLLOWER]: Starting forced leader election with config: opid_index: -1 OBSOLETE_local: false peers { permanent_uuid: "72a6da1807fd46d19c3a8ca551b058fa" member_type: VOTER last_known_addr { host: "127.23.134.129" port: 33445 } } peers { permanent_uuid: "e8c5ab54a4c04e0083622af16d78102d" member_type: VOTER last_known_addr { host: "127.23.134.130" port: 43383 } } peers { permanent_uuid: "a3f1f867c14f43e8b4640405e443bfe9" member_type: VOTER last_known_addr { host: "127.23.134.131" port: 44539 } }
I20260601 13:24:36.477936 24763 leader_election.cc:290] T 9d2386d38e0c4ff6b83cb7edfc1af957 P 72a6da1807fd46d19c3a8ca551b058fa [CANDIDATE]: Term 2 election: Requested vote from peers e8c5ab54a4c04e0083622af16d78102d (127.23.134.130:43383), a3f1f867c14f43e8b4640405e443bfe9 (127.23.134.131:44539)
I20260601 13:24:36.478406 24839 tablet_service.cc:1917] Received RequestConsensusVote() RPC: tablet_id: "9d2386d38e0c4ff6b83cb7edfc1af957" candidate_uuid: "72a6da1807fd46d19c3a8ca551b058fa" candidate_term: 2 candidate_status { last_received { term: 1 index: 1 } } ignore_live_leader: true dest_uuid: "e8c5ab54a4c04e0083622af16d78102d"
I20260601 13:24:36.478592 24839 raft_consensus.cc:3060] T 9d2386d38e0c4ff6b83cb7edfc1af957 P e8c5ab54a4c04e0083622af16d78102d [term 1 FOLLOWER]: Advancing to term 2
I20260601 13:24:36.478533 24915 tablet_service.cc:1917] Received RequestConsensusVote() RPC: tablet_id: "9d2386d38e0c4ff6b83cb7edfc1af957" candidate_uuid: "72a6da1807fd46d19c3a8ca551b058fa" candidate_term: 2 candidate_status { last_received { term: 1 index: 1 } } ignore_live_leader: true dest_uuid: "a3f1f867c14f43e8b4640405e443bfe9"
I20260601 13:24:36.478715 24915 raft_consensus.cc:3055] T 9d2386d38e0c4ff6b83cb7edfc1af957 P a3f1f867c14f43e8b4640405e443bfe9 [term 1 LEADER]: Stepping down as leader of term 1
I20260601 13:24:36.478765 24915 raft_consensus.cc:740] T 9d2386d38e0c4ff6b83cb7edfc1af957 P a3f1f867c14f43e8b4640405e443bfe9 [term 1 LEADER]: Becoming Follower/Learner. State: Replica: a3f1f867c14f43e8b4640405e443bfe9, State: Running, Role: LEADER
I20260601 13:24:36.478917 24915 consensus_queue.cc:260] T 9d2386d38e0c4ff6b83cb7edfc1af957 P a3f1f867c14f43e8b4640405e443bfe9 [NON_LEADER]: Queue going to NON_LEADER mode. State: All replicated index: 0, Majority replicated index: 1, Committed index: 1, Last appended: 1.1, Last appended by leader: 1, Current term: 1, Majority size: -1, State: 0, Mode: NON_LEADER, active raft config: opid_index: -1 OBSOLETE_local: false peers { permanent_uuid: "72a6da1807fd46d19c3a8ca551b058fa" member_type: VOTER last_known_addr { host: "127.23.134.129" port: 33445 } } peers { permanent_uuid: "e8c5ab54a4c04e0083622af16d78102d" member_type: VOTER last_known_addr { host: "127.23.134.130" port: 43383 } } peers { permanent_uuid: "a3f1f867c14f43e8b4640405e443bfe9" member_type: VOTER last_known_addr { host: "127.23.134.131" port: 44539 } }
I20260601 13:24:36.479091 24915 raft_consensus.cc:3060] T 9d2386d38e0c4ff6b83cb7edfc1af957 P a3f1f867c14f43e8b4640405e443bfe9 [term 1 FOLLOWER]: Advancing to term 2
I20260601 13:24:36.479794 24839 raft_consensus.cc:2468] T 9d2386d38e0c4ff6b83cb7edfc1af957 P e8c5ab54a4c04e0083622af16d78102d [term 2 FOLLOWER]: Leader election vote request: Granting yes vote for candidate 72a6da1807fd46d19c3a8ca551b058fa in term 2.
I20260601 13:24:36.480154 24728 leader_election.cc:304] T 9d2386d38e0c4ff6b83cb7edfc1af957 P 72a6da1807fd46d19c3a8ca551b058fa [CANDIDATE]: Term 2 election: Election decided. Result: candidate won. Election summary: received 2 responses out of 3 voters: 2 yes votes; 0 no votes. yes voters: 72a6da1807fd46d19c3a8ca551b058fa, e8c5ab54a4c04e0083622af16d78102d; no voters: 
