I20260601 13:22:23.908921 17932 catalog_manager.cc:5696] T 0f2f5c1d99874113910bf5a2968eed93 P 607275bc0b934a4997983d6b05db3ed2 reported cstate change: term changed from 0 to 1, leader changed from <none> to 607275bc0b934a4997983d6b05db3ed2 (127.13.78.193). New cstate: current_term: 1 leader_uuid: "607275bc0b934a4997983d6b05db3ed2" committed_config { opid_index: -1 OBSOLETE_local: false peers { permanent_uuid: "607275bc0b934a4997983d6b05db3ed2" member_type: VOTER last_known_addr { host: "127.13.78.193" port: 37075 } health_report { overall_health: HEALTHY } } peers { permanent_uuid: "d31010a7fe444780a813b3b98c1f192f" member_type: VOTER last_known_addr { host: "127.13.78.194" port: 37909 } health_report { overall_health: UNKNOWN } } peers { permanent_uuid: "92d3c48519c340be89efc412a764846d" member_type: VOTER last_known_addr { host: "127.13.78.195" port: 40699 } health_report { overall_health: UNKNOWN } } }
I20260601 13:22:23.909112 18273 raft_consensus.cc:515] T 2d5fc746b7754f10bb74d4893b789c9a P d31010a7fe444780a813b3b98c1f192f [term 1 FOLLOWER]: Starting leader election with config: opid_index: -1 OBSOLETE_local: false peers { permanent_uuid: "607275bc0b934a4997983d6b05db3ed2" member_type: VOTER last_known_addr { host: "127.13.78.193" port: 37075 } } peers { permanent_uuid: "d31010a7fe444780a813b3b98c1f192f" member_type: VOTER last_known_addr { host: "127.13.78.194" port: 37909 } } peers { permanent_uuid: "92d3c48519c340be89efc412a764846d" member_type: VOTER last_known_addr { host: "127.13.78.195" port: 40699 } }
I20260601 13:22:23.909488 18273 leader_election.cc:290] T 2d5fc746b7754f10bb74d4893b789c9a P d31010a7fe444780a813b3b98c1f192f [CANDIDATE]: Term 1 election: Requested vote from peers 607275bc0b934a4997983d6b05db3ed2 (127.13.78.193:37075), 92d3c48519c340be89efc412a764846d (127.13.78.195:40699)
I20260601 13:22:23.909691 18032 tablet_service.cc:1917] Received RequestConsensusVote() RPC: tablet_id: "2d5fc746b7754f10bb74d4893b789c9a" candidate_uuid: "d31010a7fe444780a813b3b98c1f192f" candidate_term: 1 candidate_status { last_received { term: 0 index: 0 } } ignore_live_leader: false dest_uuid: "607275bc0b934a4997983d6b05db3ed2"
I20260601 13:22:23.909777 18186 tablet_service.cc:1917] Received RequestConsensusVote() RPC: tablet_id: "2d5fc746b7754f10bb74d4893b789c9a" candidate_uuid: "d31010a7fe444780a813b3b98c1f192f" candidate_term: 1 candidate_status { last_received { term: 0 index: 0 } } ignore_live_leader: false dest_uuid: "92d3c48519c340be89efc412a764846d"
I20260601 13:22:23.909781 18032 raft_consensus.cc:3060] T 2d5fc746b7754f10bb74d4893b789c9a P 607275bc0b934a4997983d6b05db3ed2 [term 0 FOLLOWER]: Advancing to term 1
I20260601 13:22:23.909898 18186 raft_consensus.cc:3060] T 2d5fc746b7754f10bb74d4893b789c9a P 92d3c48519c340be89efc412a764846d [term 0 FOLLOWER]: Advancing to term 1
I20260601 13:22:23.910724 18032 raft_consensus.cc:2468] T 2d5fc746b7754f10bb74d4893b789c9a P 607275bc0b934a4997983d6b05db3ed2 [term 1 FOLLOWER]: Leader election vote request: Granting yes vote for candidate d31010a7fe444780a813b3b98c1f192f in term 1.
I20260601 13:22:23.910888 18186 raft_consensus.cc:2468] T 2d5fc746b7754f10bb74d4893b789c9a P 92d3c48519c340be89efc412a764846d [term 1 FOLLOWER]: Leader election vote request: Granting yes vote for candidate d31010a7fe444780a813b3b98c1f192f in term 1.
I20260601 13:22:23.911193 18074 leader_election.cc:304] T 2d5fc746b7754f10bb74d4893b789c9a P d31010a7fe444780a813b3b98c1f192f [CANDIDATE]: Term 1 election: Election decided. Result: candidate won. Election summary: received 2 responses out of 3 voters: 2 yes votes; 0 no votes. yes voters: 92d3c48519c340be89efc412a764846d, d31010a7fe444780a813b3b98c1f192f; no voters: 
I20260601 13:22:23.911382 18273 raft_consensus.cc:2804] T 2d5fc746b7754f10bb74d4893b789c9a P d31010a7fe444780a813b3b98c1f192f [term 1 FOLLOWER]: Leader election won for term 1
I20260601 13:22:23.911495 18273 raft_consensus.cc:697] T 2d5fc746b7754f10bb74d4893b789c9a P d31010a7fe444780a813b3b98c1f192f [term 1 LEADER]: Becoming Leader. State: Replica: d31010a7fe444780a813b3b98c1f192f, State: Running, Role: LEADER
I20260601 13:22:23.911636 18273 consensus_queue.cc:237] T 2d5fc746b7754f10bb74d4893b789c9a P d31010a7fe444780a813b3b98c1f192f [LEADER]: Queue going to LEADER mode. State: All replicated index: 0, Majority replicated index: 0, Committed index: 0, Last appended: 0.0, Last appended by leader: 0, Current term: 1, Majority size: 2, State: 0, Mode: LEADER, active raft config: opid_index: -1 OBSOLETE_local: false peers { permanent_uuid: "607275bc0b934a4997983d6b05db3ed2" member_type: VOTER last_known_addr { host: "127.13.78.193" port: 37075 } } peers { permanent_uuid: "d31010a7fe444780a813b3b98c1f192f" member_type: VOTER last_known_addr { host: "127.13.78.194" port: 37909 } } peers { permanent_uuid: "92d3c48519c340be89efc412a764846d" member_type: VOTER last_known_addr { host: "127.13.78.195" port: 40699 } }
I20260601 13:22:23.913177 17932 catalog_manager.cc:5696] T 2d5fc746b7754f10bb74d4893b789c9a P d31010a7fe444780a813b3b98c1f192f reported cstate change: term changed from 0 to 1, leader changed from <none> to d31010a7fe444780a813b3b98c1f192f (127.13.78.194). New cstate: current_term: 1 leader_uuid: "d31010a7fe444780a813b3b98c1f192f" committed_config { opid_index: -1 OBSOLETE_local: false peers { permanent_uuid: "607275bc0b934a4997983d6b05db3ed2" member_type: VOTER last_known_addr { host: "127.13.78.193" port: 37075 } health_report { overall_health: UNKNOWN } } peers { permanent_uuid: "d31010a7fe444780a813b3b98c1f192f" member_type: VOTER last_known_addr { host: "127.13.78.194" port: 37909 } health_report { overall_health: HEALTHY } } peers { permanent_uuid: "92d3c48519c340be89efc412a764846d" member_type: VOTER last_known_addr { host: "127.13.78.195" port: 40699 } health_report { overall_health: UNKNOWN } } }
I20260601 13:22:23.938297 18268 raft_consensus.cc:493] T c4ccf13708e44bf7a097ed1eb16ee675 P d31010a7fe444780a813b3b98c1f192f [term 0 FOLLOWER]: Starting pre-election (no leader contacted us within the election timeout)
I20260601 13:22:23.938530 18268 raft_consensus.cc:515] T c4ccf13708e44bf7a097ed1eb16ee675 P d31010a7fe444780a813b3b98c1f192f [term 0 FOLLOWER]: Starting pre-election with config: opid_index: -1 OBSOLETE_local: false peers { permanent_uuid: "607275bc0b934a4997983d6b05db3ed2" member_type: VOTER last_known_addr { host: "127.13.78.193" port: 37075 } } peers { permanent_uuid: "d31010a7fe444780a813b3b98c1f192f" member_type: VOTER last_known_addr { host: "127.13.78.194" port: 37909 } } peers { permanent_uuid: "92d3c48519c340be89efc412a764846d" member_type: VOTER last_known_addr { host: "127.13.78.195" port: 40699 } }
I20260601 13:22:23.939028 18268 leader_election.cc:290] T c4ccf13708e44bf7a097ed1eb16ee675 P d31010a7fe444780a813b3b98c1f192f [CANDIDATE]: Term 1 pre-election: Requested pre-vote from peers 607275bc0b934a4997983d6b05db3ed2 (127.13.78.193:37075), 92d3c48519c340be89efc412a764846d (127.13.78.195:40699)
I20260601 13:22:23.939460 18032 tablet_service.cc:1917] Received RequestConsensusVote() RPC: tablet_id: "c4ccf13708e44bf7a097ed1eb16ee675" candidate_uuid: "d31010a7fe444780a813b3b98c1f192f" candidate_term: 1 candidate_status { last_received { term: 0 index: 0 } } ignore_live_leader: false dest_uuid: "607275bc0b934a4997983d6b05db3ed2" is_pre_election: true
I20260601 13:22:23.939460 18186 tablet_service.cc:1917] Received RequestConsensusVote() RPC: tablet_id: "c4ccf13708e44bf7a097ed1eb16ee675" candidate_uuid: "d31010a7fe444780a813b3b98c1f192f" candidate_term: 1 candidate_status { last_received { term: 0 index: 0 } } ignore_live_leader: false dest_uuid: "92d3c48519c340be89efc412a764846d" is_pre_election: true
I20260601 13:22:23.939646 18032 raft_consensus.cc:2468] T c4ccf13708e44bf7a097ed1eb16ee675 P 607275bc0b934a4997983d6b05db3ed2 [term 0 FOLLOWER]: Leader pre-election vote request: Granting yes vote for candidate d31010a7fe444780a813b3b98c1f192f in term 0.
I20260601 13:22:23.939672 18186 raft_consensus.cc:2468] T c4ccf13708e44bf7a097ed1eb16ee675 P 92d3c48519c340be89efc412a764846d [term 0 FOLLOWER]: Leader pre-election vote request: Granting yes vote for candidate d31010a7fe444780a813b3b98c1f192f in term 0.
I20260601 13:22:23.939972 18077 leader_election.cc:304] T c4ccf13708e44bf7a097ed1eb16ee675 P d31010a7fe444780a813b3b98c1f192f [CANDIDATE]: Term 1 pre-election: Election decided. Result: candidate won. Election summary: received 2 responses out of 3 voters: 2 yes votes; 0 no votes. yes voters: 607275bc0b934a4997983d6b05db3ed2, d31010a7fe444780a813b3b98c1f192f; no voters: 
I20260601 13:22:23.940164 18268 raft_consensus.cc:2804] T c4ccf13708e44bf7a097ed1eb16ee675 P d31010a7fe444780a813b3b98c1f192f [term 0 FOLLOWER]: Leader pre-election won for term 1
I20260601 13:22:23.940219 18268 raft_consensus.cc:493] T c4ccf13708e44bf7a097ed1eb16ee675 P d31010a7fe444780a813b3b98c1f192f [term 0 FOLLOWER]: Starting leader election (no leader contacted us within the election timeout)
I20260601 13:22:23.940248 18268 raft_consensus.cc:3060] T c4ccf13708e44bf7a097ed1eb16ee675 P d31010a7fe444780a813b3b98c1f192f [term 0 FOLLOWER]: Advancing to term 1
I20260601 13:22:23.941154 18268 raft_consensus.cc:515] T c4ccf13708e44bf7a097ed1eb16ee675 P d31010a7fe444780a813b3b98c1f192f [term 1 FOLLOWER]: Starting leader election with config: opid_index: -1 OBSOLETE_local: false peers { permanent_uuid: "607275bc0b934a4997983d6b05db3ed2" member_type: VOTER last_known_addr { host: "127.13.78.193" port: 37075 } } peers { permanent_uuid: "d31010a7fe444780a813b3b98c1f192f" member_type: VOTER last_known_addr { host: "127.13.78.194" port: 37909 } } peers { permanent_uuid: "92d3c48519c340be89efc412a764846d" member_type: VOTER last_known_addr { host: "127.13.78.195" port: 40699 } }
I20260601 13:22:23.941524 18268 leader_election.cc:290] T c4ccf13708e44bf7a097ed1eb16ee675 P d31010a7fe444780a813b3b98c1f192f [CANDIDATE]: Term 1 election: Requested vote from peers 607275bc0b934a4997983d6b05db3ed2 (127.13.78.193:37075), 92d3c48519c340be89efc412a764846d (127.13.78.195:40699)
I20260601 13:22:23.941782 18032 tablet_service.cc:1917] Received RequestConsensusVote() RPC: tablet_id: "c4ccf13708e44bf7a097ed1eb16ee675" candidate_uuid: "d31010a7fe444780a813b3b98c1f192f" candidate_term: 1 candidate_status { last_received { term: 0 index: 0 } } ignore_live_leader: false dest_uuid: "607275bc0b934a4997983d6b05db3ed2"
I20260601 13:22:23.941910 18032 raft_consensus.cc:3060] T c4ccf13708e44bf7a097ed1eb16ee675 P 607275bc0b934a4997983d6b05db3ed2 [term 0 FOLLOWER]: Advancing to term 1
I20260601 13:22:23.941929 18186 tablet_service.cc:1917] Received RequestConsensusVote() RPC: tablet_id: "c4ccf13708e44bf7a097ed1eb16ee675" candidate_uuid: "d31010a7fe444780a813b3b98c1f192f" candidate_term: 1 candidate_status { last_received { term: 0 index: 0 } } ignore_live_leader: false dest_uuid: "92d3c48519c340be89efc412a764846d"
I20260601 13:22:23.942041 18186 raft_consensus.cc:3060] T c4ccf13708e44bf7a097ed1eb16ee675 P 92d3c48519c340be89efc412a764846d [term 0 FOLLOWER]: Advancing to term 1
I20260601 13:22:23.942648 18032 raft_consensus.cc:2468] T c4ccf13708e44bf7a097ed1eb16ee675 P 607275bc0b934a4997983d6b05db3ed2 [term 1 FOLLOWER]: Leader election vote request: Granting yes vote for candidate d31010a7fe444780a813b3b98c1f192f in term 1.
I20260601 13:22:23.942843 18186 raft_consensus.cc:2468] T c4ccf13708e44bf7a097ed1eb16ee675 P 92d3c48519c340be89efc412a764846d [term 1 FOLLOWER]: Leader election vote request: Granting yes vote for candidate d31010a7fe444780a813b3b98c1f192f in term 1.
I20260601 13:22:23.942921 18077 leader_election.cc:304] T c4ccf13708e44bf7a097ed1eb16ee675 P d31010a7fe444780a813b3b98c1f192f [CANDIDATE]: Term 1 election: Election decided. Result: candidate won. Election summary: received 2 responses out of 3 voters: 2 yes votes; 0 no votes. yes voters: 607275bc0b934a4997983d6b05db3ed2, d31010a7fe444780a813b3b98c1f192f; no voters: 
I20260601 13:22:23.943081 18268 raft_consensus.cc:2804] T c4ccf13708e44bf7a097ed1eb16ee675 P d31010a7fe444780a813b3b98c1f192f [term 1 FOLLOWER]: Leader election won for term 1
I20260601 13:22:23.943174 18268 raft_consensus.cc:697] T c4ccf13708e44bf7a097ed1eb16ee675 P d31010a7fe444780a813b3b98c1f192f [term 1 LEADER]: Becoming Leader. State: Replica: d31010a7fe444780a813b3b98c1f192f, State: Running, Role: LEADER
I20260601 13:22:23.943333 18268 consensus_queue.cc:237] T c4ccf13708e44bf7a097ed1eb16ee675 P d31010a7fe444780a813b3b98c1f192f [LEADER]: Queue going to LEADER mode. State: All replicated index: 0, Majority replicated index: 0, Committed index: 0, Last appended: 0.0, Last appended by leader: 0, Current term: 1, Majority size: 2, State: 0, Mode: LEADER, active raft config: opid_index: -1 OBSOLETE_local: false peers { permanent_uuid: "607275bc0b934a4997983d6b05db3ed2" member_type: VOTER last_known_addr { host: "127.13.78.193" port: 37075 } } peers { permanent_uuid: "d31010a7fe444780a813b3b98c1f192f" member_type: VOTER last_known_addr { host: "127.13.78.194" port: 37909 } } peers { permanent_uuid: "92d3c48519c340be89efc412a764846d" member_type: VOTER last_known_addr { host: "127.13.78.195" port: 40699 } }
I20260601 13:22:23.945006 17932 catalog_manager.cc:5696] T c4ccf13708e44bf7a097ed1eb16ee675 P d31010a7fe444780a813b3b98c1f192f reported cstate change: term changed from 0 to 1, leader changed from <none> to d31010a7fe444780a813b3b98c1f192f (127.13.78.194). New cstate: current_term: 1 leader_uuid: "d31010a7fe444780a813b3b98c1f192f" committed_config { opid_index: -1 OBSOLETE_local: false peers { permanent_uuid: "607275bc0b934a4997983d6b05db3ed2" member_type: VOTER last_known_addr { host: "127.13.78.193" port: 37075 } health_report { overall_health: UNKNOWN } } peers { permanent_uuid: "d31010a7fe444780a813b3b98c1f192f" member_type: VOTER last_known_addr { host: "127.13.78.194" port: 37909 } health_report { overall_health: HEALTHY } } peers { permanent_uuid: "92d3c48519c340be89efc412a764846d" member_type: VOTER last_known_addr { host: "127.13.78.195" port: 40699 } health_report { overall_health: UNKNOWN } } }
I20260601 13:22:23.965345 18268 raft_consensus.cc:493] T 1cbaad4bd7ab4876a485c504aee692f3 P d31010a7fe444780a813b3b98c1f192f [term 0 FOLLOWER]: Starting pre-election (no leader contacted us within the election timeout)
I20260601 13:22:23.965556 18268 raft_consensus.cc:515] T 1cbaad4bd7ab4876a485c504aee692f3 P d31010a7fe444780a813b3b98c1f192f [term 0 FOLLOWER]: Starting pre-election with config: opid_index: -1 OBSOLETE_local: false peers { permanent_uuid: "607275bc0b934a4997983d6b05db3ed2" member_type: VOTER last_known_addr { host: "127.13.78.193" port: 37075 } } peers { permanent_uuid: "d31010a7fe444780a813b3b98c1f192f" member_type: VOTER last_known_addr { host: "127.13.78.194" port: 37909 } } peers { permanent_uuid: "92d3c48519c340be89efc412a764846d" member_type: VOTER last_known_addr { host: "127.13.78.195" port: 40699 } }
I20260601 13:22:23.966198 18268 leader_election.cc:290] T 1cbaad4bd7ab4876a485c504aee692f3 P d31010a7fe444780a813b3b98c1f192f [CANDIDATE]: Term 1 pre-election: Requested pre-vote from peers 607275bc0b934a4997983d6b05db3ed2 (127.13.78.193:37075), 92d3c48519c340be89efc412a764846d (127.13.78.195:40699)
I20260601 13:22:23.966425 18032 tablet_service.cc:1917] Received RequestConsensusVote() RPC: tablet_id: "1cbaad4bd7ab4876a485c504aee692f3" candidate_uuid: "d31010a7fe444780a813b3b98c1f192f" candidate_term: 1 candidate_status { last_received { term: 0 index: 0 } } ignore_live_leader: false dest_uuid: "607275bc0b934a4997983d6b05db3ed2" is_pre_election: true
I20260601 13:22:23.966526 18032 raft_consensus.cc:2468] T 1cbaad4bd7ab4876a485c504aee692f3 P 607275bc0b934a4997983d6b05db3ed2 [term 0 FOLLOWER]: Leader pre-election vote request: Granting yes vote for candidate d31010a7fe444780a813b3b98c1f192f in term 0.
I20260601 13:22:23.966472 18186 tablet_service.cc:1917] Received RequestConsensusVote() RPC: tablet_id: "1cbaad4bd7ab4876a485c504aee692f3" candidate_uuid: "d31010a7fe444780a813b3b98c1f192f" candidate_term: 1 candidate_status { last_received { term: 0 index: 0 } } ignore_live_leader: false dest_uuid: "92d3c48519c340be89efc412a764846d" is_pre_election: true
I20260601 13:22:23.966696 18186 raft_consensus.cc:2468] T 1cbaad4bd7ab4876a485c504aee692f3 P 92d3c48519c340be89efc412a764846d [term 0 FOLLOWER]: Leader pre-election vote request: Granting yes vote for candidate d31010a7fe444780a813b3b98c1f192f in term 0.
I20260601 13:22:23.966831 18077 leader_election.cc:304] T 1cbaad4bd7ab4876a485c504aee692f3 P d31010a7fe444780a813b3b98c1f192f [CANDIDATE]: Term 1 pre-election: Election decided. Result: candidate won. Election summary: received 2 responses out of 3 voters: 2 yes votes; 0 no votes. yes voters: 607275bc0b934a4997983d6b05db3ed2, d31010a7fe444780a813b3b98c1f192f; no voters: 
I20260601 13:22:23.967033 18268 raft_consensus.cc:2804] T 1cbaad4bd7ab4876a485c504aee692f3 P d31010a7fe444780a813b3b98c1f192f [term 0 FOLLOWER]: Leader pre-election won for term 1
I20260601 13:22:23.967092 18268 raft_consensus.cc:493] T 1cbaad4bd7ab4876a485c504aee692f3 P d31010a7fe444780a813b3b98c1f192f [term 0 FOLLOWER]: Starting leader election (no leader contacted us within the election timeout)
I20260601 13:22:23.967145 18268 raft_consensus.cc:3060] T 1cbaad4bd7ab4876a485c504aee692f3 P d31010a7fe444780a813b3b98c1f192f [term 0 FOLLOWER]: Advancing to term 1
I20260601 13:22:23.967978 18268 raft_consensus.cc:515] T 1cbaad4bd7ab4876a485c504aee692f3 P d31010a7fe444780a813b3b98c1f192f [term 1 FOLLOWER]: Starting leader election with config: opid_index: -1 OBSOLETE_local: false peers { permanent_uuid: "607275bc0b934a4997983d6b05db3ed2" member_type: VOTER last_known_addr { host: "127.13.78.193" port: 37075 } } peers { permanent_uuid: "d31010a7fe444780a813b3b98c1f192f" member_type: VOTER last_known_addr { host: "127.13.78.194" port: 37909 } } peers { permanent_uuid: "92d3c48519c340be89efc412a764846d" member_type: VOTER last_known_addr { host: "127.13.78.195" port: 40699 } }
I20260601 13:22:23.968304 18268 leader_election.cc:290] T 1cbaad4bd7ab4876a485c504aee692f3 P d31010a7fe444780a813b3b98c1f192f [CANDIDATE]: Term 1 election: Requested vote from peers 607275bc0b934a4997983d6b05db3ed2 (127.13.78.193:37075), 92d3c48519c340be89efc412a764846d (127.13.78.195:40699)
I20260601 13:22:23.968624 18032 tablet_service.cc:1917] Received RequestConsensusVote() RPC: tablet_id: "1cbaad4bd7ab4876a485c504aee692f3" candidate_uuid: "d31010a7fe444780a813b3b98c1f192f" candidate_term: 1 candidate_status { last_received { term: 0 index: 0 } } ignore_live_leader: false dest_uuid: "607275bc0b934a4997983d6b05db3ed2"
I20260601 13:22:23.968628 18186 tablet_service.cc:1917] Received RequestConsensusVote() RPC: tablet_id: "1cbaad4bd7ab4876a485c504aee692f3" candidate_uuid: "d31010a7fe444780a813b3b98c1f192f" candidate_term: 1 candidate_status { last_received { term: 0 index: 0 } } ignore_live_leader: false dest_uuid: "92d3c48519c340be89efc412a764846d"
I20260601 13:22:23.968720 18032 raft_consensus.cc:3060] T 1cbaad4bd7ab4876a485c504aee692f3 P 607275bc0b934a4997983d6b05db3ed2 [term 0 FOLLOWER]: Advancing to term 1
I20260601 13:22:23.968765 18186 raft_consensus.cc:3060] T 1cbaad4bd7ab4876a485c504aee692f3 P 92d3c48519c340be89efc412a764846d [term 0 FOLLOWER]: Advancing to term 1
I20260601 13:22:23.969717 18186 raft_consensus.cc:2468] T 1cbaad4bd7ab4876a485c504aee692f3 P 92d3c48519c340be89efc412a764846d [term 1 FOLLOWER]: Leader election vote request: Granting yes vote for candidate d31010a7fe444780a813b3b98c1f192f in term 1.
I20260601 13:22:23.969813 18032 raft_consensus.cc:2468] T 1cbaad4bd7ab4876a485c504aee692f3 P 607275bc0b934a4997983d6b05db3ed2 [term 1 FOLLOWER]: Leader election vote request: Granting yes vote for candidate d31010a7fe444780a813b3b98c1f192f in term 1.
I20260601 13:22:23.970037 18074 leader_election.cc:304] T 1cbaad4bd7ab4876a485c504aee692f3 P d31010a7fe444780a813b3b98c1f192f [CANDIDATE]: Term 1 election: Election decided. Result: candidate won. Election summary: received 2 responses out of 3 voters: 2 yes votes; 0 no votes. yes voters: 92d3c48519c340be89efc412a764846d, d31010a7fe444780a813b3b98c1f192f; no voters: 
I20260601 13:22:23.970194 18268 raft_consensus.cc:2804] T 1cbaad4bd7ab4876a485c504aee692f3 P d31010a7fe444780a813b3b98c1f192f [term 1 FOLLOWER]: Leader election won for term 1
I20260601 13:22:23.970286 18268 raft_consensus.cc:697] T 1cbaad4bd7ab4876a485c504aee692f3 P d31010a7fe444780a813b3b98c1f192f [term 1 LEADER]: Becoming Leader. State: Replica: d31010a7fe444780a813b3b98c1f192f, State: Running, Role: LEADER
I20260601 13:22:23.970448 18268 consensus_queue.cc:237] T 1cbaad4bd7ab4876a485c504aee692f3 P d31010a7fe444780a813b3b98c1f192f [LEADER]: Queue going to LEADER mode. State: All replicated index: 0, Majority replicated index: 0, Committed index: 0, Last appended: 0.0, Last appended by leader: 0, Current term: 1, Majority size: 2, State: 0, Mode: LEADER, active raft config: opid_index: -1 OBSOLETE_local: false peers { permanent_uuid: "607275bc0b934a4997983d6b05db3ed2" member_type: VOTER last_known_addr { host: "127.13.78.193" port: 37075 } } peers { permanent_uuid: "d31010a7fe444780a813b3b98c1f192f" member_type: VOTER last_known_addr { host: "127.13.78.194" port: 37909 } } peers { permanent_uuid: "92d3c48519c340be89efc412a764846d" member_type: VOTER last_known_addr { host: "127.13.78.195" port: 40699 } }
I20260601 13:22:23.972034 17932 catalog_manager.cc:5696] T 1cbaad4bd7ab4876a485c504aee692f3 P d31010a7fe444780a813b3b98c1f192f reported cstate change: term changed from 0 to 1, leader changed from <none> to d31010a7fe444780a813b3b98c1f192f (127.13.78.194). New cstate: current_term: 1 leader_uuid: "d31010a7fe444780a813b3b98c1f192f" committed_config { opid_index: -1 OBSOLETE_local: false peers { permanent_uuid: "607275bc0b934a4997983d6b05db3ed2" member_type: VOTER last_known_addr { host: "127.13.78.193" port: 37075 } health_report { overall_health: UNKNOWN } } peers { permanent_uuid: "d31010a7fe444780a813b3b98c1f192f" member_type: VOTER last_known_addr { host: "127.13.78.194" port: 37909 } health_report { overall_health: HEALTHY } } peers { permanent_uuid: "92d3c48519c340be89efc412a764846d" member_type: VOTER last_known_addr { host: "127.13.78.195" port: 40699 } health_report { overall_health: UNKNOWN } } }
I20260601 13:22:24.086736 18242 raft_consensus.cc:493] T 2bf9cf8f4cb64ff9acef617998d58f82 P 607275bc0b934a4997983d6b05db3ed2 [term 0 FOLLOWER]: Starting pre-election (no leader contacted us within the election timeout)
I20260601 13:22:24.086879 18242 raft_consensus.cc:515] T 2bf9cf8f4cb64ff9acef617998d58f82 P 607275bc0b934a4997983d6b05db3ed2 [term 0 FOLLOWER]: Starting pre-election with config: opid_index: -1 OBSOLETE_local: false peers { permanent_uuid: "607275bc0b934a4997983d6b05db3ed2" member_type: VOTER last_known_addr { host: "127.13.78.193" port: 37075 } } peers { permanent_uuid: "d31010a7fe444780a813b3b98c1f192f" member_type: VOTER last_known_addr { host: "127.13.78.194" port: 37909 } } peers { permanent_uuid: "92d3c48519c340be89efc412a764846d" member_type: VOTER last_known_addr { host: "127.13.78.195" port: 40699 } }
I20260601 13:22:24.087483 18242 leader_election.cc:290] T 2bf9cf8f4cb64ff9acef617998d58f82 P 607275bc0b934a4997983d6b05db3ed2 [CANDIDATE]: Term 1 pre-election: Requested pre-vote from peers d31010a7fe444780a813b3b98c1f192f (127.13.78.194:37909), 92d3c48519c340be89efc412a764846d (127.13.78.195:40699)
I20260601 13:22:24.087787 18111 tablet_service.cc:1917] Received RequestConsensusVote() RPC: tablet_id: "2bf9cf8f4cb64ff9acef617998d58f82" candidate_uuid: "607275bc0b934a4997983d6b05db3ed2" candidate_term: 1 candidate_status { last_received { term: 0 index: 0 } } ignore_live_leader: false dest_uuid: "d31010a7fe444780a813b3b98c1f192f" is_pre_election: true
I20260601 13:22:24.087921 18186 tablet_service.cc:1917] Received RequestConsensusVote() RPC: tablet_id: "2bf9cf8f4cb64ff9acef617998d58f82" candidate_uuid: "607275bc0b934a4997983d6b05db3ed2" candidate_term: 1 candidate_status { last_received { term: 0 index: 0 } } ignore_live_leader: false dest_uuid: "92d3c48519c340be89efc412a764846d" is_pre_election: true
I20260601 13:22:24.087962 18111 raft_consensus.cc:2468] T 2bf9cf8f4cb64ff9acef617998d58f82 P d31010a7fe444780a813b3b98c1f192f [term 0 FOLLOWER]: Leader pre-election vote request: Granting yes vote for candidate 607275bc0b934a4997983d6b05db3ed2 in term 0.
I20260601 13:22:24.088016 18186 raft_consensus.cc:2468] T 2bf9cf8f4cb64ff9acef617998d58f82 P 92d3c48519c340be89efc412a764846d [term 0 FOLLOWER]: Leader pre-election vote request: Granting yes vote for candidate 607275bc0b934a4997983d6b05db3ed2 in term 0.
I20260601 13:22:24.088289 18001 leader_election.cc:304] T 2bf9cf8f4cb64ff9acef617998d58f82 P 607275bc0b934a4997983d6b05db3ed2 [CANDIDATE]: Term 1 pre-election: Election decided. Result: candidate won. Election summary: received 2 responses out of 3 voters: 2 yes votes; 0 no votes. yes voters: 607275bc0b934a4997983d6b05db3ed2, d31010a7fe444780a813b3b98c1f192f; no voters: 
I20260601 13:22:24.088482 18242 raft_consensus.cc:2804] T 2bf9cf8f4cb64ff9acef617998d58f82 P 607275bc0b934a4997983d6b05db3ed2 [term 0 FOLLOWER]: Leader pre-election won for term 1
I20260601 13:22:24.088541 18242 raft_consensus.cc:493] T 2bf9cf8f4cb64ff9acef617998d58f82 P 607275bc0b934a4997983d6b05db3ed2 [term 0 FOLLOWER]: Starting leader election (no leader contacted us within the election timeout)
I20260601 13:22:24.088568 18242 raft_consensus.cc:3060] T 2bf9cf8f4cb64ff9acef617998d58f82 P 607275bc0b934a4997983d6b05db3ed2 [term 0 FOLLOWER]: Advancing to term 1
I20260601 13:22:24.089511 18242 raft_consensus.cc:515] T 2bf9cf8f4cb64ff9acef617998d58f82 P 607275bc0b934a4997983d6b05db3ed2 [term 1 FOLLOWER]: Starting leader election with config: opid_index: -1 OBSOLETE_local: false peers { permanent_uuid: "607275bc0b934a4997983d6b05db3ed2" member_type: VOTER last_known_addr { host: "127.13.78.193" port: 37075 } } peers { permanent_uuid: "d31010a7fe444780a813b3b98c1f192f" member_type: VOTER last_known_addr { host: "127.13.78.194" port: 37909 } } peers { permanent_uuid: "92d3c48519c340be89efc412a764846d" member_type: VOTER last_known_addr { host: "127.13.78.195" port: 40699 } }
I20260601 13:22:24.089862 18242 leader_election.cc:290] T 2bf9cf8f4cb64ff9acef617998d58f82 P 607275bc0b934a4997983d6b05db3ed2 [CANDIDATE]: Term 1 election: Requested vote from peers d31010a7fe444780a813b3b98c1f192f (127.13.78.194:37909), 92d3c48519c340be89efc412a764846d (127.13.78.195:40699)
I20260601 13:22:24.090186 18111 tablet_service.cc:1917] Received RequestConsensusVote() RPC: tablet_id: "2bf9cf8f4cb64ff9acef617998d58f82" candidate_uuid: "607275bc0b934a4997983d6b05db3ed2" candidate_term: 1 candidate_status { last_received { term: 0 index: 0 } } ignore_live_leader: false dest_uuid: "d31010a7fe444780a813b3b98c1f192f"
I20260601 13:22:24.090186 18186 tablet_service.cc:1917] Received RequestConsensusVote() RPC: tablet_id: "2bf9cf8f4cb64ff9acef617998d58f82" candidate_uuid: "607275bc0b934a4997983d6b05db3ed2" candidate_term: 1 candidate_status { last_received { term: 0 index: 0 } } ignore_live_leader: false dest_uuid: "92d3c48519c340be89efc412a764846d"
I20260601 13:22:24.090322 18111 raft_consensus.cc:3060] T 2bf9cf8f4cb64ff9acef617998d58f82 P d31010a7fe444780a813b3b98c1f192f [term 0 FOLLOWER]: Advancing to term 1
I20260601 13:22:24.090322 18186 raft_consensus.cc:3060] T 2bf9cf8f4cb64ff9acef617998d58f82 P 92d3c48519c340be89efc412a764846d [term 0 FOLLOWER]: Advancing to term 1
I20260601 13:22:24.091244 18111 raft_consensus.cc:2468] T 2bf9cf8f4cb64ff9acef617998d58f82 P d31010a7fe444780a813b3b98c1f192f [term 1 FOLLOWER]: Leader election vote request: Granting yes vote for candidate 607275bc0b934a4997983d6b05db3ed2 in term 1.
I20260601 13:22:24.091244 18186 raft_consensus.cc:2468] T 2bf9cf8f4cb64ff9acef617998d58f82 P 92d3c48519c340be89efc412a764846d [term 1 FOLLOWER]: Leader election vote request: Granting yes vote for candidate 607275bc0b934a4997983d6b05db3ed2 in term 1.
I20260601 13:22:24.091594 17998 leader_election.cc:304] T 2bf9cf8f4cb64ff9acef617998d58f82 P 607275bc0b934a4997983d6b05db3ed2 [CANDIDATE]: Term 1 election: Election decided. Result: candidate won. Election summary: received 2 responses out of 3 voters: 2 yes votes; 0 no votes. yes voters: 607275bc0b934a4997983d6b05db3ed2, 92d3c48519c340be89efc412a764846d; no voters: 
I20260601 13:22:24.091809 18242 raft_consensus.cc:2804] T 2bf9cf8f4cb64ff9acef617998d58f82 P 607275bc0b934a4997983d6b05db3ed2 [term 1 FOLLOWER]: Leader election won for term 1
I20260601 13:22:24.091928 18242 raft_consensus.cc:697] T 2bf9cf8f4cb64ff9acef617998d58f82 P 607275bc0b934a4997983d6b05db3ed2 [term 1 LEADER]: Becoming Leader. State: Replica: 607275bc0b934a4997983d6b05db3ed2, State: Running, Role: LEADER
I20260601 13:22:24.091991 18268 consensus_queue.cc:1048] T af234f6e30fc4114b34ef0bed0aeae11 P d31010a7fe444780a813b3b98c1f192f [LEADER]: Connected to new peer: Peer: permanent_uuid: "92d3c48519c340be89efc412a764846d" member_type: VOTER last_known_addr { host: "127.13.78.195" port: 40699 }, Status: LMP_MISMATCH, Last received: 0.0, Next index: 1, Last known committed idx: 0, Time since last communication: 0.000s
I20260601 13:22:24.092063 18242 consensus_queue.cc:237] T 2bf9cf8f4cb64ff9acef617998d58f82 P 607275bc0b934a4997983d6b05db3ed2 [LEADER]: Queue going to LEADER mode. State: All replicated index: 0, Majority replicated index: 0, Committed index: 0, Last appended: 0.0, Last appended by leader: 0, Current term: 1, Majority size: 2, State: 0, Mode: LEADER, active raft config: opid_index: -1 OBSOLETE_local: false peers { permanent_uuid: "607275bc0b934a4997983d6b05db3ed2" member_type: VOTER last_known_addr { host: "127.13.78.193" port: 37075 } } peers { permanent_uuid: "d31010a7fe444780a813b3b98c1f192f" member_type: VOTER last_known_addr { host: "127.13.78.194" port: 37909 } } peers { permanent_uuid: "92d3c48519c340be89efc412a764846d" member_type: VOTER last_known_addr { host: "127.13.78.195" port: 40699 } }
I20260601 13:22:24.093756 17932 catalog_manager.cc:5696] T 2bf9cf8f4cb64ff9acef617998d58f82 P 607275bc0b934a4997983d6b05db3ed2 reported cstate change: term changed from 0 to 1, leader changed from <none> to 607275bc0b934a4997983d6b05db3ed2 (127.13.78.193). New cstate: current_term: 1 leader_uuid: "607275bc0b934a4997983d6b05db3ed2" committed_config { opid_index: -1 OBSOLETE_local: false peers { permanent_uuid: "607275bc0b934a4997983d6b05db3ed2" member_type: VOTER last_known_addr { host: "127.13.78.193" port: 37075 } health_report { overall_health: HEALTHY } } peers { permanent_uuid: "d31010a7fe444780a813b3b98c1f192f" member_type: VOTER last_known_addr { host: "127.13.78.194" port: 37909 } health_report { overall_health: UNKNOWN } } peers { permanent_uuid: "92d3c48519c340be89efc412a764846d" member_type: VOTER last_known_addr { host: "127.13.78.195" port: 40699 } health_report { overall_health: UNKNOWN } } }
I20260601 13:22:24.096174 18269 consensus_queue.cc:1048] T af234f6e30fc4114b34ef0bed0aeae11 P d31010a7fe444780a813b3b98c1f192f [LEADER]: Connected to new peer: Peer: permanent_uuid: "607275bc0b934a4997983d6b05db3ed2" member_type: VOTER last_known_addr { host: "127.13.78.193" port: 37075 }, Status: LMP_MISMATCH, Last received: 0.0, Next index: 1, Last known committed idx: 0, Time since last communication: 0.000s
I20260601 13:22:24.117861 18249 consensus_queue.cc:1048] T e64260fa07d44256a5f9870165828f3e P 92d3c48519c340be89efc412a764846d [LEADER]: Connected to new peer: Peer: permanent_uuid: "d31010a7fe444780a813b3b98c1f192f" member_type: VOTER last_known_addr { host: "127.13.78.194" port: 37909 }, Status: LMP_MISMATCH, Last received: 0.0, Next index: 1, Last known committed idx: 0, Time since last communication: 0.000s
I20260601 13:22:24.121057 18249 consensus_queue.cc:1048] T e64260fa07d44256a5f9870165828f3e P 92d3c48519c340be89efc412a764846d [LEADER]: Connected to new peer: Peer: permanent_uuid: "607275bc0b934a4997983d6b05db3ed2" member_type: VOTER last_known_addr { host: "127.13.78.193" port: 37075 }, Status: LMP_MISMATCH, Last received: 0.0, Next index: 1, Last known committed idx: 0, Time since last communication: 0.000s
I20260601 13:22:24.180866 18269 consensus_queue.cc:1048] T 005aa78b27934297a5d3f8303f3fc406 P d31010a7fe444780a813b3b98c1f192f [LEADER]: Connected to new peer: Peer: permanent_uuid: "607275bc0b934a4997983d6b05db3ed2" member_type: VOTER last_known_addr { host: "127.13.78.193" port: 37075 }, Status: LMP_MISMATCH, Last received: 0.0, Next index: 1, Last known committed idx: 0, Time since last communication: 0.000s
I20260601 13:22:24.183997 18268 consensus_queue.cc:1048] T 005aa78b27934297a5d3f8303f3fc406 P d31010a7fe444780a813b3b98c1f192f [LEADER]: Connected to new peer: Peer: permanent_uuid: "92d3c48519c340be89efc412a764846d" member_type: VOTER last_known_addr { host: "127.13.78.195" port: 40699 }, Status: LMP_MISMATCH, Last received: 0.0, Next index: 1, Last known committed idx: 0, Time since last communication: 0.000s
I20260601 13:22:24.237258 18182 raft_consensus.cc:1275] T 051c783872124808927aa8171b5ae9a1 P 92d3c48519c340be89efc412a764846d [term 1 FOLLOWER]: Refusing update from remote peer 607275bc0b934a4997983d6b05db3ed2: Log matching property violated. Preceding OpId in replica: term: 0 index: 0. Preceding OpId from leader: term: 1 index: 4. (index mismatch)
I20260601 13:22:24.237609 18185 raft_consensus.cc:1275] T 2bf9cf8f4cb64ff9acef617998d58f82 P 92d3c48519c340be89efc412a764846d [term 1 FOLLOWER]: Refusing update from remote peer 607275bc0b934a4997983d6b05db3ed2: Log matching property violated. Preceding OpId in replica: term: 0 index: 0. Preceding OpId from leader: term: 1 index: 3. (index mismatch)
I20260601 13:22:24.237799 18184 raft_consensus.cc:1275] T 0f2f5c1d99874113910bf5a2968eed93 P 92d3c48519c340be89efc412a764846d [term 1 FOLLOWER]: Refusing update from remote peer 607275bc0b934a4997983d6b05db3ed2: Log matching property violated. Preceding OpId in replica: term: 0 index: 0. Preceding OpId from leader: term: 1 index: 3. (index mismatch)
I20260601 13:22:24.237869 18183 raft_consensus.cc:1275] T 0285812353f34ce4af3c6a9620bba82d P 92d3c48519c340be89efc412a764846d [term 1 FOLLOWER]: Refusing update from remote peer 607275bc0b934a4997983d6b05db3ed2: Log matching property violated. Preceding OpId in replica: term: 0 index: 0. Preceding OpId from leader: term: 1 index: 3. (index mismatch)
I20260601 13:22:24.239003 18111 raft_consensus.cc:1275] T 051c783872124808927aa8171b5ae9a1 P d31010a7fe444780a813b3b98c1f192f [term 1 FOLLOWER]: Refusing update from remote peer 607275bc0b934a4997983d6b05db3ed2: Log matching property violated. Preceding OpId in replica: term: 0 index: 0. Preceding OpId from leader: term: 1 index: 4. (index mismatch)
I20260601 13:22:24.239298 18110 raft_consensus.cc:1275] T 2bf9cf8f4cb64ff9acef617998d58f82 P d31010a7fe444780a813b3b98c1f192f [term 1 FOLLOWER]: Refusing update from remote peer 607275bc0b934a4997983d6b05db3ed2: Log matching property violated. Preceding OpId in replica: term: 0 index: 0. Preceding OpId from leader: term: 1 index: 3. (index mismatch)
I20260601 13:22:24.239589 18109 raft_consensus.cc:1275] T 0f2f5c1d99874113910bf5a2968eed93 P d31010a7fe444780a813b3b98c1f192f [term 1 FOLLOWER]: Refusing update from remote peer 607275bc0b934a4997983d6b05db3ed2: Log matching property violated. Preceding OpId in replica: term: 0 index: 0. Preceding OpId from leader: term: 1 index: 4. (index mismatch)
I20260601 13:22:24.239862 18108 raft_consensus.cc:1275] T 0285812353f34ce4af3c6a9620bba82d P d31010a7fe444780a813b3b98c1f192f [term 1 FOLLOWER]: Refusing update from remote peer 607275bc0b934a4997983d6b05db3ed2: Log matching property violated. Preceding OpId in replica: term: 0 index: 0. Preceding OpId from leader: term: 1 index: 3. (index mismatch)
I20260601 13:22:24.240844 18031 raft_consensus.cc:1275] T c4ccf13708e44bf7a097ed1eb16ee675 P 607275bc0b934a4997983d6b05db3ed2 [term 1 FOLLOWER]: Refusing update from remote peer d31010a7fe444780a813b3b98c1f192f: Log matching property violated. Preceding OpId in replica: term: 0 index: 0. Preceding OpId from leader: term: 1 index: 2. (index mismatch)
I20260601 13:22:24.241353 18034 raft_consensus.cc:1275] T 2d5fc746b7754f10bb74d4893b789c9a P 607275bc0b934a4997983d6b05db3ed2 [term 1 FOLLOWER]: Refusing update from remote peer d31010a7fe444780a813b3b98c1f192f: Log matching property violated. Preceding OpId in replica: term: 0 index: 0. Preceding OpId from leader: term: 1 index: 2. (index mismatch)
I20260601 13:22:24.241685 18035 raft_consensus.cc:1275] T 1cbaad4bd7ab4876a485c504aee692f3 P 607275bc0b934a4997983d6b05db3ed2 [term 1 FOLLOWER]: Refusing update from remote peer d31010a7fe444780a813b3b98c1f192f: Log matching property violated. Preceding OpId in replica: term: 0 index: 0. Preceding OpId from leader: term: 1 index: 2. (index mismatch)
I20260601 13:22:24.241953 18244 consensus_queue.cc:1048] T 051c783872124808927aa8171b5ae9a1 P 607275bc0b934a4997983d6b05db3ed2 [LEADER]: Connected to new peer: Peer: permanent_uuid: "d31010a7fe444780a813b3b98c1f192f" member_type: VOTER last_known_addr { host: "127.13.78.194" port: 37909 }, Status: LMP_MISMATCH, Last received: 0.0, Next index: 1, Last known committed idx: 0, Time since last communication: 0.000s
I20260601 13:22:24.242261 18244 consensus_queue.cc:1048] T 2bf9cf8f4cb64ff9acef617998d58f82 P 607275bc0b934a4997983d6b05db3ed2 [LEADER]: Connected to new peer: Peer: permanent_uuid: "d31010a7fe444780a813b3b98c1f192f" member_type: VOTER last_known_addr { host: "127.13.78.194" port: 37909 }, Status: LMP_MISMATCH, Last received: 0.0, Next index: 1, Last known committed idx: 0, Time since last communication: 0.000s
I20260601 13:22:24.242511 18244 consensus_queue.cc:1048] T 0f2f5c1d99874113910bf5a2968eed93 P 607275bc0b934a4997983d6b05db3ed2 [LEADER]: Connected to new peer: Peer: permanent_uuid: "d31010a7fe444780a813b3b98c1f192f" member_type: VOTER last_known_addr { host: "127.13.78.194" port: 37909 }, Status: LMP_MISMATCH, Last received: 0.0, Next index: 1, Last known committed idx: 0, Time since last communication: 0.000s
I20260601 13:22:24.242781 18244 consensus_queue.cc:1048] T 0285812353f34ce4af3c6a9620bba82d P 607275bc0b934a4997983d6b05db3ed2 [LEADER]: Connected to new peer: Peer: permanent_uuid: "d31010a7fe444780a813b3b98c1f192f" member_type: VOTER last_known_addr { host: "127.13.78.194" port: 37909 }, Status: LMP_MISMATCH, Last received: 0.0, Next index: 1, Last known committed idx: 0, Time since last communication: 0.000s
I20260601 13:22:24.242990 18268 consensus_queue.cc:1048] T c4ccf13708e44bf7a097ed1eb16ee675 P d31010a7fe444780a813b3b98c1f192f [LEADER]: Connected to new peer: Peer: permanent_uuid: "607275bc0b934a4997983d6b05db3ed2" member_type: VOTER last_known_addr { host: "127.13.78.193" port: 37075 }, Status: LMP_MISMATCH, Last received: 0.0, Next index: 1, Last known committed idx: 0, Time since last communication: 0.000s
I20260601 13:22:24.243384 18032 raft_consensus.cc:1275] T 42a21e7421694ecb9a7f989c216618ae P 607275bc0b934a4997983d6b05db3ed2 [term 1 FOLLOWER]: Refusing update from remote peer d31010a7fe444780a813b3b98c1f192f: Log matching property violated. Preceding OpId in replica: term: 0 index: 0. Preceding OpId from leader: term: 1 index: 2. (index mismatch)
I20260601 13:22:24.241389 18031 raft_consensus.cc:1275] T 2bfb93bb71b04f92959ad7e54b5c2452 P 607275bc0b934a4997983d6b05db3ed2 [term 1 FOLLOWER]: Refusing update from remote peer 92d3c48519c340be89efc412a764846d: Log matching property violated. Preceding OpId in replica: term: 0 index: 0. Preceding OpId from leader: term: 1 index: 4. (index mismatch)
I20260601 13:22:24.244403 18269 consensus_queue.cc:1048] T 2d5fc746b7754f10bb74d4893b789c9a P d31010a7fe444780a813b3b98c1f192f [LEADER]: Connected to new peer: Peer: permanent_uuid: "607275bc0b934a4997983d6b05db3ed2" member_type: VOTER last_known_addr { host: "127.13.78.193" port: 37075 }, Status: LMP_MISMATCH, Last received: 0.0, Next index: 1, Last known committed idx: 0, Time since last communication: 0.000s
I20260601 13:22:24.244699 18269 consensus_queue.cc:1048] T 1cbaad4bd7ab4876a485c504aee692f3 P d31010a7fe444780a813b3b98c1f192f [LEADER]: Connected to new peer: Peer: permanent_uuid: "607275bc0b934a4997983d6b05db3ed2" member_type: VOTER last_known_addr { host: "127.13.78.193" port: 37075 }, Status: LMP_MISMATCH, Last received: 0.0, Next index: 1, Last known committed idx: 0, Time since last communication: 0.000s
I20260601 13:22:24.245062 18268 consensus_queue.cc:1048] T 42a21e7421694ecb9a7f989c216618ae P d31010a7fe444780a813b3b98c1f192f [LEADER]: Connected to new peer: Peer: permanent_uuid: "607275bc0b934a4997983d6b05db3ed2" member_type: VOTER last_known_addr { host: "127.13.78.193" port: 37075 }, Status: LMP_MISMATCH, Last received: 0.0, Next index: 1, Last known committed idx: 0, Time since last communication: 0.000s
I20260601 13:22:24.246320 18242 consensus_queue.cc:1048] T 051c783872124808927aa8171b5ae9a1 P 607275bc0b934a4997983d6b05db3ed2 [LEADER]: Connected to new peer: Peer: permanent_uuid: "92d3c48519c340be89efc412a764846d" member_type: VOTER last_known_addr { host: "127.13.78.195" port: 40699 }, Status: LMP_MISMATCH, Last received: 0.0, Next index: 1, Last known committed idx: 0, Time since last communication: 0.000s
I20260601 13:22:24.246688 18108 raft_consensus.cc:1275] T 2bfb93bb71b04f92959ad7e54b5c2452 P d31010a7fe444780a813b3b98c1f192f [term 1 FOLLOWER]: Refusing update from remote peer 92d3c48519c340be89efc412a764846d: Log matching property violated. Preceding OpId in replica: term: 0 index: 0. Preceding OpId from leader: term: 1 index: 4. (index mismatch)
I20260601 13:22:24.247017 18348 consensus_queue.cc:1048] T 2bf9cf8f4cb64ff9acef617998d58f82 P 607275bc0b934a4997983d6b05db3ed2 [LEADER]: Connected to new peer: Peer: permanent_uuid: "92d3c48519c340be89efc412a764846d" member_type: VOTER last_known_addr { host: "127.13.78.195" port: 40699 }, Status: LMP_MISMATCH, Last received: 0.0, Next index: 1, Last known committed idx: 0, Time since last communication: 0.000s
I20260601 13:22:24.247164 18242 consensus_queue.cc:1048] T 0f2f5c1d99874113910bf5a2968eed93 P 607275bc0b934a4997983d6b05db3ed2 [LEADER]: Connected to new peer: Peer: permanent_uuid: "92d3c48519c340be89efc412a764846d" member_type: VOTER last_known_addr { host: "127.13.78.195" port: 40699 }, Status: LMP_MISMATCH, Last received: 0.0, Next index: 1, Last known committed idx: 0, Time since last communication: 0.000s
I20260601 13:22:24.247457 18242 consensus_queue.cc:1048] T 0285812353f34ce4af3c6a9620bba82d P 607275bc0b934a4997983d6b05db3ed2 [LEADER]: Connected to new peer: Peer: permanent_uuid: "92d3c48519c340be89efc412a764846d" member_type: VOTER last_known_addr { host: "127.13.78.195" port: 40699 }, Status: LMP_MISMATCH, Last received: 0.0, Next index: 1, Last known committed idx: 0, Time since last communication: 0.000s
I20260601 13:22:24.251766 18338 consensus_queue.cc:1048] T 2bfb93bb71b04f92959ad7e54b5c2452 P 92d3c48519c340be89efc412a764846d [LEADER]: Connected to new peer: Peer: permanent_uuid: "607275bc0b934a4997983d6b05db3ed2" member_type: VOTER last_known_addr { host: "127.13.78.193" port: 37075 }, Status: LMP_MISMATCH, Last received: 0.0, Next index: 1, Last known committed idx: 0, Time since last communication: 0.000s
I20260601 13:22:24.251870 18184 raft_consensus.cc:1275] T 2d5fc746b7754f10bb74d4893b789c9a P 92d3c48519c340be89efc412a764846d [term 1 FOLLOWER]: Refusing update from remote peer d31010a7fe444780a813b3b98c1f192f: Log matching property violated. Preceding OpId in replica: term: 0 index: 0. Preceding OpId from leader: term: 1 index: 2. (index mismatch)
I20260601 13:22:24.252166 18182 raft_consensus.cc:1275] T c4ccf13708e44bf7a097ed1eb16ee675 P 92d3c48519c340be89efc412a764846d [term 1 FOLLOWER]: Refusing update from remote peer d31010a7fe444780a813b3b98c1f192f: Log matching property violated. Preceding OpId in replica: term: 0 index: 0. Preceding OpId from leader: term: 1 index: 2. (index mismatch)
I20260601 13:22:24.252197 18186 raft_consensus.cc:1275] T 42a21e7421694ecb9a7f989c216618ae P 92d3c48519c340be89efc412a764846d [term 1 FOLLOWER]: Refusing update from remote peer d31010a7fe444780a813b3b98c1f192f: Log matching property violated. Preceding OpId in replica: term: 0 index: 0. Preceding OpId from leader: term: 1 index: 2. (index mismatch)
I20260601 13:22:24.252942 18185 raft_consensus.cc:1275] T 1cbaad4bd7ab4876a485c504aee692f3 P 92d3c48519c340be89efc412a764846d [term 1 FOLLOWER]: Refusing update from remote peer d31010a7fe444780a813b3b98c1f192f: Log matching property violated. Preceding OpId in replica: term: 0 index: 0. Preceding OpId from leader: term: 1 index: 2. (index mismatch)
I20260601 13:22:24.262717 18269 consensus_queue.cc:1048] T 2d5fc746b7754f10bb74d4893b789c9a P d31010a7fe444780a813b3b98c1f192f [LEADER]: Connected to new peer: Peer: permanent_uuid: "92d3c48519c340be89efc412a764846d" member_type: VOTER last_known_addr { host: "127.13.78.195" port: 40699 }, Status: LMP_MISMATCH, Last received: 0.0, Next index: 1, Last known committed idx: 0, Time since last communication: 0.000s
I20260601 13:22:24.262876 18349 consensus_queue.cc:1048] T c4ccf13708e44bf7a097ed1eb16ee675 P d31010a7fe444780a813b3b98c1f192f [LEADER]: Connected to new peer: Peer: permanent_uuid: "92d3c48519c340be89efc412a764846d" member_type: VOTER last_known_addr { host: "127.13.78.195" port: 40699 }, Status: LMP_MISMATCH, Last received: 0.0, Next index: 1, Last known committed idx: 0, Time since last communication: 0.000s
I20260601 13:22:24.263020 18273 consensus_queue.cc:1048] T 42a21e7421694ecb9a7f989c216618ae P d31010a7fe444780a813b3b98c1f192f [LEADER]: Connected to new peer: Peer: permanent_uuid: "92d3c48519c340be89efc412a764846d" member_type: VOTER last_known_addr { host: "127.13.78.195" port: 40699 }, Status: LMP_MISMATCH, Last received: 0.0, Next index: 1, Last known committed idx: 0, Time since last communication: 0.000s
I20260601 13:22:24.263036 18269 consensus_queue.cc:1048] T 1cbaad4bd7ab4876a485c504aee692f3 P d31010a7fe444780a813b3b98c1f192f [LEADER]: Connected to new peer: Peer: permanent_uuid: "92d3c48519c340be89efc412a764846d" member_type: VOTER last_known_addr { host: "127.13.78.195" port: 40699 }, Status: LMP_MISMATCH, Last received: 0.0, Next index: 1, Last known committed idx: 0, Time since last communication: 0.000s
I20260601 13:22:24.265180 18324 consensus_queue.cc:1048] T 2bfb93bb71b04f92959ad7e54b5c2452 P 92d3c48519c340be89efc412a764846d [LEADER]: Connected to new peer: Peer: permanent_uuid: "d31010a7fe444780a813b3b98c1f192f" member_type: VOTER last_known_addr { host: "127.13.78.194" port: 37909 }, Status: LMP_MISMATCH, Last received: 0.0, Next index: 1, Last known committed idx: 0, Time since last communication: 0.000s
I20260601 13:22:24.273092 18302 mvcc.cc:204] Tried to move back new op lower bound from 7292191310806175744 to 7292191309593538560. Current Snapshot: MvccSnapshot[applied={T|T < 7292191310793699328}]
I20260601 13:22:24.297391 18316 mvcc.cc:204] Tried to move back new op lower bound from 7292191310853263360 to 7292191309463539712. Current Snapshot: MvccSnapshot[applied={T|T < 7292191310790516736}]
I20260601 13:22:24.304859 18361 mvcc.cc:204] Tried to move back new op lower bound from 7292191310855036928 to 7292191309704495104. Current Snapshot: MvccSnapshot[applied={T|T < 7292191310791991296}]
I20260601 13:22:24.726311 13627 file_cache.cc:492] Constructed file cache file cache with capacity 419430
W20260601 13:22:24.728391 18394 instance_detector.cc:116] could not retrieve Azure instance metadata: Network error: curl error: HTTP response code said error: The requested URL returned error: 404
W20260601 13:22:24.728446 18393 instance_detector.cc:116] could not retrieve AWS instance metadata: Network error: curl error: HTTP response code said error: The requested URL returned error: 404
W20260601 13:22:24.728480 18396 instance_detector.cc:116] could not retrieve OpenStack instance metadata: Network error: curl error: HTTP response code said error: The requested URL returned error: 404
I20260601 13:22:24.728490 13627 server_base.cc:1061] running on GCE node
I20260601 13:22:24.728864 13627 hybrid_clock.cc:584] initializing the hybrid clock with 'system_unsync' time source
W20260601 13:22:24.728933 13627 system_unsync_time.cc:38] NTP support is disabled. Clock error bounds will not be accurate. This configuration is not suitable for distributed clusters.
I20260601 13:22:24.728957 13627 hybrid_clock.cc:648] HybridClock initialized: now 1780320144728957 us; error 0 us; skew 500 ppm
I20260601 13:22:24.729909 13627 webserver.cc:533] Webserver started at http://127.13.78.196:39195/ using document root <none> and password file <none>
I20260601 13:22:24.730042 13627 fs_manager.cc:362] Metadata directory not provided
I20260601 13:22:24.730088 13627 fs_manager.cc:368] Using write-ahead log directory (fs_wal_dir) as metadata directory
I20260601 13:22:24.730141 13627 server_base.cc:909] This appears to be a new deployment of Kudu; creating new FS layout
I20260601 13:22:24.730499 13627 fs_manager.cc:1068] Generated new instance metadata in path /tmp/dist-test-taskUTIXQU/test-tmp/auto_rebalancer-test.0.AutoRebalancerTest.TestMaxMovesPerServer.1780320038989376-13627-0/minicluster-data/ts-3-root/instance:
uuid: "ca1b00b5e18c460fbba3989c2fe54c6d"
format_stamp: "Formatted at 2026-06-01 13:22:24 on dist-test-slave-xtsw"
I20260601 13:22:24.732080 13627 fs_manager.cc:696] Time spent creating directory manager: real 0.001s	user 0.000s	sys 0.002s
I20260601 13:22:24.733026 18401 log_block_manager.cc:4031] Time spent loading block containers with low live blocks: real 0.000s	user 0.000s	sys 0.000s
I20260601 13:22:24.733259 13627 fs_manager.cc:730] Time spent opening block manager: real 0.001s	user 0.000s	sys 0.001s
