[==========] Running 24 tests from 2 test suites.
[----------] Global test environment set-up.
[----------] 22 tests from AutoRebalancerTest
[ RUN      ] AutoRebalancerTest.OnlyLeaderDoesAutoRebalancing
WARNING: Logging before InitGoogleLogging() is written to STDERR
I20260601 13:24:33.451903 18476 internal_mini_cluster.cc:156] Creating distributed mini masters. Addrs: 127.18.11.62:40999,127.18.11.61:45945,127.18.11.60:44957
I20260601 13:24:33.453204 18476 env_posix.cc:2267] Not raising this process' open files per process limit of 1048576; it is already as high as it can go
I20260601 13:24:33.453799 18476 file_cache.cc:492] Constructed file cache file cache with capacity 419430
W20260601 13:24:33.460479 18484 instance_detector.cc:116] could not retrieve OpenStack instance metadata: Network error: curl error: HTTP response code said error: The requested URL returned error: 404
W20260601 13:24:33.460605 18481 instance_detector.cc:116] could not retrieve AWS instance metadata: Network error: curl error: HTTP response code said error: The requested URL returned error: 404
I20260601 13:24:33.460704 18476 server_base.cc:1061] running on GCE node
W20260601 13:24:33.460551 18482 instance_detector.cc:116] could not retrieve Azure instance metadata: Network error: curl error: HTTP response code said error: The requested URL returned error: 404
I20260601 13:24:33.461378 18476 hybrid_clock.cc:584] initializing the hybrid clock with 'system_unsync' time source
W20260601 13:24:33.461485 18476 system_unsync_time.cc:38] NTP support is disabled. Clock error bounds will not be accurate. This configuration is not suitable for distributed clusters.
I20260601 13:24:33.461519 18476 hybrid_clock.cc:648] HybridClock initialized: now 1780320273461516 us; error 0 us; skew 500 ppm
I20260601 13:24:33.463384 18476 webserver.cc:533] Webserver started at http://127.18.11.62:37019/ using document root <none> and password file <none>
I20260601 13:24:33.463987 18476 fs_manager.cc:362] Metadata directory not provided
I20260601 13:24:33.464054 18476 fs_manager.cc:368] Using write-ahead log directory (fs_wal_dir) as metadata directory
I20260601 13:24:33.464257 18476 server_base.cc:909] This appears to be a new deployment of Kudu; creating new FS layout
I20260601 13:24:33.465803 18476 fs_manager.cc:1068] Generated new instance metadata in path /tmp/dist-test-task3bKtSB/test-tmp/auto_rebalancer-test.0.AutoRebalancerTest.OnlyLeaderDoesAutoRebalancing.1780320273437725-18476-0/minicluster-data/master-0-root/instance:
uuid: "1c35a3d91f914233bace191ec93763a9"
format_stamp: "Formatted at 2026-06-01 13:24:33 on dist-test-slave-pr58"
I20260601 13:24:33.469367 18476 fs_manager.cc:696] Time spent creating directory manager: real 0.003s	user 0.005s	sys 0.000s
I20260601 13:24:33.471468 18489 log_block_manager.cc:4031] Time spent loading block containers with low live blocks: real 0.000s	user 0.000s	sys 0.000s
I20260601 13:24:33.472576 18476 fs_manager.cc:730] Time spent opening block manager: real 0.002s	user 0.002s	sys 0.000s
I20260601 13:24:33.472675 18476 fs_manager.cc:647] Opened local filesystem: /tmp/dist-test-task3bKtSB/test-tmp/auto_rebalancer-test.0.AutoRebalancerTest.OnlyLeaderDoesAutoRebalancing.1780320273437725-18476-0/minicluster-data/master-0-root
uuid: "1c35a3d91f914233bace191ec93763a9"
format_stamp: "Formatted at 2026-06-01 13:24:33 on dist-test-slave-pr58"
I20260601 13:24:33.472754 18476 fs_report.cc:389] FS layout report
--------------------
wal directory: /tmp/dist-test-task3bKtSB/test-tmp/auto_rebalancer-test.0.AutoRebalancerTest.OnlyLeaderDoesAutoRebalancing.1780320273437725-18476-0/minicluster-data/master-0-root
metadata directory: /tmp/dist-test-task3bKtSB/test-tmp/auto_rebalancer-test.0.AutoRebalancerTest.OnlyLeaderDoesAutoRebalancing.1780320273437725-18476-0/minicluster-data/master-0-root
1 data directories: /tmp/dist-test-task3bKtSB/test-tmp/auto_rebalancer-test.0.AutoRebalancerTest.OnlyLeaderDoesAutoRebalancing.1780320273437725-18476-0/minicluster-data/master-0-root/data
Total live blocks: 0
Total live bytes: 0
Total live bytes (after alignment): 0
Total number of LBM containers: 0 (0 full)
Did not check for missing blocks
Did not check for orphaned blocks
Total full LBM containers with extra space: 0 (0 repaired)
Total full LBM container extra space in bytes: 0 (0 repaired)
Total incomplete LBM containers: 0 (0 repaired)
Total LBM partial records: 0 (0 repaired)
Total corrupted LBM metadata records in RocksDB: 0 (0 repaired)
I20260601 13:24:33.511749 18476 rpc_server.cc:225] running with OpenSSL 1.1.1  11 Sep 2018
I20260601 13:24:33.512347 18476 env_posix.cc:2267] Not raising this process' running threads per effective uid limit of 18446744073709551615; it is already as high as it can go
I20260601 13:24:33.512478 18476 kserver.cc:163] Server-wide thread pool size limit: 3276
I20260601 13:24:33.519554 18476 rpc_server.cc:307] RPC server started. Bound to: 127.18.11.62:40999
I20260601 13:24:33.519567 18541 acceptor_pool.cc:272] collecting diagnostics on the listening RPC socket 127.18.11.62:40999 every 8 connection(s)
I20260601 13:24:33.520891 18476 file_cache.cc:492] Constructed file cache file cache with capacity 419430
W20260601 13:24:33.522584 18544 instance_detector.cc:116] could not retrieve AWS instance metadata: Network error: curl error: HTTP response code said error: The requested URL returned error: 404
W20260601 13:24:33.522612 18545 instance_detector.cc:116] could not retrieve Azure instance metadata: Network error: curl error: HTTP response code said error: The requested URL returned error: 404
I20260601 13:24:33.522713 18476 server_base.cc:1061] running on GCE node
W20260601 13:24:33.522846 18547 instance_detector.cc:116] could not retrieve OpenStack instance metadata: Network error: curl error: HTTP response code said error: The requested URL returned error: 404
I20260601 13:24:33.523090 18542 data_dirs.cc:400] Could only allocate 1 dirs of requested 3 for tablet 00000000000000000000000000000000. 1 dirs total, 0 dirs full, 0 dirs failed
I20260601 13:24:33.523093 18476 hybrid_clock.cc:584] initializing the hybrid clock with 'system_unsync' time source
W20260601 13:24:33.523188 18476 system_unsync_time.cc:38] NTP support is disabled. Clock error bounds will not be accurate. This configuration is not suitable for distributed clusters.
I20260601 13:24:33.523223 18476 hybrid_clock.cc:648] HybridClock initialized: now 1780320273523223 us; error 0 us; skew 500 ppm
I20260601 13:24:33.524068 18476 webserver.cc:533] Webserver started at http://127.18.11.61:41271/ using document root <none> and password file <none>
I20260601 13:24:33.524230 18476 fs_manager.cc:362] Metadata directory not provided
I20260601 13:24:33.524282 18476 fs_manager.cc:368] Using write-ahead log directory (fs_wal_dir) as metadata directory
I20260601 13:24:33.524369 18476 server_base.cc:909] This appears to be a new deployment of Kudu; creating new FS layout
I20260601 13:24:33.524745 18476 fs_manager.cc:1068] Generated new instance metadata in path /tmp/dist-test-task3bKtSB/test-tmp/auto_rebalancer-test.0.AutoRebalancerTest.OnlyLeaderDoesAutoRebalancing.1780320273437725-18476-0/minicluster-data/master-1-root/instance:
uuid: "7721e001ae4e4c1aa22f260c2dea4b9a"
format_stamp: "Formatted at 2026-06-01 13:24:33 on dist-test-slave-pr58"
I20260601 13:24:33.526187 18476 fs_manager.cc:696] Time spent creating directory manager: real 0.001s	user 0.000s	sys 0.002s
I20260601 13:24:33.527129 18552 log_block_manager.cc:4031] Time spent loading block containers with low live blocks: real 0.000s	user 0.000s	sys 0.000s
I20260601 13:24:33.527454 18476 fs_manager.cc:730] Time spent opening block manager: real 0.001s	user 0.000s	sys 0.001s
I20260601 13:24:33.527313 18542 sys_catalog.cc:422] member_type: VOTER last_known_addr { host: "127.18.11.62" port: 40999 } has no permanent_uuid. Determining permanent_uuid...
I20260601 13:24:33.527549 18476 fs_manager.cc:647] Opened local filesystem: /tmp/dist-test-task3bKtSB/test-tmp/auto_rebalancer-test.0.AutoRebalancerTest.OnlyLeaderDoesAutoRebalancing.1780320273437725-18476-0/minicluster-data/master-1-root
uuid: "7721e001ae4e4c1aa22f260c2dea4b9a"
format_stamp: "Formatted at 2026-06-01 13:24:33 on dist-test-slave-pr58"
I20260601 13:24:33.527647 18476 fs_report.cc:389] FS layout report
--------------------
wal directory: /tmp/dist-test-task3bKtSB/test-tmp/auto_rebalancer-test.0.AutoRebalancerTest.OnlyLeaderDoesAutoRebalancing.1780320273437725-18476-0/minicluster-data/master-1-root
metadata directory: /tmp/dist-test-task3bKtSB/test-tmp/auto_rebalancer-test.0.AutoRebalancerTest.OnlyLeaderDoesAutoRebalancing.1780320273437725-18476-0/minicluster-data/master-1-root
1 data directories: /tmp/dist-test-task3bKtSB/test-tmp/auto_rebalancer-test.0.AutoRebalancerTest.OnlyLeaderDoesAutoRebalancing.1780320273437725-18476-0/minicluster-data/master-1-root/data
Total live blocks: 0
Total live bytes: 0
Total live bytes (after alignment): 0
Total number of LBM containers: 0 (0 full)
Did not check for missing blocks
Did not check for orphaned blocks
Total full LBM containers with extra space: 0 (0 repaired)
Total full LBM container extra space in bytes: 0 (0 repaired)
Total incomplete LBM containers: 0 (0 repaired)
Total LBM partial records: 0 (0 repaired)
Total corrupted LBM metadata records in RocksDB: 0 (0 repaired)
I20260601 13:24:33.536269 18542 sys_catalog.cc:422] member_type: VOTER last_known_addr { host: "127.18.11.61" port: 45945 } has no permanent_uuid. Determining permanent_uuid...
I20260601 13:24:33.536463 18476 rpc_server.cc:225] running with OpenSSL 1.1.1  11 Sep 2018
I20260601 13:24:33.536828 18476 kserver.cc:163] Server-wide thread pool size limit: 3276
W20260601 13:24:33.537009 18493 proxy.cc:239] Call had error, refreshing address and retrying: Network error: Client connection negotiation failed: client connection to 127.18.11.61:45945: connect: Connection refused (error 111)
W20260601 13:24:33.537864 18542 consensus_peers.cc:760] Error getting permanent uuid from config peer 127.18.11.61:45945: Network error: Client connection negotiation failed: client connection to 127.18.11.61:45945: connect: Connection refused (error 111)
I20260601 13:24:33.541711 18476 rpc_server.cc:307] RPC server started. Bound to: 127.18.11.61:45945
I20260601 13:24:33.541757 18607 acceptor_pool.cc:272] collecting diagnostics on the listening RPC socket 127.18.11.61:45945 every 8 connection(s)
I20260601 13:24:33.542412 18476 file_cache.cc:492] Constructed file cache file cache with capacity 419430
I20260601 13:24:33.542629 18608 data_dirs.cc:400] Could only allocate 1 dirs of requested 3 for tablet 00000000000000000000000000000000. 1 dirs total, 0 dirs full, 0 dirs failed
I20260601 13:24:33.544070 18608 sys_catalog.cc:422] member_type: VOTER last_known_addr { host: "127.18.11.62" port: 40999 } has no permanent_uuid. Determining permanent_uuid...
W20260601 13:24:33.544186 18611 instance_detector.cc:116] could not retrieve Azure instance metadata: Network error: curl error: HTTP response code said error: The requested URL returned error: 404
W20260601 13:24:33.544186 18613 instance_detector.cc:116] could not retrieve OpenStack instance metadata: Network error: curl error: HTTP response code said error: The requested URL returned error: 404
I20260601 13:24:33.544358 18476 server_base.cc:1061] running on GCE node
W20260601 13:24:33.544569 18610 instance_detector.cc:116] could not retrieve AWS instance metadata: Network error: curl error: HTTP response code said error: The requested URL returned error: 404
I20260601 13:24:33.544906 18476 hybrid_clock.cc:584] initializing the hybrid clock with 'system_unsync' time source
W20260601 13:24:33.544960 18476 system_unsync_time.cc:38] NTP support is disabled. Clock error bounds will not be accurate. This configuration is not suitable for distributed clusters.
I20260601 13:24:33.544981 18476 hybrid_clock.cc:648] HybridClock initialized: now 1780320273544980 us; error 0 us; skew 500 ppm
I20260601 13:24:33.545874 18476 webserver.cc:533] Webserver started at http://127.18.11.60:34311/ using document root <none> and password file <none>
I20260601 13:24:33.546030 18476 fs_manager.cc:362] Metadata directory not provided
I20260601 13:24:33.546105 18476 fs_manager.cc:368] Using write-ahead log directory (fs_wal_dir) as metadata directory
I20260601 13:24:33.546185 18476 server_base.cc:909] This appears to be a new deployment of Kudu; creating new FS layout
I20260601 13:24:33.546566 18476 fs_manager.cc:1068] Generated new instance metadata in path /tmp/dist-test-task3bKtSB/test-tmp/auto_rebalancer-test.0.AutoRebalancerTest.OnlyLeaderDoesAutoRebalancing.1780320273437725-18476-0/minicluster-data/master-2-root/instance:
uuid: "049dcd62eaad47d38df1e059436c5f9b"
format_stamp: "Formatted at 2026-06-01 13:24:33 on dist-test-slave-pr58"
I20260601 13:24:33.548523 18608 sys_catalog.cc:422] member_type: VOTER last_known_addr { host: "127.18.11.61" port: 45945 } has no permanent_uuid. Determining permanent_uuid...
I20260601 13:24:33.548540 18476 fs_manager.cc:696] Time spent creating directory manager: real 0.002s	user 0.000s	sys 0.002s
I20260601 13:24:33.549737 18620 log_block_manager.cc:4031] Time spent loading block containers with low live blocks: real 0.000s	user 0.000s	sys 0.000s
I20260601 13:24:33.550694 18476 fs_manager.cc:730] Time spent opening block manager: real 0.001s	user 0.000s	sys 0.001s
I20260601 13:24:33.550766 18476 fs_manager.cc:647] Opened local filesystem: /tmp/dist-test-task3bKtSB/test-tmp/auto_rebalancer-test.0.AutoRebalancerTest.OnlyLeaderDoesAutoRebalancing.1780320273437725-18476-0/minicluster-data/master-2-root
uuid: "049dcd62eaad47d38df1e059436c5f9b"
format_stamp: "Formatted at 2026-06-01 13:24:33 on dist-test-slave-pr58"
I20260601 13:24:33.550845 18476 fs_report.cc:389] FS layout report
--------------------
wal directory: /tmp/dist-test-task3bKtSB/test-tmp/auto_rebalancer-test.0.AutoRebalancerTest.OnlyLeaderDoesAutoRebalancing.1780320273437725-18476-0/minicluster-data/master-2-root
metadata directory: /tmp/dist-test-task3bKtSB/test-tmp/auto_rebalancer-test.0.AutoRebalancerTest.OnlyLeaderDoesAutoRebalancing.1780320273437725-18476-0/minicluster-data/master-2-root
1 data directories: /tmp/dist-test-task3bKtSB/test-tmp/auto_rebalancer-test.0.AutoRebalancerTest.OnlyLeaderDoesAutoRebalancing.1780320273437725-18476-0/minicluster-data/master-2-root/data
Total live blocks: 0
Total live bytes: 0
Total live bytes (after alignment): 0
Total number of LBM containers: 0 (0 full)
Did not check for missing blocks
Did not check for orphaned blocks
Total full LBM containers with extra space: 0 (0 repaired)
Total full LBM container extra space in bytes: 0 (0 repaired)
Total incomplete LBM containers: 0 (0 repaired)
Total LBM partial records: 0 (0 repaired)
Total corrupted LBM metadata records in RocksDB: 0 (0 repaired)
I20260601 13:24:33.552646 18608 sys_catalog.cc:422] member_type: VOTER last_known_addr { host: "127.18.11.60" port: 44957 } has no permanent_uuid. Determining permanent_uuid...
W20260601 13:24:33.554023 18608 consensus_peers.cc:760] Error getting permanent uuid from config peer 127.18.11.60:44957: Network error: Client connection negotiation failed: client connection to 127.18.11.60:44957: connect: Connection refused (error 111)
I20260601 13:24:33.570111 18476 rpc_server.cc:225] running with OpenSSL 1.1.1  11 Sep 2018
I20260601 13:24:33.570633 18476 kserver.cc:163] Server-wide thread pool size limit: 3276
I20260601 13:24:33.575781 18476 rpc_server.cc:307] RPC server started. Bound to: 127.18.11.60:44957
I20260601 13:24:33.575812 18673 acceptor_pool.cc:272] collecting diagnostics on the listening RPC socket 127.18.11.60:44957 every 8 connection(s)
I20260601 13:24:33.576323 18476 internal_mini_cluster.cc:184] Waiting to initialize catalog manager on master 0
I20260601 13:24:33.576776 18674 data_dirs.cc:400] Could only allocate 1 dirs of requested 3 for tablet 00000000000000000000000000000000. 1 dirs total, 0 dirs full, 0 dirs failed
I20260601 13:24:33.577816 18674 sys_catalog.cc:422] member_type: VOTER last_known_addr { host: "127.18.11.62" port: 40999 } has no permanent_uuid. Determining permanent_uuid...
I20260601 13:24:33.581897 18674 sys_catalog.cc:422] member_type: VOTER last_known_addr { host: "127.18.11.61" port: 45945 } has no permanent_uuid. Determining permanent_uuid...
I20260601 13:24:33.585745 18674 sys_catalog.cc:422] member_type: VOTER last_known_addr { host: "127.18.11.60" port: 44957 } has no permanent_uuid. Determining permanent_uuid...
I20260601 13:24:33.587086 18542 consensus_peers.cc:770] Retrying to get permanent uuid for remote peer: member_type: VOTER last_known_addr { host: "127.18.11.61" port: 45945 } attempt: 1
I20260601 13:24:33.591058 18542 sys_catalog.cc:422] member_type: VOTER last_known_addr { host: "127.18.11.60" port: 44957 } has no permanent_uuid. Determining permanent_uuid...
I20260601 13:24:33.592644 18674 tablet_bootstrap.cc:492] T 00000000000000000000000000000000 P 049dcd62eaad47d38df1e059436c5f9b: Bootstrap starting.
I20260601 13:24:33.595561 18674 tablet_bootstrap.cc:654] T 00000000000000000000000000000000 P 049dcd62eaad47d38df1e059436c5f9b: Neither blocks nor log segments found. Creating new log.
I20260601 13:24:33.595633 18542 tablet_bootstrap.cc:492] T 00000000000000000000000000000000 P 1c35a3d91f914233bace191ec93763a9: Bootstrap starting.
I20260601 13:24:33.596483 18674 log.cc:826] T 00000000000000000000000000000000 P 049dcd62eaad47d38df1e059436c5f9b: Log is configured to *not* fsync() on all Append() calls
I20260601 13:24:33.596513 18542 tablet_bootstrap.cc:654] T 00000000000000000000000000000000 P 1c35a3d91f914233bace191ec93763a9: Neither blocks nor log segments found. Creating new log.
I20260601 13:24:33.598301 18674 tablet_bootstrap.cc:492] T 00000000000000000000000000000000 P 049dcd62eaad47d38df1e059436c5f9b: No bootstrap required, opened a new log
I20260601 13:24:33.598301 18542 tablet_bootstrap.cc:492] T 00000000000000000000000000000000 P 1c35a3d91f914233bace191ec93763a9: No bootstrap required, opened a new log
I20260601 13:24:33.601218 18674 raft_consensus.cc:359] T 00000000000000000000000000000000 P 049dcd62eaad47d38df1e059436c5f9b [term 0 FOLLOWER]: Replica starting. Triggering 0 pending ops. Active config: opid_index: -1 OBSOLETE_local: false peers { permanent_uuid: "1c35a3d91f914233bace191ec93763a9" member_type: VOTER last_known_addr { host: "127.18.11.62" port: 40999 } } peers { permanent_uuid: "7721e001ae4e4c1aa22f260c2dea4b9a" member_type: VOTER last_known_addr { host: "127.18.11.61" port: 45945 } } peers { permanent_uuid: "049dcd62eaad47d38df1e059436c5f9b" member_type: VOTER last_known_addr { host: "127.18.11.60" port: 44957 } }
I20260601 13:24:33.601228 18542 raft_consensus.cc:359] T 00000000000000000000000000000000 P 1c35a3d91f914233bace191ec93763a9 [term 0 FOLLOWER]: Replica starting. Triggering 0 pending ops. Active config: opid_index: -1 OBSOLETE_local: false peers { permanent_uuid: "1c35a3d91f914233bace191ec93763a9" member_type: VOTER last_known_addr { host: "127.18.11.62" port: 40999 } } peers { permanent_uuid: "7721e001ae4e4c1aa22f260c2dea4b9a" member_type: VOTER last_known_addr { host: "127.18.11.61" port: 45945 } } peers { permanent_uuid: "049dcd62eaad47d38df1e059436c5f9b" member_type: VOTER last_known_addr { host: "127.18.11.60" port: 44957 } }
I20260601 13:24:33.601411 18542 raft_consensus.cc:385] T 00000000000000000000000000000000 P 1c35a3d91f914233bace191ec93763a9 [term 0 FOLLOWER]: Consensus starting up: Expiring failure detector timer to make a prompt election more likely
I20260601 13:24:33.601411 18674 raft_consensus.cc:385] T 00000000000000000000000000000000 P 049dcd62eaad47d38df1e059436c5f9b [term 0 FOLLOWER]: Consensus starting up: Expiring failure detector timer to make a prompt election more likely
I20260601 13:24:33.601496 18542 raft_consensus.cc:740] T 00000000000000000000000000000000 P 1c35a3d91f914233bace191ec93763a9 [term 0 FOLLOWER]: Becoming Follower/Learner. State: Replica: 1c35a3d91f914233bace191ec93763a9, State: Initialized, Role: FOLLOWER
I20260601 13:24:33.601495 18674 raft_consensus.cc:740] T 00000000000000000000000000000000 P 049dcd62eaad47d38df1e059436c5f9b [term 0 FOLLOWER]: Becoming Follower/Learner. State: Replica: 049dcd62eaad47d38df1e059436c5f9b, State: Initialized, Role: FOLLOWER
I20260601 13:24:33.601946 18674 consensus_queue.cc:260] T 00000000000000000000000000000000 P 049dcd62eaad47d38df1e059436c5f9b [NON_LEADER]: Queue going to NON_LEADER mode. State: All replicated index: 0, Majority replicated index: 0, Committed index: 0, Last appended: 0.0, Last appended by leader: 0, Current term: 0, Majority size: -1, State: 0, Mode: NON_LEADER, active raft config: opid_index: -1 OBSOLETE_local: false peers { permanent_uuid: "1c35a3d91f914233bace191ec93763a9" member_type: VOTER last_known_addr { host: "127.18.11.62" port: 40999 } } peers { permanent_uuid: "7721e001ae4e4c1aa22f260c2dea4b9a" member_type: VOTER last_known_addr { host: "127.18.11.61" port: 45945 } } peers { permanent_uuid: "049dcd62eaad47d38df1e059436c5f9b" member_type: VOTER last_known_addr { host: "127.18.11.60" port: 44957 } }
I20260601 13:24:33.601946 18542 consensus_queue.cc:260] T 00000000000000000000000000000000 P 1c35a3d91f914233bace191ec93763a9 [NON_LEADER]: Queue going to NON_LEADER mode. State: All replicated index: 0, Majority replicated index: 0, Committed index: 0, Last appended: 0.0, Last appended by leader: 0, Current term: 0, Majority size: -1, State: 0, Mode: NON_LEADER, active raft config: opid_index: -1 OBSOLETE_local: false peers { permanent_uuid: "1c35a3d91f914233bace191ec93763a9" member_type: VOTER last_known_addr { host: "127.18.11.62" port: 40999 } } peers { permanent_uuid: "7721e001ae4e4c1aa22f260c2dea4b9a" member_type: VOTER last_known_addr { host: "127.18.11.61" port: 45945 } } peers { permanent_uuid: "049dcd62eaad47d38df1e059436c5f9b" member_type: VOTER last_known_addr { host: "127.18.11.60" port: 44957 } }
I20260601 13:24:33.602480 18681 sys_catalog.cc:455] T 00000000000000000000000000000000 P 1c35a3d91f914233bace191ec93763a9 [sys.catalog]: SysCatalogTable state changed. Reason: RaftConsensus started. Latest consensus state: current_term: 0 committed_config { opid_index: -1 OBSOLETE_local: false peers { permanent_uuid: "1c35a3d91f914233bace191ec93763a9" member_type: VOTER last_known_addr { host: "127.18.11.62" port: 40999 } } peers { permanent_uuid: "7721e001ae4e4c1aa22f260c2dea4b9a" member_type: VOTER last_known_addr { host: "127.18.11.61" port: 45945 } } peers { permanent_uuid: "049dcd62eaad47d38df1e059436c5f9b" member_type: VOTER last_known_addr { host: "127.18.11.60" port: 44957 } } }
I20260601 13:24:33.602632 18681 sys_catalog.cc:458] T 00000000000000000000000000000000 P 1c35a3d91f914233bace191ec93763a9 [sys.catalog]: This master's current role is: FOLLOWER
I20260601 13:24:33.602489 18680 sys_catalog.cc:455] T 00000000000000000000000000000000 P 049dcd62eaad47d38df1e059436c5f9b [sys.catalog]: SysCatalogTable state changed. Reason: RaftConsensus started. Latest consensus state: current_term: 0 committed_config { opid_index: -1 OBSOLETE_local: false peers { permanent_uuid: "1c35a3d91f914233bace191ec93763a9" member_type: VOTER last_known_addr { host: "127.18.11.62" port: 40999 } } peers { permanent_uuid: "7721e001ae4e4c1aa22f260c2dea4b9a" member_type: VOTER last_known_addr { host: "127.18.11.61" port: 45945 } } peers { permanent_uuid: "049dcd62eaad47d38df1e059436c5f9b" member_type: VOTER last_known_addr { host: "127.18.11.60" port: 44957 } } }
I20260601 13:24:33.602732 18680 sys_catalog.cc:458] T 00000000000000000000000000000000 P 049dcd62eaad47d38df1e059436c5f9b [sys.catalog]: This master's current role is: FOLLOWER
I20260601 13:24:33.603196 18542 sys_catalog.cc:565] T 00000000000000000000000000000000 P 1c35a3d91f914233bace191ec93763a9 [sys.catalog]: configured and running, proceeding with master startup.
I20260601 13:24:33.603196 18674 sys_catalog.cc:565] T 00000000000000000000000000000000 P 049dcd62eaad47d38df1e059436c5f9b [sys.catalog]: configured and running, proceeding with master startup.
I20260601 13:24:33.605581 18476 internal_mini_cluster.cc:184] Waiting to initialize catalog manager on master 1
I20260601 13:24:33.606189 18608 consensus_peers.cc:770] Retrying to get permanent uuid for remote peer: member_type: VOTER last_known_addr { host: "127.18.11.60" port: 44957 } attempt: 1
W20260601 13:24:33.608286 18703 catalog_manager.cc:1593] T 00000000000000000000000000000000 P 049dcd62eaad47d38df1e059436c5f9b: loading cluster ID for follower catalog manager: Not found: cluster ID entry not found
W20260601 13:24:33.608376 18703 catalog_manager.cc:883] Not found: cluster ID entry not found: failed to prepare follower catalog manager, will retry
W20260601 13:24:33.609055 18702 catalog_manager.cc:1593] T 00000000000000000000000000000000 P 1c35a3d91f914233bace191ec93763a9: loading cluster ID for follower catalog manager: Not found: cluster ID entry not found
W20260601 13:24:33.609179 18702 catalog_manager.cc:883] Not found: cluster ID entry not found: failed to prepare follower catalog manager, will retry
I20260601 13:24:33.611573 18608 tablet_bootstrap.cc:492] T 00000000000000000000000000000000 P 7721e001ae4e4c1aa22f260c2dea4b9a: Bootstrap starting.
I20260601 13:24:33.612761 18608 tablet_bootstrap.cc:654] T 00000000000000000000000000000000 P 7721e001ae4e4c1aa22f260c2dea4b9a: Neither blocks nor log segments found. Creating new log.
I20260601 13:24:33.613830 18608 tablet_bootstrap.cc:492] T 00000000000000000000000000000000 P 7721e001ae4e4c1aa22f260c2dea4b9a: No bootstrap required, opened a new log
I20260601 13:24:33.614259 18608 raft_consensus.cc:359] T 00000000000000000000000000000000 P 7721e001ae4e4c1aa22f260c2dea4b9a [term 0 FOLLOWER]: Replica starting. Triggering 0 pending ops. Active config: opid_index: -1 OBSOLETE_local: false peers { permanent_uuid: "1c35a3d91f914233bace191ec93763a9" member_type: VOTER last_known_addr { host: "127.18.11.62" port: 40999 } } peers { permanent_uuid: "7721e001ae4e4c1aa22f260c2dea4b9a" member_type: VOTER last_known_addr { host: "127.18.11.61" port: 45945 } } peers { permanent_uuid: "049dcd62eaad47d38df1e059436c5f9b" member_type: VOTER last_known_addr { host: "127.18.11.60" port: 44957 } }
I20260601 13:24:33.614377 18608 raft_consensus.cc:385] T 00000000000000000000000000000000 P 7721e001ae4e4c1aa22f260c2dea4b9a [term 0 FOLLOWER]: Consensus starting up: Expiring failure detector timer to make a prompt election more likely
I20260601 13:24:33.614434 18608 raft_consensus.cc:740] T 00000000000000000000000000000000 P 7721e001ae4e4c1aa22f260c2dea4b9a [term 0 FOLLOWER]: Becoming Follower/Learner. State: Replica: 7721e001ae4e4c1aa22f260c2dea4b9a, State: Initialized, Role: FOLLOWER
I20260601 13:24:33.614581 18608 consensus_queue.cc:260] T 00000000000000000000000000000000 P 7721e001ae4e4c1aa22f260c2dea4b9a [NON_LEADER]: Queue going to NON_LEADER mode. State: All replicated index: 0, Majority replicated index: 0, Committed index: 0, Last appended: 0.0, Last appended by leader: 0, Current term: 0, Majority size: -1, State: 0, Mode: NON_LEADER, active raft config: opid_index: -1 OBSOLETE_local: false peers { permanent_uuid: "1c35a3d91f914233bace191ec93763a9" member_type: VOTER last_known_addr { host: "127.18.11.62" port: 40999 } } peers { permanent_uuid: "7721e001ae4e4c1aa22f260c2dea4b9a" member_type: VOTER last_known_addr { host: "127.18.11.61" port: 45945 } } peers { permanent_uuid: "049dcd62eaad47d38df1e059436c5f9b" member_type: VOTER last_known_addr { host: "127.18.11.60" port: 44957 } }
I20260601 13:24:33.614897 18706 sys_catalog.cc:455] T 00000000000000000000000000000000 P 7721e001ae4e4c1aa22f260c2dea4b9a [sys.catalog]: SysCatalogTable state changed. Reason: RaftConsensus started. Latest consensus state: current_term: 0 committed_config { opid_index: -1 OBSOLETE_local: false peers { permanent_uuid: "1c35a3d91f914233bace191ec93763a9" member_type: VOTER last_known_addr { host: "127.18.11.62" port: 40999 } } peers { permanent_uuid: "7721e001ae4e4c1aa22f260c2dea4b9a" member_type: VOTER last_known_addr { host: "127.18.11.61" port: 45945 } } peers { permanent_uuid: "049dcd62eaad47d38df1e059436c5f9b" member_type: VOTER last_known_addr { host: "127.18.11.60" port: 44957 } } }
I20260601 13:24:33.615000 18706 sys_catalog.cc:458] T 00000000000000000000000000000000 P 7721e001ae4e4c1aa22f260c2dea4b9a [sys.catalog]: This master's current role is: FOLLOWER
I20260601 13:24:33.615101 18608 sys_catalog.cc:565] T 00000000000000000000000000000000 P 7721e001ae4e4c1aa22f260c2dea4b9a [sys.catalog]: configured and running, proceeding with master startup.
I20260601 13:24:33.617005 18476 internal_mini_cluster.cc:184] Waiting to initialize catalog manager on master 2
I20260601 13:24:33.617619 18476 file_cache.cc:492] Constructed file cache file cache with capacity 419430
W20260601 13:24:33.617738 18717 catalog_manager.cc:1593] T 00000000000000000000000000000000 P 7721e001ae4e4c1aa22f260c2dea4b9a: loading cluster ID for follower catalog manager: Not found: cluster ID entry not found
W20260601 13:24:33.617799 18717 catalog_manager.cc:883] Not found: cluster ID entry not found: failed to prepare follower catalog manager, will retry
W20260601 13:24:33.620118 18719 instance_detector.cc:116] could not retrieve Azure instance metadata: Network error: curl error: HTTP response code said error: The requested URL returned error: 404
W20260601 13:24:33.620188 18721 instance_detector.cc:116] could not retrieve OpenStack instance metadata: Network error: curl error: HTTP response code said error: The requested URL returned error: 404
W20260601 13:24:33.620180 18718 instance_detector.cc:116] could not retrieve AWS instance metadata: Network error: curl error: HTTP response code said error: The requested URL returned error: 404
I20260601 13:24:33.620407 18476 server_base.cc:1061] running on GCE node
I20260601 13:24:33.620680 18476 hybrid_clock.cc:584] initializing the hybrid clock with 'system_unsync' time source
W20260601 13:24:33.620724 18476 system_unsync_time.cc:38] NTP support is disabled. Clock error bounds will not be accurate. This configuration is not suitable for distributed clusters.
I20260601 13:24:33.620740 18476 hybrid_clock.cc:648] HybridClock initialized: now 1780320273620740 us; error 0 us; skew 500 ppm
I20260601 13:24:33.621644 18476 webserver.cc:533] Webserver started at http://127.18.11.1:42509/ using document root <none> and password file <none>
I20260601 13:24:33.621810 18476 fs_manager.cc:362] Metadata directory not provided
I20260601 13:24:33.621855 18476 fs_manager.cc:368] Using write-ahead log directory (fs_wal_dir) as metadata directory
I20260601 13:24:33.621954 18476 server_base.cc:909] This appears to be a new deployment of Kudu; creating new FS layout
I20260601 13:24:33.622331 18476 fs_manager.cc:1068] Generated new instance metadata in path /tmp/dist-test-task3bKtSB/test-tmp/auto_rebalancer-test.0.AutoRebalancerTest.OnlyLeaderDoesAutoRebalancing.1780320273437725-18476-0/minicluster-data/ts-0-root/instance:
uuid: "a5fef3092b2e488191b3a43a7a5a298b"
format_stamp: "Formatted at 2026-06-01 13:24:33 on dist-test-slave-pr58"
I20260601 13:24:33.623821 18476 fs_manager.cc:696] Time spent creating directory manager: real 0.001s	user 0.002s	sys 0.000s
I20260601 13:24:33.624792 18726 log_block_manager.cc:4031] Time spent loading block containers with low live blocks: real 0.000s	user 0.000s	sys 0.000s
I20260601 13:24:33.625044 18476 fs_manager.cc:730] Time spent opening block manager: real 0.001s	user 0.001s	sys 0.000s
I20260601 13:24:33.625121 18476 fs_manager.cc:647] Opened local filesystem: /tmp/dist-test-task3bKtSB/test-tmp/auto_rebalancer-test.0.AutoRebalancerTest.OnlyLeaderDoesAutoRebalancing.1780320273437725-18476-0/minicluster-data/ts-0-root
uuid: "a5fef3092b2e488191b3a43a7a5a298b"
format_stamp: "Formatted at 2026-06-01 13:24:33 on dist-test-slave-pr58"
I20260601 13:24:33.625203 18476 fs_report.cc:389] FS layout report
--------------------
wal directory: /tmp/dist-test-task3bKtSB/test-tmp/auto_rebalancer-test.0.AutoRebalancerTest.OnlyLeaderDoesAutoRebalancing.1780320273437725-18476-0/minicluster-data/ts-0-root
metadata directory: /tmp/dist-test-task3bKtSB/test-tmp/auto_rebalancer-test.0.AutoRebalancerTest.OnlyLeaderDoesAutoRebalancing.1780320273437725-18476-0/minicluster-data/ts-0-root
1 data directories: /tmp/dist-test-task3bKtSB/test-tmp/auto_rebalancer-test.0.AutoRebalancerTest.OnlyLeaderDoesAutoRebalancing.1780320273437725-18476-0/minicluster-data/ts-0-root/data
Total live blocks: 0
Total live bytes: 0
Total live bytes (after alignment): 0
Total number of LBM containers: 0 (0 full)
Did not check for missing blocks
Did not check for orphaned blocks
Total full LBM containers with extra space: 0 (0 repaired)
Total full LBM container extra space in bytes: 0 (0 repaired)
Total incomplete LBM containers: 0 (0 repaired)
Total LBM partial records: 0 (0 repaired)
Total corrupted LBM metadata records in RocksDB: 0 (0 repaired)
I20260601 13:24:33.635085 18476 rpc_server.cc:225] running with OpenSSL 1.1.1  11 Sep 2018
I20260601 13:24:33.635542 18476 kserver.cc:163] Server-wide thread pool size limit: 3276
I20260601 13:24:33.636003 18476 txn_system_client.cc:432] TxnSystemClient initialization is disabled...
I20260601 13:24:33.636812 18476 ts_tablet_manager.cc:585] Loaded tablet metadata (0 total tablets, 0 live tablets)
I20260601 13:24:33.636888 18476 ts_tablet_manager.cc:531] Time spent load tablet metadata: real 0.000s	user 0.000s	sys 0.000s
I20260601 13:24:33.636951 18476 ts_tablet_manager.cc:616] Registered 0 tablets
I20260601 13:24:33.636999 18476 ts_tablet_manager.cc:595] Time spent register tablets: real 0.000s	user 0.000s	sys 0.000s
I20260601 13:24:33.643224 18476 rpc_server.cc:307] RPC server started. Bound to: 127.18.11.1:33969
I20260601 13:24:33.643278 18789 acceptor_pool.cc:272] collecting diagnostics on the listening RPC socket 127.18.11.1:33969 every 8 connection(s)
I20260601 13:24:33.644446 18476 file_cache.cc:492] Constructed file cache file cache with capacity 419430
W20260601 13:24:33.646569 18796 instance_detector.cc:116] could not retrieve AWS instance metadata: Network error: curl error: HTTP response code said error: The requested URL returned error: 404
I20260601 13:24:33.648999 18790 heartbeater.cc:344] Connected to a master server at 127.18.11.60:44957
I20260601 13:24:33.649163 18790 heartbeater.cc:461] Registering TS with master...
I20260601 13:24:33.649761 18790 heartbeater.cc:507] Master 127.18.11.60:44957 requested a full tablet report, sending...
I20260601 13:24:33.651849 18638 ts_manager.cc:194] Registered new tserver with Master: a5fef3092b2e488191b3a43a7a5a298b (127.18.11.1:33969)
I20260601 13:24:33.652132 18791 heartbeater.cc:344] Connected to a master server at 127.18.11.62:40999
I20260601 13:24:33.652218 18791 heartbeater.cc:461] Registering TS with master...
I20260601 13:24:33.652411 18791 heartbeater.cc:507] Master 127.18.11.62:40999 requested a full tablet report, sending...
I20260601 13:24:33.652997 18506 ts_manager.cc:194] Registered new tserver with Master: a5fef3092b2e488191b3a43a7a5a298b (127.18.11.1:33969)
I20260601 13:24:33.653223 18792 heartbeater.cc:344] Connected to a master server at 127.18.11.61:45945
I20260601 13:24:33.653287 18792 heartbeater.cc:461] Registering TS with master...
I20260601 13:24:33.653482 18792 heartbeater.cc:507] Master 127.18.11.61:45945 requested a full tablet report, sending...
I20260601 13:24:33.654115 18572 ts_manager.cc:194] Registered new tserver with Master: a5fef3092b2e488191b3a43a7a5a298b (127.18.11.1:33969)
W20260601 13:24:33.654112 18797 instance_detector.cc:116] could not retrieve Azure instance metadata: Network error: curl error: HTTP response code said error: The requested URL returned error: 404
W20260601 13:24:33.654263 18799 instance_detector.cc:116] could not retrieve OpenStack instance metadata: Network error: curl error: HTTP response code said error: The requested URL returned error: 404
I20260601 13:24:33.654889 18476 server_base.cc:1061] running on GCE node
I20260601 13:24:33.655094 18476 hybrid_clock.cc:584] initializing the hybrid clock with 'system_unsync' time source
W20260601 13:24:33.655148 18476 system_unsync_time.cc:38] NTP support is disabled. Clock error bounds will not be accurate. This configuration is not suitable for distributed clusters.
I20260601 13:24:33.655186 18476 hybrid_clock.cc:648] HybridClock initialized: now 1780320273655186 us; error 0 us; skew 500 ppm
I20260601 13:24:33.656121 18476 webserver.cc:533] Webserver started at http://127.18.11.2:35213/ using document root <none> and password file <none>
I20260601 13:24:33.656289 18476 fs_manager.cc:362] Metadata directory not provided
I20260601 13:24:33.656339 18476 fs_manager.cc:368] Using write-ahead log directory (fs_wal_dir) as metadata directory
I20260601 13:24:33.656436 18476 server_base.cc:909] This appears to be a new deployment of Kudu; creating new FS layout
I20260601 13:24:33.656822 18476 fs_manager.cc:1068] Generated new instance metadata in path /tmp/dist-test-task3bKtSB/test-tmp/auto_rebalancer-test.0.AutoRebalancerTest.OnlyLeaderDoesAutoRebalancing.1780320273437725-18476-0/minicluster-data/ts-1-root/instance:
uuid: "f3b611a71c4d4a108b45ad3d532c5211"
format_stamp: "Formatted at 2026-06-01 13:24:33 on dist-test-slave-pr58"
I20260601 13:24:33.657968 18706 raft_consensus.cc:493] T 00000000000000000000000000000000 P 7721e001ae4e4c1aa22f260c2dea4b9a [term 0 FOLLOWER]: Starting pre-election (no leader contacted us within the election timeout)
I20260601 13:24:33.658106 18706 raft_consensus.cc:515] T 00000000000000000000000000000000 P 7721e001ae4e4c1aa22f260c2dea4b9a [term 0 FOLLOWER]: Starting pre-election with config: opid_index: -1 OBSOLETE_local: false peers { permanent_uuid: "1c35a3d91f914233bace191ec93763a9" member_type: VOTER last_known_addr { host: "127.18.11.62" port: 40999 } } peers { permanent_uuid: "7721e001ae4e4c1aa22f260c2dea4b9a" member_type: VOTER last_known_addr { host: "127.18.11.61" port: 45945 } } peers { permanent_uuid: "049dcd62eaad47d38df1e059436c5f9b" member_type: VOTER last_known_addr { host: "127.18.11.60" port: 44957 } }
I20260601 13:24:33.658367 18476 fs_manager.cc:696] Time spent creating directory manager: real 0.001s	user 0.002s	sys 0.000s
I20260601 13:24:33.659047 18706 leader_election.cc:290] T 00000000000000000000000000000000 P 7721e001ae4e4c1aa22f260c2dea4b9a [CANDIDATE]: Term 1 pre-election: Requested pre-vote from peers 1c35a3d91f914233bace191ec93763a9 (127.18.11.62:40999), 049dcd62eaad47d38df1e059436c5f9b (127.18.11.60:44957)
I20260601 13:24:33.659466 18648 tablet_service.cc:1917] Received RequestConsensusVote() RPC: tablet_id: "00000000000000000000000000000000" candidate_uuid: "7721e001ae4e4c1aa22f260c2dea4b9a" candidate_term: 1 candidate_status { last_received { term: 0 index: 0 } } ignore_live_leader: false dest_uuid: "049dcd62eaad47d38df1e059436c5f9b" is_pre_election: true
I20260601 13:24:33.659461 18516 tablet_service.cc:1917] Received RequestConsensusVote() RPC: tablet_id: "00000000000000000000000000000000" candidate_uuid: "7721e001ae4e4c1aa22f260c2dea4b9a" candidate_term: 1 candidate_status { last_received { term: 0 index: 0 } } ignore_live_leader: false dest_uuid: "1c35a3d91f914233bace191ec93763a9" is_pre_election: true
I20260601 13:24:33.659678 18516 raft_consensus.cc:2468] T 00000000000000000000000000000000 P 1c35a3d91f914233bace191ec93763a9 [term 0 FOLLOWER]: Leader pre-election vote request: Granting yes vote for candidate 7721e001ae4e4c1aa22f260c2dea4b9a in term 0.
I20260601 13:24:33.659678 18648 raft_consensus.cc:2468] T 00000000000000000000000000000000 P 049dcd62eaad47d38df1e059436c5f9b [term 0 FOLLOWER]: Leader pre-election vote request: Granting yes vote for candidate 7721e001ae4e4c1aa22f260c2dea4b9a in term 0.
I20260601 13:24:33.660090 18553 leader_election.cc:304] T 00000000000000000000000000000000 P 7721e001ae4e4c1aa22f260c2dea4b9a [CANDIDATE]: Term 1 pre-election: Election decided. Result: candidate won. Election summary: received 2 responses out of 3 voters: 2 yes votes; 0 no votes. yes voters: 1c35a3d91f914233bace191ec93763a9, 7721e001ae4e4c1aa22f260c2dea4b9a; no voters: 
I20260601 13:24:33.660444 18706 raft_consensus.cc:2804] T 00000000000000000000000000000000 P 7721e001ae4e4c1aa22f260c2dea4b9a [term 0 FOLLOWER]: Leader pre-election won for term 1
I20260601 13:24:33.660596 18706 raft_consensus.cc:493] T 00000000000000000000000000000000 P 7721e001ae4e4c1aa22f260c2dea4b9a [term 0 FOLLOWER]: Starting leader election (no leader contacted us within the election timeout)
I20260601 13:24:33.660679 18706 raft_consensus.cc:3060] T 00000000000000000000000000000000 P 7721e001ae4e4c1aa22f260c2dea4b9a [term 0 FOLLOWER]: Advancing to term 1
I20260601 13:24:33.661682 18706 raft_consensus.cc:515] T 00000000000000000000000000000000 P 7721e001ae4e4c1aa22f260c2dea4b9a [term 1 FOLLOWER]: Starting leader election with config: opid_index: -1 OBSOLETE_local: false peers { permanent_uuid: "1c35a3d91f914233bace191ec93763a9" member_type: VOTER last_known_addr { host: "127.18.11.62" port: 40999 } } peers { permanent_uuid: "7721e001ae4e4c1aa22f260c2dea4b9a" member_type: VOTER last_known_addr { host: "127.18.11.61" port: 45945 } } peers { permanent_uuid: "049dcd62eaad47d38df1e059436c5f9b" member_type: VOTER last_known_addr { host: "127.18.11.60" port: 44957 } }
I20260601 13:24:33.662067 18706 leader_election.cc:290] T 00000000000000000000000000000000 P 7721e001ae4e4c1aa22f260c2dea4b9a [CANDIDATE]: Term 1 election: Requested vote from peers 1c35a3d91f914233bace191ec93763a9 (127.18.11.62:40999), 049dcd62eaad47d38df1e059436c5f9b (127.18.11.60:44957)
I20260601 13:24:33.660135 18805 log_block_manager.cc:4031] Time spent loading block containers with low live blocks: real 0.000s	user 0.000s	sys 0.000s
I20260601 13:24:33.662480 18476 fs_manager.cc:730] Time spent opening block manager: real 0.004s	user 0.001s	sys 0.000s
I20260601 13:24:33.662557 18476 fs_manager.cc:647] Opened local filesystem: /tmp/dist-test-task3bKtSB/test-tmp/auto_rebalancer-test.0.AutoRebalancerTest.OnlyLeaderDoesAutoRebalancing.1780320273437725-18476-0/minicluster-data/ts-1-root
uuid: "f3b611a71c4d4a108b45ad3d532c5211"
format_stamp: "Formatted at 2026-06-01 13:24:33 on dist-test-slave-pr58"
I20260601 13:24:33.662581 18648 tablet_service.cc:1917] Received RequestConsensusVote() RPC: tablet_id: "00000000000000000000000000000000" candidate_uuid: "7721e001ae4e4c1aa22f260c2dea4b9a" candidate_term: 1 candidate_status { last_received { term: 0 index: 0 } } ignore_live_leader: false dest_uuid: "049dcd62eaad47d38df1e059436c5f9b"
I20260601 13:24:33.662621 18476 fs_report.cc:389] FS layout report
--------------------
wal directory: /tmp/dist-test-task3bKtSB/test-tmp/auto_rebalancer-test.0.AutoRebalancerTest.OnlyLeaderDoesAutoRebalancing.1780320273437725-18476-0/minicluster-data/ts-1-root
metadata directory: /tmp/dist-test-task3bKtSB/test-tmp/auto_rebalancer-test.0.AutoRebalancerTest.OnlyLeaderDoesAutoRebalancing.1780320273437725-18476-0/minicluster-data/ts-1-root
1 data directories: /tmp/dist-test-task3bKtSB/test-tmp/auto_rebalancer-test.0.AutoRebalancerTest.OnlyLeaderDoesAutoRebalancing.1780320273437725-18476-0/minicluster-data/ts-1-root/data
Total live blocks: 0
Total live bytes: 0
Total live bytes (after alignment): 0
Total number of LBM containers: 0 (0 full)
Did not check for missing blocks
Did not check for orphaned blocks
Total full LBM containers with extra space: 0 (0 repaired)
Total full LBM container extra space in bytes: 0 (0 repaired)
Total incomplete LBM containers: 0 (0 repaired)
Total LBM partial records: 0 (0 repaired)
Total corrupted LBM metadata records in RocksDB: 0 (0 repaired)
I20260601 13:24:33.662719 18648 raft_consensus.cc:3060] T 00000000000000000000000000000000 P 049dcd62eaad47d38df1e059436c5f9b [term 0 FOLLOWER]: Advancing to term 1
I20260601 13:24:33.663352 18516 tablet_service.cc:1917] Received RequestConsensusVote() RPC: tablet_id: "00000000000000000000000000000000" candidate_uuid: "7721e001ae4e4c1aa22f260c2dea4b9a" candidate_term: 1 candidate_status { last_received { term: 0 index: 0 } } ignore_live_leader: false dest_uuid: "1c35a3d91f914233bace191ec93763a9"
I20260601 13:24:33.663465 18516 raft_consensus.cc:3060] T 00000000000000000000000000000000 P 1c35a3d91f914233bace191ec93763a9 [term 0 FOLLOWER]: Advancing to term 1
I20260601 13:24:33.664321 18648 raft_consensus.cc:2468] T 00000000000000000000000000000000 P 049dcd62eaad47d38df1e059436c5f9b [term 1 FOLLOWER]: Leader election vote request: Granting yes vote for candidate 7721e001ae4e4c1aa22f260c2dea4b9a in term 1.
I20260601 13:24:33.664466 18516 raft_consensus.cc:2468] T 00000000000000000000000000000000 P 1c35a3d91f914233bace191ec93763a9 [term 1 FOLLOWER]: Leader election vote request: Granting yes vote for candidate 7721e001ae4e4c1aa22f260c2dea4b9a in term 1.
I20260601 13:24:33.664734 18556 leader_election.cc:304] T 00000000000000000000000000000000 P 7721e001ae4e4c1aa22f260c2dea4b9a [CANDIDATE]: Term 1 election: Election decided. Result: candidate won. Election summary: received 2 responses out of 3 voters: 2 yes votes; 0 no votes. yes voters: 049dcd62eaad47d38df1e059436c5f9b, 7721e001ae4e4c1aa22f260c2dea4b9a; no voters: 
I20260601 13:24:33.664983 18706 raft_consensus.cc:2804] T 00000000000000000000000000000000 P 7721e001ae4e4c1aa22f260c2dea4b9a [term 1 FOLLOWER]: Leader election won for term 1
I20260601 13:24:33.665236 18706 raft_consensus.cc:697] T 00000000000000000000000000000000 P 7721e001ae4e4c1aa22f260c2dea4b9a [term 1 LEADER]: Becoming Leader. State: Replica: 7721e001ae4e4c1aa22f260c2dea4b9a, State: Running, Role: LEADER
I20260601 13:24:33.665557 18706 consensus_queue.cc:237] T 00000000000000000000000000000000 P 7721e001ae4e4c1aa22f260c2dea4b9a [LEADER]: Queue going to LEADER mode. State: All replicated index: 0, Majority replicated index: 0, Committed index: 0, Last appended: 0.0, Last appended by leader: 0, Current term: 1, Majority size: 2, State: 0, Mode: LEADER, active raft config: opid_index: -1 OBSOLETE_local: false peers { permanent_uuid: "1c35a3d91f914233bace191ec93763a9" member_type: VOTER last_known_addr { host: "127.18.11.62" port: 40999 } } peers { permanent_uuid: "7721e001ae4e4c1aa22f260c2dea4b9a" member_type: VOTER last_known_addr { host: "127.18.11.61" port: 45945 } } peers { permanent_uuid: "049dcd62eaad47d38df1e059436c5f9b" member_type: VOTER last_known_addr { host: "127.18.11.60" port: 44957 } }
I20260601 13:24:33.667550 18810 sys_catalog.cc:455] T 00000000000000000000000000000000 P 7721e001ae4e4c1aa22f260c2dea4b9a [sys.catalog]: SysCatalogTable state changed. Reason: New leader 7721e001ae4e4c1aa22f260c2dea4b9a. Latest consensus state: current_term: 1 leader_uuid: "7721e001ae4e4c1aa22f260c2dea4b9a" committed_config { opid_index: -1 OBSOLETE_local: false peers { permanent_uuid: "1c35a3d91f914233bace191ec93763a9" member_type: VOTER last_known_addr { host: "127.18.11.62" port: 40999 } } peers { permanent_uuid: "7721e001ae4e4c1aa22f260c2dea4b9a" member_type: VOTER last_known_addr { host: "127.18.11.61" port: 45945 } } peers { permanent_uuid: "049dcd62eaad47d38df1e059436c5f9b" member_type: VOTER last_known_addr { host: "127.18.11.60" port: 44957 } } }
I20260601 13:24:33.668066 18810 sys_catalog.cc:458] T 00000000000000000000000000000000 P 7721e001ae4e4c1aa22f260c2dea4b9a [sys.catalog]: This master's current role is: LEADER
I20260601 13:24:33.668527 18812 catalog_manager.cc:1510] Loading table and tablet metadata into memory...
I20260601 13:24:33.669631 18812 catalog_manager.cc:1519] Initializing Kudu cluster ID...
I20260601 13:24:33.674060 18648 raft_consensus.cc:1275] T 00000000000000000000000000000000 P 049dcd62eaad47d38df1e059436c5f9b [term 1 FOLLOWER]: Refusing update from remote peer 7721e001ae4e4c1aa22f260c2dea4b9a: Log matching property violated. Preceding OpId in replica: term: 0 index: 0. Preceding OpId from leader: term: 1 index: 2. (index mismatch)
I20260601 13:24:33.674060 18516 raft_consensus.cc:1275] T 00000000000000000000000000000000 P 1c35a3d91f914233bace191ec93763a9 [term 1 FOLLOWER]: Refusing update from remote peer 7721e001ae4e4c1aa22f260c2dea4b9a: Log matching property violated. Preceding OpId in replica: term: 0 index: 0. Preceding OpId from leader: term: 1 index: 2. (index mismatch)
I20260601 13:24:33.674607 18810 consensus_queue.cc:1048] T 00000000000000000000000000000000 P 7721e001ae4e4c1aa22f260c2dea4b9a [LEADER]: Connected to new peer: Peer: permanent_uuid: "049dcd62eaad47d38df1e059436c5f9b" member_type: VOTER last_known_addr { host: "127.18.11.60" port: 44957 }, Status: LMP_MISMATCH, Last received: 0.0, Next index: 1, Last known committed idx: 0, Time since last communication: 0.000s
I20260601 13:24:33.674718 18706 consensus_queue.cc:1048] T 00000000000000000000000000000000 P 7721e001ae4e4c1aa22f260c2dea4b9a [LEADER]: Connected to new peer: Peer: permanent_uuid: "1c35a3d91f914233bace191ec93763a9" member_type: VOTER last_known_addr { host: "127.18.11.62" port: 40999 }, Status: LMP_MISMATCH, Last received: 0.0, Next index: 1, Last known committed idx: 0, Time since last communication: 0.000s
I20260601 13:24:33.676640 18681 sys_catalog.cc:455] T 00000000000000000000000000000000 P 1c35a3d91f914233bace191ec93763a9 [sys.catalog]: SysCatalogTable state changed. Reason: New leader 7721e001ae4e4c1aa22f260c2dea4b9a. Latest consensus state: current_term: 1 leader_uuid: "7721e001ae4e4c1aa22f260c2dea4b9a" committed_config { opid_index: -1 OBSOLETE_local: false peers { permanent_uuid: "1c35a3d91f914233bace191ec93763a9" member_type: VOTER last_known_addr { host: "127.18.11.62" port: 40999 } } peers { permanent_uuid: "7721e001ae4e4c1aa22f260c2dea4b9a" member_type: VOTER last_known_addr { host: "127.18.11.61" port: 45945 } } peers { permanent_uuid: "049dcd62eaad47d38df1e059436c5f9b" member_type: VOTER last_known_addr { host: "127.18.11.60" port: 44957 } } }
