W20260601 13:24:26.285616 17578 system_unsync_time.cc:38] NTP support is disabled. Clock error bounds will not be accurate. This configuration is not suitable for distributed clusters.
I20260601 13:24:26.285655 17578 hybrid_clock.cc:648] HybridClock initialized: now 1780320266285635 us; error 0 us; skew 500 ppm
I20260601 13:24:26.286887 17578 webserver.cc:533] Webserver started at http://127.17.42.132:39067/ using document root <none> and password file <none>
I20260601 13:24:26.287140 17578 fs_manager.cc:362] Metadata directory not provided
I20260601 13:24:26.287217 17578 fs_manager.cc:368] Using write-ahead log directory (fs_wal_dir) as metadata directory
I20260601 13:24:26.287321 17578 server_base.cc:909] This appears to be a new deployment of Kudu; creating new FS layout
I20260601 13:24:26.287794 17578 fs_manager.cc:1068] Generated new instance metadata in path /tmp/dist-test-taskwVN7m2/test-tmp/auto_rebalancer-test.0.AutoRebalancerTest.AutoRebalancingTurnOffAndOn.1780320259603481-17578-0/minicluster-data/ts-3-root/instance:
uuid: "7d20ff0c293e49e99080f7346c1ebe55"
format_stamp: "Formatted at 2026-06-01 13:24:26 on dist-test-slave-wb77"
I20260601 13:24:26.289429 17578 fs_manager.cc:696] Time spent creating directory manager: real 0.001s	user 0.002s	sys 0.000s
I20260601 13:24:26.290445 18530 log_block_manager.cc:4031] Time spent loading block containers with low live blocks: real 0.000s	user 0.000s	sys 0.000s
I20260601 13:24:26.290755 17578 fs_manager.cc:730] Time spent opening block manager: real 0.001s	user 0.001s	sys 0.000s
I20260601 13:24:26.290822 17578 fs_manager.cc:647] Opened local filesystem: /tmp/dist-test-taskwVN7m2/test-tmp/auto_rebalancer-test.0.AutoRebalancerTest.AutoRebalancingTurnOffAndOn.1780320259603481-17578-0/minicluster-data/ts-3-root
uuid: "7d20ff0c293e49e99080f7346c1ebe55"
format_stamp: "Formatted at 2026-06-01 13:24:26 on dist-test-slave-wb77"
I20260601 13:24:26.290884 17578 fs_report.cc:389] FS layout report
--------------------
wal directory: /tmp/dist-test-taskwVN7m2/test-tmp/auto_rebalancer-test.0.AutoRebalancerTest.AutoRebalancingTurnOffAndOn.1780320259603481-17578-0/minicluster-data/ts-3-root
metadata directory: /tmp/dist-test-taskwVN7m2/test-tmp/auto_rebalancer-test.0.AutoRebalancerTest.AutoRebalancingTurnOffAndOn.1780320259603481-17578-0/minicluster-data/ts-3-root
1 data directories: /tmp/dist-test-taskwVN7m2/test-tmp/auto_rebalancer-test.0.AutoRebalancerTest.AutoRebalancingTurnOffAndOn.1780320259603481-17578-0/minicluster-data/ts-3-root/data
Total live blocks: 0
Total live bytes: 0
Total live bytes (after alignment): 0
Total number of LBM containers: 0 (0 full)
Did not check for missing blocks
Did not check for orphaned blocks
Total full LBM containers with extra space: 0 (0 repaired)
Total full LBM container extra space in bytes: 0 (0 repaired)
Total incomplete LBM containers: 0 (0 repaired)
Total LBM partial records: 0 (0 repaired)
Total corrupted LBM metadata records in RocksDB: 0 (0 repaired)
I20260601 13:24:26.306524 17578 rpc_server.cc:225] running with OpenSSL 1.1.1  11 Sep 2018
I20260601 13:24:26.306988 17578 kserver.cc:163] Server-wide thread pool size limit: 3276
I20260601 13:24:26.307331 17578 txn_system_client.cc:432] TxnSystemClient initialization is disabled...
I20260601 13:24:26.307840 17578 ts_tablet_manager.cc:585] Loaded tablet metadata (0 total tablets, 0 live tablets)
I20260601 13:24:26.307880 17578 ts_tablet_manager.cc:531] Time spent load tablet metadata: real 0.000s	user 0.000s	sys 0.000s
I20260601 13:24:26.307940 17578 ts_tablet_manager.cc:616] Registered 0 tablets
I20260601 13:24:26.307986 17578 ts_tablet_manager.cc:595] Time spent register tablets: real 0.000s	user 0.000s	sys 0.000s
I20260601 13:24:26.312712 17578 rpc_server.cc:307] RPC server started. Bound to: 127.17.42.132:41253
I20260601 13:24:26.312795 18593 acceptor_pool.cc:272] collecting diagnostics on the listening RPC socket 127.17.42.132:41253 every 8 connection(s)
I20260601 13:24:26.322414 18594 heartbeater.cc:344] Connected to a master server at 127.17.42.190:37221
I20260601 13:24:26.322556 18594 heartbeater.cc:461] Registering TS with master...
I20260601 13:24:26.322813 18594 heartbeater.cc:507] Master 127.17.42.190:37221 requested a full tablet report, sending...
I20260601 13:24:26.323661 18147 ts_manager.cc:194] Registered new tserver with Master: 7d20ff0c293e49e99080f7346c1ebe55 (127.17.42.132:41253)
I20260601 13:24:26.324285 18147 master_service.cc:502] Signed X509 certificate for tserver {username='slave'} at 127.0.0.1:50438
I20260601 13:24:26.478804 18202 auto_leader_rebalancer.cc:140] leader rebalance for table test-workload
I20260601 13:24:26.484506 18401 tablet_service.cc:2072] Received LeaderStepDown RPC: tablet_id: "7fb1b5c2caea4fae87719af6fcc8d238"
dest_uuid: "e9b2a1257f1c4324b3f90a75f8759199"
mode: GRACEFUL
new_leader_uuid: "3e5cb692cdbe4b0ab8194bb968a93d76"
 from {username='slave'} at 127.0.0.1:59090
I20260601 13:24:26.484711 18327 raft_consensus.cc:1275] T 45212fcb595440f6811b5e5df7a51502 P 0701c30036584697b5c61175f4234d04 [term 2 FOLLOWER]: Refusing update from remote peer 3e5cb692cdbe4b0ab8194bb968a93d76: Log matching property violated. Preceding OpId in replica: term: 0 index: 0. Preceding OpId from leader: term: 2 index: 1. (index mismatch)
I20260601 13:24:26.484757 18401 raft_consensus.cc:606] T 7fb1b5c2caea4fae87719af6fcc8d238 P e9b2a1257f1c4324b3f90a75f8759199 [term 1 LEADER]: Received request to transfer leadership to TS 3e5cb692cdbe4b0ab8194bb968a93d76
I20260601 13:24:26.485195 18486 consensus_queue.cc:1048] T 45212fcb595440f6811b5e5df7a51502 P 3e5cb692cdbe4b0ab8194bb968a93d76 [LEADER]: Connected to new peer: Peer: permanent_uuid: "0701c30036584697b5c61175f4234d04" member_type: VOTER last_known_addr { host: "127.17.42.130" port: 39437 }, Status: LMP_MISMATCH, Last received: 0.0, Next index: 1, Last known committed idx: 0, Time since last communication: 0.000s
I20260601 13:24:26.485262 18202 auto_leader_rebalancer.cc:388] table: test-workload, leader rebalance finish, leader transfer count: 1
I20260601 13:24:26.485468 18202 auto_leader_rebalancer.cc:451] All tables' leader rebalancing finished this round
I20260601 13:24:26.488003 18401 raft_consensus.cc:1275] T 45212fcb595440f6811b5e5df7a51502 P e9b2a1257f1c4324b3f90a75f8759199 [term 2 FOLLOWER]: Refusing update from remote peer 3e5cb692cdbe4b0ab8194bb968a93d76: Log matching property violated. Preceding OpId in replica: term: 0 index: 0. Preceding OpId from leader: term: 2 index: 1. (index mismatch)
I20260601 13:24:26.488363 18486 consensus_queue.cc:1048] T 45212fcb595440f6811b5e5df7a51502 P 3e5cb692cdbe4b0ab8194bb968a93d76 [LEADER]: Connected to new peer: Peer: permanent_uuid: "e9b2a1257f1c4324b3f90a75f8759199" member_type: VOTER last_known_addr { host: "127.17.42.131" port: 37399 }, Status: LMP_MISMATCH, Last received: 0.0, Next index: 1, Last known committed idx: 0, Time since last communication: 0.000s
I20260601 13:24:26.546782 18462 raft_consensus.cc:993] T 7fb1b5c2caea4fae87719af6fcc8d238 P e9b2a1257f1c4324b3f90a75f8759199: : Instructing follower 3e5cb692cdbe4b0ab8194bb968a93d76 to start an election
I20260601 13:24:26.546945 18605 raft_consensus.cc:1081] T 7fb1b5c2caea4fae87719af6fcc8d238 P e9b2a1257f1c4324b3f90a75f8759199 [term 1 LEADER]: Signalling peer 3e5cb692cdbe4b0ab8194bb968a93d76 to start an election
I20260601 13:24:26.547565 18250 tablet_service.cc:2044] Received Run Leader Election RPC: tablet_id: "7fb1b5c2caea4fae87719af6fcc8d238"
dest_uuid: "3e5cb692cdbe4b0ab8194bb968a93d76"
 from {username='slave'} at 127.0.0.1:42646
I20260601 13:24:26.547772 18250 raft_consensus.cc:493] T 7fb1b5c2caea4fae87719af6fcc8d238 P 3e5cb692cdbe4b0ab8194bb968a93d76 [term 1 FOLLOWER]: Starting forced leader election (received explicit request)
I20260601 13:24:26.547861 18250 raft_consensus.cc:3060] T 7fb1b5c2caea4fae87719af6fcc8d238 P 3e5cb692cdbe4b0ab8194bb968a93d76 [term 1 FOLLOWER]: Advancing to term 2
I20260601 13:24:26.548702 18250 raft_consensus.cc:515] T 7fb1b5c2caea4fae87719af6fcc8d238 P 3e5cb692cdbe4b0ab8194bb968a93d76 [term 2 FOLLOWER]: Starting forced leader election with config: opid_index: -1 OBSOLETE_local: false peers { permanent_uuid: "3e5cb692cdbe4b0ab8194bb968a93d76" member_type: VOTER last_known_addr { host: "127.17.42.129" port: 40519 } } peers { permanent_uuid: "0701c30036584697b5c61175f4234d04" member_type: VOTER last_known_addr { host: "127.17.42.130" port: 39437 } } peers { permanent_uuid: "e9b2a1257f1c4324b3f90a75f8759199" member_type: VOTER last_known_addr { host: "127.17.42.131" port: 37399 } }
I20260601 13:24:26.549116 18250 leader_election.cc:290] T 7fb1b5c2caea4fae87719af6fcc8d238 P 3e5cb692cdbe4b0ab8194bb968a93d76 [CANDIDATE]: Term 2 election: Requested vote from peers 0701c30036584697b5c61175f4234d04 (127.17.42.130:39437), e9b2a1257f1c4324b3f90a75f8759199 (127.17.42.131:37399)
I20260601 13:24:26.549479 18327 tablet_service.cc:1917] Received RequestConsensusVote() RPC: tablet_id: "7fb1b5c2caea4fae87719af6fcc8d238" candidate_uuid: "3e5cb692cdbe4b0ab8194bb968a93d76" candidate_term: 2 candidate_status { last_received { term: 1 index: 1 } } ignore_live_leader: true dest_uuid: "0701c30036584697b5c61175f4234d04"
I20260601 13:24:26.549520 18401 tablet_service.cc:1917] Received RequestConsensusVote() RPC: tablet_id: "7fb1b5c2caea4fae87719af6fcc8d238" candidate_uuid: "3e5cb692cdbe4b0ab8194bb968a93d76" candidate_term: 2 candidate_status { last_received { term: 1 index: 1 } } ignore_live_leader: true dest_uuid: "e9b2a1257f1c4324b3f90a75f8759199"
I20260601 13:24:26.549597 18327 raft_consensus.cc:3060] T 7fb1b5c2caea4fae87719af6fcc8d238 P 0701c30036584697b5c61175f4234d04 [term 1 FOLLOWER]: Advancing to term 2
I20260601 13:24:26.549698 18401 raft_consensus.cc:3055] T 7fb1b5c2caea4fae87719af6fcc8d238 P e9b2a1257f1c4324b3f90a75f8759199 [term 1 LEADER]: Stepping down as leader of term 1
I20260601 13:24:26.549777 18401 raft_consensus.cc:740] T 7fb1b5c2caea4fae87719af6fcc8d238 P e9b2a1257f1c4324b3f90a75f8759199 [term 1 LEADER]: Becoming Follower/Learner. State: Replica: e9b2a1257f1c4324b3f90a75f8759199, State: Running, Role: LEADER
I20260601 13:24:26.549944 18401 consensus_queue.cc:260] T 7fb1b5c2caea4fae87719af6fcc8d238 P e9b2a1257f1c4324b3f90a75f8759199 [NON_LEADER]: Queue going to NON_LEADER mode. State: All replicated index: 0, Majority replicated index: 1, Committed index: 1, Last appended: 1.1, Last appended by leader: 1, Current term: 1, Majority size: -1, State: 0, Mode: NON_LEADER, active raft config: opid_index: -1 OBSOLETE_local: false peers { permanent_uuid: "3e5cb692cdbe4b0ab8194bb968a93d76" member_type: VOTER last_known_addr { host: "127.17.42.129" port: 40519 } } peers { permanent_uuid: "0701c30036584697b5c61175f4234d04" member_type: VOTER last_known_addr { host: "127.17.42.130" port: 39437 } } peers { permanent_uuid: "e9b2a1257f1c4324b3f90a75f8759199" member_type: VOTER last_known_addr { host: "127.17.42.131" port: 37399 } }
I20260601 13:24:26.550113 18401 raft_consensus.cc:3060] T 7fb1b5c2caea4fae87719af6fcc8d238 P e9b2a1257f1c4324b3f90a75f8759199 [term 1 FOLLOWER]: Advancing to term 2
I20260601 13:24:26.550560 18327 raft_consensus.cc:2468] T 7fb1b5c2caea4fae87719af6fcc8d238 P 0701c30036584697b5c61175f4234d04 [term 2 FOLLOWER]: Leader election vote request: Granting yes vote for candidate 3e5cb692cdbe4b0ab8194bb968a93d76 in term 2.
I20260601 13:24:26.550855 18215 leader_election.cc:304] T 7fb1b5c2caea4fae87719af6fcc8d238 P 3e5cb692cdbe4b0ab8194bb968a93d76 [CANDIDATE]: Term 2 election: Election decided. Result: candidate won. Election summary: received 2 responses out of 3 voters: 2 yes votes; 0 no votes. yes voters: 0701c30036584697b5c61175f4234d04, 3e5cb692cdbe4b0ab8194bb968a93d76; no voters: 
I20260601 13:24:26.550982 18401 raft_consensus.cc:2468] T 7fb1b5c2caea4fae87719af6fcc8d238 P e9b2a1257f1c4324b3f90a75f8759199 [term 2 FOLLOWER]: Leader election vote request: Granting yes vote for candidate 3e5cb692cdbe4b0ab8194bb968a93d76 in term 2.
I20260601 13:24:26.551038 18486 raft_consensus.cc:2804] T 7fb1b5c2caea4fae87719af6fcc8d238 P 3e5cb692cdbe4b0ab8194bb968a93d76 [term 2 FOLLOWER]: Leader election won for term 2
I20260601 13:24:26.551128 18486 raft_consensus.cc:697] T 7fb1b5c2caea4fae87719af6fcc8d238 P 3e5cb692cdbe4b0ab8194bb968a93d76 [term 2 LEADER]: Becoming Leader. State: Replica: 3e5cb692cdbe4b0ab8194bb968a93d76, State: Running, Role: LEADER
I20260601 13:24:26.551292 18486 consensus_queue.cc:237] T 7fb1b5c2caea4fae87719af6fcc8d238 P 3e5cb692cdbe4b0ab8194bb968a93d76 [LEADER]: Queue going to LEADER mode. State: All replicated index: 0, Majority replicated index: 1, Committed index: 1, Last appended: 1.1, Last appended by leader: 1, Current term: 2, Majority size: 2, State: 0, Mode: LEADER, active raft config: opid_index: -1 OBSOLETE_local: false peers { permanent_uuid: "3e5cb692cdbe4b0ab8194bb968a93d76" member_type: VOTER last_known_addr { host: "127.17.42.129" port: 40519 } } peers { permanent_uuid: "0701c30036584697b5c61175f4234d04" member_type: VOTER last_known_addr { host: "127.17.42.130" port: 39437 } } peers { permanent_uuid: "e9b2a1257f1c4324b3f90a75f8759199" member_type: VOTER last_known_addr { host: "127.17.42.131" port: 37399 } }
I20260601 13:24:26.552824 18148 catalog_manager.cc:5696] T 7fb1b5c2caea4fae87719af6fcc8d238 P 3e5cb692cdbe4b0ab8194bb968a93d76 reported cstate change: term changed from 1 to 2, leader changed from e9b2a1257f1c4324b3f90a75f8759199 (127.17.42.131) to 3e5cb692cdbe4b0ab8194bb968a93d76 (127.17.42.129). New cstate: current_term: 2 leader_uuid: "3e5cb692cdbe4b0ab8194bb968a93d76" committed_config { opid_index: -1 OBSOLETE_local: false peers { permanent_uuid: "3e5cb692cdbe4b0ab8194bb968a93d76" member_type: VOTER last_known_addr { host: "127.17.42.129" port: 40519 } health_report { overall_health: HEALTHY } } peers { permanent_uuid: "0701c30036584697b5c61175f4234d04" member_type: VOTER last_known_addr { host: "127.17.42.130" port: 39437 } health_report { overall_health: UNKNOWN } } peers { permanent_uuid: "e9b2a1257f1c4324b3f90a75f8759199" member_type: VOTER last_known_addr { host: "127.17.42.131" port: 37399 } health_report { overall_health: UNKNOWN } } }
I20260601 13:24:27.013481 18401 raft_consensus.cc:1275] T 7fb1b5c2caea4fae87719af6fcc8d238 P e9b2a1257f1c4324b3f90a75f8759199 [term 2 FOLLOWER]: Refusing update from remote peer 3e5cb692cdbe4b0ab8194bb968a93d76: Log matching property violated. Preceding OpId in replica: term: 1 index: 1. Preceding OpId from leader: term: 2 index: 2. (index mismatch)
I20260601 13:24:27.014043 18610 consensus_queue.cc:1048] T 7fb1b5c2caea4fae87719af6fcc8d238 P 3e5cb692cdbe4b0ab8194bb968a93d76 [LEADER]: Connected to new peer: Peer: permanent_uuid: "e9b2a1257f1c4324b3f90a75f8759199" member_type: VOTER last_known_addr { host: "127.17.42.131" port: 37399 }, Status: LMP_MISMATCH, Last received: 0.0, Next index: 2, Last known committed idx: 1, Time since last communication: 0.000s
I20260601 13:24:27.017318 18327 raft_consensus.cc:1275] T 7fb1b5c2caea4fae87719af6fcc8d238 P 0701c30036584697b5c61175f4234d04 [term 2 FOLLOWER]: Refusing update from remote peer 3e5cb692cdbe4b0ab8194bb968a93d76: Log matching property violated. Preceding OpId in replica: term: 1 index: 1. Preceding OpId from leader: term: 2 index: 2. (index mismatch)
I20260601 13:24:27.017835 18486 consensus_queue.cc:1048] T 7fb1b5c2caea4fae87719af6fcc8d238 P 3e5cb692cdbe4b0ab8194bb968a93d76 [LEADER]: Connected to new peer: Peer: permanent_uuid: "0701c30036584697b5c61175f4234d04" member_type: VOTER last_known_addr { host: "127.17.42.130" port: 39437 }, Status: LMP_MISMATCH, Last received: 0.0, Next index: 2, Last known committed idx: 1, Time since last communication: 0.000s
I20260601 13:24:27.325325 18594 heartbeater.cc:499] Master 127.17.42.190:37221 was elected leader, sending a full tablet report...
I20260601 13:24:28.485826 18202 auto_leader_rebalancer.cc:140] leader rebalance for table test-workload
I20260601 13:24:28.486817 18202 auto_leader_rebalancer.cc:388] table: test-workload, leader rebalance finish, leader transfer count: 0
I20260601 13:24:28.486907 18202 auto_leader_rebalancer.cc:451] All tables' leader rebalancing finished this round
I20260601 13:24:30.487303 18202 auto_leader_rebalancer.cc:140] leader rebalance for table test-workload
I20260601 13:24:30.488173 18202 auto_leader_rebalancer.cc:388] table: test-workload, leader rebalance finish, leader transfer count: 0
I20260601 13:24:30.488250 18202 auto_leader_rebalancer.cc:451] All tables' leader rebalancing finished this round
I20260601 13:24:31.494130 18250 consensus_queue.cc:237] T 45212fcb595440f6811b5e5df7a51502 P 3e5cb692cdbe4b0ab8194bb968a93d76 [LEADER]: Queue going to LEADER mode. State: All replicated index: 0, Majority replicated index: 1, Committed index: 1, Last appended: 2.1, Last appended by leader: 0, Current term: 2, Majority size: 2, State: 0, Mode: LEADER, active raft config: opid_index: 2 OBSOLETE_local: false peers { permanent_uuid: "3e5cb692cdbe4b0ab8194bb968a93d76" member_type: VOTER last_known_addr { host: "127.17.42.129" port: 40519 } } peers { permanent_uuid: "0701c30036584697b5c61175f4234d04" member_type: VOTER last_known_addr { host: "127.17.42.130" port: 39437 } } peers { permanent_uuid: "e9b2a1257f1c4324b3f90a75f8759199" member_type: VOTER last_known_addr { host: "127.17.42.131" port: 37399 } attrs { replace: true } } peers { permanent_uuid: "7d20ff0c293e49e99080f7346c1ebe55" member_type: NON_VOTER last_known_addr { host: "127.17.42.132" port: 41253 } attrs { promote: true } }
I20260601 13:24:31.495973 18401 raft_consensus.cc:1275] T 45212fcb595440f6811b5e5df7a51502 P e9b2a1257f1c4324b3f90a75f8759199 [term 2 FOLLOWER]: Refusing update from remote peer 3e5cb692cdbe4b0ab8194bb968a93d76: Log matching property violated. Preceding OpId in replica: term: 2 index: 1. Preceding OpId from leader: term: 2 index: 2. (index mismatch)
I20260601 13:24:31.495972 18327 raft_consensus.cc:1275] T 45212fcb595440f6811b5e5df7a51502 P 0701c30036584697b5c61175f4234d04 [term 2 FOLLOWER]: Refusing update from remote peer 3e5cb692cdbe4b0ab8194bb968a93d76: Log matching property violated. Preceding OpId in replica: term: 2 index: 1. Preceding OpId from leader: term: 2 index: 2. (index mismatch)
I20260601 13:24:31.496477 18623 consensus_queue.cc:1048] T 45212fcb595440f6811b5e5df7a51502 P 3e5cb692cdbe4b0ab8194bb968a93d76 [LEADER]: Connected to new peer: Peer: permanent_uuid: "0701c30036584697b5c61175f4234d04" member_type: VOTER last_known_addr { host: "127.17.42.130" port: 39437 }, Status: LMP_MISMATCH, Last received: 0.0, Next index: 2, Last known committed idx: 1, Time since last communication: 0.000s
I20260601 13:24:31.496757 18618 consensus_queue.cc:1048] T 45212fcb595440f6811b5e5df7a51502 P 3e5cb692cdbe4b0ab8194bb968a93d76 [LEADER]: Connected to new peer: Peer: permanent_uuid: "e9b2a1257f1c4324b3f90a75f8759199" member_type: VOTER last_known_addr { host: "127.17.42.131" port: 37399 } attrs { replace: true }, Status: LMP_MISMATCH, Last received: 0.0, Next index: 2, Last known committed idx: 1, Time since last communication: 0.000s
I20260601 13:24:31.498867 18623 raft_consensus.cc:2955] T 45212fcb595440f6811b5e5df7a51502 P 3e5cb692cdbe4b0ab8194bb968a93d76 [term 2 LEADER]: Committing config change with OpId 2.2: config changed from index -1 to 2, NON_VOTER 7d20ff0c293e49e99080f7346c1ebe55 (127.17.42.132) added. New config: { opid_index: 2 OBSOLETE_local: false peers { permanent_uuid: "3e5cb692cdbe4b0ab8194bb968a93d76" member_type: VOTER last_known_addr { host: "127.17.42.129" port: 40519 } } peers { permanent_uuid: "0701c30036584697b5c61175f4234d04" member_type: VOTER last_known_addr { host: "127.17.42.130" port: 39437 } } peers { permanent_uuid: "e9b2a1257f1c4324b3f90a75f8759199" member_type: VOTER last_known_addr { host: "127.17.42.131" port: 37399 } attrs { replace: true } } peers { permanent_uuid: "7d20ff0c293e49e99080f7346c1ebe55" member_type: NON_VOTER last_known_addr { host: "127.17.42.132" port: 41253 } attrs { promote: true } } }
I20260601 13:24:31.499328 18327 raft_consensus.cc:2955] T 45212fcb595440f6811b5e5df7a51502 P 0701c30036584697b5c61175f4234d04 [term 2 FOLLOWER]: Committing config change with OpId 2.2: config changed from index -1 to 2, NON_VOTER 7d20ff0c293e49e99080f7346c1ebe55 (127.17.42.132) added. New config: { opid_index: 2 OBSOLETE_local: false peers { permanent_uuid: "3e5cb692cdbe4b0ab8194bb968a93d76" member_type: VOTER last_known_addr { host: "127.17.42.129" port: 40519 } } peers { permanent_uuid: "0701c30036584697b5c61175f4234d04" member_type: VOTER last_known_addr { host: "127.17.42.130" port: 39437 } } peers { permanent_uuid: "e9b2a1257f1c4324b3f90a75f8759199" member_type: VOTER last_known_addr { host: "127.17.42.131" port: 37399 } attrs { replace: true } } peers { permanent_uuid: "7d20ff0c293e49e99080f7346c1ebe55" member_type: NON_VOTER last_known_addr { host: "127.17.42.132" port: 41253 } attrs { promote: true } } }
W20260601 13:24:31.500614 18216 consensus_peers.cc:597] T 45212fcb595440f6811b5e5df7a51502 P 3e5cb692cdbe4b0ab8194bb968a93d76 -> Peer 7d20ff0c293e49e99080f7346c1ebe55 (127.17.42.132:41253): Couldn't send request to peer 7d20ff0c293e49e99080f7346c1ebe55. Error code: TABLET_NOT_FOUND (6). Status: Not found: Tablet not found: 45212fcb595440f6811b5e5df7a51502. This is attempt 1: this message will repeat every 5th retry.
I20260601 13:24:31.501808 18147 catalog_manager.cc:5696] T 45212fcb595440f6811b5e5df7a51502 P 0701c30036584697b5c61175f4234d04 reported cstate change: config changed from index -1 to 2, NON_VOTER 7d20ff0c293e49e99080f7346c1ebe55 (127.17.42.132) added. New cstate: current_term: 2 leader_uuid: "3e5cb692cdbe4b0ab8194bb968a93d76" committed_config { opid_index: 2 OBSOLETE_local: false peers { permanent_uuid: "3e5cb692cdbe4b0ab8194bb968a93d76" member_type: VOTER last_known_addr { host: "127.17.42.129" port: 40519 } } peers { permanent_uuid: "0701c30036584697b5c61175f4234d04" member_type: VOTER last_known_addr { host: "127.17.42.130" port: 39437 } } peers { permanent_uuid: "e9b2a1257f1c4324b3f90a75f8759199" member_type: VOTER last_known_addr { host: "127.17.42.131" port: 37399 } attrs { replace: true } } peers { permanent_uuid: "7d20ff0c293e49e99080f7346c1ebe55" member_type: NON_VOTER last_known_addr { host: "127.17.42.132" port: 41253 } attrs { promote: true } } }
I20260601 13:24:31.501796 18401 raft_consensus.cc:2955] T 45212fcb595440f6811b5e5df7a51502 P e9b2a1257f1c4324b3f90a75f8759199 [term 2 FOLLOWER]: Committing config change with OpId 2.2: config changed from index -1 to 2, NON_VOTER 7d20ff0c293e49e99080f7346c1ebe55 (127.17.42.132) added. New config: { opid_index: 2 OBSOLETE_local: false peers { permanent_uuid: "3e5cb692cdbe4b0ab8194bb968a93d76" member_type: VOTER last_known_addr { host: "127.17.42.129" port: 40519 } } peers { permanent_uuid: "0701c30036584697b5c61175f4234d04" member_type: VOTER last_known_addr { host: "127.17.42.130" port: 39437 } } peers { permanent_uuid: "e9b2a1257f1c4324b3f90a75f8759199" member_type: VOTER last_known_addr { host: "127.17.42.131" port: 37399 } attrs { replace: true } } peers { permanent_uuid: "7d20ff0c293e49e99080f7346c1ebe55" member_type: NON_VOTER last_known_addr { host: "127.17.42.132" port: 41253 } attrs { promote: true } } }
I20260601 13:24:31.506779 18401 consensus_queue.cc:237] T 7e9be6448136466f8710f36317de4bb4 P e9b2a1257f1c4324b3f90a75f8759199 [LEADER]: Queue going to LEADER mode. State: All replicated index: 0, Majority replicated index: 1, Committed index: 1, Last appended: 1.1, Last appended by leader: 0, Current term: 1, Majority size: 2, State: 0, Mode: LEADER, active raft config: opid_index: 2 OBSOLETE_local: false peers { permanent_uuid: "3e5cb692cdbe4b0ab8194bb968a93d76" member_type: VOTER last_known_addr { host: "127.17.42.129" port: 40519 } } peers { permanent_uuid: "0701c30036584697b5c61175f4234d04" member_type: VOTER last_known_addr { host: "127.17.42.130" port: 39437 } attrs { replace: true } } peers { permanent_uuid: "e9b2a1257f1c4324b3f90a75f8759199" member_type: VOTER last_known_addr { host: "127.17.42.131" port: 37399 } } peers { permanent_uuid: "7d20ff0c293e49e99080f7346c1ebe55" member_type: NON_VOTER last_known_addr { host: "127.17.42.132" port: 41253 } attrs { promote: true } }
I20260601 13:24:31.508258 18250 raft_consensus.cc:1275] T 7e9be6448136466f8710f36317de4bb4 P 3e5cb692cdbe4b0ab8194bb968a93d76 [term 1 FOLLOWER]: Refusing update from remote peer e9b2a1257f1c4324b3f90a75f8759199: Log matching property violated. Preceding OpId in replica: term: 1 index: 1. Preceding OpId from leader: term: 1 index: 2. (index mismatch)
I20260601 13:24:31.508258 18327 raft_consensus.cc:1275] T 7e9be6448136466f8710f36317de4bb4 P 0701c30036584697b5c61175f4234d04 [term 1 FOLLOWER]: Refusing update from remote peer e9b2a1257f1c4324b3f90a75f8759199: Log matching property violated. Preceding OpId in replica: term: 1 index: 1. Preceding OpId from leader: term: 1 index: 2. (index mismatch)
I20260601 13:24:31.508690 18635 consensus_queue.cc:1048] T 7e9be6448136466f8710f36317de4bb4 P e9b2a1257f1c4324b3f90a75f8759199 [LEADER]: Connected to new peer: Peer: permanent_uuid: "0701c30036584697b5c61175f4234d04" member_type: VOTER last_known_addr { host: "127.17.42.130" port: 39437 } attrs { replace: true }, Status: LMP_MISMATCH, Last received: 0.0, Next index: 2, Last known committed idx: 1, Time since last communication: 0.000s
I20260601 13:24:31.508931 18605 consensus_queue.cc:1048] T 7e9be6448136466f8710f36317de4bb4 P e9b2a1257f1c4324b3f90a75f8759199 [LEADER]: Connected to new peer: Peer: permanent_uuid: "3e5cb692cdbe4b0ab8194bb968a93d76" member_type: VOTER last_known_addr { host: "127.17.42.129" port: 40519 }, Status: LMP_MISMATCH, Last received: 0.0, Next index: 2, Last known committed idx: 1, Time since last communication: 0.000s
I20260601 13:24:31.510578 18605 raft_consensus.cc:2955] T 7e9be6448136466f8710f36317de4bb4 P e9b2a1257f1c4324b3f90a75f8759199 [term 1 LEADER]: Committing config change with OpId 1.2: config changed from index -1 to 2, NON_VOTER 7d20ff0c293e49e99080f7346c1ebe55 (127.17.42.132) added. New config: { opid_index: 2 OBSOLETE_local: false peers { permanent_uuid: "3e5cb692cdbe4b0ab8194bb968a93d76" member_type: VOTER last_known_addr { host: "127.17.42.129" port: 40519 } } peers { permanent_uuid: "0701c30036584697b5c61175f4234d04" member_type: VOTER last_known_addr { host: "127.17.42.130" port: 39437 } attrs { replace: true } } peers { permanent_uuid: "e9b2a1257f1c4324b3f90a75f8759199" member_type: VOTER last_known_addr { host: "127.17.42.131" port: 37399 } } peers { permanent_uuid: "7d20ff0c293e49e99080f7346c1ebe55" member_type: NON_VOTER last_known_addr { host: "127.17.42.132" port: 41253 } attrs { promote: true } } }
W20260601 13:24:31.512521 18367 consensus_peers.cc:597] T 7e9be6448136466f8710f36317de4bb4 P e9b2a1257f1c4324b3f90a75f8759199 -> Peer 7d20ff0c293e49e99080f7346c1ebe55 (127.17.42.132:41253): Couldn't send request to peer 7d20ff0c293e49e99080f7346c1ebe55. Error code: TABLET_NOT_FOUND (6). Status: Not found: Tablet not found: 7e9be6448136466f8710f36317de4bb4. This is attempt 1: this message will repeat every 5th retry.
I20260601 13:24:31.512434 18251 raft_consensus.cc:2955] T 7e9be6448136466f8710f36317de4bb4 P 3e5cb692cdbe4b0ab8194bb968a93d76 [term 1 FOLLOWER]: Committing config change with OpId 1.2: config changed from index -1 to 2, NON_VOTER 7d20ff0c293e49e99080f7346c1ebe55 (127.17.42.132) added. New config: { opid_index: 2 OBSOLETE_local: false peers { permanent_uuid: "3e5cb692cdbe4b0ab8194bb968a93d76" member_type: VOTER last_known_addr { host: "127.17.42.129" port: 40519 } } peers { permanent_uuid: "0701c30036584697b5c61175f4234d04" member_type: VOTER last_known_addr { host: "127.17.42.130" port: 39437 } attrs { replace: true } } peers { permanent_uuid: "e9b2a1257f1c4324b3f90a75f8759199" member_type: VOTER last_known_addr { host: "127.17.42.131" port: 37399 } } peers { permanent_uuid: "7d20ff0c293e49e99080f7346c1ebe55" member_type: NON_VOTER last_known_addr { host: "127.17.42.132" port: 41253 } attrs { promote: true } } }
I20260601 13:24:31.513020 18327 raft_consensus.cc:2955] T 7e9be6448136466f8710f36317de4bb4 P 0701c30036584697b5c61175f4234d04 [term 1 FOLLOWER]: Committing config change with OpId 1.2: config changed from index -1 to 2, NON_VOTER 7d20ff0c293e49e99080f7346c1ebe55 (127.17.42.132) added. New config: { opid_index: 2 OBSOLETE_local: false peers { permanent_uuid: "3e5cb692cdbe4b0ab8194bb968a93d76" member_type: VOTER last_known_addr { host: "127.17.42.129" port: 40519 } } peers { permanent_uuid: "0701c30036584697b5c61175f4234d04" member_type: VOTER last_known_addr { host: "127.17.42.130" port: 39437 } attrs { replace: true } } peers { permanent_uuid: "e9b2a1257f1c4324b3f90a75f8759199" member_type: VOTER last_known_addr { host: "127.17.42.131" port: 37399 } } peers { permanent_uuid: "7d20ff0c293e49e99080f7346c1ebe55" member_type: NON_VOTER last_known_addr { host: "127.17.42.132" port: 41253 } attrs { promote: true } } }
I20260601 13:24:31.513127 18401 consensus_queue.cc:237] T 8722d9c580aa4d4a895d7a6630c473a2 P e9b2a1257f1c4324b3f90a75f8759199 [LEADER]: Queue going to LEADER mode. State: All replicated index: 0, Majority replicated index: 1, Committed index: 1, Last appended: 1.1, Last appended by leader: 0, Current term: 1, Majority size: 2, State: 0, Mode: LEADER, active raft config: opid_index: 2 OBSOLETE_local: false peers { permanent_uuid: "3e5cb692cdbe4b0ab8194bb968a93d76" member_type: VOTER last_known_addr { host: "127.17.42.129" port: 40519 } attrs { replace: true } } peers { permanent_uuid: "0701c30036584697b5c61175f4234d04" member_type: VOTER last_known_addr { host: "127.17.42.130" port: 39437 } } peers { permanent_uuid: "e9b2a1257f1c4324b3f90a75f8759199" member_type: VOTER last_known_addr { host: "127.17.42.131" port: 37399 } } peers { permanent_uuid: "7d20ff0c293e49e99080f7346c1ebe55" member_type: NON_VOTER last_known_addr { host: "127.17.42.132" port: 41253 } attrs { promote: true } }
I20260601 13:24:31.514191 18148 catalog_manager.cc:5696] T 7e9be6448136466f8710f36317de4bb4 P e9b2a1257f1c4324b3f90a75f8759199 reported cstate change: config changed from index -1 to 2, NON_VOTER 7d20ff0c293e49e99080f7346c1ebe55 (127.17.42.132) added. New cstate: current_term: 1 leader_uuid: "e9b2a1257f1c4324b3f90a75f8759199" committed_config { opid_index: 2 OBSOLETE_local: false peers { permanent_uuid: "3e5cb692cdbe4b0ab8194bb968a93d76" member_type: VOTER last_known_addr { host: "127.17.42.129" port: 40519 } health_report { overall_health: HEALTHY } } peers { permanent_uuid: "0701c30036584697b5c61175f4234d04" member_type: VOTER last_known_addr { host: "127.17.42.130" port: 39437 } attrs { replace: true } health_report { overall_health: UNKNOWN } } peers { permanent_uuid: "e9b2a1257f1c4324b3f90a75f8759199" member_type: VOTER last_known_addr { host: "127.17.42.131" port: 37399 } health_report { overall_health: HEALTHY } } peers { permanent_uuid: "7d20ff0c293e49e99080f7346c1ebe55" member_type: NON_VOTER last_known_addr { host: "127.17.42.132" port: 41253 } attrs { promote: true } health_report { overall_health: UNKNOWN } } }
W20260601 13:24:31.514657 18367 consensus_peers.cc:597] T 8722d9c580aa4d4a895d7a6630c473a2 P e9b2a1257f1c4324b3f90a75f8759199 -> Peer 7d20ff0c293e49e99080f7346c1ebe55 (127.17.42.132:41253): Couldn't send request to peer 7d20ff0c293e49e99080f7346c1ebe55. Error code: TABLET_NOT_FOUND (6). Status: Not found: Tablet not found: 8722d9c580aa4d4a895d7a6630c473a2. This is attempt 1: this message will repeat every 5th retry.
I20260601 13:24:31.515715 18251 raft_consensus.cc:1275] T 8722d9c580aa4d4a895d7a6630c473a2 P 3e5cb692cdbe4b0ab8194bb968a93d76 [term 1 FOLLOWER]: Refusing update from remote peer e9b2a1257f1c4324b3f90a75f8759199: Log matching property violated. Preceding OpId in replica: term: 1 index: 1. Preceding OpId from leader: term: 1 index: 2. (index mismatch)
I20260601 13:24:31.516012 18327 raft_consensus.cc:1275] T 8722d9c580aa4d4a895d7a6630c473a2 P 0701c30036584697b5c61175f4234d04 [term 1 FOLLOWER]: Refusing update from remote peer e9b2a1257f1c4324b3f90a75f8759199: Log matching property violated. Preceding OpId in replica: term: 1 index: 1. Preceding OpId from leader: term: 1 index: 2. (index mismatch)
I20260601 13:24:31.516578 18635 consensus_queue.cc:1048] T 8722d9c580aa4d4a895d7a6630c473a2 P e9b2a1257f1c4324b3f90a75f8759199 [LEADER]: Connected to new peer: Peer: permanent_uuid: "0701c30036584697b5c61175f4234d04" member_type: VOTER last_known_addr { host: "127.17.42.130" port: 39437 }, Status: LMP_MISMATCH, Last received: 0.0, Next index: 2, Last known committed idx: 1, Time since last communication: 0.000s
I20260601 13:24:31.516903 18635 consensus_queue.cc:1048] T 8722d9c580aa4d4a895d7a6630c473a2 P e9b2a1257f1c4324b3f90a75f8759199 [LEADER]: Connected to new peer: Peer: permanent_uuid: "3e5cb692cdbe4b0ab8194bb968a93d76" member_type: VOTER last_known_addr { host: "127.17.42.129" port: 40519 } attrs { replace: true }, Status: LMP_MISMATCH, Last received: 0.0, Next index: 2, Last known committed idx: 1, Time since last communication: 0.000s
I20260601 13:24:31.518512 18605 raft_consensus.cc:2955] T 8722d9c580aa4d4a895d7a6630c473a2 P e9b2a1257f1c4324b3f90a75f8759199 [term 1 LEADER]: Committing config change with OpId 1.2: config changed from index -1 to 2, NON_VOTER 7d20ff0c293e49e99080f7346c1ebe55 (127.17.42.132) added. New config: { opid_index: 2 OBSOLETE_local: false peers { permanent_uuid: "3e5cb692cdbe4b0ab8194bb968a93d76" member_type: VOTER last_known_addr { host: "127.17.42.129" port: 40519 } attrs { replace: true } } peers { permanent_uuid: "0701c30036584697b5c61175f4234d04" member_type: VOTER last_known_addr { host: "127.17.42.130" port: 39437 } } peers { permanent_uuid: "e9b2a1257f1c4324b3f90a75f8759199" member_type: VOTER last_known_addr { host: "127.17.42.131" port: 37399 } } peers { permanent_uuid: "7d20ff0c293e49e99080f7346c1ebe55" member_type: NON_VOTER last_known_addr { host: "127.17.42.132" port: 41253 } attrs { promote: true } } }
I20260601 13:24:31.518888 18327 raft_consensus.cc:2955] T 8722d9c580aa4d4a895d7a6630c473a2 P 0701c30036584697b5c61175f4234d04 [term 1 FOLLOWER]: Committing config change with OpId 1.2: config changed from index -1 to 2, NON_VOTER 7d20ff0c293e49e99080f7346c1ebe55 (127.17.42.132) added. New config: { opid_index: 2 OBSOLETE_local: false peers { permanent_uuid: "3e5cb692cdbe4b0ab8194bb968a93d76" member_type: VOTER last_known_addr { host: "127.17.42.129" port: 40519 } attrs { replace: true } } peers { permanent_uuid: "0701c30036584697b5c61175f4234d04" member_type: VOTER last_known_addr { host: "127.17.42.130" port: 39437 } } peers { permanent_uuid: "e9b2a1257f1c4324b3f90a75f8759199" member_type: VOTER last_known_addr { host: "127.17.42.131" port: 37399 } } peers { permanent_uuid: "7d20ff0c293e49e99080f7346c1ebe55" member_type: NON_VOTER last_known_addr { host: "127.17.42.132" port: 41253 } attrs { promote: true } } }
I20260601 13:24:31.520870 18146 catalog_manager.cc:5696] T 8722d9c580aa4d4a895d7a6630c473a2 P e9b2a1257f1c4324b3f90a75f8759199 reported cstate change: config changed from index -1 to 2, NON_VOTER 7d20ff0c293e49e99080f7346c1ebe55 (127.17.42.132) added. New cstate: current_term: 1 leader_uuid: "e9b2a1257f1c4324b3f90a75f8759199" committed_config { opid_index: 2 OBSOLETE_local: false peers { permanent_uuid: "3e5cb692cdbe4b0ab8194bb968a93d76" member_type: VOTER last_known_addr { host: "127.17.42.129" port: 40519 } attrs { replace: true } health_report { overall_health: UNKNOWN } } peers { permanent_uuid: "0701c30036584697b5c61175f4234d04" member_type: VOTER last_known_addr { host: "127.17.42.130" port: 39437 } health_report { overall_health: HEALTHY } } peers { permanent_uuid: "e9b2a1257f1c4324b3f90a75f8759199" member_type: VOTER last_known_addr { host: "127.17.42.131" port: 37399 } health_report { overall_health: HEALTHY } } peers { permanent_uuid: "7d20ff0c293e49e99080f7346c1ebe55" member_type: NON_VOTER last_known_addr { host: "127.17.42.132" port: 41253 } attrs { promote: true } health_report { overall_health: UNKNOWN } } }
I20260601 13:24:31.521622 18251 raft_consensus.cc:2955] T 8722d9c580aa4d4a895d7a6630c473a2 P 3e5cb692cdbe4b0ab8194bb968a93d76 [term 1 FOLLOWER]: Committing config change with OpId 1.2: config changed from index -1 to 2, NON_VOTER 7d20ff0c293e49e99080f7346c1ebe55 (127.17.42.132) added. New config: { opid_index: 2 OBSOLETE_local: false peers { permanent_uuid: "3e5cb692cdbe4b0ab8194bb968a93d76" member_type: VOTER last_known_addr { host: "127.17.42.129" port: 40519 } attrs { replace: true } } peers { permanent_uuid: "0701c30036584697b5c61175f4234d04" member_type: VOTER last_known_addr { host: "127.17.42.130" port: 39437 } } peers { permanent_uuid: "e9b2a1257f1c4324b3f90a75f8759199" member_type: VOTER last_known_addr { host: "127.17.42.131" port: 37399 } } peers { permanent_uuid: "7d20ff0c293e49e99080f7346c1ebe55" member_type: NON_VOTER last_known_addr { host: "127.17.42.132" port: 41253 } attrs { promote: true } } }
I20260601 13:24:31.526226 18327 consensus_queue.cc:237] T df53f6983b5f4d8697a37c5296dd570e P 0701c30036584697b5c61175f4234d04 [LEADER]: Queue going to LEADER mode. State: All replicated index: 0, Majority replicated index: 1, Committed index: 1, Last appended: 1.1, Last appended by leader: 0, Current term: 1, Majority size: 2, State: 0, Mode: LEADER, active raft config: opid_index: 2 OBSOLETE_local: false peers { permanent_uuid: "3e5cb692cdbe4b0ab8194bb968a93d76" member_type: VOTER last_known_addr { host: "127.17.42.129" port: 40519 } attrs { replace: true } } peers { permanent_uuid: "0701c30036584697b5c61175f4234d04" member_type: VOTER last_known_addr { host: "127.17.42.130" port: 39437 } } peers { permanent_uuid: "e9b2a1257f1c4324b3f90a75f8759199" member_type: VOTER last_known_addr { host: "127.17.42.131" port: 37399 } } peers { permanent_uuid: "7d20ff0c293e49e99080f7346c1ebe55" member_type: NON_VOTER last_known_addr { host: "127.17.42.132" port: 41253 } attrs { promote: true } }
I20260601 13:24:31.527910 18401 raft_consensus.cc:1275] T df53f6983b5f4d8697a37c5296dd570e P e9b2a1257f1c4324b3f90a75f8759199 [term 1 FOLLOWER]: Refusing update from remote peer 0701c30036584697b5c61175f4234d04: Log matching property violated. Preceding OpId in replica: term: 1 index: 1. Preceding OpId from leader: term: 1 index: 2. (index mismatch)
I20260601 13:24:31.528311 18645 consensus_queue.cc:1048] T df53f6983b5f4d8697a37c5296dd570e P 0701c30036584697b5c61175f4234d04 [LEADER]: Connected to new peer: Peer: permanent_uuid: "e9b2a1257f1c4324b3f90a75f8759199" member_type: VOTER last_known_addr { host: "127.17.42.131" port: 37399 }, Status: LMP_MISMATCH, Last received: 0.0, Next index: 2, Last known committed idx: 1, Time since last communication: 0.000s
I20260601 13:24:31.528342 18251 raft_consensus.cc:1275] T df53f6983b5f4d8697a37c5296dd570e P 3e5cb692cdbe4b0ab8194bb968a93d76 [term 1 FOLLOWER]: Refusing update from remote peer 0701c30036584697b5c61175f4234d04: Log matching property violated. Preceding OpId in replica: term: 1 index: 1. Preceding OpId from leader: term: 1 index: 2. (index mismatch)
I20260601 13:24:31.529636 18645 consensus_queue.cc:1048] T df53f6983b5f4d8697a37c5296dd570e P 0701c30036584697b5c61175f4234d04 [LEADER]: Connected to new peer: Peer: permanent_uuid: "3e5cb692cdbe4b0ab8194bb968a93d76" member_type: VOTER last_known_addr { host: "127.17.42.129" port: 40519 } attrs { replace: true }, Status: LMP_MISMATCH, Last received: 0.0, Next index: 2, Last known committed idx: 1, Time since last communication: 0.000s
I20260601 13:24:31.530200 18645 raft_consensus.cc:2955] T df53f6983b5f4d8697a37c5296dd570e P 0701c30036584697b5c61175f4234d04 [term 1 LEADER]: Committing config change with OpId 1.2: config changed from index -1 to 2, NON_VOTER 7d20ff0c293e49e99080f7346c1ebe55 (127.17.42.132) added. New config: { opid_index: 2 OBSOLETE_local: false peers { permanent_uuid: "3e5cb692cdbe4b0ab8194bb968a93d76" member_type: VOTER last_known_addr { host: "127.17.42.129" port: 40519 } attrs { replace: true } } peers { permanent_uuid: "0701c30036584697b5c61175f4234d04" member_type: VOTER last_known_addr { host: "127.17.42.130" port: 39437 } } peers { permanent_uuid: "e9b2a1257f1c4324b3f90a75f8759199" member_type: VOTER last_known_addr { host: "127.17.42.131" port: 37399 } } peers { permanent_uuid: "7d20ff0c293e49e99080f7346c1ebe55" member_type: NON_VOTER last_known_addr { host: "127.17.42.132" port: 41253 } attrs { promote: true } } }
I20260601 13:24:31.530587 18401 raft_consensus.cc:2955] T df53f6983b5f4d8697a37c5296dd570e P e9b2a1257f1c4324b3f90a75f8759199 [term 1 FOLLOWER]: Committing config change with OpId 1.2: config changed from index -1 to 2, NON_VOTER 7d20ff0c293e49e99080f7346c1ebe55 (127.17.42.132) added. New config: { opid_index: 2 OBSOLETE_local: false peers { permanent_uuid: "3e5cb692cdbe4b0ab8194bb968a93d76" member_type: VOTER last_known_addr { host: "127.17.42.129" port: 40519 } attrs { replace: true } } peers { permanent_uuid: "0701c30036584697b5c61175f4234d04" member_type: VOTER last_known_addr { host: "127.17.42.130" port: 39437 } } peers { permanent_uuid: "e9b2a1257f1c4324b3f90a75f8759199" member_type: VOTER last_known_addr { host: "127.17.42.131" port: 37399 } } peers { permanent_uuid: "7d20ff0c293e49e99080f7346c1ebe55" member_type: NON_VOTER last_known_addr { host: "127.17.42.132" port: 41253 } attrs { promote: true } } }
I20260601 13:24:31.533027 18148 catalog_manager.cc:5696] T df53f6983b5f4d8697a37c5296dd570e P e9b2a1257f1c4324b3f90a75f8759199 reported cstate change: config changed from index -1 to 2, NON_VOTER 7d20ff0c293e49e99080f7346c1ebe55 (127.17.42.132) added. New cstate: current_term: 1 leader_uuid: "0701c30036584697b5c61175f4234d04" committed_config { opid_index: 2 OBSOLETE_local: false peers { permanent_uuid: "3e5cb692cdbe4b0ab8194bb968a93d76" member_type: VOTER last_known_addr { host: "127.17.42.129" port: 40519 } attrs { replace: true } } peers { permanent_uuid: "0701c30036584697b5c61175f4234d04" member_type: VOTER last_known_addr { host: "127.17.42.130" port: 39437 } } peers { permanent_uuid: "e9b2a1257f1c4324b3f90a75f8759199" member_type: VOTER last_known_addr { host: "127.17.42.131" port: 37399 } } peers { permanent_uuid: "7d20ff0c293e49e99080f7346c1ebe55" member_type: NON_VOTER last_known_addr { host: "127.17.42.132" port: 41253 } attrs { promote: true } } }
W20260601 13:24:31.533365 18292 consensus_peers.cc:597] T df53f6983b5f4d8697a37c5296dd570e P 0701c30036584697b5c61175f4234d04 -> Peer 7d20ff0c293e49e99080f7346c1ebe55 (127.17.42.132:41253): Couldn't send request to peer 7d20ff0c293e49e99080f7346c1ebe55. Error code: TABLET_NOT_FOUND (6). Status: Not found: Tablet not found: df53f6983b5f4d8697a37c5296dd570e. This is attempt 1: this message will repeat every 5th retry.
I20260601 13:24:31.533510 18251 raft_consensus.cc:2955] T df53f6983b5f4d8697a37c5296dd570e P 3e5cb692cdbe4b0ab8194bb968a93d76 [term 1 FOLLOWER]: Committing config change with OpId 1.2: config changed from index -1 to 2, NON_VOTER 7d20ff0c293e49e99080f7346c1ebe55 (127.17.42.132) added. New config: { opid_index: 2 OBSOLETE_local: false peers { permanent_uuid: "3e5cb692cdbe4b0ab8194bb968a93d76" member_type: VOTER last_known_addr { host: "127.17.42.129" port: 40519 } attrs { replace: true } } peers { permanent_uuid: "0701c30036584697b5c61175f4234d04" member_type: VOTER last_known_addr { host: "127.17.42.130" port: 39437 } } peers { permanent_uuid: "e9b2a1257f1c4324b3f90a75f8759199" member_type: VOTER last_known_addr { host: "127.17.42.131" port: 37399 } } peers { permanent_uuid: "7d20ff0c293e49e99080f7346c1ebe55" member_type: NON_VOTER last_known_addr { host: "127.17.42.132" port: 41253 } attrs { promote: true } } }
I20260601 13:24:31.570540 17578 tablet_server.cc:179] TabletServer@127.17.42.129:0 shutting down...
I20260601 13:24:31.575006 17578 ts_tablet_manager.cc:1507] Shutting down tablet manager...
I20260601 13:24:31.575291 17578 tablet_replica.cc:333] T 8722d9c580aa4d4a895d7a6630c473a2 P 3e5cb692cdbe4b0ab8194bb968a93d76: stopping tablet replica
I20260601 13:24:31.575450 17578 raft_consensus.cc:2243] T 8722d9c580aa4d4a895d7a6630c473a2 P 3e5cb692cdbe4b0ab8194bb968a93d76 [term 1 FOLLOWER]: Raft consensus shutting down.
I20260601 13:24:31.575639 17578 raft_consensus.cc:2272] T 8722d9c580aa4d4a895d7a6630c473a2 P 3e5cb692cdbe4b0ab8194bb968a93d76 [term 1 FOLLOWER]: Raft consensus is shut down!
I20260601 13:24:31.576323 17578 tablet_replica.cc:333] T 31fc40896f3f4ea683931b9a1337b909 P 3e5cb692cdbe4b0ab8194bb968a93d76: stopping tablet replica
I20260601 13:24:31.576467 17578 raft_consensus.cc:2243] T 31fc40896f3f4ea683931b9a1337b909 P 3e5cb692cdbe4b0ab8194bb968a93d76 [term 1 FOLLOWER]: Raft consensus shutting down.
I20260601 13:24:31.576576 17578 raft_consensus.cc:2272] T 31fc40896f3f4ea683931b9a1337b909 P 3e5cb692cdbe4b0ab8194bb968a93d76 [term 1 FOLLOWER]: Raft consensus is shut down!
I20260601 13:24:31.576996 17578 tablet_replica.cc:333] T 7fb1b5c2caea4fae87719af6fcc8d238 P 3e5cb692cdbe4b0ab8194bb968a93d76: stopping tablet replica
I20260601 13:24:31.577118 17578 raft_consensus.cc:2243] T 7fb1b5c2caea4fae87719af6fcc8d238 P 3e5cb692cdbe4b0ab8194bb968a93d76 [term 2 LEADER]: Raft consensus shutting down.
I20260601 13:24:31.577338 17578 raft_consensus.cc:2272] T 7fb1b5c2caea4fae87719af6fcc8d238 P 3e5cb692cdbe4b0ab8194bb968a93d76 [term 2 FOLLOWER]: Raft consensus is shut down!
I20260601 13:24:31.577706 17578 tablet_replica.cc:333] T b57f500e13484a3d8f11880b435947cc P 3e5cb692cdbe4b0ab8194bb968a93d76: stopping tablet replica
I20260601 13:24:31.577786 17578 raft_consensus.cc:2243] T b57f500e13484a3d8f11880b435947cc P 3e5cb692cdbe4b0ab8194bb968a93d76 [term 1 FOLLOWER]: Raft consensus shutting down.
I20260601 13:24:31.577908 17578 raft_consensus.cc:2272] T b57f500e13484a3d8f11880b435947cc P 3e5cb692cdbe4b0ab8194bb968a93d76 [term 1 FOLLOWER]: Raft consensus is shut down!
I20260601 13:24:31.578212 17578 tablet_replica.cc:333] T 45212fcb595440f6811b5e5df7a51502 P 3e5cb692cdbe4b0ab8194bb968a93d76: stopping tablet replica
I20260601 13:24:31.578312 17578 raft_consensus.cc:2243] T 45212fcb595440f6811b5e5df7a51502 P 3e5cb692cdbe4b0ab8194bb968a93d76 [term 2 LEADER]: Raft consensus shutting down.
I20260601 13:24:31.578536 17578 raft_consensus.cc:2272] T 45212fcb595440f6811b5e5df7a51502 P 3e5cb692cdbe4b0ab8194bb968a93d76 [term 2 FOLLOWER]: Raft consensus is shut down!
I20260601 13:24:31.578969 17578 tablet_replica.cc:333] T df53f6983b5f4d8697a37c5296dd570e P 3e5cb692cdbe4b0ab8194bb968a93d76: stopping tablet replica
I20260601 13:24:31.579142 17578 raft_consensus.cc:2243] T df53f6983b5f4d8697a37c5296dd570e P 3e5cb692cdbe4b0ab8194bb968a93d76 [term 1 FOLLOWER]: Raft consensus shutting down.
I20260601 13:24:31.579267 17578 raft_consensus.cc:2272] T df53f6983b5f4d8697a37c5296dd570e P 3e5cb692cdbe4b0ab8194bb968a93d76 [term 1 FOLLOWER]: Raft consensus is shut down!
I20260601 13:24:31.579751 17578 tablet_replica.cc:333] T 7e9be6448136466f8710f36317de4bb4 P 3e5cb692cdbe4b0ab8194bb968a93d76: stopping tablet replica
I20260601 13:24:31.579820 17578 raft_consensus.cc:2243] T 7e9be6448136466f8710f36317de4bb4 P 3e5cb692cdbe4b0ab8194bb968a93d76 [term 1 FOLLOWER]: Raft consensus shutting down.
I20260601 13:24:31.579973 17578 raft_consensus.cc:2272] T 7e9be6448136466f8710f36317de4bb4 P 3e5cb692cdbe4b0ab8194bb968a93d76 [term 1 FOLLOWER]: Raft consensus is shut down!
I20260601 13:24:31.580413 17578 tablet_replica.cc:333] T ad1ac0e53dd54256aaffd1bd12cc6961 P 3e5cb692cdbe4b0ab8194bb968a93d76: stopping tablet replica
I20260601 13:24:31.580479 17578 raft_consensus.cc:2243] T ad1ac0e53dd54256aaffd1bd12cc6961 P 3e5cb692cdbe4b0ab8194bb968a93d76 [term 1 LEADER]: Raft consensus shutting down.
I20260601 13:24:31.580663 17578 raft_consensus.cc:2272] T ad1ac0e53dd54256aaffd1bd12cc6961 P 3e5cb692cdbe4b0ab8194bb968a93d76 [term 1 FOLLOWER]: Raft consensus is shut down!
I20260601 13:24:31.595209 17578 tablet_server.cc:196] TabletServer@127.17.42.129:0 shutdown complete.
I20260601 13:24:31.598140 17578 tablet_server.cc:179] TabletServer@127.17.42.130:0 shutting down...
I20260601 13:24:31.604475 17578 ts_tablet_manager.cc:1507] Shutting down tablet manager...
I20260601 13:24:31.604815 17578 tablet_replica.cc:333] T 31fc40896f3f4ea683931b9a1337b909 P 0701c30036584697b5c61175f4234d04: stopping tablet replica
I20260601 13:24:31.604969 17578 raft_consensus.cc:2243] T 31fc40896f3f4ea683931b9a1337b909 P 0701c30036584697b5c61175f4234d04 [term 1 FOLLOWER]: Raft consensus shutting down.
I20260601 13:24:31.605113 17578 raft_consensus.cc:2272] T 31fc40896f3f4ea683931b9a1337b909 P 0701c30036584697b5c61175f4234d04 [term 1 FOLLOWER]: Raft consensus is shut down!
I20260601 13:24:31.605681 17578 tablet_replica.cc:333] T 8722d9c580aa4d4a895d7a6630c473a2 P 0701c30036584697b5c61175f4234d04: stopping tablet replica
I20260601 13:24:31.605810 17578 raft_consensus.cc:2243] T 8722d9c580aa4d4a895d7a6630c473a2 P 0701c30036584697b5c61175f4234d04 [term 1 FOLLOWER]: Raft consensus shutting down.
I20260601 13:24:31.605928 17578 raft_consensus.cc:2272] T 8722d9c580aa4d4a895d7a6630c473a2 P 0701c30036584697b5c61175f4234d04 [term 1 FOLLOWER]: Raft consensus is shut down!
I20260601 13:24:31.606479 17578 tablet_replica.cc:333] T df53f6983b5f4d8697a37c5296dd570e P 0701c30036584697b5c61175f4234d04: stopping tablet replica
I20260601 13:24:31.606592 17578 raft_consensus.cc:2243] T df53f6983b5f4d8697a37c5296dd570e P 0701c30036584697b5c61175f4234d04 [term 1 LEADER]: Raft consensus shutting down.
I20260601 13:24:31.606859 17578 raft_consensus.cc:2272] T df53f6983b5f4d8697a37c5296dd570e P 0701c30036584697b5c61175f4234d04 [term 1 FOLLOWER]: Raft consensus is shut down!
I20260601 13:24:31.607404 17578 tablet_replica.cc:333] T 45212fcb595440f6811b5e5df7a51502 P 0701c30036584697b5c61175f4234d04: stopping tablet replica
