I20260601 13:25:30.473119 13354 raft_consensus.cc:515] T d38d842424344d62b4d47fdab0d45138 P 4162ed728f3546c6b794fa6a7426f5f1 [term 0 FOLLOWER]: Starting pre-election with config: opid_index: -1 OBSOLETE_local: false peers { permanent_uuid: "b6e636a332294f07a4507494496c4d53" member_type: VOTER last_known_addr { host: "127.9.233.2" port: 32897 } } peers { permanent_uuid: "fbf468385e5d498188066765a7ac1172" member_type: VOTER last_known_addr { host: "127.9.233.1" port: 37469 } } peers { permanent_uuid: "4162ed728f3546c6b794fa6a7426f5f1" member_type: VOTER last_known_addr { host: "127.9.233.3" port: 37649 } }
I20260601 13:25:30.473127 13277 raft_consensus.cc:2468] T dc865a0bf9c94f6e925e29d87e73af4c P 4162ed728f3546c6b794fa6a7426f5f1 [term 0 FOLLOWER]: Leader pre-election vote request: Granting yes vote for candidate b6e636a332294f07a4507494496c4d53 in term 0.
I20260601 13:25:30.473416 13165 leader_election.cc:304] T dc865a0bf9c94f6e925e29d87e73af4c P b6e636a332294f07a4507494496c4d53 [CANDIDATE]: Term 1 pre-election: Election decided. Result: candidate won. Election summary: received 2 responses out of 3 voters: 2 yes votes; 0 no votes. yes voters: b6e636a332294f07a4507494496c4d53, fbf468385e5d498188066765a7ac1172; no voters: 
I20260601 13:25:30.473598 13331 raft_consensus.cc:2804] T dc865a0bf9c94f6e925e29d87e73af4c P b6e636a332294f07a4507494496c4d53 [term 0 FOLLOWER]: Leader pre-election won for term 1
I20260601 13:25:30.473654 13354 leader_election.cc:290] T d38d842424344d62b4d47fdab0d45138 P 4162ed728f3546c6b794fa6a7426f5f1 [CANDIDATE]: Term 1 pre-election: Requested pre-vote from peers b6e636a332294f07a4507494496c4d53 (127.9.233.2:32897), fbf468385e5d498188066765a7ac1172 (127.9.233.1:37469)
I20260601 13:25:30.473663 13331 raft_consensus.cc:493] T dc865a0bf9c94f6e925e29d87e73af4c P b6e636a332294f07a4507494496c4d53 [term 0 FOLLOWER]: Starting leader election (no leader contacted us within the election timeout)
I20260601 13:25:30.473788 13331 raft_consensus.cc:3060] T dc865a0bf9c94f6e925e29d87e73af4c P b6e636a332294f07a4507494496c4d53 [term 0 FOLLOWER]: Advancing to term 1
I20260601 13:25:30.473919 13202 tablet_service.cc:1917] Received RequestConsensusVote() RPC: tablet_id: "d38d842424344d62b4d47fdab0d45138" candidate_uuid: "4162ed728f3546c6b794fa6a7426f5f1" candidate_term: 1 candidate_status { last_received { term: 0 index: 0 } } ignore_live_leader: false dest_uuid: "b6e636a332294f07a4507494496c4d53" is_pre_election: true
I20260601 13:25:30.473958 13126 tablet_service.cc:1917] Received RequestConsensusVote() RPC: tablet_id: "d38d842424344d62b4d47fdab0d45138" candidate_uuid: "4162ed728f3546c6b794fa6a7426f5f1" candidate_term: 1 candidate_status { last_received { term: 0 index: 0 } } ignore_live_leader: false dest_uuid: "fbf468385e5d498188066765a7ac1172" is_pre_election: true
I20260601 13:25:30.474025 13202 raft_consensus.cc:2468] T d38d842424344d62b4d47fdab0d45138 P b6e636a332294f07a4507494496c4d53 [term 0 FOLLOWER]: Leader pre-election vote request: Granting yes vote for candidate 4162ed728f3546c6b794fa6a7426f5f1 in term 0.
I20260601 13:25:30.474061 13126 raft_consensus.cc:2468] T d38d842424344d62b4d47fdab0d45138 P fbf468385e5d498188066765a7ac1172 [term 0 FOLLOWER]: Leader pre-election vote request: Granting yes vote for candidate 4162ed728f3546c6b794fa6a7426f5f1 in term 0.
I20260601 13:25:30.474303 13242 leader_election.cc:304] T d38d842424344d62b4d47fdab0d45138 P 4162ed728f3546c6b794fa6a7426f5f1 [CANDIDATE]: Term 1 pre-election: Election decided. Result: candidate won. Election summary: received 2 responses out of 3 voters: 2 yes votes; 0 no votes. yes voters: 4162ed728f3546c6b794fa6a7426f5f1, b6e636a332294f07a4507494496c4d53; no voters: 
I20260601 13:25:30.474467 13354 raft_consensus.cc:2804] T d38d842424344d62b4d47fdab0d45138 P 4162ed728f3546c6b794fa6a7426f5f1 [term 0 FOLLOWER]: Leader pre-election won for term 1
I20260601 13:25:30.474525 13354 raft_consensus.cc:493] T d38d842424344d62b4d47fdab0d45138 P 4162ed728f3546c6b794fa6a7426f5f1 [term 0 FOLLOWER]: Starting leader election (no leader contacted us within the election timeout)
I20260601 13:25:30.474570 13354 raft_consensus.cc:3060] T d38d842424344d62b4d47fdab0d45138 P 4162ed728f3546c6b794fa6a7426f5f1 [term 0 FOLLOWER]: Advancing to term 1
I20260601 13:25:30.474872 13331 raft_consensus.cc:515] T dc865a0bf9c94f6e925e29d87e73af4c P b6e636a332294f07a4507494496c4d53 [term 1 FOLLOWER]: Starting leader election with config: opid_index: -1 OBSOLETE_local: false peers { permanent_uuid: "fbf468385e5d498188066765a7ac1172" member_type: VOTER last_known_addr { host: "127.9.233.1" port: 37469 } } peers { permanent_uuid: "b6e636a332294f07a4507494496c4d53" member_type: VOTER last_known_addr { host: "127.9.233.2" port: 32897 } } peers { permanent_uuid: "4162ed728f3546c6b794fa6a7426f5f1" member_type: VOTER last_known_addr { host: "127.9.233.3" port: 37649 } }
I20260601 13:25:30.475201 13331 leader_election.cc:290] T dc865a0bf9c94f6e925e29d87e73af4c P b6e636a332294f07a4507494496c4d53 [CANDIDATE]: Term 1 election: Requested vote from peers fbf468385e5d498188066765a7ac1172 (127.9.233.1:37469), 4162ed728f3546c6b794fa6a7426f5f1 (127.9.233.3:37649)
I20260601 13:25:30.475405 13354 raft_consensus.cc:515] T d38d842424344d62b4d47fdab0d45138 P 4162ed728f3546c6b794fa6a7426f5f1 [term 1 FOLLOWER]: Starting leader election with config: opid_index: -1 OBSOLETE_local: false peers { permanent_uuid: "b6e636a332294f07a4507494496c4d53" member_type: VOTER last_known_addr { host: "127.9.233.2" port: 32897 } } peers { permanent_uuid: "fbf468385e5d498188066765a7ac1172" member_type: VOTER last_known_addr { host: "127.9.233.1" port: 37469 } } peers { permanent_uuid: "4162ed728f3546c6b794fa6a7426f5f1" member_type: VOTER last_known_addr { host: "127.9.233.3" port: 37649 } }
I20260601 13:25:30.475652 13277 tablet_service.cc:1917] Received RequestConsensusVote() RPC: tablet_id: "dc865a0bf9c94f6e925e29d87e73af4c" candidate_uuid: "b6e636a332294f07a4507494496c4d53" candidate_term: 1 candidate_status { last_received { term: 0 index: 0 } } ignore_live_leader: false dest_uuid: "4162ed728f3546c6b794fa6a7426f5f1"
I20260601 13:25:30.475766 13277 raft_consensus.cc:3060] T dc865a0bf9c94f6e925e29d87e73af4c P 4162ed728f3546c6b794fa6a7426f5f1 [term 0 FOLLOWER]: Advancing to term 1
I20260601 13:25:30.475870 13354 leader_election.cc:290] T d38d842424344d62b4d47fdab0d45138 P 4162ed728f3546c6b794fa6a7426f5f1 [CANDIDATE]: Term 1 election: Requested vote from peers b6e636a332294f07a4507494496c4d53 (127.9.233.2:32897), fbf468385e5d498188066765a7ac1172 (127.9.233.1:37469)
I20260601 13:25:30.476148 13202 tablet_service.cc:1917] Received RequestConsensusVote() RPC: tablet_id: "d38d842424344d62b4d47fdab0d45138" candidate_uuid: "4162ed728f3546c6b794fa6a7426f5f1" candidate_term: 1 candidate_status { last_received { term: 0 index: 0 } } ignore_live_leader: false dest_uuid: "b6e636a332294f07a4507494496c4d53"
I20260601 13:25:30.476286 13202 raft_consensus.cc:3060] T d38d842424344d62b4d47fdab0d45138 P b6e636a332294f07a4507494496c4d53 [term 0 FOLLOWER]: Advancing to term 1
I20260601 13:25:30.476336 13125 tablet_service.cc:1917] Received RequestConsensusVote() RPC: tablet_id: "d38d842424344d62b4d47fdab0d45138" candidate_uuid: "4162ed728f3546c6b794fa6a7426f5f1" candidate_term: 1 candidate_status { last_received { term: 0 index: 0 } } ignore_live_leader: false dest_uuid: "fbf468385e5d498188066765a7ac1172"
I20260601 13:25:30.476460 13125 raft_consensus.cc:3060] T d38d842424344d62b4d47fdab0d45138 P fbf468385e5d498188066765a7ac1172 [term 0 FOLLOWER]: Advancing to term 1
I20260601 13:25:30.476744 13277 raft_consensus.cc:2468] T dc865a0bf9c94f6e925e29d87e73af4c P 4162ed728f3546c6b794fa6a7426f5f1 [term 1 FOLLOWER]: Leader election vote request: Granting yes vote for candidate b6e636a332294f07a4507494496c4d53 in term 1.
I20260601 13:25:30.476989 13126 tablet_service.cc:1917] Received RequestConsensusVote() RPC: tablet_id: "dc865a0bf9c94f6e925e29d87e73af4c" candidate_uuid: "b6e636a332294f07a4507494496c4d53" candidate_term: 1 candidate_status { last_received { term: 0 index: 0 } } ignore_live_leader: false dest_uuid: "fbf468385e5d498188066765a7ac1172"
I20260601 13:25:30.477097 13126 raft_consensus.cc:3060] T dc865a0bf9c94f6e925e29d87e73af4c P fbf468385e5d498188066765a7ac1172 [term 0 FOLLOWER]: Advancing to term 1
I20260601 13:25:30.477313 13125 raft_consensus.cc:2468] T d38d842424344d62b4d47fdab0d45138 P fbf468385e5d498188066765a7ac1172 [term 1 FOLLOWER]: Leader election vote request: Granting yes vote for candidate 4162ed728f3546c6b794fa6a7426f5f1 in term 1.
I20260601 13:25:30.477315 13202 raft_consensus.cc:2468] T d38d842424344d62b4d47fdab0d45138 P b6e636a332294f07a4507494496c4d53 [term 1 FOLLOWER]: Leader election vote request: Granting yes vote for candidate 4162ed728f3546c6b794fa6a7426f5f1 in term 1.
I20260601 13:25:30.477600 13242 leader_election.cc:304] T d38d842424344d62b4d47fdab0d45138 P 4162ed728f3546c6b794fa6a7426f5f1 [CANDIDATE]: Term 1 election: Election decided. Result: candidate won. Election summary: received 2 responses out of 3 voters: 2 yes votes; 0 no votes. yes voters: 4162ed728f3546c6b794fa6a7426f5f1, b6e636a332294f07a4507494496c4d53; no voters: 
I20260601 13:25:30.477828 13354 raft_consensus.cc:2804] T d38d842424344d62b4d47fdab0d45138 P 4162ed728f3546c6b794fa6a7426f5f1 [term 1 FOLLOWER]: Leader election won for term 1
I20260601 13:25:30.477926 13354 raft_consensus.cc:697] T d38d842424344d62b4d47fdab0d45138 P 4162ed728f3546c6b794fa6a7426f5f1 [term 1 LEADER]: Becoming Leader. State: Replica: 4162ed728f3546c6b794fa6a7426f5f1, State: Running, Role: LEADER
I20260601 13:25:30.478057 13354 consensus_queue.cc:237] T d38d842424344d62b4d47fdab0d45138 P 4162ed728f3546c6b794fa6a7426f5f1 [LEADER]: Queue going to LEADER mode. State: All replicated index: 0, Majority replicated index: 0, Committed index: 0, Last appended: 0.0, Last appended by leader: 0, Current term: 1, Majority size: 2, State: 0, Mode: LEADER, active raft config: opid_index: -1 OBSOLETE_local: false peers { permanent_uuid: "b6e636a332294f07a4507494496c4d53" member_type: VOTER last_known_addr { host: "127.9.233.2" port: 32897 } } peers { permanent_uuid: "fbf468385e5d498188066765a7ac1172" member_type: VOTER last_known_addr { host: "127.9.233.1" port: 37469 } } peers { permanent_uuid: "4162ed728f3546c6b794fa6a7426f5f1" member_type: VOTER last_known_addr { host: "127.9.233.3" port: 37649 } }
I20260601 13:25:30.478094 13126 raft_consensus.cc:2468] T dc865a0bf9c94f6e925e29d87e73af4c P fbf468385e5d498188066765a7ac1172 [term 1 FOLLOWER]: Leader election vote request: Granting yes vote for candidate b6e636a332294f07a4507494496c4d53 in term 1.
I20260601 13:25:30.477097 13168 leader_election.cc:304] T dc865a0bf9c94f6e925e29d87e73af4c P b6e636a332294f07a4507494496c4d53 [CANDIDATE]: Term 1 election: Election decided. Result: candidate won. Election summary: received 2 responses out of 3 voters: 2 yes votes; 0 no votes. yes voters: 4162ed728f3546c6b794fa6a7426f5f1, b6e636a332294f07a4507494496c4d53; no voters: 
I20260601 13:25:30.478343 13331 raft_consensus.cc:2804] T dc865a0bf9c94f6e925e29d87e73af4c P b6e636a332294f07a4507494496c4d53 [term 1 FOLLOWER]: Leader election won for term 1
I20260601 13:25:30.478577 13331 raft_consensus.cc:697] T dc865a0bf9c94f6e925e29d87e73af4c P b6e636a332294f07a4507494496c4d53 [term 1 LEADER]: Becoming Leader. State: Replica: b6e636a332294f07a4507494496c4d53, State: Running, Role: LEADER
I20260601 13:25:30.478761 13331 consensus_queue.cc:237] T dc865a0bf9c94f6e925e29d87e73af4c P b6e636a332294f07a4507494496c4d53 [LEADER]: Queue going to LEADER mode. State: All replicated index: 0, Majority replicated index: 0, Committed index: 0, Last appended: 0.0, Last appended by leader: 0, Current term: 1, Majority size: 2, State: 0, Mode: LEADER, active raft config: opid_index: -1 OBSOLETE_local: false peers { permanent_uuid: "fbf468385e5d498188066765a7ac1172" member_type: VOTER last_known_addr { host: "127.9.233.1" port: 37469 } } peers { permanent_uuid: "b6e636a332294f07a4507494496c4d53" member_type: VOTER last_known_addr { host: "127.9.233.2" port: 32897 } } peers { permanent_uuid: "4162ed728f3546c6b794fa6a7426f5f1" member_type: VOTER last_known_addr { host: "127.9.233.3" port: 37649 } }
I20260601 13:25:30.479791 13020 catalog_manager.cc:5696] T d38d842424344d62b4d47fdab0d45138 P 4162ed728f3546c6b794fa6a7426f5f1 reported cstate change: term changed from 0 to 1, leader changed from <none> to 4162ed728f3546c6b794fa6a7426f5f1 (127.9.233.3). New cstate: current_term: 1 leader_uuid: "4162ed728f3546c6b794fa6a7426f5f1" committed_config { opid_index: -1 OBSOLETE_local: false peers { permanent_uuid: "b6e636a332294f07a4507494496c4d53" member_type: VOTER last_known_addr { host: "127.9.233.2" port: 32897 } health_report { overall_health: UNKNOWN } } peers { permanent_uuid: "fbf468385e5d498188066765a7ac1172" member_type: VOTER last_known_addr { host: "127.9.233.1" port: 37469 } health_report { overall_health: UNKNOWN } } peers { permanent_uuid: "4162ed728f3546c6b794fa6a7426f5f1" member_type: VOTER last_known_addr { host: "127.9.233.3" port: 37649 } health_report { overall_health: HEALTHY } } }
I20260601 13:25:30.480388 13023 catalog_manager.cc:5696] T dc865a0bf9c94f6e925e29d87e73af4c P b6e636a332294f07a4507494496c4d53 reported cstate change: term changed from 0 to 1, leader changed from <none> to b6e636a332294f07a4507494496c4d53 (127.9.233.2). New cstate: current_term: 1 leader_uuid: "b6e636a332294f07a4507494496c4d53" committed_config { opid_index: -1 OBSOLETE_local: false peers { permanent_uuid: "fbf468385e5d498188066765a7ac1172" member_type: VOTER last_known_addr { host: "127.9.233.1" port: 37469 } health_report { overall_health: UNKNOWN } } peers { permanent_uuid: "b6e636a332294f07a4507494496c4d53" member_type: VOTER last_known_addr { host: "127.9.233.2" port: 32897 } health_report { overall_health: HEALTHY } } peers { permanent_uuid: "4162ed728f3546c6b794fa6a7426f5f1" member_type: VOTER last_known_addr { host: "127.9.233.3" port: 37649 } health_report { overall_health: UNKNOWN } } }
I20260601 13:25:30.566224 13331 raft_consensus.cc:493] T 36b6a5e7772743d49e492a458fd47a7b P b6e636a332294f07a4507494496c4d53 [term 0 FOLLOWER]: Starting pre-election (no leader contacted us within the election timeout)
I20260601 13:25:30.566394 13331 raft_consensus.cc:515] T 36b6a5e7772743d49e492a458fd47a7b P b6e636a332294f07a4507494496c4d53 [term 0 FOLLOWER]: Starting pre-election with config: opid_index: -1 OBSOLETE_local: false peers { permanent_uuid: "fbf468385e5d498188066765a7ac1172" member_type: VOTER last_known_addr { host: "127.9.233.1" port: 37469 } } peers { permanent_uuid: "b6e636a332294f07a4507494496c4d53" member_type: VOTER last_known_addr { host: "127.9.233.2" port: 32897 } } peers { permanent_uuid: "4162ed728f3546c6b794fa6a7426f5f1" member_type: VOTER last_known_addr { host: "127.9.233.3" port: 37649 } }
I20260601 13:25:30.566869 13331 leader_election.cc:290] T 36b6a5e7772743d49e492a458fd47a7b P b6e636a332294f07a4507494496c4d53 [CANDIDATE]: Term 1 pre-election: Requested pre-vote from peers fbf468385e5d498188066765a7ac1172 (127.9.233.1:37469), 4162ed728f3546c6b794fa6a7426f5f1 (127.9.233.3:37649)
I20260601 13:25:30.567384 13126 tablet_service.cc:1917] Received RequestConsensusVote() RPC: tablet_id: "36b6a5e7772743d49e492a458fd47a7b" candidate_uuid: "b6e636a332294f07a4507494496c4d53" candidate_term: 1 candidate_status { last_received { term: 0 index: 0 } } ignore_live_leader: false dest_uuid: "fbf468385e5d498188066765a7ac1172" is_pre_election: true
I20260601 13:25:30.567381 13277 tablet_service.cc:1917] Received RequestConsensusVote() RPC: tablet_id: "36b6a5e7772743d49e492a458fd47a7b" candidate_uuid: "b6e636a332294f07a4507494496c4d53" candidate_term: 1 candidate_status { last_received { term: 0 index: 0 } } ignore_live_leader: false dest_uuid: "4162ed728f3546c6b794fa6a7426f5f1" is_pre_election: true
I20260601 13:25:30.567534 13126 raft_consensus.cc:2468] T 36b6a5e7772743d49e492a458fd47a7b P fbf468385e5d498188066765a7ac1172 [term 0 FOLLOWER]: Leader pre-election vote request: Granting yes vote for candidate b6e636a332294f07a4507494496c4d53 in term 0.
I20260601 13:25:30.567615 13277 raft_consensus.cc:2468] T 36b6a5e7772743d49e492a458fd47a7b P 4162ed728f3546c6b794fa6a7426f5f1 [term 0 FOLLOWER]: Leader pre-election vote request: Granting yes vote for candidate b6e636a332294f07a4507494496c4d53 in term 0.
I20260601 13:25:30.567919 13165 leader_election.cc:304] T 36b6a5e7772743d49e492a458fd47a7b P b6e636a332294f07a4507494496c4d53 [CANDIDATE]: Term 1 pre-election: Election decided. Result: candidate won. Election summary: received 2 responses out of 3 voters: 2 yes votes; 0 no votes. yes voters: b6e636a332294f07a4507494496c4d53, fbf468385e5d498188066765a7ac1172; no voters: 
I20260601 13:25:30.568095 13331 raft_consensus.cc:2804] T 36b6a5e7772743d49e492a458fd47a7b P b6e636a332294f07a4507494496c4d53 [term 0 FOLLOWER]: Leader pre-election won for term 1
I20260601 13:25:30.568162 13331 raft_consensus.cc:493] T 36b6a5e7772743d49e492a458fd47a7b P b6e636a332294f07a4507494496c4d53 [term 0 FOLLOWER]: Starting leader election (no leader contacted us within the election timeout)
I20260601 13:25:30.568225 13331 raft_consensus.cc:3060] T 36b6a5e7772743d49e492a458fd47a7b P b6e636a332294f07a4507494496c4d53 [term 0 FOLLOWER]: Advancing to term 1
I20260601 13:25:30.569133 13331 raft_consensus.cc:515] T 36b6a5e7772743d49e492a458fd47a7b P b6e636a332294f07a4507494496c4d53 [term 1 FOLLOWER]: Starting leader election with config: opid_index: -1 OBSOLETE_local: false peers { permanent_uuid: "fbf468385e5d498188066765a7ac1172" member_type: VOTER last_known_addr { host: "127.9.233.1" port: 37469 } } peers { permanent_uuid: "b6e636a332294f07a4507494496c4d53" member_type: VOTER last_known_addr { host: "127.9.233.2" port: 32897 } } peers { permanent_uuid: "4162ed728f3546c6b794fa6a7426f5f1" member_type: VOTER last_known_addr { host: "127.9.233.3" port: 37649 } }
I20260601 13:25:30.569589 13331 leader_election.cc:290] T 36b6a5e7772743d49e492a458fd47a7b P b6e636a332294f07a4507494496c4d53 [CANDIDATE]: Term 1 election: Requested vote from peers fbf468385e5d498188066765a7ac1172 (127.9.233.1:37469), 4162ed728f3546c6b794fa6a7426f5f1 (127.9.233.3:37649)
I20260601 13:25:30.569975 13126 tablet_service.cc:1917] Received RequestConsensusVote() RPC: tablet_id: "36b6a5e7772743d49e492a458fd47a7b" candidate_uuid: "b6e636a332294f07a4507494496c4d53" candidate_term: 1 candidate_status { last_received { term: 0 index: 0 } } ignore_live_leader: false dest_uuid: "fbf468385e5d498188066765a7ac1172"
I20260601 13:25:30.570087 13126 raft_consensus.cc:3060] T 36b6a5e7772743d49e492a458fd47a7b P fbf468385e5d498188066765a7ac1172 [term 0 FOLLOWER]: Advancing to term 1
I20260601 13:25:30.570097 13277 tablet_service.cc:1917] Received RequestConsensusVote() RPC: tablet_id: "36b6a5e7772743d49e492a458fd47a7b" candidate_uuid: "b6e636a332294f07a4507494496c4d53" candidate_term: 1 candidate_status { last_received { term: 0 index: 0 } } ignore_live_leader: false dest_uuid: "4162ed728f3546c6b794fa6a7426f5f1"
I20260601 13:25:30.570219 13277 raft_consensus.cc:3060] T 36b6a5e7772743d49e492a458fd47a7b P 4162ed728f3546c6b794fa6a7426f5f1 [term 0 FOLLOWER]: Advancing to term 1
I20260601 13:25:30.570922 13126 raft_consensus.cc:2468] T 36b6a5e7772743d49e492a458fd47a7b P fbf468385e5d498188066765a7ac1172 [term 1 FOLLOWER]: Leader election vote request: Granting yes vote for candidate b6e636a332294f07a4507494496c4d53 in term 1.
I20260601 13:25:30.571084 13277 raft_consensus.cc:2468] T 36b6a5e7772743d49e492a458fd47a7b P 4162ed728f3546c6b794fa6a7426f5f1 [term 1 FOLLOWER]: Leader election vote request: Granting yes vote for candidate b6e636a332294f07a4507494496c4d53 in term 1.
I20260601 13:25:30.571182 13165 leader_election.cc:304] T 36b6a5e7772743d49e492a458fd47a7b P b6e636a332294f07a4507494496c4d53 [CANDIDATE]: Term 1 election: Election decided. Result: candidate won. Election summary: received 2 responses out of 3 voters: 2 yes votes; 0 no votes. yes voters: b6e636a332294f07a4507494496c4d53, fbf468385e5d498188066765a7ac1172; no voters: 
I20260601 13:25:30.571359 13331 raft_consensus.cc:2804] T 36b6a5e7772743d49e492a458fd47a7b P b6e636a332294f07a4507494496c4d53 [term 1 FOLLOWER]: Leader election won for term 1
I20260601 13:25:30.571463 13331 raft_consensus.cc:697] T 36b6a5e7772743d49e492a458fd47a7b P b6e636a332294f07a4507494496c4d53 [term 1 LEADER]: Becoming Leader. State: Replica: b6e636a332294f07a4507494496c4d53, State: Running, Role: LEADER
I20260601 13:25:30.571600 13331 consensus_queue.cc:237] T 36b6a5e7772743d49e492a458fd47a7b P b6e636a332294f07a4507494496c4d53 [LEADER]: Queue going to LEADER mode. State: All replicated index: 0, Majority replicated index: 0, Committed index: 0, Last appended: 0.0, Last appended by leader: 0, Current term: 1, Majority size: 2, State: 0, Mode: LEADER, active raft config: opid_index: -1 OBSOLETE_local: false peers { permanent_uuid: "fbf468385e5d498188066765a7ac1172" member_type: VOTER last_known_addr { host: "127.9.233.1" port: 37469 } } peers { permanent_uuid: "b6e636a332294f07a4507494496c4d53" member_type: VOTER last_known_addr { host: "127.9.233.2" port: 32897 } } peers { permanent_uuid: "4162ed728f3546c6b794fa6a7426f5f1" member_type: VOTER last_known_addr { host: "127.9.233.3" port: 37649 } }
I20260601 13:25:30.573501 13023 catalog_manager.cc:5696] T 36b6a5e7772743d49e492a458fd47a7b P b6e636a332294f07a4507494496c4d53 reported cstate change: term changed from 0 to 1, leader changed from <none> to b6e636a332294f07a4507494496c4d53 (127.9.233.2). New cstate: current_term: 1 leader_uuid: "b6e636a332294f07a4507494496c4d53" committed_config { opid_index: -1 OBSOLETE_local: false peers { permanent_uuid: "fbf468385e5d498188066765a7ac1172" member_type: VOTER last_known_addr { host: "127.9.233.1" port: 37469 } health_report { overall_health: UNKNOWN } } peers { permanent_uuid: "b6e636a332294f07a4507494496c4d53" member_type: VOTER last_known_addr { host: "127.9.233.2" port: 32897 } health_report { overall_health: HEALTHY } } peers { permanent_uuid: "4162ed728f3546c6b794fa6a7426f5f1" member_type: VOTER last_known_addr { host: "127.9.233.3" port: 37649 } health_report { overall_health: UNKNOWN } } }
I20260601 13:25:30.576638 13328 raft_consensus.cc:493] T d37c9499b6344ee0aecaad8844290602 P fbf468385e5d498188066765a7ac1172 [term 0 FOLLOWER]: Starting pre-election (no leader contacted us within the election timeout)
I20260601 13:25:30.576767 13328 raft_consensus.cc:515] T d37c9499b6344ee0aecaad8844290602 P fbf468385e5d498188066765a7ac1172 [term 0 FOLLOWER]: Starting pre-election with config: opid_index: -1 OBSOLETE_local: false peers { permanent_uuid: "b6e636a332294f07a4507494496c4d53" member_type: VOTER last_known_addr { host: "127.9.233.2" port: 32897 } } peers { permanent_uuid: "fbf468385e5d498188066765a7ac1172" member_type: VOTER last_known_addr { host: "127.9.233.1" port: 37469 } } peers { permanent_uuid: "4162ed728f3546c6b794fa6a7426f5f1" member_type: VOTER last_known_addr { host: "127.9.233.3" port: 37649 } }
I20260601 13:25:30.577145 13328 leader_election.cc:290] T d37c9499b6344ee0aecaad8844290602 P fbf468385e5d498188066765a7ac1172 [CANDIDATE]: Term 1 pre-election: Requested pre-vote from peers b6e636a332294f07a4507494496c4d53 (127.9.233.2:32897), 4162ed728f3546c6b794fa6a7426f5f1 (127.9.233.3:37649)
I20260601 13:25:30.577524 13202 tablet_service.cc:1917] Received RequestConsensusVote() RPC: tablet_id: "d37c9499b6344ee0aecaad8844290602" candidate_uuid: "fbf468385e5d498188066765a7ac1172" candidate_term: 1 candidate_status { last_received { term: 0 index: 0 } } ignore_live_leader: false dest_uuid: "b6e636a332294f07a4507494496c4d53" is_pre_election: true
I20260601 13:25:30.577626 13202 raft_consensus.cc:2468] T d37c9499b6344ee0aecaad8844290602 P b6e636a332294f07a4507494496c4d53 [term 0 FOLLOWER]: Leader pre-election vote request: Granting yes vote for candidate fbf468385e5d498188066765a7ac1172 in term 0.
I20260601 13:25:30.577605 13277 tablet_service.cc:1917] Received RequestConsensusVote() RPC: tablet_id: "d37c9499b6344ee0aecaad8844290602" candidate_uuid: "fbf468385e5d498188066765a7ac1172" candidate_term: 1 candidate_status { last_received { term: 0 index: 0 } } ignore_live_leader: false dest_uuid: "4162ed728f3546c6b794fa6a7426f5f1" is_pre_election: true
I20260601 13:25:30.577807 13277 raft_consensus.cc:2468] T d37c9499b6344ee0aecaad8844290602 P 4162ed728f3546c6b794fa6a7426f5f1 [term 0 FOLLOWER]: Leader pre-election vote request: Granting yes vote for candidate fbf468385e5d498188066765a7ac1172 in term 0.
I20260601 13:25:30.577976 13091 leader_election.cc:304] T d37c9499b6344ee0aecaad8844290602 P fbf468385e5d498188066765a7ac1172 [CANDIDATE]: Term 1 pre-election: Election decided. Result: candidate won. Election summary: received 2 responses out of 3 voters: 2 yes votes; 0 no votes. yes voters: b6e636a332294f07a4507494496c4d53, fbf468385e5d498188066765a7ac1172; no voters: 
I20260601 13:25:30.578152 13328 raft_consensus.cc:2804] T d37c9499b6344ee0aecaad8844290602 P fbf468385e5d498188066765a7ac1172 [term 0 FOLLOWER]: Leader pre-election won for term 1
I20260601 13:25:30.578222 13328 raft_consensus.cc:493] T d37c9499b6344ee0aecaad8844290602 P fbf468385e5d498188066765a7ac1172 [term 0 FOLLOWER]: Starting leader election (no leader contacted us within the election timeout)
I20260601 13:25:30.578251 13328 raft_consensus.cc:3060] T d37c9499b6344ee0aecaad8844290602 P fbf468385e5d498188066765a7ac1172 [term 0 FOLLOWER]: Advancing to term 1
I20260601 13:25:30.579083 13328 raft_consensus.cc:515] T d37c9499b6344ee0aecaad8844290602 P fbf468385e5d498188066765a7ac1172 [term 1 FOLLOWER]: Starting leader election with config: opid_index: -1 OBSOLETE_local: false peers { permanent_uuid: "b6e636a332294f07a4507494496c4d53" member_type: VOTER last_known_addr { host: "127.9.233.2" port: 32897 } } peers { permanent_uuid: "fbf468385e5d498188066765a7ac1172" member_type: VOTER last_known_addr { host: "127.9.233.1" port: 37469 } } peers { permanent_uuid: "4162ed728f3546c6b794fa6a7426f5f1" member_type: VOTER last_known_addr { host: "127.9.233.3" port: 37649 } }
I20260601 13:25:30.579455 13328 leader_election.cc:290] T d37c9499b6344ee0aecaad8844290602 P fbf468385e5d498188066765a7ac1172 [CANDIDATE]: Term 1 election: Requested vote from peers b6e636a332294f07a4507494496c4d53 (127.9.233.2:32897), 4162ed728f3546c6b794fa6a7426f5f1 (127.9.233.3:37649)
I20260601 13:25:30.579774 13277 tablet_service.cc:1917] Received RequestConsensusVote() RPC: tablet_id: "d37c9499b6344ee0aecaad8844290602" candidate_uuid: "fbf468385e5d498188066765a7ac1172" candidate_term: 1 candidate_status { last_received { term: 0 index: 0 } } ignore_live_leader: false dest_uuid: "4162ed728f3546c6b794fa6a7426f5f1"
I20260601 13:25:30.579860 13277 raft_consensus.cc:3060] T d37c9499b6344ee0aecaad8844290602 P 4162ed728f3546c6b794fa6a7426f5f1 [term 0 FOLLOWER]: Advancing to term 1
I20260601 13:25:30.580622 13277 raft_consensus.cc:2468] T d37c9499b6344ee0aecaad8844290602 P 4162ed728f3546c6b794fa6a7426f5f1 [term 1 FOLLOWER]: Leader election vote request: Granting yes vote for candidate fbf468385e5d498188066765a7ac1172 in term 1.
I20260601 13:25:30.580849 13202 tablet_service.cc:1917] Received RequestConsensusVote() RPC: tablet_id: "d37c9499b6344ee0aecaad8844290602" candidate_uuid: "fbf468385e5d498188066765a7ac1172" candidate_term: 1 candidate_status { last_received { term: 0 index: 0 } } ignore_live_leader: false dest_uuid: "b6e636a332294f07a4507494496c4d53"
I20260601 13:25:30.580895 13092 leader_election.cc:304] T d37c9499b6344ee0aecaad8844290602 P fbf468385e5d498188066765a7ac1172 [CANDIDATE]: Term 1 election: Election decided. Result: candidate won. Election summary: received 2 responses out of 3 voters: 2 yes votes; 0 no votes. yes voters: 4162ed728f3546c6b794fa6a7426f5f1, fbf468385e5d498188066765a7ac1172; no voters: 
I20260601 13:25:30.580950 13202 raft_consensus.cc:3060] T d37c9499b6344ee0aecaad8844290602 P b6e636a332294f07a4507494496c4d53 [term 0 FOLLOWER]: Advancing to term 1
I20260601 13:25:30.581104 13328 raft_consensus.cc:2804] T d37c9499b6344ee0aecaad8844290602 P fbf468385e5d498188066765a7ac1172 [term 1 FOLLOWER]: Leader election won for term 1
I20260601 13:25:30.581207 13328 raft_consensus.cc:697] T d37c9499b6344ee0aecaad8844290602 P fbf468385e5d498188066765a7ac1172 [term 1 LEADER]: Becoming Leader. State: Replica: fbf468385e5d498188066765a7ac1172, State: Running, Role: LEADER
I20260601 13:25:30.581363 13328 consensus_queue.cc:237] T d37c9499b6344ee0aecaad8844290602 P fbf468385e5d498188066765a7ac1172 [LEADER]: Queue going to LEADER mode. State: All replicated index: 0, Majority replicated index: 0, Committed index: 0, Last appended: 0.0, Last appended by leader: 0, Current term: 1, Majority size: 2, State: 0, Mode: LEADER, active raft config: opid_index: -1 OBSOLETE_local: false peers { permanent_uuid: "b6e636a332294f07a4507494496c4d53" member_type: VOTER last_known_addr { host: "127.9.233.2" port: 32897 } } peers { permanent_uuid: "fbf468385e5d498188066765a7ac1172" member_type: VOTER last_known_addr { host: "127.9.233.1" port: 37469 } } peers { permanent_uuid: "4162ed728f3546c6b794fa6a7426f5f1" member_type: VOTER last_known_addr { host: "127.9.233.3" port: 37649 } }
I20260601 13:25:30.581903 13202 raft_consensus.cc:2468] T d37c9499b6344ee0aecaad8844290602 P b6e636a332294f07a4507494496c4d53 [term 1 FOLLOWER]: Leader election vote request: Granting yes vote for candidate fbf468385e5d498188066765a7ac1172 in term 1.
I20260601 13:25:30.582990 13023 catalog_manager.cc:5696] T d37c9499b6344ee0aecaad8844290602 P fbf468385e5d498188066765a7ac1172 reported cstate change: term changed from 0 to 1, leader changed from <none> to fbf468385e5d498188066765a7ac1172 (127.9.233.1). New cstate: current_term: 1 leader_uuid: "fbf468385e5d498188066765a7ac1172" committed_config { opid_index: -1 OBSOLETE_local: false peers { permanent_uuid: "b6e636a332294f07a4507494496c4d53" member_type: VOTER last_known_addr { host: "127.9.233.2" port: 32897 } health_report { overall_health: UNKNOWN } } peers { permanent_uuid: "fbf468385e5d498188066765a7ac1172" member_type: VOTER last_known_addr { host: "127.9.233.1" port: 37469 } health_report { overall_health: HEALTHY } } peers { permanent_uuid: "4162ed728f3546c6b794fa6a7426f5f1" member_type: VOTER last_known_addr { host: "127.9.233.3" port: 37649 } health_report { overall_health: UNKNOWN } } }
I20260601 13:25:30.595580 13354 raft_consensus.cc:493] T bab96ae0d4c842b7bc1ae6d1b4c61734 P 4162ed728f3546c6b794fa6a7426f5f1 [term 0 FOLLOWER]: Starting pre-election (no leader contacted us within the election timeout)
I20260601 13:25:30.595739 13354 raft_consensus.cc:515] T bab96ae0d4c842b7bc1ae6d1b4c61734 P 4162ed728f3546c6b794fa6a7426f5f1 [term 0 FOLLOWER]: Starting pre-election with config: opid_index: -1 OBSOLETE_local: false peers { permanent_uuid: "b6e636a332294f07a4507494496c4d53" member_type: VOTER last_known_addr { host: "127.9.233.2" port: 32897 } } peers { permanent_uuid: "fbf468385e5d498188066765a7ac1172" member_type: VOTER last_known_addr { host: "127.9.233.1" port: 37469 } } peers { permanent_uuid: "4162ed728f3546c6b794fa6a7426f5f1" member_type: VOTER last_known_addr { host: "127.9.233.3" port: 37649 } }
I20260601 13:25:30.596285 13354 leader_election.cc:290] T bab96ae0d4c842b7bc1ae6d1b4c61734 P 4162ed728f3546c6b794fa6a7426f5f1 [CANDIDATE]: Term 1 pre-election: Requested pre-vote from peers b6e636a332294f07a4507494496c4d53 (127.9.233.2:32897), fbf468385e5d498188066765a7ac1172 (127.9.233.1:37469)
I20260601 13:25:30.596834 13126 tablet_service.cc:1917] Received RequestConsensusVote() RPC: tablet_id: "bab96ae0d4c842b7bc1ae6d1b4c61734" candidate_uuid: "4162ed728f3546c6b794fa6a7426f5f1" candidate_term: 1 candidate_status { last_received { term: 0 index: 0 } } ignore_live_leader: false dest_uuid: "fbf468385e5d498188066765a7ac1172" is_pre_election: true
I20260601 13:25:30.596808 13202 tablet_service.cc:1917] Received RequestConsensusVote() RPC: tablet_id: "bab96ae0d4c842b7bc1ae6d1b4c61734" candidate_uuid: "4162ed728f3546c6b794fa6a7426f5f1" candidate_term: 1 candidate_status { last_received { term: 0 index: 0 } } ignore_live_leader: false dest_uuid: "b6e636a332294f07a4507494496c4d53" is_pre_election: true
I20260601 13:25:30.596982 13126 raft_consensus.cc:2468] T bab96ae0d4c842b7bc1ae6d1b4c61734 P fbf468385e5d498188066765a7ac1172 [term 0 FOLLOWER]: Leader pre-election vote request: Granting yes vote for candidate 4162ed728f3546c6b794fa6a7426f5f1 in term 0.
I20260601 13:25:30.597051 13202 raft_consensus.cc:2468] T bab96ae0d4c842b7bc1ae6d1b4c61734 P b6e636a332294f07a4507494496c4d53 [term 0 FOLLOWER]: Leader pre-election vote request: Granting yes vote for candidate 4162ed728f3546c6b794fa6a7426f5f1 in term 0.
I20260601 13:25:30.597322 13240 leader_election.cc:304] T bab96ae0d4c842b7bc1ae6d1b4c61734 P 4162ed728f3546c6b794fa6a7426f5f1 [CANDIDATE]: Term 1 pre-election: Election decided. Result: candidate won. Election summary: received 2 responses out of 3 voters: 2 yes votes; 0 no votes. yes voters: 4162ed728f3546c6b794fa6a7426f5f1, fbf468385e5d498188066765a7ac1172; no voters: 
I20260601 13:25:30.597589 13354 raft_consensus.cc:2804] T bab96ae0d4c842b7bc1ae6d1b4c61734 P 4162ed728f3546c6b794fa6a7426f5f1 [term 0 FOLLOWER]: Leader pre-election won for term 1
I20260601 13:25:30.597636 13354 raft_consensus.cc:493] T bab96ae0d4c842b7bc1ae6d1b4c61734 P 4162ed728f3546c6b794fa6a7426f5f1 [term 0 FOLLOWER]: Starting leader election (no leader contacted us within the election timeout)
I20260601 13:25:30.597663 13354 raft_consensus.cc:3060] T bab96ae0d4c842b7bc1ae6d1b4c61734 P 4162ed728f3546c6b794fa6a7426f5f1 [term 0 FOLLOWER]: Advancing to term 1
I20260601 13:25:30.598522 13354 raft_consensus.cc:515] T bab96ae0d4c842b7bc1ae6d1b4c61734 P 4162ed728f3546c6b794fa6a7426f5f1 [term 1 FOLLOWER]: Starting leader election with config: opid_index: -1 OBSOLETE_local: false peers { permanent_uuid: "b6e636a332294f07a4507494496c4d53" member_type: VOTER last_known_addr { host: "127.9.233.2" port: 32897 } } peers { permanent_uuid: "fbf468385e5d498188066765a7ac1172" member_type: VOTER last_known_addr { host: "127.9.233.1" port: 37469 } } peers { permanent_uuid: "4162ed728f3546c6b794fa6a7426f5f1" member_type: VOTER last_known_addr { host: "127.9.233.3" port: 37649 } }
I20260601 13:25:30.598932 13354 leader_election.cc:290] T bab96ae0d4c842b7bc1ae6d1b4c61734 P 4162ed728f3546c6b794fa6a7426f5f1 [CANDIDATE]: Term 1 election: Requested vote from peers b6e636a332294f07a4507494496c4d53 (127.9.233.2:32897), fbf468385e5d498188066765a7ac1172 (127.9.233.1:37469)
I20260601 13:25:30.599295 13126 tablet_service.cc:1917] Received RequestConsensusVote() RPC: tablet_id: "bab96ae0d4c842b7bc1ae6d1b4c61734" candidate_uuid: "4162ed728f3546c6b794fa6a7426f5f1" candidate_term: 1 candidate_status { last_received { term: 0 index: 0 } } ignore_live_leader: false dest_uuid: "fbf468385e5d498188066765a7ac1172"
I20260601 13:25:30.599393 13126 raft_consensus.cc:3060] T bab96ae0d4c842b7bc1ae6d1b4c61734 P fbf468385e5d498188066765a7ac1172 [term 0 FOLLOWER]: Advancing to term 1
I20260601 13:25:30.600111 13126 raft_consensus.cc:2468] T bab96ae0d4c842b7bc1ae6d1b4c61734 P fbf468385e5d498188066765a7ac1172 [term 1 FOLLOWER]: Leader election vote request: Granting yes vote for candidate 4162ed728f3546c6b794fa6a7426f5f1 in term 1.
I20260601 13:25:30.600312 13202 tablet_service.cc:1917] Received RequestConsensusVote() RPC: tablet_id: "bab96ae0d4c842b7bc1ae6d1b4c61734" candidate_uuid: "4162ed728f3546c6b794fa6a7426f5f1" candidate_term: 1 candidate_status { last_received { term: 0 index: 0 } } ignore_live_leader: false dest_uuid: "b6e636a332294f07a4507494496c4d53"
I20260601 13:25:30.600431 13240 leader_election.cc:304] T bab96ae0d4c842b7bc1ae6d1b4c61734 P 4162ed728f3546c6b794fa6a7426f5f1 [CANDIDATE]: Term 1 election: Election decided. Result: candidate won. Election summary: received 2 responses out of 3 voters: 2 yes votes; 0 no votes. yes voters: 4162ed728f3546c6b794fa6a7426f5f1, fbf468385e5d498188066765a7ac1172; no voters: 
I20260601 13:25:30.600430 13202 raft_consensus.cc:3060] T bab96ae0d4c842b7bc1ae6d1b4c61734 P b6e636a332294f07a4507494496c4d53 [term 0 FOLLOWER]: Advancing to term 1
I20260601 13:25:30.600662 13354 raft_consensus.cc:2804] T bab96ae0d4c842b7bc1ae6d1b4c61734 P 4162ed728f3546c6b794fa6a7426f5f1 [term 1 FOLLOWER]: Leader election won for term 1
I20260601 13:25:30.600778 13354 raft_consensus.cc:697] T bab96ae0d4c842b7bc1ae6d1b4c61734 P 4162ed728f3546c6b794fa6a7426f5f1 [term 1 LEADER]: Becoming Leader. State: Replica: 4162ed728f3546c6b794fa6a7426f5f1, State: Running, Role: LEADER
I20260601 13:25:30.600934 13354 consensus_queue.cc:237] T bab96ae0d4c842b7bc1ae6d1b4c61734 P 4162ed728f3546c6b794fa6a7426f5f1 [LEADER]: Queue going to LEADER mode. State: All replicated index: 0, Majority replicated index: 0, Committed index: 0, Last appended: 0.0, Last appended by leader: 0, Current term: 1, Majority size: 2, State: 0, Mode: LEADER, active raft config: opid_index: -1 OBSOLETE_local: false peers { permanent_uuid: "b6e636a332294f07a4507494496c4d53" member_type: VOTER last_known_addr { host: "127.9.233.2" port: 32897 } } peers { permanent_uuid: "fbf468385e5d498188066765a7ac1172" member_type: VOTER last_known_addr { host: "127.9.233.1" port: 37469 } } peers { permanent_uuid: "4162ed728f3546c6b794fa6a7426f5f1" member_type: VOTER last_known_addr { host: "127.9.233.3" port: 37649 } }
I20260601 13:25:30.601410 13202 raft_consensus.cc:2468] T bab96ae0d4c842b7bc1ae6d1b4c61734 P b6e636a332294f07a4507494496c4d53 [term 1 FOLLOWER]: Leader election vote request: Granting yes vote for candidate 4162ed728f3546c6b794fa6a7426f5f1 in term 1.
I20260601 13:25:30.602746 13023 catalog_manager.cc:5696] T bab96ae0d4c842b7bc1ae6d1b4c61734 P 4162ed728f3546c6b794fa6a7426f5f1 reported cstate change: term changed from 0 to 1, leader changed from <none> to 4162ed728f3546c6b794fa6a7426f5f1 (127.9.233.3). New cstate: current_term: 1 leader_uuid: "4162ed728f3546c6b794fa6a7426f5f1" committed_config { opid_index: -1 OBSOLETE_local: false peers { permanent_uuid: "b6e636a332294f07a4507494496c4d53" member_type: VOTER last_known_addr { host: "127.9.233.2" port: 32897 } health_report { overall_health: UNKNOWN } } peers { permanent_uuid: "fbf468385e5d498188066765a7ac1172" member_type: VOTER last_known_addr { host: "127.9.233.1" port: 37469 } health_report { overall_health: UNKNOWN } } peers { permanent_uuid: "4162ed728f3546c6b794fa6a7426f5f1" member_type: VOTER last_known_addr { host: "127.9.233.3" port: 37649 } health_report { overall_health: HEALTHY } } }
I20260601 13:25:30.606174 13331 raft_consensus.cc:493] T f2554d2704984264b9f86c2ce3ba1de1 P b6e636a332294f07a4507494496c4d53 [term 0 FOLLOWER]: Starting pre-election (no leader contacted us within the election timeout)
I20260601 13:25:30.606271 13331 raft_consensus.cc:515] T f2554d2704984264b9f86c2ce3ba1de1 P b6e636a332294f07a4507494496c4d53 [term 0 FOLLOWER]: Starting pre-election with config: opid_index: -1 OBSOLETE_local: false peers { permanent_uuid: "b6e636a332294f07a4507494496c4d53" member_type: VOTER last_known_addr { host: "127.9.233.2" port: 32897 } } peers { permanent_uuid: "fbf468385e5d498188066765a7ac1172" member_type: VOTER last_known_addr { host: "127.9.233.1" port: 37469 } } peers { permanent_uuid: "4162ed728f3546c6b794fa6a7426f5f1" member_type: VOTER last_known_addr { host: "127.9.233.3" port: 37649 } }
I20260601 13:25:30.606670 13331 leader_election.cc:290] T f2554d2704984264b9f86c2ce3ba1de1 P b6e636a332294f07a4507494496c4d53 [CANDIDATE]: Term 1 pre-election: Requested pre-vote from peers fbf468385e5d498188066765a7ac1172 (127.9.233.1:37469), 4162ed728f3546c6b794fa6a7426f5f1 (127.9.233.3:37649)
I20260601 13:25:30.607025 13126 tablet_service.cc:1917] Received RequestConsensusVote() RPC: tablet_id: "f2554d2704984264b9f86c2ce3ba1de1" candidate_uuid: "b6e636a332294f07a4507494496c4d53" candidate_term: 1 candidate_status { last_received { term: 0 index: 0 } } ignore_live_leader: false dest_uuid: "fbf468385e5d498188066765a7ac1172" is_pre_election: true
I20260601 13:25:30.607161 13126 raft_consensus.cc:2468] T f2554d2704984264b9f86c2ce3ba1de1 P fbf468385e5d498188066765a7ac1172 [term 0 FOLLOWER]: Leader pre-election vote request: Granting yes vote for candidate b6e636a332294f07a4507494496c4d53 in term 0.
I20260601 13:25:30.607200 13277 tablet_service.cc:1917] Received RequestConsensusVote() RPC: tablet_id: "f2554d2704984264b9f86c2ce3ba1de1" candidate_uuid: "b6e636a332294f07a4507494496c4d53" candidate_term: 1 candidate_status { last_received { term: 0 index: 0 } } ignore_live_leader: false dest_uuid: "4162ed728f3546c6b794fa6a7426f5f1" is_pre_election: true
I20260601 13:25:30.607340 13277 raft_consensus.cc:2468] T f2554d2704984264b9f86c2ce3ba1de1 P 4162ed728f3546c6b794fa6a7426f5f1 [term 0 FOLLOWER]: Leader pre-election vote request: Granting yes vote for candidate b6e636a332294f07a4507494496c4d53 in term 0.
I20260601 13:25:30.607494 13165 leader_election.cc:304] T f2554d2704984264b9f86c2ce3ba1de1 P b6e636a332294f07a4507494496c4d53 [CANDIDATE]: Term 1 pre-election: Election decided. Result: candidate won. Election summary: received 2 responses out of 3 voters: 2 yes votes; 0 no votes. yes voters: b6e636a332294f07a4507494496c4d53, fbf468385e5d498188066765a7ac1172; no voters: 
I20260601 13:25:30.607676 13331 raft_consensus.cc:2804] T f2554d2704984264b9f86c2ce3ba1de1 P b6e636a332294f07a4507494496c4d53 [term 0 FOLLOWER]: Leader pre-election won for term 1
I20260601 13:25:30.607733 13331 raft_consensus.cc:493] T f2554d2704984264b9f86c2ce3ba1de1 P b6e636a332294f07a4507494496c4d53 [term 0 FOLLOWER]: Starting leader election (no leader contacted us within the election timeout)
I20260601 13:25:30.607790 13331 raft_consensus.cc:3060] T f2554d2704984264b9f86c2ce3ba1de1 P b6e636a332294f07a4507494496c4d53 [term 0 FOLLOWER]: Advancing to term 1
I20260601 13:25:30.608582 13331 raft_consensus.cc:515] T f2554d2704984264b9f86c2ce3ba1de1 P b6e636a332294f07a4507494496c4d53 [term 1 FOLLOWER]: Starting leader election with config: opid_index: -1 OBSOLETE_local: false peers { permanent_uuid: "b6e636a332294f07a4507494496c4d53" member_type: VOTER last_known_addr { host: "127.9.233.2" port: 32897 } } peers { permanent_uuid: "fbf468385e5d498188066765a7ac1172" member_type: VOTER last_known_addr { host: "127.9.233.1" port: 37469 } } peers { permanent_uuid: "4162ed728f3546c6b794fa6a7426f5f1" member_type: VOTER last_known_addr { host: "127.9.233.3" port: 37649 } }
I20260601 13:25:30.608950 13331 leader_election.cc:290] T f2554d2704984264b9f86c2ce3ba1de1 P b6e636a332294f07a4507494496c4d53 [CANDIDATE]: Term 1 election: Requested vote from peers fbf468385e5d498188066765a7ac1172 (127.9.233.1:37469), 4162ed728f3546c6b794fa6a7426f5f1 (127.9.233.3:37649)
I20260601 13:25:30.609308 13277 tablet_service.cc:1917] Received RequestConsensusVote() RPC: tablet_id: "f2554d2704984264b9f86c2ce3ba1de1" candidate_uuid: "b6e636a332294f07a4507494496c4d53" candidate_term: 1 candidate_status { last_received { term: 0 index: 0 } } ignore_live_leader: false dest_uuid: "4162ed728f3546c6b794fa6a7426f5f1"
I20260601 13:25:30.609400 13126 tablet_service.cc:1917] Received RequestConsensusVote() RPC: tablet_id: "f2554d2704984264b9f86c2ce3ba1de1" candidate_uuid: "b6e636a332294f07a4507494496c4d53" candidate_term: 1 candidate_status { last_received { term: 0 index: 0 } } ignore_live_leader: false dest_uuid: "fbf468385e5d498188066765a7ac1172"
I20260601 13:25:30.609433 13277 raft_consensus.cc:3060] T f2554d2704984264b9f86c2ce3ba1de1 P 4162ed728f3546c6b794fa6a7426f5f1 [term 0 FOLLOWER]: Advancing to term 1
I20260601 13:25:30.609479 13126 raft_consensus.cc:3060] T f2554d2704984264b9f86c2ce3ba1de1 P fbf468385e5d498188066765a7ac1172 [term 0 FOLLOWER]: Advancing to term 1
I20260601 13:25:30.610364 13126 raft_consensus.cc:2468] T f2554d2704984264b9f86c2ce3ba1de1 P fbf468385e5d498188066765a7ac1172 [term 1 FOLLOWER]: Leader election vote request: Granting yes vote for candidate b6e636a332294f07a4507494496c4d53 in term 1.
I20260601 13:25:30.610364 13277 raft_consensus.cc:2468] T f2554d2704984264b9f86c2ce3ba1de1 P 4162ed728f3546c6b794fa6a7426f5f1 [term 1 FOLLOWER]: Leader election vote request: Granting yes vote for candidate b6e636a332294f07a4507494496c4d53 in term 1.
I20260601 13:25:30.610682 13168 leader_election.cc:304] T f2554d2704984264b9f86c2ce3ba1de1 P b6e636a332294f07a4507494496c4d53 [CANDIDATE]: Term 1 election: Election decided. Result: candidate won. Election summary: received 2 responses out of 3 voters: 2 yes votes; 0 no votes. yes voters: 4162ed728f3546c6b794fa6a7426f5f1, b6e636a332294f07a4507494496c4d53; no voters: 
I20260601 13:25:30.610850 13331 raft_consensus.cc:2804] T f2554d2704984264b9f86c2ce3ba1de1 P b6e636a332294f07a4507494496c4d53 [term 1 FOLLOWER]: Leader election won for term 1
I20260601 13:25:30.610981 13331 raft_consensus.cc:697] T f2554d2704984264b9f86c2ce3ba1de1 P b6e636a332294f07a4507494496c4d53 [term 1 LEADER]: Becoming Leader. State: Replica: b6e636a332294f07a4507494496c4d53, State: Running, Role: LEADER
I20260601 13:25:30.611123 13331 consensus_queue.cc:237] T f2554d2704984264b9f86c2ce3ba1de1 P b6e636a332294f07a4507494496c4d53 [LEADER]: Queue going to LEADER mode. State: All replicated index: 0, Majority replicated index: 0, Committed index: 0, Last appended: 0.0, Last appended by leader: 0, Current term: 1, Majority size: 2, State: 0, Mode: LEADER, active raft config: opid_index: -1 OBSOLETE_local: false peers { permanent_uuid: "b6e636a332294f07a4507494496c4d53" member_type: VOTER last_known_addr { host: "127.9.233.2" port: 32897 } } peers { permanent_uuid: "fbf468385e5d498188066765a7ac1172" member_type: VOTER last_known_addr { host: "127.9.233.1" port: 37469 } } peers { permanent_uuid: "4162ed728f3546c6b794fa6a7426f5f1" member_type: VOTER last_known_addr { host: "127.9.233.3" port: 37649 } }
I20260601 13:25:30.612756 13023 catalog_manager.cc:5696] T f2554d2704984264b9f86c2ce3ba1de1 P b6e636a332294f07a4507494496c4d53 reported cstate change: term changed from 0 to 1, leader changed from <none> to b6e636a332294f07a4507494496c4d53 (127.9.233.2). New cstate: current_term: 1 leader_uuid: "b6e636a332294f07a4507494496c4d53" committed_config { opid_index: -1 OBSOLETE_local: false peers { permanent_uuid: "b6e636a332294f07a4507494496c4d53" member_type: VOTER last_known_addr { host: "127.9.233.2" port: 32897 } health_report { overall_health: HEALTHY } } peers { permanent_uuid: "fbf468385e5d498188066765a7ac1172" member_type: VOTER last_known_addr { host: "127.9.233.1" port: 37469 } health_report { overall_health: UNKNOWN } } peers { permanent_uuid: "4162ed728f3546c6b794fa6a7426f5f1" member_type: VOTER last_known_addr { host: "127.9.233.3" port: 37649 } health_report { overall_health: UNKNOWN } } }
I20260601 13:25:30.684314 10148 file_cache.cc:492] Constructed file cache file cache with capacity 419430
W20260601 13:25:30.686607 13372 instance_detector.cc:116] could not retrieve Azure instance metadata: Network error: curl error: HTTP response code said error: The requested URL returned error: 404
W20260601 13:25:30.686812 13371 instance_detector.cc:116] could not retrieve AWS instance metadata: Network error: curl error: HTTP response code said error: The requested URL returned error: 404
I20260601 13:25:30.686918 10148 server_base.cc:1061] running on GCE node
W20260601 13:25:30.686735 13374 instance_detector.cc:116] could not retrieve OpenStack instance metadata: Network error: curl error: HTTP response code said error: The requested URL returned error: 404
I20260601 13:25:30.687369 10148 hybrid_clock.cc:584] initializing the hybrid clock with 'system_unsync' time source
W20260601 13:25:30.687414 10148 system_unsync_time.cc:38] NTP support is disabled. Clock error bounds will not be accurate. This configuration is not suitable for distributed clusters.
I20260601 13:25:30.687431 10148 hybrid_clock.cc:648] HybridClock initialized: now 1780320330687431 us; error 0 us; skew 500 ppm
I20260601 13:25:30.688583 10148 webserver.cc:533] Webserver started at http://127.9.233.4:35325/ using document root <none> and password file <none>
I20260601 13:25:30.688730 10148 fs_manager.cc:362] Metadata directory not provided
I20260601 13:25:30.688784 10148 fs_manager.cc:368] Using write-ahead log directory (fs_wal_dir) as metadata directory
I20260601 13:25:30.688845 10148 server_base.cc:909] This appears to be a new deployment of Kudu; creating new FS layout
I20260601 13:25:30.689304 10148 fs_manager.cc:1068] Generated new instance metadata in path /tmp/dist-test-task6qdiSY/test-tmp/auto_rebalancer-test.0.AutoRebalancerTest.RangeAwareRebalancesNewRangeReplicas.1780320259144536-10148-0/minicluster-data/ts-3-root/instance:
uuid: "046a25c4451443f5a9ffd884cc9d2435"
format_stamp: "Formatted at 2026-06-01 13:25:30 on dist-test-slave-rjd3"
I20260601 13:25:30.691113 10148 fs_manager.cc:696] Time spent creating directory manager: real 0.002s	user 0.000s	sys 0.002s
I20260601 13:25:30.692281 13379 log_block_manager.cc:4031] Time spent loading block containers with low live blocks: real 0.000s	user 0.000s	sys 0.000s
I20260601 13:25:30.692619 10148 fs_manager.cc:730] Time spent opening block manager: real 0.001s	user 0.000s	sys 0.001s
I20260601 13:25:30.692716 10148 fs_manager.cc:647] Opened local filesystem: /tmp/dist-test-task6qdiSY/test-tmp/auto_rebalancer-test.0.AutoRebalancerTest.RangeAwareRebalancesNewRangeReplicas.1780320259144536-10148-0/minicluster-data/ts-3-root
uuid: "046a25c4451443f5a9ffd884cc9d2435"
format_stamp: "Formatted at 2026-06-01 13:25:30 on dist-test-slave-rjd3"
I20260601 13:25:30.692822 10148 fs_report.cc:389] FS layout report
--------------------
wal directory: /tmp/dist-test-task6qdiSY/test-tmp/auto_rebalancer-test.0.AutoRebalancerTest.RangeAwareRebalancesNewRangeReplicas.1780320259144536-10148-0/minicluster-data/ts-3-root
