--------------------
wal directory: /tmp/dist-test-taskMPOoA1/test-tmp/auto_rebalancer-test.0.AutoRebalancerTest.AutoRebalancingTurnOffAndOn.1780320037790515-726-0/minicluster-data/master-0-root
metadata directory: /tmp/dist-test-taskMPOoA1/test-tmp/auto_rebalancer-test.0.AutoRebalancerTest.AutoRebalancingTurnOffAndOn.1780320037790515-726-0/minicluster-data/master-0-root
1 data directories: /tmp/dist-test-taskMPOoA1/test-tmp/auto_rebalancer-test.0.AutoRebalancerTest.AutoRebalancingTurnOffAndOn.1780320037790515-726-0/minicluster-data/master-0-root/data
Total live blocks: 0
Total live bytes: 0
Total live bytes (after alignment): 0
Total number of LBM containers: 0 (0 full)
Did not check for missing blocks
Did not check for orphaned blocks
Total full LBM containers with extra space: 0 (0 repaired)
Total full LBM container extra space in bytes: 0 (0 repaired)
Total incomplete LBM containers: 0 (0 repaired)
Total LBM partial records: 0 (0 repaired)
Total corrupted LBM metadata records in RocksDB: 0 (0 repaired)
I20260601 13:20:40.579310   726 rpc_server.cc:225] running with OpenSSL 1.1.1  11 Sep 2018
I20260601 13:20:40.579809   726 kserver.cc:163] Server-wide thread pool size limit: 3276
I20260601 13:20:40.584324   726 rpc_server.cc:307] RPC server started. Bound to: 127.0.181.190:34161
I20260601 13:20:40.587198  1337 acceptor_pool.cc:272] collecting diagnostics on the listening RPC socket 127.0.181.190:34161 every 8 connection(s)
I20260601 13:20:40.587790  1338 data_dirs.cc:400] Could only allocate 1 dirs of requested 3 for tablet 00000000000000000000000000000000. 1 dirs total, 0 dirs full, 0 dirs failed
I20260601 13:20:40.590021  1338 tablet_bootstrap.cc:492] T 00000000000000000000000000000000 P 9c749f84413f4f6c8bf80e8256ea1110: Bootstrap starting.
I20260601 13:20:40.590971  1338 tablet_bootstrap.cc:654] T 00000000000000000000000000000000 P 9c749f84413f4f6c8bf80e8256ea1110: Neither blocks nor log segments found. Creating new log.
I20260601 13:20:40.592042  1338 tablet_bootstrap.cc:492] T 00000000000000000000000000000000 P 9c749f84413f4f6c8bf80e8256ea1110: No bootstrap required, opened a new log
I20260601 13:20:40.592550  1338 raft_consensus.cc:359] T 00000000000000000000000000000000 P 9c749f84413f4f6c8bf80e8256ea1110 [term 0 FOLLOWER]: Replica starting. Triggering 0 pending ops. Active config: opid_index: -1 OBSOLETE_local: true peers { permanent_uuid: "9c749f84413f4f6c8bf80e8256ea1110" member_type: VOTER }
I20260601 13:20:40.592653  1338 raft_consensus.cc:385] T 00000000000000000000000000000000 P 9c749f84413f4f6c8bf80e8256ea1110 [term 0 FOLLOWER]: Consensus starting up: Expiring failure detector timer to make a prompt election more likely
I20260601 13:20:40.592685  1338 raft_consensus.cc:740] T 00000000000000000000000000000000 P 9c749f84413f4f6c8bf80e8256ea1110 [term 0 FOLLOWER]: Becoming Follower/Learner. State: Replica: 9c749f84413f4f6c8bf80e8256ea1110, State: Initialized, Role: FOLLOWER
I20260601 13:20:40.592850  1338 consensus_queue.cc:260] T 00000000000000000000000000000000 P 9c749f84413f4f6c8bf80e8256ea1110 [NON_LEADER]: Queue going to NON_LEADER mode. State: All replicated index: 0, Majority replicated index: 0, Committed index: 0, Last appended: 0.0, Last appended by leader: 0, Current term: 0, Majority size: -1, State: 0, Mode: NON_LEADER, active raft config: opid_index: -1 OBSOLETE_local: true peers { permanent_uuid: "9c749f84413f4f6c8bf80e8256ea1110" member_type: VOTER }
I20260601 13:20:40.592943  1338 raft_consensus.cc:399] T 00000000000000000000000000000000 P 9c749f84413f4f6c8bf80e8256ea1110 [term 0 FOLLOWER]: Only one voter in the Raft config. Triggering election immediately
I20260601 13:20:40.592995  1338 raft_consensus.cc:493] T 00000000000000000000000000000000 P 9c749f84413f4f6c8bf80e8256ea1110 [term 0 FOLLOWER]: Starting leader election (initial election of a single-replica configuration)
I20260601 13:20:40.593047  1338 raft_consensus.cc:3060] T 00000000000000000000000000000000 P 9c749f84413f4f6c8bf80e8256ea1110 [term 0 FOLLOWER]: Advancing to term 1
I20260601 13:20:40.593811  1338 raft_consensus.cc:515] T 00000000000000000000000000000000 P 9c749f84413f4f6c8bf80e8256ea1110 [term 1 FOLLOWER]: Starting leader election with config: opid_index: -1 OBSOLETE_local: true peers { permanent_uuid: "9c749f84413f4f6c8bf80e8256ea1110" member_type: VOTER }
I20260601 13:20:40.593936  1338 leader_election.cc:304] T 00000000000000000000000000000000 P 9c749f84413f4f6c8bf80e8256ea1110 [CANDIDATE]: Term 1 election: Election decided. Result: candidate won. Election summary: received 1 responses out of 1 voters: 1 yes votes; 0 no votes. yes voters: 9c749f84413f4f6c8bf80e8256ea1110; no voters: 
I20260601 13:20:40.594135  1338 leader_election.cc:290] T 00000000000000000000000000000000 P 9c749f84413f4f6c8bf80e8256ea1110 [CANDIDATE]: Term 1 election: Requested vote from peers 
I20260601 13:20:40.594256  1341 raft_consensus.cc:2804] T 00000000000000000000000000000000 P 9c749f84413f4f6c8bf80e8256ea1110 [term 1 FOLLOWER]: Leader election won for term 1
I20260601 13:20:40.594514  1341 raft_consensus.cc:697] T 00000000000000000000000000000000 P 9c749f84413f4f6c8bf80e8256ea1110 [term 1 LEADER]: Becoming Leader. State: Replica: 9c749f84413f4f6c8bf80e8256ea1110, State: Running, Role: LEADER
I20260601 13:20:40.594640  1338 sys_catalog.cc:565] T 00000000000000000000000000000000 P 9c749f84413f4f6c8bf80e8256ea1110 [sys.catalog]: configured and running, proceeding with master startup.
I20260601 13:20:40.594658  1341 consensus_queue.cc:237] T 00000000000000000000000000000000 P 9c749f84413f4f6c8bf80e8256ea1110 [LEADER]: Queue going to LEADER mode. State: All replicated index: 0, Majority replicated index: 0, Committed index: 0, Last appended: 0.0, Last appended by leader: 0, Current term: 1, Majority size: 1, State: 0, Mode: LEADER, active raft config: opid_index: -1 OBSOLETE_local: true peers { permanent_uuid: "9c749f84413f4f6c8bf80e8256ea1110" member_type: VOTER }
I20260601 13:20:40.595101  1342 sys_catalog.cc:455] T 00000000000000000000000000000000 P 9c749f84413f4f6c8bf80e8256ea1110 [sys.catalog]: SysCatalogTable state changed. Reason: RaftConsensus started. Latest consensus state: current_term: 1 leader_uuid: "9c749f84413f4f6c8bf80e8256ea1110" committed_config { opid_index: -1 OBSOLETE_local: true peers { permanent_uuid: "9c749f84413f4f6c8bf80e8256ea1110" member_type: VOTER } }
I20260601 13:20:40.595131  1343 sys_catalog.cc:455] T 00000000000000000000000000000000 P 9c749f84413f4f6c8bf80e8256ea1110 [sys.catalog]: SysCatalogTable state changed. Reason: New leader 9c749f84413f4f6c8bf80e8256ea1110. Latest consensus state: current_term: 1 leader_uuid: "9c749f84413f4f6c8bf80e8256ea1110" committed_config { opid_index: -1 OBSOLETE_local: true peers { permanent_uuid: "9c749f84413f4f6c8bf80e8256ea1110" member_type: VOTER } }
I20260601 13:20:40.595191  1342 sys_catalog.cc:458] T 00000000000000000000000000000000 P 9c749f84413f4f6c8bf80e8256ea1110 [sys.catalog]: This master's current role is: LEADER
I20260601 13:20:40.595216  1343 sys_catalog.cc:458] T 00000000000000000000000000000000 P 9c749f84413f4f6c8bf80e8256ea1110 [sys.catalog]: This master's current role is: LEADER
I20260601 13:20:40.595448  1345 catalog_manager.cc:1510] Loading table and tablet metadata into memory...
I20260601 13:20:40.596419  1345 catalog_manager.cc:1519] Initializing Kudu cluster ID...
I20260601 13:20:40.596670   726 internal_mini_cluster.cc:184] Waiting to initialize catalog manager on master 0
I20260601 13:20:40.598381  1345 catalog_manager.cc:1382] Generated new cluster ID: 1b518f56c01840f18fa831579bc40233
I20260601 13:20:40.598444  1345 catalog_manager.cc:1530] Initializing Kudu internal certificate authority...
I20260601 13:20:40.618742  1345 catalog_manager.cc:1405] Generated new certificate authority record
I20260601 13:20:40.619422  1345 catalog_manager.cc:1539] Loading token signing keys...
I20260601 13:20:40.623806  1345 catalog_manager.cc:6069] T 00000000000000000000000000000000 P 9c749f84413f4f6c8bf80e8256ea1110: Generated new TSK 0
I20260601 13:20:40.624073  1345 catalog_manager.cc:1549] Initializing in-progress tserver states...
I20260601 13:20:40.629351   726 file_cache.cc:492] Constructed file cache file cache with capacity 419430
W20260601 13:20:40.631855  1362 instance_detector.cc:116] could not retrieve OpenStack instance metadata: Network error: curl error: HTTP response code said error: The requested URL returned error: 404
W20260601 13:20:40.631918  1359 instance_detector.cc:116] could not retrieve AWS instance metadata: Network error: curl error: HTTP response code said error: The requested URL returned error: 404
W20260601 13:20:40.631868  1360 instance_detector.cc:116] could not retrieve Azure instance metadata: Network error: curl error: HTTP response code said error: The requested URL returned error: 404
I20260601 13:20:40.633283   726 server_base.cc:1061] running on GCE node
I20260601 13:20:40.633605   726 hybrid_clock.cc:584] initializing the hybrid clock with 'system_unsync' time source
W20260601 13:20:40.633652   726 system_unsync_time.cc:38] NTP support is disabled. Clock error bounds will not be accurate. This configuration is not suitable for distributed clusters.
I20260601 13:20:40.633670   726 hybrid_clock.cc:648] HybridClock initialized: now 1780320040633670 us; error 0 us; skew 500 ppm
I20260601 13:20:40.634689   726 webserver.cc:533] Webserver started at http://127.0.181.129:33263/ using document root <none> and password file <none>
I20260601 13:20:40.634869   726 fs_manager.cc:362] Metadata directory not provided
I20260601 13:20:40.634920   726 fs_manager.cc:368] Using write-ahead log directory (fs_wal_dir) as metadata directory
I20260601 13:20:40.635010   726 server_base.cc:909] This appears to be a new deployment of Kudu; creating new FS layout
I20260601 13:20:40.635462   726 fs_manager.cc:1068] Generated new instance metadata in path /tmp/dist-test-taskMPOoA1/test-tmp/auto_rebalancer-test.0.AutoRebalancerTest.AutoRebalancingTurnOffAndOn.1780320037790515-726-0/minicluster-data/ts-0-root/instance:
uuid: "01a95b0ecc484141b5a65896ba12d45c"
format_stamp: "Formatted at 2026-06-01 13:20:40 on dist-test-slave-c6m2"
I20260601 13:20:40.637136   726 fs_manager.cc:696] Time spent creating directory manager: real 0.001s	user 0.002s	sys 0.000s
I20260601 13:20:40.638113  1367 log_block_manager.cc:4031] Time spent loading block containers with low live blocks: real 0.000s	user 0.000s	sys 0.000s
I20260601 13:20:40.638415   726 fs_manager.cc:730] Time spent opening block manager: real 0.001s	user 0.001s	sys 0.000s
I20260601 13:20:40.638491   726 fs_manager.cc:647] Opened local filesystem: /tmp/dist-test-taskMPOoA1/test-tmp/auto_rebalancer-test.0.AutoRebalancerTest.AutoRebalancingTurnOffAndOn.1780320037790515-726-0/minicluster-data/ts-0-root
uuid: "01a95b0ecc484141b5a65896ba12d45c"
format_stamp: "Formatted at 2026-06-01 13:20:40 on dist-test-slave-c6m2"
I20260601 13:20:40.638571   726 fs_report.cc:389] FS layout report
--------------------
wal directory: /tmp/dist-test-taskMPOoA1/test-tmp/auto_rebalancer-test.0.AutoRebalancerTest.AutoRebalancingTurnOffAndOn.1780320037790515-726-0/minicluster-data/ts-0-root
metadata directory: /tmp/dist-test-taskMPOoA1/test-tmp/auto_rebalancer-test.0.AutoRebalancerTest.AutoRebalancingTurnOffAndOn.1780320037790515-726-0/minicluster-data/ts-0-root
1 data directories: /tmp/dist-test-taskMPOoA1/test-tmp/auto_rebalancer-test.0.AutoRebalancerTest.AutoRebalancingTurnOffAndOn.1780320037790515-726-0/minicluster-data/ts-0-root/data
Total live blocks: 0
Total live bytes: 0
Total live bytes (after alignment): 0
Total number of LBM containers: 0 (0 full)
Did not check for missing blocks
Did not check for orphaned blocks
Total full LBM containers with extra space: 0 (0 repaired)
Total full LBM container extra space in bytes: 0 (0 repaired)
Total incomplete LBM containers: 0 (0 repaired)
Total LBM partial records: 0 (0 repaired)
Total corrupted LBM metadata records in RocksDB: 0 (0 repaired)
I20260601 13:20:40.649479   726 rpc_server.cc:225] running with OpenSSL 1.1.1  11 Sep 2018
I20260601 13:20:40.649935   726 kserver.cc:163] Server-wide thread pool size limit: 3276
I20260601 13:20:40.650234   726 txn_system_client.cc:432] TxnSystemClient initialization is disabled...
I20260601 13:20:40.650736   726 ts_tablet_manager.cc:585] Loaded tablet metadata (0 total tablets, 0 live tablets)
I20260601 13:20:40.650774   726 ts_tablet_manager.cc:531] Time spent load tablet metadata: real 0.000s	user 0.000s	sys 0.000s
I20260601 13:20:40.650816   726 ts_tablet_manager.cc:616] Registered 0 tablets
I20260601 13:20:40.650842   726 ts_tablet_manager.cc:595] Time spent register tablets: real 0.000s	user 0.000s	sys 0.000s
I20260601 13:20:40.655215   726 rpc_server.cc:307] RPC server started. Bound to: 127.0.181.129:34275
I20260601 13:20:40.655251  1431 acceptor_pool.cc:272] collecting diagnostics on the listening RPC socket 127.0.181.129:34275 every 8 connection(s)
I20260601 13:20:40.656128   726 file_cache.cc:492] Constructed file cache file cache with capacity 419430
W20260601 13:20:40.658157  1436 instance_detector.cc:116] could not retrieve AWS instance metadata: Network error: curl error: HTTP response code said error: The requested URL returned error: 404
W20260601 13:20:40.658171  1437 instance_detector.cc:116] could not retrieve Azure instance metadata: Network error: curl error: HTTP response code said error: The requested URL returned error: 404
W20260601 13:20:40.658278  1439 instance_detector.cc:116] could not retrieve OpenStack instance metadata: Network error: curl error: HTTP response code said error: The requested URL returned error: 404
I20260601 13:20:40.658470   726 server_base.cc:1061] running on GCE node
I20260601 13:20:40.658746   726 hybrid_clock.cc:584] initializing the hybrid clock with 'system_unsync' time source
W20260601 13:20:40.658804   726 system_unsync_time.cc:38] NTP support is disabled. Clock error bounds will not be accurate. This configuration is not suitable for distributed clusters.
I20260601 13:20:40.658825   726 hybrid_clock.cc:648] HybridClock initialized: now 1780320040658824 us; error 0 us; skew 500 ppm
I20260601 13:20:40.659757   726 webserver.cc:533] Webserver started at http://127.0.181.130:41869/ using document root <none> and password file <none>
I20260601 13:20:40.659934   726 fs_manager.cc:362] Metadata directory not provided
I20260601 13:20:40.659993   726 fs_manager.cc:368] Using write-ahead log directory (fs_wal_dir) as metadata directory
I20260601 13:20:40.660074   726 server_base.cc:909] This appears to be a new deployment of Kudu; creating new FS layout
I20260601 13:20:40.660661   726 fs_manager.cc:1068] Generated new instance metadata in path /tmp/dist-test-taskMPOoA1/test-tmp/auto_rebalancer-test.0.AutoRebalancerTest.AutoRebalancingTurnOffAndOn.1780320037790515-726-0/minicluster-data/ts-1-root/instance:
uuid: "1b1f4e7a201f48459562b06a03d5b64b"
format_stamp: "Formatted at 2026-06-01 13:20:40 on dist-test-slave-c6m2"
I20260601 13:20:40.661072  1432 heartbeater.cc:344] Connected to a master server at 127.0.181.190:34161
I20260601 13:20:40.661167  1432 heartbeater.cc:461] Registering TS with master...
I20260601 13:20:40.661373  1432 heartbeater.cc:507] Master 127.0.181.190:34161 requested a full tablet report, sending...
I20260601 13:20:40.662017  1302 ts_manager.cc:194] Registered new tserver with Master: 01a95b0ecc484141b5a65896ba12d45c (127.0.181.129:34275)
I20260601 13:20:40.662436   726 fs_manager.cc:696] Time spent creating directory manager: real 0.002s	user 0.000s	sys 0.002s
I20260601 13:20:40.662765  1302 master_service.cc:502] Signed X509 certificate for tserver {username='slave'} at 127.0.0.1:37694
I20260601 13:20:40.663522  1444 log_block_manager.cc:4031] Time spent loading block containers with low live blocks: real 0.000s	user 0.000s	sys 0.000s
I20260601 13:20:40.663796   726 fs_manager.cc:730] Time spent opening block manager: real 0.001s	user 0.000s	sys 0.001s
I20260601 13:20:40.663864   726 fs_manager.cc:647] Opened local filesystem: /tmp/dist-test-taskMPOoA1/test-tmp/auto_rebalancer-test.0.AutoRebalancerTest.AutoRebalancingTurnOffAndOn.1780320037790515-726-0/minicluster-data/ts-1-root
uuid: "1b1f4e7a201f48459562b06a03d5b64b"
format_stamp: "Formatted at 2026-06-01 13:20:40 on dist-test-slave-c6m2"
I20260601 13:20:40.663939   726 fs_report.cc:389] FS layout report
--------------------
wal directory: /tmp/dist-test-taskMPOoA1/test-tmp/auto_rebalancer-test.0.AutoRebalancerTest.AutoRebalancingTurnOffAndOn.1780320037790515-726-0/minicluster-data/ts-1-root
metadata directory: /tmp/dist-test-taskMPOoA1/test-tmp/auto_rebalancer-test.0.AutoRebalancerTest.AutoRebalancingTurnOffAndOn.1780320037790515-726-0/minicluster-data/ts-1-root
1 data directories: /tmp/dist-test-taskMPOoA1/test-tmp/auto_rebalancer-test.0.AutoRebalancerTest.AutoRebalancingTurnOffAndOn.1780320037790515-726-0/minicluster-data/ts-1-root/data
Total live blocks: 0
Total live bytes: 0
Total live bytes (after alignment): 0
Total number of LBM containers: 0 (0 full)
Did not check for missing blocks
Did not check for orphaned blocks
Total full LBM containers with extra space: 0 (0 repaired)
Total full LBM container extra space in bytes: 0 (0 repaired)
Total incomplete LBM containers: 0 (0 repaired)
Total LBM partial records: 0 (0 repaired)
Total corrupted LBM metadata records in RocksDB: 0 (0 repaired)
I20260601 13:20:40.673411   726 rpc_server.cc:225] running with OpenSSL 1.1.1  11 Sep 2018
I20260601 13:20:40.673794   726 kserver.cc:163] Server-wide thread pool size limit: 3276
I20260601 13:20:40.674098   726 txn_system_client.cc:432] TxnSystemClient initialization is disabled...
I20260601 13:20:40.674567   726 ts_tablet_manager.cc:585] Loaded tablet metadata (0 total tablets, 0 live tablets)
I20260601 13:20:40.674604   726 ts_tablet_manager.cc:531] Time spent load tablet metadata: real 0.000s	user 0.000s	sys 0.000s
I20260601 13:20:40.674635   726 ts_tablet_manager.cc:616] Registered 0 tablets
I20260601 13:20:40.674656   726 ts_tablet_manager.cc:595] Time spent register tablets: real 0.000s	user 0.000s	sys 0.000s
I20260601 13:20:40.679219   726 rpc_server.cc:307] RPC server started. Bound to: 127.0.181.130:46521
I20260601 13:20:40.679280  1507 acceptor_pool.cc:272] collecting diagnostics on the listening RPC socket 127.0.181.130:46521 every 8 connection(s)
I20260601 13:20:40.680081   726 file_cache.cc:492] Constructed file cache file cache with capacity 419430
W20260601 13:20:40.682020  1511 instance_detector.cc:116] could not retrieve AWS instance metadata: Network error: curl error: HTTP response code said error: The requested URL returned error: 404
W20260601 13:20:40.682087  1514 instance_detector.cc:116] could not retrieve OpenStack instance metadata: Network error: curl error: HTTP response code said error: The requested URL returned error: 404
W20260601 13:20:40.682130  1512 instance_detector.cc:116] could not retrieve Azure instance metadata: Network error: curl error: HTTP response code said error: The requested URL returned error: 404
I20260601 13:20:40.682324   726 server_base.cc:1061] running on GCE node
I20260601 13:20:40.682533   726 hybrid_clock.cc:584] initializing the hybrid clock with 'system_unsync' time source
W20260601 13:20:40.682585   726 system_unsync_time.cc:38] NTP support is disabled. Clock error bounds will not be accurate. This configuration is not suitable for distributed clusters.
I20260601 13:20:40.682622   726 hybrid_clock.cc:648] HybridClock initialized: now 1780320040682621 us; error 0 us; skew 500 ppm
I20260601 13:20:40.683717   726 webserver.cc:533] Webserver started at http://127.0.181.131:32985/ using document root <none> and password file <none>
I20260601 13:20:40.683907   726 fs_manager.cc:362] Metadata directory not provided
I20260601 13:20:40.683965   726 fs_manager.cc:368] Using write-ahead log directory (fs_wal_dir) as metadata directory
I20260601 13:20:40.684048   726 server_base.cc:909] This appears to be a new deployment of Kudu; creating new FS layout
I20260601 13:20:40.684677   726 fs_manager.cc:1068] Generated new instance metadata in path /tmp/dist-test-taskMPOoA1/test-tmp/auto_rebalancer-test.0.AutoRebalancerTest.AutoRebalancingTurnOffAndOn.1780320037790515-726-0/minicluster-data/ts-2-root/instance:
uuid: "240920046364417c8c1745d6e3e1b5ac"
format_stamp: "Formatted at 2026-06-01 13:20:40 on dist-test-slave-c6m2"
I20260601 13:20:40.684734  1508 heartbeater.cc:344] Connected to a master server at 127.0.181.190:34161
I20260601 13:20:40.684832  1508 heartbeater.cc:461] Registering TS with master...
I20260601 13:20:40.685045  1508 heartbeater.cc:507] Master 127.0.181.190:34161 requested a full tablet report, sending...
I20260601 13:20:40.685657  1302 ts_manager.cc:194] Registered new tserver with Master: 1b1f4e7a201f48459562b06a03d5b64b (127.0.181.130:46521)
I20260601 13:20:40.686228  1302 master_service.cc:502] Signed X509 certificate for tserver {username='slave'} at 127.0.0.1:37700
I20260601 13:20:40.686455   726 fs_manager.cc:696] Time spent creating directory manager: real 0.002s	user 0.002s	sys 0.000s
I20260601 13:20:40.687464  1519 log_block_manager.cc:4031] Time spent loading block containers with low live blocks: real 0.000s	user 0.000s	sys 0.000s
I20260601 13:20:40.687736   726 fs_manager.cc:730] Time spent opening block manager: real 0.001s	user 0.001s	sys 0.000s
I20260601 13:20:40.687799   726 fs_manager.cc:647] Opened local filesystem: /tmp/dist-test-taskMPOoA1/test-tmp/auto_rebalancer-test.0.AutoRebalancerTest.AutoRebalancingTurnOffAndOn.1780320037790515-726-0/minicluster-data/ts-2-root
uuid: "240920046364417c8c1745d6e3e1b5ac"
format_stamp: "Formatted at 2026-06-01 13:20:40 on dist-test-slave-c6m2"
I20260601 13:20:40.687861   726 fs_report.cc:389] FS layout report
--------------------
wal directory: /tmp/dist-test-taskMPOoA1/test-tmp/auto_rebalancer-test.0.AutoRebalancerTest.AutoRebalancingTurnOffAndOn.1780320037790515-726-0/minicluster-data/ts-2-root
metadata directory: /tmp/dist-test-taskMPOoA1/test-tmp/auto_rebalancer-test.0.AutoRebalancerTest.AutoRebalancingTurnOffAndOn.1780320037790515-726-0/minicluster-data/ts-2-root
1 data directories: /tmp/dist-test-taskMPOoA1/test-tmp/auto_rebalancer-test.0.AutoRebalancerTest.AutoRebalancingTurnOffAndOn.1780320037790515-726-0/minicluster-data/ts-2-root/data
Total live blocks: 0
Total live bytes: 0
Total live bytes (after alignment): 0
Total number of LBM containers: 0 (0 full)
Did not check for missing blocks
Did not check for orphaned blocks
Total full LBM containers with extra space: 0 (0 repaired)
Total full LBM container extra space in bytes: 0 (0 repaired)
Total incomplete LBM containers: 0 (0 repaired)
Total LBM partial records: 0 (0 repaired)
Total corrupted LBM metadata records in RocksDB: 0 (0 repaired)
I20260601 13:20:40.700030   726 rpc_server.cc:225] running with OpenSSL 1.1.1  11 Sep 2018
I20260601 13:20:40.700613   726 kserver.cc:163] Server-wide thread pool size limit: 3276
I20260601 13:20:40.700953   726 txn_system_client.cc:432] TxnSystemClient initialization is disabled...
I20260601 13:20:40.701501   726 ts_tablet_manager.cc:585] Loaded tablet metadata (0 total tablets, 0 live tablets)
I20260601 13:20:40.701541   726 ts_tablet_manager.cc:531] Time spent load tablet metadata: real 0.000s	user 0.000s	sys 0.000s
I20260601 13:20:40.701576   726 ts_tablet_manager.cc:616] Registered 0 tablets
I20260601 13:20:40.701604   726 ts_tablet_manager.cc:595] Time spent register tablets: real 0.000s	user 0.000s	sys 0.000s
I20260601 13:20:40.706653   726 rpc_server.cc:307] RPC server started. Bound to: 127.0.181.131:38351
I20260601 13:20:40.706799  1582 acceptor_pool.cc:272] collecting diagnostics on the listening RPC socket 127.0.181.131:38351 every 8 connection(s)
I20260601 13:20:40.711640  1583 heartbeater.cc:344] Connected to a master server at 127.0.181.190:34161
I20260601 13:20:40.711779  1583 heartbeater.cc:461] Registering TS with master...
I20260601 13:20:40.712090  1583 heartbeater.cc:507] Master 127.0.181.190:34161 requested a full tablet report, sending...
I20260601 13:20:40.712833   726 internal_mini_cluster.cc:371] 3 TS(s) registered with all masters after 0.005720771s
I20260601 13:20:40.712791  1302 ts_manager.cc:194] Registered new tserver with Master: 240920046364417c8c1745d6e3e1b5ac (127.0.181.131:38351)
I20260601 13:20:40.713570  1302 master_service.cc:502] Signed X509 certificate for tserver {username='slave'} at 127.0.0.1:37706
I20260601 13:20:41.664016  1432 heartbeater.cc:499] Master 127.0.181.190:34161 was elected leader, sending a full tablet report...
I20260601 13:20:41.687222  1508 heartbeater.cc:499] Master 127.0.181.190:34161 was elected leader, sending a full tablet report...
I20260601 13:20:41.714565  1583 heartbeater.cc:499] Master 127.0.181.190:34161 was elected leader, sending a full tablet report...
I20260601 13:20:41.749028  1302 catalog_manager.cc:2282] Servicing CreateTable request from {username='slave'} at 127.0.0.1:37722:
name: "test-workload"
schema {
  columns {
    name: "key"
    type: INT32
    is_key: true
    is_nullable: false
    encoding: AUTO_ENCODING
    compression: DEFAULT_COMPRESSION
    cfile_block_size: 0
    immutable: false
  }
  columns {
    name: "int_val"
    type: INT32
    is_key: false
    is_nullable: false
    encoding: AUTO_ENCODING
    compression: DEFAULT_COMPRESSION
    cfile_block_size: 0
    immutable: false
  }
  columns {
    name: "string_val"
    type: STRING
    is_key: false
    is_nullable: true
    encoding: AUTO_ENCODING
    compression: DEFAULT_COMPRESSION
    cfile_block_size: 0
    immutable: false
  }
}
num_replicas: 3
split_rows_range_bounds {
  rows: "\004\001\000\377\377\377\017\004\001\000\376\377\377\037\004\001\000\375\377\377/\004\001\000\374\377\377?\004\001\000\373\377\377O\004\001\000\372\377\377_\004\001\000\371\377\377o""\004\001\000\377\377\377\017\004\001\000\376\377\377\037\004\001\000\375\377\377/\004\001\000\374\377\377?\004\001\000\373\377\377O\004\001\000\372\377\377_\004\001\000\371\377\377o"
  indirect_data: """"
}
partition_schema {
  range_schema {
    columns {
      name: "key"
    }
  }
}
W20260601 13:20:41.749768  1302 catalog_manager.cc:7076] The number of live tablet servers is not enough to re-replicate a tablet replica of the newly created table test-workload in case of a server failure: 4 tablet servers would be needed, 3 are available. Consider bringing up more tablet servers.
I20260601 13:20:41.764539  1472 tablet_service.cc:1511] Processing CreateTablet for tablet 1c20066ba44f46eebc98f721229cb36c (DEFAULT_TABLE table=test-workload [id=3a49d59ec0ca4e8b91e797b7a9af6cbb]), partition=RANGE (key) PARTITION VALUES < 268435455
I20260601 13:20:41.764694  1547 tablet_service.cc:1511] Processing CreateTablet for tablet 1c20066ba44f46eebc98f721229cb36c (DEFAULT_TABLE table=test-workload [id=3a49d59ec0ca4e8b91e797b7a9af6cbb]), partition=RANGE (key) PARTITION VALUES < 268435455
I20260601 13:20:41.764885  1545 tablet_service.cc:1511] Processing CreateTablet for tablet 952c5f59dc114482bd8d31e9eef35e0e (DEFAULT_TABLE table=test-workload [id=3a49d59ec0ca4e8b91e797b7a9af6cbb]), partition=RANGE (key) PARTITION 536870910 <= VALUES < 805306365
I20260601 13:20:41.765025  1472 data_dirs.cc:400] Could only allocate 1 dirs of requested 3 for tablet 1c20066ba44f46eebc98f721229cb36c. 1 dirs total, 0 dirs full, 0 dirs failed
I20260601 13:20:41.765133  1470 tablet_service.cc:1511] Processing CreateTablet for tablet 952c5f59dc114482bd8d31e9eef35e0e (DEFAULT_TABLE table=test-workload [id=3a49d59ec0ca4e8b91e797b7a9af6cbb]), partition=RANGE (key) PARTITION 536870910 <= VALUES < 805306365
I20260601 13:20:41.765350  1470 data_dirs.cc:400] Could only allocate 1 dirs of requested 3 for tablet 952c5f59dc114482bd8d31e9eef35e0e. 1 dirs total, 0 dirs full, 0 dirs failed
I20260601 13:20:41.765307  1544 tablet_service.cc:1511] Processing CreateTablet for tablet 8c988e28ca9741a388b87d3a0ac93d20 (DEFAULT_TABLE table=test-workload [id=3a49d59ec0ca4e8b91e797b7a9af6cbb]), partition=RANGE (key) PARTITION 805306365 <= VALUES < 1073741820
I20260601 13:20:41.765620  1469 tablet_service.cc:1511] Processing CreateTablet for tablet 8c988e28ca9741a388b87d3a0ac93d20 (DEFAULT_TABLE table=test-workload [id=3a49d59ec0ca4e8b91e797b7a9af6cbb]), partition=RANGE (key) PARTITION 805306365 <= VALUES < 1073741820
I20260601 13:20:41.765733  1543 tablet_service.cc:1511] Processing CreateTablet for tablet 7fd3a135be9f47a9a84486fa329da9b5 (DEFAULT_TABLE table=test-workload [id=3a49d59ec0ca4e8b91e797b7a9af6cbb]), partition=RANGE (key) PARTITION 1073741820 <= VALUES < 1342177275
I20260601 13:20:41.765838  1469 data_dirs.cc:400] Could only allocate 1 dirs of requested 3 for tablet 8c988e28ca9741a388b87d3a0ac93d20. 1 dirs total, 0 dirs full, 0 dirs failed
I20260601 13:20:41.764716  1546 tablet_service.cc:1511] Processing CreateTablet for tablet 1f4dcc3e7c59460c92384dcebbcf942c (DEFAULT_TABLE table=test-workload [id=3a49d59ec0ca4e8b91e797b7a9af6cbb]), partition=RANGE (key) PARTITION 268435455 <= VALUES < 536870910
I20260601 13:20:41.768052  1467 tablet_service.cc:1511] Processing CreateTablet for tablet 6ef38899faa242ec9ff766cf69213a88 (DEFAULT_TABLE table=test-workload [id=3a49d59ec0ca4e8b91e797b7a9af6cbb]), partition=RANGE (key) PARTITION 1342177275 <= VALUES < 1610612730
I20260601 13:20:41.768132  1468 tablet_service.cc:1511] Processing CreateTablet for tablet 7fd3a135be9f47a9a84486fa329da9b5 (DEFAULT_TABLE table=test-workload [id=3a49d59ec0ca4e8b91e797b7a9af6cbb]), partition=RANGE (key) PARTITION 1073741820 <= VALUES < 1342177275
I20260601 13:20:41.768306  1467 data_dirs.cc:400] Could only allocate 1 dirs of requested 3 for tablet 6ef38899faa242ec9ff766cf69213a88. 1 dirs total, 0 dirs full, 0 dirs failed
I20260601 13:20:41.768436  1468 data_dirs.cc:400] Could only allocate 1 dirs of requested 3 for tablet 7fd3a135be9f47a9a84486fa329da9b5. 1 dirs total, 0 dirs full, 0 dirs failed
I20260601 13:20:41.768534  1471 tablet_service.cc:1511] Processing CreateTablet for tablet 1f4dcc3e7c59460c92384dcebbcf942c (DEFAULT_TABLE table=test-workload [id=3a49d59ec0ca4e8b91e797b7a9af6cbb]), partition=RANGE (key) PARTITION 268435455 <= VALUES < 536870910
I20260601 13:20:41.768795  1471 data_dirs.cc:400] Could only allocate 1 dirs of requested 3 for tablet 1f4dcc3e7c59460c92384dcebbcf942c. 1 dirs total, 0 dirs full, 0 dirs failed
I20260601 13:20:41.765023  1547 data_dirs.cc:400] Could only allocate 1 dirs of requested 3 for tablet 1c20066ba44f46eebc98f721229cb36c. 1 dirs total, 0 dirs full, 0 dirs failed
I20260601 13:20:41.769465  1544 data_dirs.cc:400] Could only allocate 1 dirs of requested 3 for tablet 8c988e28ca9741a388b87d3a0ac93d20. 1 dirs total, 0 dirs full, 0 dirs failed
I20260601 13:20:41.769526  1542 tablet_service.cc:1511] Processing CreateTablet for tablet 6ef38899faa242ec9ff766cf69213a88 (DEFAULT_TABLE table=test-workload [id=3a49d59ec0ca4e8b91e797b7a9af6cbb]), partition=RANGE (key) PARTITION 1342177275 <= VALUES < 1610612730
I20260601 13:20:41.769775  1542 data_dirs.cc:400] Could only allocate 1 dirs of requested 3 for tablet 6ef38899faa242ec9ff766cf69213a88. 1 dirs total, 0 dirs full, 0 dirs failed
I20260601 13:20:41.770519  1545 data_dirs.cc:400] Could only allocate 1 dirs of requested 3 for tablet 952c5f59dc114482bd8d31e9eef35e0e. 1 dirs total, 0 dirs full, 0 dirs failed
I20260601 13:20:41.771770  1541 tablet_service.cc:1511] Processing CreateTablet for tablet 689140624d9646c0a4d5348f2fd67c5f (DEFAULT_TABLE table=test-workload [id=3a49d59ec0ca4e8b91e797b7a9af6cbb]), partition=RANGE (key) PARTITION 1610612730 <= VALUES < 1879048185
I20260601 13:20:41.772013  1541 data_dirs.cc:400] Could only allocate 1 dirs of requested 3 for tablet 689140624d9646c0a4d5348f2fd67c5f. 1 dirs total, 0 dirs full, 0 dirs failed
I20260601 13:20:41.772426  1543 data_dirs.cc:400] Could only allocate 1 dirs of requested 3 for tablet 7fd3a135be9f47a9a84486fa329da9b5. 1 dirs total, 0 dirs full, 0 dirs failed
I20260601 13:20:41.772496  1396 tablet_service.cc:1511] Processing CreateTablet for tablet 1c20066ba44f46eebc98f721229cb36c (DEFAULT_TABLE table=test-workload [id=3a49d59ec0ca4e8b91e797b7a9af6cbb]), partition=RANGE (key) PARTITION VALUES < 268435455
I20260601 13:20:41.772739  1396 data_dirs.cc:400] Could only allocate 1 dirs of requested 3 for tablet 1c20066ba44f46eebc98f721229cb36c. 1 dirs total, 0 dirs full, 0 dirs failed
I20260601 13:20:41.772692  1389 tablet_service.cc:1511] Processing CreateTablet for tablet 387d4fd1aafe4b4bbfc5ae3ce7e26c2c (DEFAULT_TABLE table=test-workload [id=3a49d59ec0ca4e8b91e797b7a9af6cbb]), partition=RANGE (key) PARTITION 1879048185 <= VALUES
I20260601 13:20:41.772912  1603 tablet_bootstrap.cc:492] T 952c5f59dc114482bd8d31e9eef35e0e P 1b1f4e7a201f48459562b06a03d5b64b: Bootstrap starting.
I20260601 13:20:41.772954  1389 data_dirs.cc:400] Could only allocate 1 dirs of requested 3 for tablet 387d4fd1aafe4b4bbfc5ae3ce7e26c2c. 1 dirs total, 0 dirs full, 0 dirs failed
I20260601 13:20:41.773151  1395 tablet_service.cc:1511] Processing CreateTablet for tablet 1f4dcc3e7c59460c92384dcebbcf942c (DEFAULT_TABLE table=test-workload [id=3a49d59ec0ca4e8b91e797b7a9af6cbb]), partition=RANGE (key) PARTITION 268435455 <= VALUES < 536870910
I20260601 13:20:41.773381  1395 data_dirs.cc:400] Could only allocate 1 dirs of requested 3 for tablet 1f4dcc3e7c59460c92384dcebbcf942c. 1 dirs total, 0 dirs full, 0 dirs failed
I20260601 13:20:41.774305  1603 tablet_bootstrap.cc:654] T 952c5f59dc114482bd8d31e9eef35e0e P 1b1f4e7a201f48459562b06a03d5b64b: Neither blocks nor log segments found. Creating new log.
I20260601 13:20:41.774353  1546 data_dirs.cc:400] Could only allocate 1 dirs of requested 3 for tablet 1f4dcc3e7c59460c92384dcebbcf942c. 1 dirs total, 0 dirs full, 0 dirs failed
I20260601 13:20:41.775508  1390 tablet_service.cc:1511] Processing CreateTablet for tablet 689140624d9646c0a4d5348f2fd67c5f (DEFAULT_TABLE table=test-workload [id=3a49d59ec0ca4e8b91e797b7a9af6cbb]), partition=RANGE (key) PARTITION 1610612730 <= VALUES < 1879048185
I20260601 13:20:41.775676  1394 tablet_service.cc:1511] Processing CreateTablet for tablet 952c5f59dc114482bd8d31e9eef35e0e (DEFAULT_TABLE table=test-workload [id=3a49d59ec0ca4e8b91e797b7a9af6cbb]), partition=RANGE (key) PARTITION 536870910 <= VALUES < 805306365
I20260601 13:20:41.775739  1390 data_dirs.cc:400] Could only allocate 1 dirs of requested 3 for tablet 689140624d9646c0a4d5348f2fd67c5f. 1 dirs total, 0 dirs full, 0 dirs failed
I20260601 13:20:41.775900  1394 data_dirs.cc:400] Could only allocate 1 dirs of requested 3 for tablet 952c5f59dc114482bd8d31e9eef35e0e. 1 dirs total, 0 dirs full, 0 dirs failed
I20260601 13:20:41.776820  1468 tablet_service.cc:1511] Processing CreateTablet for tablet 689140624d9646c0a4d5348f2fd67c5f (DEFAULT_TABLE table=test-workload [id=3a49d59ec0ca4e8b91e797b7a9af6cbb]), partition=RANGE (key) PARTITION 1610612730 <= VALUES < 1879048185
I20260601 13:20:41.776918  1469 tablet_service.cc:1511] Processing CreateTablet for tablet 387d4fd1aafe4b4bbfc5ae3ce7e26c2c (DEFAULT_TABLE table=test-workload [id=3a49d59ec0ca4e8b91e797b7a9af6cbb]), partition=RANGE (key) PARTITION 1879048185 <= VALUES
I20260601 13:20:41.777050  1468 data_dirs.cc:400] Could only allocate 1 dirs of requested 3 for tablet 689140624d9646c0a4d5348f2fd67c5f. 1 dirs total, 0 dirs full, 0 dirs failed
I20260601 13:20:41.777141  1469 data_dirs.cc:400] Could only allocate 1 dirs of requested 3 for tablet 387d4fd1aafe4b4bbfc5ae3ce7e26c2c. 1 dirs total, 0 dirs full, 0 dirs failed
I20260601 13:20:41.777175  1546 tablet_service.cc:1511] Processing CreateTablet for tablet 387d4fd1aafe4b4bbfc5ae3ce7e26c2c (DEFAULT_TABLE table=test-workload [id=3a49d59ec0ca4e8b91e797b7a9af6cbb]), partition=RANGE (key) PARTITION 1879048185 <= VALUES
I20260601 13:20:41.777364  1546 data_dirs.cc:400] Could only allocate 1 dirs of requested 3 for tablet 387d4fd1aafe4b4bbfc5ae3ce7e26c2c. 1 dirs total, 0 dirs full, 0 dirs failed
I20260601 13:20:41.777897  1393 tablet_service.cc:1511] Processing CreateTablet for tablet 8c988e28ca9741a388b87d3a0ac93d20 (DEFAULT_TABLE table=test-workload [id=3a49d59ec0ca4e8b91e797b7a9af6cbb]), partition=RANGE (key) PARTITION 805306365 <= VALUES < 1073741820
I20260601 13:20:41.778141  1393 data_dirs.cc:400] Could only allocate 1 dirs of requested 3 for tablet 8c988e28ca9741a388b87d3a0ac93d20. 1 dirs total, 0 dirs full, 0 dirs failed
I20260601 13:20:41.779225  1391 tablet_service.cc:1511] Processing CreateTablet for tablet 6ef38899faa242ec9ff766cf69213a88 (DEFAULT_TABLE table=test-workload [id=3a49d59ec0ca4e8b91e797b7a9af6cbb]), partition=RANGE (key) PARTITION 1342177275 <= VALUES < 1610612730
I20260601 13:20:41.779479  1391 data_dirs.cc:400] Could only allocate 1 dirs of requested 3 for tablet 6ef38899faa242ec9ff766cf69213a88. 1 dirs total, 0 dirs full, 0 dirs failed
I20260601 13:20:41.779510  1392 tablet_service.cc:1511] Processing CreateTablet for tablet 7fd3a135be9f47a9a84486fa329da9b5 (DEFAULT_TABLE table=test-workload [id=3a49d59ec0ca4e8b91e797b7a9af6cbb]), partition=RANGE (key) PARTITION 1073741820 <= VALUES < 1342177275
I20260601 13:20:41.779699  1392 data_dirs.cc:400] Could only allocate 1 dirs of requested 3 for tablet 7fd3a135be9f47a9a84486fa329da9b5. 1 dirs total, 0 dirs full, 0 dirs failed
I20260601 13:20:41.783763  1605 tablet_bootstrap.cc:492] T 387d4fd1aafe4b4bbfc5ae3ce7e26c2c P 01a95b0ecc484141b5a65896ba12d45c: Bootstrap starting.
I20260601 13:20:41.784933  1604 tablet_bootstrap.cc:492] T 8c988e28ca9741a388b87d3a0ac93d20 P 240920046364417c8c1745d6e3e1b5ac: Bootstrap starting.
I20260601 13:20:41.785075  1605 tablet_bootstrap.cc:654] T 387d4fd1aafe4b4bbfc5ae3ce7e26c2c P 01a95b0ecc484141b5a65896ba12d45c: Neither blocks nor log segments found. Creating new log.
I20260601 13:20:41.785904  1604 tablet_bootstrap.cc:654] T 8c988e28ca9741a388b87d3a0ac93d20 P 240920046364417c8c1745d6e3e1b5ac: Neither blocks nor log segments found. Creating new log.
I20260601 13:20:41.786310  1605 tablet_bootstrap.cc:492] T 387d4fd1aafe4b4bbfc5ae3ce7e26c2c P 01a95b0ecc484141b5a65896ba12d45c: No bootstrap required, opened a new log
I20260601 13:20:41.786402  1605 ts_tablet_manager.cc:1403] T 387d4fd1aafe4b4bbfc5ae3ce7e26c2c P 01a95b0ecc484141b5a65896ba12d45c: Time spent bootstrapping tablet: real 0.003s	user 0.002s	sys 0.000s
I20260601 13:20:41.786972  1603 tablet_bootstrap.cc:492] T 952c5f59dc114482bd8d31e9eef35e0e P 1b1f4e7a201f48459562b06a03d5b64b: No bootstrap required, opened a new log
I20260601 13:20:41.786902  1605 raft_consensus.cc:359] T 387d4fd1aafe4b4bbfc5ae3ce7e26c2c P 01a95b0ecc484141b5a65896ba12d45c [term 0 FOLLOWER]: Replica starting. Triggering 0 pending ops. Active config: opid_index: -1 OBSOLETE_local: false peers { permanent_uuid: "01a95b0ecc484141b5a65896ba12d45c" member_type: VOTER last_known_addr { host: "127.0.181.129" port: 34275 } } peers { permanent_uuid: "1b1f4e7a201f48459562b06a03d5b64b" member_type: VOTER last_known_addr { host: "127.0.181.130" port: 46521 } } peers { permanent_uuid: "240920046364417c8c1745d6e3e1b5ac" member_type: VOTER last_known_addr { host: "127.0.181.131" port: 38351 } }
I20260601 13:20:41.787055  1605 raft_consensus.cc:385] T 387d4fd1aafe4b4bbfc5ae3ce7e26c2c P 01a95b0ecc484141b5a65896ba12d45c [term 0 FOLLOWER]: Consensus starting up: Expiring failure detector timer to make a prompt election more likely
I20260601 13:20:41.787076  1603 ts_tablet_manager.cc:1403] T 952c5f59dc114482bd8d31e9eef35e0e P 1b1f4e7a201f48459562b06a03d5b64b: Time spent bootstrapping tablet: real 0.014s	user 0.002s	sys 0.000s
I20260601 13:20:41.787102  1605 raft_consensus.cc:740] T 387d4fd1aafe4b4bbfc5ae3ce7e26c2c P 01a95b0ecc484141b5a65896ba12d45c [term 0 FOLLOWER]: Becoming Follower/Learner. State: Replica: 01a95b0ecc484141b5a65896ba12d45c, State: Initialized, Role: FOLLOWER
I20260601 13:20:41.787262  1605 consensus_queue.cc:260] T 387d4fd1aafe4b4bbfc5ae3ce7e26c2c P 01a95b0ecc484141b5a65896ba12d45c [NON_LEADER]: Queue going to NON_LEADER mode. State: All replicated index: 0, Majority replicated index: 0, Committed index: 0, Last appended: 0.0, Last appended by leader: 0, Current term: 0, Majority size: -1, State: 0, Mode: NON_LEADER, active raft config: opid_index: -1 OBSOLETE_local: false peers { permanent_uuid: "01a95b0ecc484141b5a65896ba12d45c" member_type: VOTER last_known_addr { host: "127.0.181.129" port: 34275 } } peers { permanent_uuid: "1b1f4e7a201f48459562b06a03d5b64b" member_type: VOTER last_known_addr { host: "127.0.181.130" port: 46521 } } peers { permanent_uuid: "240920046364417c8c1745d6e3e1b5ac" member_type: VOTER last_known_addr { host: "127.0.181.131" port: 38351 } }
I20260601 13:20:41.787562  1603 raft_consensus.cc:359] T 952c5f59dc114482bd8d31e9eef35e0e P 1b1f4e7a201f48459562b06a03d5b64b [term 0 FOLLOWER]: Replica starting. Triggering 0 pending ops. Active config: opid_index: -1 OBSOLETE_local: false peers { permanent_uuid: "01a95b0ecc484141b5a65896ba12d45c" member_type: VOTER last_known_addr { host: "127.0.181.129" port: 34275 } } peers { permanent_uuid: "1b1f4e7a201f48459562b06a03d5b64b" member_type: VOTER last_known_addr { host: "127.0.181.130" port: 46521 } } peers { permanent_uuid: "240920046364417c8c1745d6e3e1b5ac" member_type: VOTER last_known_addr { host: "127.0.181.131" port: 38351 } }
I20260601 13:20:41.787624  1604 tablet_bootstrap.cc:492] T 8c988e28ca9741a388b87d3a0ac93d20 P 240920046364417c8c1745d6e3e1b5ac: No bootstrap required, opened a new log
I20260601 13:20:41.787672  1603 raft_consensus.cc:385] T 952c5f59dc114482bd8d31e9eef35e0e P 1b1f4e7a201f48459562b06a03d5b64b [term 0 FOLLOWER]: Consensus starting up: Expiring failure detector timer to make a prompt election more likely
I20260601 13:20:41.787678  1605 ts_tablet_manager.cc:1434] T 387d4fd1aafe4b4bbfc5ae3ce7e26c2c P 01a95b0ecc484141b5a65896ba12d45c: Time spent starting tablet: real 0.001s	user 0.002s	sys 0.000s
I20260601 13:20:41.787715  1603 raft_consensus.cc:740] T 952c5f59dc114482bd8d31e9eef35e0e P 1b1f4e7a201f48459562b06a03d5b64b [term 0 FOLLOWER]: Becoming Follower/Learner. State: Replica: 1b1f4e7a201f48459562b06a03d5b64b, State: Initialized, Role: FOLLOWER
I20260601 13:20:41.787722  1604 ts_tablet_manager.cc:1403] T 8c988e28ca9741a388b87d3a0ac93d20 P 240920046364417c8c1745d6e3e1b5ac: Time spent bootstrapping tablet: real 0.003s	user 0.002s	sys 0.000s
I20260601 13:20:41.787875  1605 tablet_bootstrap.cc:492] T 1f4dcc3e7c59460c92384dcebbcf942c P 01a95b0ecc484141b5a65896ba12d45c: Bootstrap starting.
I20260601 13:20:41.787845  1603 consensus_queue.cc:260] T 952c5f59dc114482bd8d31e9eef35e0e P 1b1f4e7a201f48459562b06a03d5b64b [NON_LEADER]: Queue going to NON_LEADER mode. State: All replicated index: 0, Majority replicated index: 0, Committed index: 0, Last appended: 0.0, Last appended by leader: 0, Current term: 0, Majority size: -1, State: 0, Mode: NON_LEADER, active raft config: opid_index: -1 OBSOLETE_local: false peers { permanent_uuid: "01a95b0ecc484141b5a65896ba12d45c" member_type: VOTER last_known_addr { host: "127.0.181.129" port: 34275 } } peers { permanent_uuid: "1b1f4e7a201f48459562b06a03d5b64b" member_type: VOTER last_known_addr { host: "127.0.181.130" port: 46521 } } peers { permanent_uuid: "240920046364417c8c1745d6e3e1b5ac" member_type: VOTER last_known_addr { host: "127.0.181.131" port: 38351 } }
I20260601 13:20:41.788177  1603 ts_tablet_manager.cc:1434] T 952c5f59dc114482bd8d31e9eef35e0e P 1b1f4e7a201f48459562b06a03d5b64b: Time spent starting tablet: real 0.001s	user 0.001s	sys 0.000s
I20260601 13:20:41.788177  1604 raft_consensus.cc:359] T 8c988e28ca9741a388b87d3a0ac93d20 P 240920046364417c8c1745d6e3e1b5ac [term 0 FOLLOWER]: Replica starting. Triggering 0 pending ops. Active config: opid_index: -1 OBSOLETE_local: false peers { permanent_uuid: "01a95b0ecc484141b5a65896ba12d45c" member_type: VOTER last_known_addr { host: "127.0.181.129" port: 34275 } } peers { permanent_uuid: "1b1f4e7a201f48459562b06a03d5b64b" member_type: VOTER last_known_addr { host: "127.0.181.130" port: 46521 } } peers { permanent_uuid: "240920046364417c8c1745d6e3e1b5ac" member_type: VOTER last_known_addr { host: "127.0.181.131" port: 38351 } }
I20260601 13:20:41.788348  1604 raft_consensus.cc:385] T 8c988e28ca9741a388b87d3a0ac93d20 P 240920046364417c8c1745d6e3e1b5ac [term 0 FOLLOWER]: Consensus starting up: Expiring failure detector timer to make a prompt election more likely
I20260601 13:20:41.788381  1604 raft_consensus.cc:740] T 8c988e28ca9741a388b87d3a0ac93d20 P 240920046364417c8c1745d6e3e1b5ac [term 0 FOLLOWER]: Becoming Follower/Learner. State: Replica: 240920046364417c8c1745d6e3e1b5ac, State: Initialized, Role: FOLLOWER
I20260601 13:20:41.788419  1603 tablet_bootstrap.cc:492] T 1c20066ba44f46eebc98f721229cb36c P 1b1f4e7a201f48459562b06a03d5b64b: Bootstrap starting.
I20260601 13:20:41.788545  1604 consensus_queue.cc:260] T 8c988e28ca9741a388b87d3a0ac93d20 P 240920046364417c8c1745d6e3e1b5ac [NON_LEADER]: Queue going to NON_LEADER mode. State: All replicated index: 0, Majority replicated index: 0, Committed index: 0, Last appended: 0.0, Last appended by leader: 0, Current term: 0, Majority size: -1, State: 0, Mode: NON_LEADER, active raft config: opid_index: -1 OBSOLETE_local: false peers { permanent_uuid: "01a95b0ecc484141b5a65896ba12d45c" member_type: VOTER last_known_addr { host: "127.0.181.129" port: 34275 } } peers { permanent_uuid: "1b1f4e7a201f48459562b06a03d5b64b" member_type: VOTER last_known_addr { host: "127.0.181.130" port: 46521 } } peers { permanent_uuid: "240920046364417c8c1745d6e3e1b5ac" member_type: VOTER last_known_addr { host: "127.0.181.131" port: 38351 } }
I20260601 13:20:41.788911  1604 ts_tablet_manager.cc:1434] T 8c988e28ca9741a388b87d3a0ac93d20 P 240920046364417c8c1745d6e3e1b5ac: Time spent starting tablet: real 0.001s	user 0.001s	sys 0.000s
I20260601 13:20:41.789021  1605 tablet_bootstrap.cc:654] T 1f4dcc3e7c59460c92384dcebbcf942c P 01a95b0ecc484141b5a65896ba12d45c: Neither blocks nor log segments found. Creating new log.
I20260601 13:20:41.789361  1604 tablet_bootstrap.cc:492] T 1c20066ba44f46eebc98f721229cb36c P 240920046364417c8c1745d6e3e1b5ac: Bootstrap starting.
I20260601 13:20:41.789400  1603 tablet_bootstrap.cc:654] T 1c20066ba44f46eebc98f721229cb36c P 1b1f4e7a201f48459562b06a03d5b64b: Neither blocks nor log segments found. Creating new log.
I20260601 13:20:41.790187  1605 tablet_bootstrap.cc:492] T 1f4dcc3e7c59460c92384dcebbcf942c P 01a95b0ecc484141b5a65896ba12d45c: No bootstrap required, opened a new log
I20260601 13:20:41.790266  1605 ts_tablet_manager.cc:1403] T 1f4dcc3e7c59460c92384dcebbcf942c P 01a95b0ecc484141b5a65896ba12d45c: Time spent bootstrapping tablet: real 0.002s	user 0.002s	sys 0.000s
I20260601 13:20:41.790762  1605 raft_consensus.cc:359] T 1f4dcc3e7c59460c92384dcebbcf942c P 01a95b0ecc484141b5a65896ba12d45c [term 0 FOLLOWER]: Replica starting. Triggering 0 pending ops. Active config: opid_index: -1 OBSOLETE_local: false peers { permanent_uuid: "01a95b0ecc484141b5a65896ba12d45c" member_type: VOTER last_known_addr { host: "127.0.181.129" port: 34275 } } peers { permanent_uuid: "1b1f4e7a201f48459562b06a03d5b64b" member_type: VOTER last_known_addr { host: "127.0.181.130" port: 46521 } } peers { permanent_uuid: "240920046364417c8c1745d6e3e1b5ac" member_type: VOTER last_known_addr { host: "127.0.181.131" port: 38351 } }
I20260601 13:20:41.790863  1604 tablet_bootstrap.cc:654] T 1c20066ba44f46eebc98f721229cb36c P 240920046364417c8c1745d6e3e1b5ac: Neither blocks nor log segments found. Creating new log.
I20260601 13:20:41.790867  1605 raft_consensus.cc:385] T 1f4dcc3e7c59460c92384dcebbcf942c P 01a95b0ecc484141b5a65896ba12d45c [term 0 FOLLOWER]: Consensus starting up: Expiring failure detector timer to make a prompt election more likely
I20260601 13:20:41.790941  1605 raft_consensus.cc:740] T 1f4dcc3e7c59460c92384dcebbcf942c P 01a95b0ecc484141b5a65896ba12d45c [term 0 FOLLOWER]: Becoming Follower/Learner. State: Replica: 01a95b0ecc484141b5a65896ba12d45c, State: Initialized, Role: FOLLOWER
I20260601 13:20:41.791082  1605 consensus_queue.cc:260] T 1f4dcc3e7c59460c92384dcebbcf942c P 01a95b0ecc484141b5a65896ba12d45c [NON_LEADER]: Queue going to NON_LEADER mode. State: All replicated index: 0, Majority replicated index: 0, Committed index: 0, Last appended: 0.0, Last appended by leader: 0, Current term: 0, Majority size: -1, State: 0, Mode: NON_LEADER, active raft config: opid_index: -1 OBSOLETE_local: false peers { permanent_uuid: "01a95b0ecc484141b5a65896ba12d45c" member_type: VOTER last_known_addr { host: "127.0.181.129" port: 34275 } } peers { permanent_uuid: "1b1f4e7a201f48459562b06a03d5b64b" member_type: VOTER last_known_addr { host: "127.0.181.130" port: 46521 } } peers { permanent_uuid: "240920046364417c8c1745d6e3e1b5ac" member_type: VOTER last_known_addr { host: "127.0.181.131" port: 38351 } }
I20260601 13:20:41.791530  1605 ts_tablet_manager.cc:1434] T 1f4dcc3e7c59460c92384dcebbcf942c P 01a95b0ecc484141b5a65896ba12d45c: Time spent starting tablet: real 0.001s	user 0.001s	sys 0.000s
I20260601 13:20:41.791731  1605 tablet_bootstrap.cc:492] T 1c20066ba44f46eebc98f721229cb36c P 01a95b0ecc484141b5a65896ba12d45c: Bootstrap starting.
I20260601 13:20:41.792167  1603 tablet_bootstrap.cc:492] T 1c20066ba44f46eebc98f721229cb36c P 1b1f4e7a201f48459562b06a03d5b64b: No bootstrap required, opened a new log
I20260601 13:20:41.792258  1603 ts_tablet_manager.cc:1403] T 1c20066ba44f46eebc98f721229cb36c P 1b1f4e7a201f48459562b06a03d5b64b: Time spent bootstrapping tablet: real 0.004s	user 0.002s	sys 0.000s
I20260601 13:20:41.792732  1605 tablet_bootstrap.cc:654] T 1c20066ba44f46eebc98f721229cb36c P 01a95b0ecc484141b5a65896ba12d45c: Neither blocks nor log segments found. Creating new log.
