I20260601 13:24:19.794876 14665 tablet_bootstrap.cc:654] T 97d3cdac264040d28274923090204839 P 5ea1f1ba8aea4d1d965f4e0096368677: Neither blocks nor log segments found. Creating new log.
I20260601 13:24:19.796209 14660 tablet_bootstrap.cc:492] T 3ef61eeeda184d9f9b690090b6f7c237 P 048eff077a264abf82f213ea43356b96: No bootstrap required, opened a new log
I20260601 13:24:19.796316 14660 ts_tablet_manager.cc:1403] T 3ef61eeeda184d9f9b690090b6f7c237 P 048eff077a264abf82f213ea43356b96: Time spent bootstrapping tablet: real 0.003s	user 0.000s	sys 0.002s
I20260601 13:24:19.796762 14660 raft_consensus.cc:359] T 3ef61eeeda184d9f9b690090b6f7c237 P 048eff077a264abf82f213ea43356b96 [term 0 FOLLOWER]: Replica starting. Triggering 0 pending ops. Active config: opid_index: -1 OBSOLETE_local: false peers { permanent_uuid: "048eff077a264abf82f213ea43356b96" member_type: VOTER last_known_addr { host: "127.13.118.65" port: 43437 } } peers { permanent_uuid: "5ea1f1ba8aea4d1d965f4e0096368677" member_type: VOTER last_known_addr { host: "127.13.118.66" port: 44313 } } peers { permanent_uuid: "bae513368d7d4390883ba584d7ce922f" member_type: VOTER last_known_addr { host: "127.13.118.67" port: 36141 } }
I20260601 13:24:19.796856 14660 raft_consensus.cc:385] T 3ef61eeeda184d9f9b690090b6f7c237 P 048eff077a264abf82f213ea43356b96 [term 0 FOLLOWER]: Consensus starting up: Expiring failure detector timer to make a prompt election more likely
I20260601 13:24:19.796880 14660 raft_consensus.cc:740] T 3ef61eeeda184d9f9b690090b6f7c237 P 048eff077a264abf82f213ea43356b96 [term 0 FOLLOWER]: Becoming Follower/Learner. State: Replica: 048eff077a264abf82f213ea43356b96, State: Initialized, Role: FOLLOWER
I20260601 13:24:19.797056 14660 consensus_queue.cc:260] T 3ef61eeeda184d9f9b690090b6f7c237 P 048eff077a264abf82f213ea43356b96 [NON_LEADER]: Queue going to NON_LEADER mode. State: All replicated index: 0, Majority replicated index: 0, Committed index: 0, Last appended: 0.0, Last appended by leader: 0, Current term: 0, Majority size: -1, State: 0, Mode: NON_LEADER, active raft config: opid_index: -1 OBSOLETE_local: false peers { permanent_uuid: "048eff077a264abf82f213ea43356b96" member_type: VOTER last_known_addr { host: "127.13.118.65" port: 43437 } } peers { permanent_uuid: "5ea1f1ba8aea4d1d965f4e0096368677" member_type: VOTER last_known_addr { host: "127.13.118.66" port: 44313 } } peers { permanent_uuid: "bae513368d7d4390883ba584d7ce922f" member_type: VOTER last_known_addr { host: "127.13.118.67" port: 36141 } }
I20260601 13:24:19.797397 14660 ts_tablet_manager.cc:1434] T 3ef61eeeda184d9f9b690090b6f7c237 P 048eff077a264abf82f213ea43356b96: Time spent starting tablet: real 0.001s	user 0.000s	sys 0.001s
I20260601 13:24:19.798326 14665 tablet_bootstrap.cc:492] T 97d3cdac264040d28274923090204839 P 5ea1f1ba8aea4d1d965f4e0096368677: No bootstrap required, opened a new log
I20260601 13:24:19.798439 14665 ts_tablet_manager.cc:1403] T 97d3cdac264040d28274923090204839 P 5ea1f1ba8aea4d1d965f4e0096368677: Time spent bootstrapping tablet: real 0.005s	user 0.002s	sys 0.000s
I20260601 13:24:19.798978 14665 raft_consensus.cc:359] T 97d3cdac264040d28274923090204839 P 5ea1f1ba8aea4d1d965f4e0096368677 [term 0 FOLLOWER]: Replica starting. Triggering 0 pending ops. Active config: opid_index: -1 OBSOLETE_local: false peers { permanent_uuid: "048eff077a264abf82f213ea43356b96" member_type: VOTER last_known_addr { host: "127.13.118.65" port: 43437 } } peers { permanent_uuid: "5ea1f1ba8aea4d1d965f4e0096368677" member_type: VOTER last_known_addr { host: "127.13.118.66" port: 44313 } } peers { permanent_uuid: "bae513368d7d4390883ba584d7ce922f" member_type: VOTER last_known_addr { host: "127.13.118.67" port: 36141 } }
I20260601 13:24:19.799129 14665 raft_consensus.cc:385] T 97d3cdac264040d28274923090204839 P 5ea1f1ba8aea4d1d965f4e0096368677 [term 0 FOLLOWER]: Consensus starting up: Expiring failure detector timer to make a prompt election more likely
I20260601 13:24:19.799167 14665 raft_consensus.cc:740] T 97d3cdac264040d28274923090204839 P 5ea1f1ba8aea4d1d965f4e0096368677 [term 0 FOLLOWER]: Becoming Follower/Learner. State: Replica: 5ea1f1ba8aea4d1d965f4e0096368677, State: Initialized, Role: FOLLOWER
I20260601 13:24:19.799319 14665 consensus_queue.cc:260] T 97d3cdac264040d28274923090204839 P 5ea1f1ba8aea4d1d965f4e0096368677 [NON_LEADER]: Queue going to NON_LEADER mode. State: All replicated index: 0, Majority replicated index: 0, Committed index: 0, Last appended: 0.0, Last appended by leader: 0, Current term: 0, Majority size: -1, State: 0, Mode: NON_LEADER, active raft config: opid_index: -1 OBSOLETE_local: false peers { permanent_uuid: "048eff077a264abf82f213ea43356b96" member_type: VOTER last_known_addr { host: "127.13.118.65" port: 43437 } } peers { permanent_uuid: "5ea1f1ba8aea4d1d965f4e0096368677" member_type: VOTER last_known_addr { host: "127.13.118.66" port: 44313 } } peers { permanent_uuid: "bae513368d7d4390883ba584d7ce922f" member_type: VOTER last_known_addr { host: "127.13.118.67" port: 36141 } }
I20260601 13:24:19.799638 14665 ts_tablet_manager.cc:1434] T 97d3cdac264040d28274923090204839 P 5ea1f1ba8aea4d1d965f4e0096368677: Time spent starting tablet: real 0.001s	user 0.001s	sys 0.000s
I20260601 13:24:19.815721 14663 raft_consensus.cc:493] T e86c1a417a2c4f5fb64a066c8f0a678d P bae513368d7d4390883ba584d7ce922f [term 0 FOLLOWER]: Starting pre-election (no leader contacted us within the election timeout)
I20260601 13:24:19.815883 14663 raft_consensus.cc:515] T e86c1a417a2c4f5fb64a066c8f0a678d P bae513368d7d4390883ba584d7ce922f [term 0 FOLLOWER]: Starting pre-election with config: opid_index: -1 OBSOLETE_local: false peers { permanent_uuid: "048eff077a264abf82f213ea43356b96" member_type: VOTER last_known_addr { host: "127.13.118.65" port: 43437 } } peers { permanent_uuid: "5ea1f1ba8aea4d1d965f4e0096368677" member_type: VOTER last_known_addr { host: "127.13.118.66" port: 44313 } } peers { permanent_uuid: "bae513368d7d4390883ba584d7ce922f" member_type: VOTER last_known_addr { host: "127.13.118.67" port: 36141 } }
I20260601 13:24:19.816519 14663 leader_election.cc:290] T e86c1a417a2c4f5fb64a066c8f0a678d P bae513368d7d4390883ba584d7ce922f [CANDIDATE]: Term 1 pre-election: Requested pre-vote from peers 048eff077a264abf82f213ea43356b96 (127.13.118.65:43437), 5ea1f1ba8aea4d1d965f4e0096368677 (127.13.118.66:44313)
I20260601 13:24:19.821847 14463 tablet_service.cc:1917] Received RequestConsensusVote() RPC: tablet_id: "e86c1a417a2c4f5fb64a066c8f0a678d" candidate_uuid: "bae513368d7d4390883ba584d7ce922f" candidate_term: 1 candidate_status { last_received { term: 0 index: 0 } } ignore_live_leader: false dest_uuid: "048eff077a264abf82f213ea43356b96" is_pre_election: true
I20260601 13:24:19.821847 14539 tablet_service.cc:1917] Received RequestConsensusVote() RPC: tablet_id: "e86c1a417a2c4f5fb64a066c8f0a678d" candidate_uuid: "bae513368d7d4390883ba584d7ce922f" candidate_term: 1 candidate_status { last_received { term: 0 index: 0 } } ignore_live_leader: false dest_uuid: "5ea1f1ba8aea4d1d965f4e0096368677" is_pre_election: true
I20260601 13:24:19.822093 14539 raft_consensus.cc:2468] T e86c1a417a2c4f5fb64a066c8f0a678d P 5ea1f1ba8aea4d1d965f4e0096368677 [term 0 FOLLOWER]: Leader pre-election vote request: Granting yes vote for candidate bae513368d7d4390883ba584d7ce922f in term 0.
I20260601 13:24:19.822093 14463 raft_consensus.cc:2468] T e86c1a417a2c4f5fb64a066c8f0a678d P 048eff077a264abf82f213ea43356b96 [term 0 FOLLOWER]: Leader pre-election vote request: Granting yes vote for candidate bae513368d7d4390883ba584d7ce922f in term 0.
I20260601 13:24:19.822512 14577 leader_election.cc:304] T e86c1a417a2c4f5fb64a066c8f0a678d P bae513368d7d4390883ba584d7ce922f [CANDIDATE]: Term 1 pre-election: Election decided. Result: candidate won. Election summary: received 2 responses out of 3 voters: 2 yes votes; 0 no votes. yes voters: 5ea1f1ba8aea4d1d965f4e0096368677, bae513368d7d4390883ba584d7ce922f; no voters: 
I20260601 13:24:19.822799 14663 raft_consensus.cc:2804] T e86c1a417a2c4f5fb64a066c8f0a678d P bae513368d7d4390883ba584d7ce922f [term 0 FOLLOWER]: Leader pre-election won for term 1
I20260601 13:24:19.822898 14663 raft_consensus.cc:493] T e86c1a417a2c4f5fb64a066c8f0a678d P bae513368d7d4390883ba584d7ce922f [term 0 FOLLOWER]: Starting leader election (no leader contacted us within the election timeout)
I20260601 13:24:19.822930 14663 raft_consensus.cc:3060] T e86c1a417a2c4f5fb64a066c8f0a678d P bae513368d7d4390883ba584d7ce922f [term 0 FOLLOWER]: Advancing to term 1
I20260601 13:24:19.824012 14663 raft_consensus.cc:515] T e86c1a417a2c4f5fb64a066c8f0a678d P bae513368d7d4390883ba584d7ce922f [term 1 FOLLOWER]: Starting leader election with config: opid_index: -1 OBSOLETE_local: false peers { permanent_uuid: "048eff077a264abf82f213ea43356b96" member_type: VOTER last_known_addr { host: "127.13.118.65" port: 43437 } } peers { permanent_uuid: "5ea1f1ba8aea4d1d965f4e0096368677" member_type: VOTER last_known_addr { host: "127.13.118.66" port: 44313 } } peers { permanent_uuid: "bae513368d7d4390883ba584d7ce922f" member_type: VOTER last_known_addr { host: "127.13.118.67" port: 36141 } }
I20260601 13:24:19.824496 14663 leader_election.cc:290] T e86c1a417a2c4f5fb64a066c8f0a678d P bae513368d7d4390883ba584d7ce922f [CANDIDATE]: Term 1 election: Requested vote from peers 048eff077a264abf82f213ea43356b96 (127.13.118.65:43437), 5ea1f1ba8aea4d1d965f4e0096368677 (127.13.118.66:44313)
I20260601 13:24:19.824939 14463 tablet_service.cc:1917] Received RequestConsensusVote() RPC: tablet_id: "e86c1a417a2c4f5fb64a066c8f0a678d" candidate_uuid: "bae513368d7d4390883ba584d7ce922f" candidate_term: 1 candidate_status { last_received { term: 0 index: 0 } } ignore_live_leader: false dest_uuid: "048eff077a264abf82f213ea43356b96"
I20260601 13:24:19.825067 14463 raft_consensus.cc:3060] T e86c1a417a2c4f5fb64a066c8f0a678d P 048eff077a264abf82f213ea43356b96 [term 0 FOLLOWER]: Advancing to term 1
I20260601 13:24:19.825023 14539 tablet_service.cc:1917] Received RequestConsensusVote() RPC: tablet_id: "e86c1a417a2c4f5fb64a066c8f0a678d" candidate_uuid: "bae513368d7d4390883ba584d7ce922f" candidate_term: 1 candidate_status { last_received { term: 0 index: 0 } } ignore_live_leader: false dest_uuid: "5ea1f1ba8aea4d1d965f4e0096368677"
I20260601 13:24:19.825321 14539 raft_consensus.cc:3060] T e86c1a417a2c4f5fb64a066c8f0a678d P 5ea1f1ba8aea4d1d965f4e0096368677 [term 0 FOLLOWER]: Advancing to term 1
I20260601 13:24:19.826220 14463 raft_consensus.cc:2468] T e86c1a417a2c4f5fb64a066c8f0a678d P 048eff077a264abf82f213ea43356b96 [term 1 FOLLOWER]: Leader election vote request: Granting yes vote for candidate bae513368d7d4390883ba584d7ce922f in term 1.
I20260601 13:24:19.826560 14539 raft_consensus.cc:2468] T e86c1a417a2c4f5fb64a066c8f0a678d P 5ea1f1ba8aea4d1d965f4e0096368677 [term 1 FOLLOWER]: Leader election vote request: Granting yes vote for candidate bae513368d7d4390883ba584d7ce922f in term 1.
I20260601 13:24:19.826614 14578 leader_election.cc:304] T e86c1a417a2c4f5fb64a066c8f0a678d P bae513368d7d4390883ba584d7ce922f [CANDIDATE]: Term 1 election: Election decided. Result: candidate won. Election summary: received 2 responses out of 3 voters: 2 yes votes; 0 no votes. yes voters: 048eff077a264abf82f213ea43356b96, bae513368d7d4390883ba584d7ce922f; no voters: 
I20260601 13:24:19.826920 14663 raft_consensus.cc:2804] T e86c1a417a2c4f5fb64a066c8f0a678d P bae513368d7d4390883ba584d7ce922f [term 1 FOLLOWER]: Leader election won for term 1
I20260601 13:24:19.827179 14663 raft_consensus.cc:697] T e86c1a417a2c4f5fb64a066c8f0a678d P bae513368d7d4390883ba584d7ce922f [term 1 LEADER]: Becoming Leader. State: Replica: bae513368d7d4390883ba584d7ce922f, State: Running, Role: LEADER
I20260601 13:24:19.827379 14663 consensus_queue.cc:237] T e86c1a417a2c4f5fb64a066c8f0a678d P bae513368d7d4390883ba584d7ce922f [LEADER]: Queue going to LEADER mode. State: All replicated index: 0, Majority replicated index: 0, Committed index: 0, Last appended: 0.0, Last appended by leader: 0, Current term: 1, Majority size: 2, State: 0, Mode: LEADER, active raft config: opid_index: -1 OBSOLETE_local: false peers { permanent_uuid: "048eff077a264abf82f213ea43356b96" member_type: VOTER last_known_addr { host: "127.13.118.65" port: 43437 } } peers { permanent_uuid: "5ea1f1ba8aea4d1d965f4e0096368677" member_type: VOTER last_known_addr { host: "127.13.118.66" port: 44313 } } peers { permanent_uuid: "bae513368d7d4390883ba584d7ce922f" member_type: VOTER last_known_addr { host: "127.13.118.67" port: 36141 } }
I20260601 13:24:19.829157 14357 catalog_manager.cc:5696] T e86c1a417a2c4f5fb64a066c8f0a678d P bae513368d7d4390883ba584d7ce922f reported cstate change: term changed from 0 to 1, leader changed from <none> to bae513368d7d4390883ba584d7ce922f (127.13.118.67). New cstate: current_term: 1 leader_uuid: "bae513368d7d4390883ba584d7ce922f" committed_config { opid_index: -1 OBSOLETE_local: false peers { permanent_uuid: "048eff077a264abf82f213ea43356b96" member_type: VOTER last_known_addr { host: "127.13.118.65" port: 43437 } health_report { overall_health: UNKNOWN } } peers { permanent_uuid: "5ea1f1ba8aea4d1d965f4e0096368677" member_type: VOTER last_known_addr { host: "127.13.118.66" port: 44313 } health_report { overall_health: UNKNOWN } } peers { permanent_uuid: "bae513368d7d4390883ba584d7ce922f" member_type: VOTER last_known_addr { host: "127.13.118.67" port: 36141 } health_report { overall_health: HEALTHY } } }
W20260601 13:24:19.835106 14490 tablet.cc:2404] T 22a0aa8d8dbb44619f811b3aaa2e6a93 P 048eff077a264abf82f213ea43356b96: Can't schedule compaction. Clean time has not been advanced past its initial value.
I20260601 13:24:19.870142 14667 raft_consensus.cc:493] T d2b0e275f13f4e648c50899796d01b36 P 5ea1f1ba8aea4d1d965f4e0096368677 [term 0 FOLLOWER]: Starting pre-election (no leader contacted us within the election timeout)
I20260601 13:24:19.870299 14667 raft_consensus.cc:515] T d2b0e275f13f4e648c50899796d01b36 P 5ea1f1ba8aea4d1d965f4e0096368677 [term 0 FOLLOWER]: Starting pre-election with config: opid_index: -1 OBSOLETE_local: false peers { permanent_uuid: "048eff077a264abf82f213ea43356b96" member_type: VOTER last_known_addr { host: "127.13.118.65" port: 43437 } } peers { permanent_uuid: "5ea1f1ba8aea4d1d965f4e0096368677" member_type: VOTER last_known_addr { host: "127.13.118.66" port: 44313 } } peers { permanent_uuid: "bae513368d7d4390883ba584d7ce922f" member_type: VOTER last_known_addr { host: "127.13.118.67" port: 36141 } }
I20260601 13:24:19.871040 14667 leader_election.cc:290] T d2b0e275f13f4e648c50899796d01b36 P 5ea1f1ba8aea4d1d965f4e0096368677 [CANDIDATE]: Term 1 pre-election: Requested pre-vote from peers 048eff077a264abf82f213ea43356b96 (127.13.118.65:43437), bae513368d7d4390883ba584d7ce922f (127.13.118.67:36141)
I20260601 13:24:19.871145 14673 raft_consensus.cc:493] T 6f218ddeb6fd4bbebe96292a30eedce5 P 048eff077a264abf82f213ea43356b96 [term 0 FOLLOWER]: Starting pre-election (no leader contacted us within the election timeout)
I20260601 13:24:19.871325 14673 raft_consensus.cc:515] T 6f218ddeb6fd4bbebe96292a30eedce5 P 048eff077a264abf82f213ea43356b96 [term 0 FOLLOWER]: Starting pre-election with config: opid_index: -1 OBSOLETE_local: false peers { permanent_uuid: "048eff077a264abf82f213ea43356b96" member_type: VOTER last_known_addr { host: "127.13.118.65" port: 43437 } } peers { permanent_uuid: "5ea1f1ba8aea4d1d965f4e0096368677" member_type: VOTER last_known_addr { host: "127.13.118.66" port: 44313 } } peers { permanent_uuid: "bae513368d7d4390883ba584d7ce922f" member_type: VOTER last_known_addr { host: "127.13.118.67" port: 36141 } }
I20260601 13:24:19.872007 14673 leader_election.cc:290] T 6f218ddeb6fd4bbebe96292a30eedce5 P 048eff077a264abf82f213ea43356b96 [CANDIDATE]: Term 1 pre-election: Requested pre-vote from peers 5ea1f1ba8aea4d1d965f4e0096368677 (127.13.118.66:44313), bae513368d7d4390883ba584d7ce922f (127.13.118.67:36141)
I20260601 13:24:19.876359 14463 tablet_service.cc:1917] Received RequestConsensusVote() RPC: tablet_id: "d2b0e275f13f4e648c50899796d01b36" candidate_uuid: "5ea1f1ba8aea4d1d965f4e0096368677" candidate_term: 1 candidate_status { last_received { term: 0 index: 0 } } ignore_live_leader: false dest_uuid: "048eff077a264abf82f213ea43356b96" is_pre_election: true
I20260601 13:24:19.876595 14463 raft_consensus.cc:2468] T d2b0e275f13f4e648c50899796d01b36 P 048eff077a264abf82f213ea43356b96 [term 0 FOLLOWER]: Leader pre-election vote request: Granting yes vote for candidate 5ea1f1ba8aea4d1d965f4e0096368677 in term 0.
I20260601 13:24:19.876724 14613 tablet_service.cc:1917] Received RequestConsensusVote() RPC: tablet_id: "d2b0e275f13f4e648c50899796d01b36" candidate_uuid: "5ea1f1ba8aea4d1d965f4e0096368677" candidate_term: 1 candidate_status { last_received { term: 0 index: 0 } } ignore_live_leader: false dest_uuid: "bae513368d7d4390883ba584d7ce922f" is_pre_election: true
I20260601 13:24:19.876724 14614 tablet_service.cc:1917] Received RequestConsensusVote() RPC: tablet_id: "6f218ddeb6fd4bbebe96292a30eedce5" candidate_uuid: "048eff077a264abf82f213ea43356b96" candidate_term: 1 candidate_status { last_received { term: 0 index: 0 } } ignore_live_leader: false dest_uuid: "bae513368d7d4390883ba584d7ce922f" is_pre_election: true
I20260601 13:24:19.876955 14613 raft_consensus.cc:2468] T d2b0e275f13f4e648c50899796d01b36 P bae513368d7d4390883ba584d7ce922f [term 0 FOLLOWER]: Leader pre-election vote request: Granting yes vote for candidate 5ea1f1ba8aea4d1d965f4e0096368677 in term 0.
I20260601 13:24:19.877038 14539 tablet_service.cc:1917] Received RequestConsensusVote() RPC: tablet_id: "6f218ddeb6fd4bbebe96292a30eedce5" candidate_uuid: "048eff077a264abf82f213ea43356b96" candidate_term: 1 candidate_status { last_received { term: 0 index: 0 } } ignore_live_leader: false dest_uuid: "5ea1f1ba8aea4d1d965f4e0096368677" is_pre_election: true
I20260601 13:24:19.876967 14614 raft_consensus.cc:2468] T 6f218ddeb6fd4bbebe96292a30eedce5 P bae513368d7d4390883ba584d7ce922f [term 0 FOLLOWER]: Leader pre-election vote request: Granting yes vote for candidate 048eff077a264abf82f213ea43356b96 in term 0.
I20260601 13:24:19.876972 14503 leader_election.cc:304] T d2b0e275f13f4e648c50899796d01b36 P 5ea1f1ba8aea4d1d965f4e0096368677 [CANDIDATE]: Term 1 pre-election: Election decided. Result: candidate won. Election summary: received 2 responses out of 3 voters: 2 yes votes; 0 no votes. yes voters: 048eff077a264abf82f213ea43356b96, 5ea1f1ba8aea4d1d965f4e0096368677; no voters: 
I20260601 13:24:19.877226 14539 raft_consensus.cc:2468] T 6f218ddeb6fd4bbebe96292a30eedce5 P 5ea1f1ba8aea4d1d965f4e0096368677 [term 0 FOLLOWER]: Leader pre-election vote request: Granting yes vote for candidate 048eff077a264abf82f213ea43356b96 in term 0.
I20260601 13:24:19.877338 14667 raft_consensus.cc:2804] T d2b0e275f13f4e648c50899796d01b36 P 5ea1f1ba8aea4d1d965f4e0096368677 [term 0 FOLLOWER]: Leader pre-election won for term 1
I20260601 13:24:19.877400 14667 raft_consensus.cc:493] T d2b0e275f13f4e648c50899796d01b36 P 5ea1f1ba8aea4d1d965f4e0096368677 [term 0 FOLLOWER]: Starting leader election (no leader contacted us within the election timeout)
I20260601 13:24:19.877457 14667 raft_consensus.cc:3060] T d2b0e275f13f4e648c50899796d01b36 P 5ea1f1ba8aea4d1d965f4e0096368677 [term 0 FOLLOWER]: Advancing to term 1
I20260601 13:24:19.877486 14426 leader_election.cc:304] T 6f218ddeb6fd4bbebe96292a30eedce5 P 048eff077a264abf82f213ea43356b96 [CANDIDATE]: Term 1 pre-election: Election decided. Result: candidate won. Election summary: received 2 responses out of 3 voters: 2 yes votes; 0 no votes. yes voters: 048eff077a264abf82f213ea43356b96, 5ea1f1ba8aea4d1d965f4e0096368677; no voters: 
I20260601 13:24:19.877661 14673 raft_consensus.cc:2804] T 6f218ddeb6fd4bbebe96292a30eedce5 P 048eff077a264abf82f213ea43356b96 [term 0 FOLLOWER]: Leader pre-election won for term 1
I20260601 13:24:19.877733 14673 raft_consensus.cc:493] T 6f218ddeb6fd4bbebe96292a30eedce5 P 048eff077a264abf82f213ea43356b96 [term 0 FOLLOWER]: Starting leader election (no leader contacted us within the election timeout)
I20260601 13:24:19.877771 14673 raft_consensus.cc:3060] T 6f218ddeb6fd4bbebe96292a30eedce5 P 048eff077a264abf82f213ea43356b96 [term 0 FOLLOWER]: Advancing to term 1
I20260601 13:24:19.878723 14667 raft_consensus.cc:515] T d2b0e275f13f4e648c50899796d01b36 P 5ea1f1ba8aea4d1d965f4e0096368677 [term 1 FOLLOWER]: Starting leader election with config: opid_index: -1 OBSOLETE_local: false peers { permanent_uuid: "048eff077a264abf82f213ea43356b96" member_type: VOTER last_known_addr { host: "127.13.118.65" port: 43437 } } peers { permanent_uuid: "5ea1f1ba8aea4d1d965f4e0096368677" member_type: VOTER last_known_addr { host: "127.13.118.66" port: 44313 } } peers { permanent_uuid: "bae513368d7d4390883ba584d7ce922f" member_type: VOTER last_known_addr { host: "127.13.118.67" port: 36141 } }
I20260601 13:24:19.878793 14673 raft_consensus.cc:515] T 6f218ddeb6fd4bbebe96292a30eedce5 P 048eff077a264abf82f213ea43356b96 [term 1 FOLLOWER]: Starting leader election with config: opid_index: -1 OBSOLETE_local: false peers { permanent_uuid: "048eff077a264abf82f213ea43356b96" member_type: VOTER last_known_addr { host: "127.13.118.65" port: 43437 } } peers { permanent_uuid: "5ea1f1ba8aea4d1d965f4e0096368677" member_type: VOTER last_known_addr { host: "127.13.118.66" port: 44313 } } peers { permanent_uuid: "bae513368d7d4390883ba584d7ce922f" member_type: VOTER last_known_addr { host: "127.13.118.67" port: 36141 } }
I20260601 13:24:19.879194 14667 leader_election.cc:290] T d2b0e275f13f4e648c50899796d01b36 P 5ea1f1ba8aea4d1d965f4e0096368677 [CANDIDATE]: Term 1 election: Requested vote from peers 048eff077a264abf82f213ea43356b96 (127.13.118.65:43437), bae513368d7d4390883ba584d7ce922f (127.13.118.67:36141)
I20260601 13:24:19.879208 14673 leader_election.cc:290] T 6f218ddeb6fd4bbebe96292a30eedce5 P 048eff077a264abf82f213ea43356b96 [CANDIDATE]: Term 1 election: Requested vote from peers 5ea1f1ba8aea4d1d965f4e0096368677 (127.13.118.66:44313), bae513368d7d4390883ba584d7ce922f (127.13.118.67:36141)
I20260601 13:24:19.879475 14614 tablet_service.cc:1917] Received RequestConsensusVote() RPC: tablet_id: "d2b0e275f13f4e648c50899796d01b36" candidate_uuid: "5ea1f1ba8aea4d1d965f4e0096368677" candidate_term: 1 candidate_status { last_received { term: 0 index: 0 } } ignore_live_leader: false dest_uuid: "bae513368d7d4390883ba584d7ce922f"
I20260601 13:24:19.879547 14539 tablet_service.cc:1917] Received RequestConsensusVote() RPC: tablet_id: "6f218ddeb6fd4bbebe96292a30eedce5" candidate_uuid: "048eff077a264abf82f213ea43356b96" candidate_term: 1 candidate_status { last_received { term: 0 index: 0 } } ignore_live_leader: false dest_uuid: "5ea1f1ba8aea4d1d965f4e0096368677"
I20260601 13:24:19.879566 14614 raft_consensus.cc:3060] T d2b0e275f13f4e648c50899796d01b36 P bae513368d7d4390883ba584d7ce922f [term 0 FOLLOWER]: Advancing to term 1
I20260601 13:24:19.879626 14463 tablet_service.cc:1917] Received RequestConsensusVote() RPC: tablet_id: "d2b0e275f13f4e648c50899796d01b36" candidate_uuid: "5ea1f1ba8aea4d1d965f4e0096368677" candidate_term: 1 candidate_status { last_received { term: 0 index: 0 } } ignore_live_leader: false dest_uuid: "048eff077a264abf82f213ea43356b96"
I20260601 13:24:19.879668 14539 raft_consensus.cc:3060] T 6f218ddeb6fd4bbebe96292a30eedce5 P 5ea1f1ba8aea4d1d965f4e0096368677 [term 0 FOLLOWER]: Advancing to term 1
I20260601 13:24:19.879714 14463 raft_consensus.cc:3060] T d2b0e275f13f4e648c50899796d01b36 P 048eff077a264abf82f213ea43356b96 [term 0 FOLLOWER]: Advancing to term 1
I20260601 13:24:19.879731 14613 tablet_service.cc:1917] Received RequestConsensusVote() RPC: tablet_id: "6f218ddeb6fd4bbebe96292a30eedce5" candidate_uuid: "048eff077a264abf82f213ea43356b96" candidate_term: 1 candidate_status { last_received { term: 0 index: 0 } } ignore_live_leader: false dest_uuid: "bae513368d7d4390883ba584d7ce922f"
I20260601 13:24:19.879828 14613 raft_consensus.cc:3060] T 6f218ddeb6fd4bbebe96292a30eedce5 P bae513368d7d4390883ba584d7ce922f [term 0 FOLLOWER]: Advancing to term 1
I20260601 13:24:19.880767 14463 raft_consensus.cc:2468] T d2b0e275f13f4e648c50899796d01b36 P 048eff077a264abf82f213ea43356b96 [term 1 FOLLOWER]: Leader election vote request: Granting yes vote for candidate 5ea1f1ba8aea4d1d965f4e0096368677 in term 1.
I20260601 13:24:19.880899 14613 raft_consensus.cc:2468] T 6f218ddeb6fd4bbebe96292a30eedce5 P bae513368d7d4390883ba584d7ce922f [term 1 FOLLOWER]: Leader election vote request: Granting yes vote for candidate 048eff077a264abf82f213ea43356b96 in term 1.
I20260601 13:24:19.880972 14614 raft_consensus.cc:2468] T d2b0e275f13f4e648c50899796d01b36 P bae513368d7d4390883ba584d7ce922f [term 1 FOLLOWER]: Leader election vote request: Granting yes vote for candidate 5ea1f1ba8aea4d1d965f4e0096368677 in term 1.
I20260601 13:24:19.880767 14539 raft_consensus.cc:2468] T 6f218ddeb6fd4bbebe96292a30eedce5 P 5ea1f1ba8aea4d1d965f4e0096368677 [term 1 FOLLOWER]: Leader election vote request: Granting yes vote for candidate 048eff077a264abf82f213ea43356b96 in term 1.
I20260601 13:24:19.881191 14503 leader_election.cc:304] T d2b0e275f13f4e648c50899796d01b36 P 5ea1f1ba8aea4d1d965f4e0096368677 [CANDIDATE]: Term 1 election: Election decided. Result: candidate won. Election summary: received 2 responses out of 3 voters: 2 yes votes; 0 no votes. yes voters: 048eff077a264abf82f213ea43356b96, 5ea1f1ba8aea4d1d965f4e0096368677; no voters: 
I20260601 13:24:19.881211 14428 leader_election.cc:304] T 6f218ddeb6fd4bbebe96292a30eedce5 P 048eff077a264abf82f213ea43356b96 [CANDIDATE]: Term 1 election: Election decided. Result: candidate won. Election summary: received 2 responses out of 3 voters: 2 yes votes; 0 no votes. yes voters: 048eff077a264abf82f213ea43356b96, bae513368d7d4390883ba584d7ce922f; no voters: 
I20260601 13:24:19.881358 14673 raft_consensus.cc:2804] T 6f218ddeb6fd4bbebe96292a30eedce5 P 048eff077a264abf82f213ea43356b96 [term 1 FOLLOWER]: Leader election won for term 1
I20260601 13:24:19.881451 14667 raft_consensus.cc:2804] T d2b0e275f13f4e648c50899796d01b36 P 5ea1f1ba8aea4d1d965f4e0096368677 [term 1 FOLLOWER]: Leader election won for term 1
I20260601 13:24:19.881480 14673 raft_consensus.cc:697] T 6f218ddeb6fd4bbebe96292a30eedce5 P 048eff077a264abf82f213ea43356b96 [term 1 LEADER]: Becoming Leader. State: Replica: 048eff077a264abf82f213ea43356b96, State: Running, Role: LEADER
I20260601 13:24:19.881680 14667 raft_consensus.cc:697] T d2b0e275f13f4e648c50899796d01b36 P 5ea1f1ba8aea4d1d965f4e0096368677 [term 1 LEADER]: Becoming Leader. State: Replica: 5ea1f1ba8aea4d1d965f4e0096368677, State: Running, Role: LEADER
I20260601 13:24:19.881647 14673 consensus_queue.cc:237] T 6f218ddeb6fd4bbebe96292a30eedce5 P 048eff077a264abf82f213ea43356b96 [LEADER]: Queue going to LEADER mode. State: All replicated index: 0, Majority replicated index: 0, Committed index: 0, Last appended: 0.0, Last appended by leader: 0, Current term: 1, Majority size: 2, State: 0, Mode: LEADER, active raft config: opid_index: -1 OBSOLETE_local: false peers { permanent_uuid: "048eff077a264abf82f213ea43356b96" member_type: VOTER last_known_addr { host: "127.13.118.65" port: 43437 } } peers { permanent_uuid: "5ea1f1ba8aea4d1d965f4e0096368677" member_type: VOTER last_known_addr { host: "127.13.118.66" port: 44313 } } peers { permanent_uuid: "bae513368d7d4390883ba584d7ce922f" member_type: VOTER last_known_addr { host: "127.13.118.67" port: 36141 } }
I20260601 13:24:19.881816 14667 consensus_queue.cc:237] T d2b0e275f13f4e648c50899796d01b36 P 5ea1f1ba8aea4d1d965f4e0096368677 [LEADER]: Queue going to LEADER mode. State: All replicated index: 0, Majority replicated index: 0, Committed index: 0, Last appended: 0.0, Last appended by leader: 0, Current term: 1, Majority size: 2, State: 0, Mode: LEADER, active raft config: opid_index: -1 OBSOLETE_local: false peers { permanent_uuid: "048eff077a264abf82f213ea43356b96" member_type: VOTER last_known_addr { host: "127.13.118.65" port: 43437 } } peers { permanent_uuid: "5ea1f1ba8aea4d1d965f4e0096368677" member_type: VOTER last_known_addr { host: "127.13.118.66" port: 44313 } } peers { permanent_uuid: "bae513368d7d4390883ba584d7ce922f" member_type: VOTER last_known_addr { host: "127.13.118.67" port: 36141 } }
I20260601 13:24:19.882126 14663 raft_consensus.cc:493] T 22a0aa8d8dbb44619f811b3aaa2e6a93 P bae513368d7d4390883ba584d7ce922f [term 0 FOLLOWER]: Starting pre-election (no leader contacted us within the election timeout)
I20260601 13:24:19.882194 14663 raft_consensus.cc:515] T 22a0aa8d8dbb44619f811b3aaa2e6a93 P bae513368d7d4390883ba584d7ce922f [term 0 FOLLOWER]: Starting pre-election with config: opid_index: -1 OBSOLETE_local: false peers { permanent_uuid: "048eff077a264abf82f213ea43356b96" member_type: VOTER last_known_addr { host: "127.13.118.65" port: 43437 } } peers { permanent_uuid: "5ea1f1ba8aea4d1d965f4e0096368677" member_type: VOTER last_known_addr { host: "127.13.118.66" port: 44313 } } peers { permanent_uuid: "bae513368d7d4390883ba584d7ce922f" member_type: VOTER last_known_addr { host: "127.13.118.67" port: 36141 } }
I20260601 13:24:19.882534 14663 leader_election.cc:290] T 22a0aa8d8dbb44619f811b3aaa2e6a93 P bae513368d7d4390883ba584d7ce922f [CANDIDATE]: Term 1 pre-election: Requested pre-vote from peers 048eff077a264abf82f213ea43356b96 (127.13.118.65:43437), 5ea1f1ba8aea4d1d965f4e0096368677 (127.13.118.66:44313)
I20260601 13:24:19.882957 14463 tablet_service.cc:1917] Received RequestConsensusVote() RPC: tablet_id: "22a0aa8d8dbb44619f811b3aaa2e6a93" candidate_uuid: "bae513368d7d4390883ba584d7ce922f" candidate_term: 1 candidate_status { last_received { term: 0 index: 0 } } ignore_live_leader: false dest_uuid: "048eff077a264abf82f213ea43356b96" is_pre_election: true
I20260601 13:24:19.883070 14463 raft_consensus.cc:2468] T 22a0aa8d8dbb44619f811b3aaa2e6a93 P 048eff077a264abf82f213ea43356b96 [term 0 FOLLOWER]: Leader pre-election vote request: Granting yes vote for candidate bae513368d7d4390883ba584d7ce922f in term 0.
I20260601 13:24:19.883347 14578 leader_election.cc:304] T 22a0aa8d8dbb44619f811b3aaa2e6a93 P bae513368d7d4390883ba584d7ce922f [CANDIDATE]: Term 1 pre-election: Election decided. Result: candidate won. Election summary: received 2 responses out of 3 voters: 2 yes votes; 0 no votes. yes voters: 048eff077a264abf82f213ea43356b96, bae513368d7d4390883ba584d7ce922f; no voters: 
I20260601 13:24:19.883442 14539 tablet_service.cc:1917] Received RequestConsensusVote() RPC: tablet_id: "22a0aa8d8dbb44619f811b3aaa2e6a93" candidate_uuid: "bae513368d7d4390883ba584d7ce922f" candidate_term: 1 candidate_status { last_received { term: 0 index: 0 } } ignore_live_leader: false dest_uuid: "5ea1f1ba8aea4d1d965f4e0096368677" is_pre_election: true
I20260601 13:24:19.883539 14663 raft_consensus.cc:2804] T 22a0aa8d8dbb44619f811b3aaa2e6a93 P bae513368d7d4390883ba584d7ce922f [term 0 FOLLOWER]: Leader pre-election won for term 1
I20260601 13:24:19.883584 14539 raft_consensus.cc:2468] T 22a0aa8d8dbb44619f811b3aaa2e6a93 P 5ea1f1ba8aea4d1d965f4e0096368677 [term 0 FOLLOWER]: Leader pre-election vote request: Granting yes vote for candidate bae513368d7d4390883ba584d7ce922f in term 0.
I20260601 13:24:19.883587 14663 raft_consensus.cc:493] T 22a0aa8d8dbb44619f811b3aaa2e6a93 P bae513368d7d4390883ba584d7ce922f [term 0 FOLLOWER]: Starting leader election (no leader contacted us within the election timeout)
I20260601 13:24:19.883780 14357 catalog_manager.cc:5696] T 6f218ddeb6fd4bbebe96292a30eedce5 P 048eff077a264abf82f213ea43356b96 reported cstate change: term changed from 0 to 1, leader changed from <none> to 048eff077a264abf82f213ea43356b96 (127.13.118.65). New cstate: current_term: 1 leader_uuid: "048eff077a264abf82f213ea43356b96" committed_config { opid_index: -1 OBSOLETE_local: false peers { permanent_uuid: "048eff077a264abf82f213ea43356b96" member_type: VOTER last_known_addr { host: "127.13.118.65" port: 43437 } health_report { overall_health: HEALTHY } } peers { permanent_uuid: "5ea1f1ba8aea4d1d965f4e0096368677" member_type: VOTER last_known_addr { host: "127.13.118.66" port: 44313 } health_report { overall_health: UNKNOWN } } peers { permanent_uuid: "bae513368d7d4390883ba584d7ce922f" member_type: VOTER last_known_addr { host: "127.13.118.67" port: 36141 } health_report { overall_health: UNKNOWN } } }
I20260601 13:24:19.883956 14663 raft_consensus.cc:3060] T 22a0aa8d8dbb44619f811b3aaa2e6a93 P bae513368d7d4390883ba584d7ce922f [term 0 FOLLOWER]: Advancing to term 1
I20260601 13:24:19.884815 14358 catalog_manager.cc:5696] T d2b0e275f13f4e648c50899796d01b36 P 5ea1f1ba8aea4d1d965f4e0096368677 reported cstate change: term changed from 0 to 1, leader changed from <none> to 5ea1f1ba8aea4d1d965f4e0096368677 (127.13.118.66). New cstate: current_term: 1 leader_uuid: "5ea1f1ba8aea4d1d965f4e0096368677" committed_config { opid_index: -1 OBSOLETE_local: false peers { permanent_uuid: "048eff077a264abf82f213ea43356b96" member_type: VOTER last_known_addr { host: "127.13.118.65" port: 43437 } health_report { overall_health: UNKNOWN } } peers { permanent_uuid: "5ea1f1ba8aea4d1d965f4e0096368677" member_type: VOTER last_known_addr { host: "127.13.118.66" port: 44313 } health_report { overall_health: HEALTHY } } peers { permanent_uuid: "bae513368d7d4390883ba584d7ce922f" member_type: VOTER last_known_addr { host: "127.13.118.67" port: 36141 } health_report { overall_health: UNKNOWN } } }
I20260601 13:24:19.888172 14663 raft_consensus.cc:515] T 22a0aa8d8dbb44619f811b3aaa2e6a93 P bae513368d7d4390883ba584d7ce922f [term 1 FOLLOWER]: Starting leader election with config: opid_index: -1 OBSOLETE_local: false peers { permanent_uuid: "048eff077a264abf82f213ea43356b96" member_type: VOTER last_known_addr { host: "127.13.118.65" port: 43437 } } peers { permanent_uuid: "5ea1f1ba8aea4d1d965f4e0096368677" member_type: VOTER last_known_addr { host: "127.13.118.66" port: 44313 } } peers { permanent_uuid: "bae513368d7d4390883ba584d7ce922f" member_type: VOTER last_known_addr { host: "127.13.118.67" port: 36141 } }
I20260601 13:24:19.888651 14663 leader_election.cc:290] T 22a0aa8d8dbb44619f811b3aaa2e6a93 P bae513368d7d4390883ba584d7ce922f [CANDIDATE]: Term 1 election: Requested vote from peers 048eff077a264abf82f213ea43356b96 (127.13.118.65:43437), 5ea1f1ba8aea4d1d965f4e0096368677 (127.13.118.66:44313)
I20260601 13:24:19.889097 14539 tablet_service.cc:1917] Received RequestConsensusVote() RPC: tablet_id: "22a0aa8d8dbb44619f811b3aaa2e6a93" candidate_uuid: "bae513368d7d4390883ba584d7ce922f" candidate_term: 1 candidate_status { last_received { term: 0 index: 0 } } ignore_live_leader: false dest_uuid: "5ea1f1ba8aea4d1d965f4e0096368677"
I20260601 13:24:19.889251 14539 raft_consensus.cc:3060] T 22a0aa8d8dbb44619f811b3aaa2e6a93 P 5ea1f1ba8aea4d1d965f4e0096368677 [term 0 FOLLOWER]: Advancing to term 1
I20260601 13:24:19.889354 14463 tablet_service.cc:1917] Received RequestConsensusVote() RPC: tablet_id: "22a0aa8d8dbb44619f811b3aaa2e6a93" candidate_uuid: "bae513368d7d4390883ba584d7ce922f" candidate_term: 1 candidate_status { last_received { term: 0 index: 0 } } ignore_live_leader: false dest_uuid: "048eff077a264abf82f213ea43356b96"
I20260601 13:24:19.889451 14463 raft_consensus.cc:3060] T 22a0aa8d8dbb44619f811b3aaa2e6a93 P 048eff077a264abf82f213ea43356b96 [term 0 FOLLOWER]: Advancing to term 1
I20260601 13:24:19.890271 14463 raft_consensus.cc:2468] T 22a0aa8d8dbb44619f811b3aaa2e6a93 P 048eff077a264abf82f213ea43356b96 [term 1 FOLLOWER]: Leader election vote request: Granting yes vote for candidate bae513368d7d4390883ba584d7ce922f in term 1.
I20260601 13:24:19.890271 14539 raft_consensus.cc:2468] T 22a0aa8d8dbb44619f811b3aaa2e6a93 P 5ea1f1ba8aea4d1d965f4e0096368677 [term 1 FOLLOWER]: Leader election vote request: Granting yes vote for candidate bae513368d7d4390883ba584d7ce922f in term 1.
I20260601 13:24:19.890702 14578 leader_election.cc:304] T 22a0aa8d8dbb44619f811b3aaa2e6a93 P bae513368d7d4390883ba584d7ce922f [CANDIDATE]: Term 1 election: Election decided. Result: candidate won. Election summary: received 2 responses out of 3 voters: 2 yes votes; 0 no votes. yes voters: 048eff077a264abf82f213ea43356b96, bae513368d7d4390883ba584d7ce922f; no voters: 
I20260601 13:24:19.890928 14663 raft_consensus.cc:2804] T 22a0aa8d8dbb44619f811b3aaa2e6a93 P bae513368d7d4390883ba584d7ce922f [term 1 FOLLOWER]: Leader election won for term 1
I20260601 13:24:19.891068 14663 raft_consensus.cc:697] T 22a0aa8d8dbb44619f811b3aaa2e6a93 P bae513368d7d4390883ba584d7ce922f [term 1 LEADER]: Becoming Leader. State: Replica: bae513368d7d4390883ba584d7ce922f, State: Running, Role: LEADER
I20260601 13:24:19.891233 14663 consensus_queue.cc:237] T 22a0aa8d8dbb44619f811b3aaa2e6a93 P bae513368d7d4390883ba584d7ce922f [LEADER]: Queue going to LEADER mode. State: All replicated index: 0, Majority replicated index: 0, Committed index: 0, Last appended: 0.0, Last appended by leader: 0, Current term: 1, Majority size: 2, State: 0, Mode: LEADER, active raft config: opid_index: -1 OBSOLETE_local: false peers { permanent_uuid: "048eff077a264abf82f213ea43356b96" member_type: VOTER last_known_addr { host: "127.13.118.65" port: 43437 } } peers { permanent_uuid: "5ea1f1ba8aea4d1d965f4e0096368677" member_type: VOTER last_known_addr { host: "127.13.118.66" port: 44313 } } peers { permanent_uuid: "bae513368d7d4390883ba584d7ce922f" member_type: VOTER last_known_addr { host: "127.13.118.67" port: 36141 } }
I20260601 13:24:19.893249 14358 catalog_manager.cc:5696] T 22a0aa8d8dbb44619f811b3aaa2e6a93 P bae513368d7d4390883ba584d7ce922f reported cstate change: term changed from 0 to 1, leader changed from <none> to bae513368d7d4390883ba584d7ce922f (127.13.118.67). New cstate: current_term: 1 leader_uuid: "bae513368d7d4390883ba584d7ce922f" committed_config { opid_index: -1 OBSOLETE_local: false peers { permanent_uuid: "048eff077a264abf82f213ea43356b96" member_type: VOTER last_known_addr { host: "127.13.118.65" port: 43437 } health_report { overall_health: UNKNOWN } } peers { permanent_uuid: "5ea1f1ba8aea4d1d965f4e0096368677" member_type: VOTER last_known_addr { host: "127.13.118.66" port: 44313 } health_report { overall_health: UNKNOWN } } peers { permanent_uuid: "bae513368d7d4390883ba584d7ce922f" member_type: VOTER last_known_addr { host: "127.13.118.67" port: 36141 } health_report { overall_health: HEALTHY } } }
I20260601 13:24:19.909516 14693 raft_consensus.cc:493] T 739d50daee3144f7aa4ed222ed69eb84 P bae513368d7d4390883ba584d7ce922f [term 0 FOLLOWER]: Starting pre-election (no leader contacted us within the election timeout)
I20260601 13:24:19.909772 14693 raft_consensus.cc:515] T 739d50daee3144f7aa4ed222ed69eb84 P bae513368d7d4390883ba584d7ce922f [term 0 FOLLOWER]: Starting pre-election with config: opid_index: -1 OBSOLETE_local: false peers { permanent_uuid: "048eff077a264abf82f213ea43356b96" member_type: VOTER last_known_addr { host: "127.13.118.65" port: 43437 } } peers { permanent_uuid: "5ea1f1ba8aea4d1d965f4e0096368677" member_type: VOTER last_known_addr { host: "127.13.118.66" port: 44313 } } peers { permanent_uuid: "bae513368d7d4390883ba584d7ce922f" member_type: VOTER last_known_addr { host: "127.13.118.67" port: 36141 } }
I20260601 13:24:19.910331 14693 leader_election.cc:290] T 739d50daee3144f7aa4ed222ed69eb84 P bae513368d7d4390883ba584d7ce922f [CANDIDATE]: Term 1 pre-election: Requested pre-vote from peers 048eff077a264abf82f213ea43356b96 (127.13.118.65:43437), 5ea1f1ba8aea4d1d965f4e0096368677 (127.13.118.66:44313)
I20260601 13:24:19.910908 14539 tablet_service.cc:1917] Received RequestConsensusVote() RPC: tablet_id: "739d50daee3144f7aa4ed222ed69eb84" candidate_uuid: "bae513368d7d4390883ba584d7ce922f" candidate_term: 1 candidate_status { last_received { term: 0 index: 0 } } ignore_live_leader: false dest_uuid: "5ea1f1ba8aea4d1d965f4e0096368677" is_pre_election: true
I20260601 13:24:19.910908 14463 tablet_service.cc:1917] Received RequestConsensusVote() RPC: tablet_id: "739d50daee3144f7aa4ed222ed69eb84" candidate_uuid: "bae513368d7d4390883ba584d7ce922f" candidate_term: 1 candidate_status { last_received { term: 0 index: 0 } } ignore_live_leader: false dest_uuid: "048eff077a264abf82f213ea43356b96" is_pre_election: true
I20260601 13:24:19.911180 14539 raft_consensus.cc:2468] T 739d50daee3144f7aa4ed222ed69eb84 P 5ea1f1ba8aea4d1d965f4e0096368677 [term 0 FOLLOWER]: Leader pre-election vote request: Granting yes vote for candidate bae513368d7d4390883ba584d7ce922f in term 0.
I20260601 13:24:19.911180 14463 raft_consensus.cc:2468] T 739d50daee3144f7aa4ed222ed69eb84 P 048eff077a264abf82f213ea43356b96 [term 0 FOLLOWER]: Leader pre-election vote request: Granting yes vote for candidate bae513368d7d4390883ba584d7ce922f in term 0.
I20260601 13:24:19.911530 14578 leader_election.cc:304] T 739d50daee3144f7aa4ed222ed69eb84 P bae513368d7d4390883ba584d7ce922f [CANDIDATE]: Term 1 pre-election: Election decided. Result: candidate won. Election summary: received 2 responses out of 3 voters: 2 yes votes; 0 no votes. yes voters: 048eff077a264abf82f213ea43356b96, bae513368d7d4390883ba584d7ce922f; no voters: 
I20260601 13:24:19.911720 14693 raft_consensus.cc:2804] T 739d50daee3144f7aa4ed222ed69eb84 P bae513368d7d4390883ba584d7ce922f [term 0 FOLLOWER]: Leader pre-election won for term 1
I20260601 13:24:19.911783 14693 raft_consensus.cc:493] T 739d50daee3144f7aa4ed222ed69eb84 P bae513368d7d4390883ba584d7ce922f [term 0 FOLLOWER]: Starting leader election (no leader contacted us within the election timeout)
I20260601 13:24:19.911815 14693 raft_consensus.cc:3060] T 739d50daee3144f7aa4ed222ed69eb84 P bae513368d7d4390883ba584d7ce922f [term 0 FOLLOWER]: Advancing to term 1
I20260601 13:24:19.912846 14693 raft_consensus.cc:515] T 739d50daee3144f7aa4ed222ed69eb84 P bae513368d7d4390883ba584d7ce922f [term 1 FOLLOWER]: Starting leader election with config: opid_index: -1 OBSOLETE_local: false peers { permanent_uuid: "048eff077a264abf82f213ea43356b96" member_type: VOTER last_known_addr { host: "127.13.118.65" port: 43437 } } peers { permanent_uuid: "5ea1f1ba8aea4d1d965f4e0096368677" member_type: VOTER last_known_addr { host: "127.13.118.66" port: 44313 } } peers { permanent_uuid: "bae513368d7d4390883ba584d7ce922f" member_type: VOTER last_known_addr { host: "127.13.118.67" port: 36141 } }
I20260601 13:24:19.913311 14693 leader_election.cc:290] T 739d50daee3144f7aa4ed222ed69eb84 P bae513368d7d4390883ba584d7ce922f [CANDIDATE]: Term 1 election: Requested vote from peers 048eff077a264abf82f213ea43356b96 (127.13.118.65:43437), 5ea1f1ba8aea4d1d965f4e0096368677 (127.13.118.66:44313)
I20260601 13:24:19.913635 14463 tablet_service.cc:1917] Received RequestConsensusVote() RPC: tablet_id: "739d50daee3144f7aa4ed222ed69eb84" candidate_uuid: "bae513368d7d4390883ba584d7ce922f" candidate_term: 1 candidate_status { last_received { term: 0 index: 0 } } ignore_live_leader: false dest_uuid: "048eff077a264abf82f213ea43356b96"
I20260601 13:24:19.913724 14539 tablet_service.cc:1917] Received RequestConsensusVote() RPC: tablet_id: "739d50daee3144f7aa4ed222ed69eb84" candidate_uuid: "bae513368d7d4390883ba584d7ce922f" candidate_term: 1 candidate_status { last_received { term: 0 index: 0 } } ignore_live_leader: false dest_uuid: "5ea1f1ba8aea4d1d965f4e0096368677"
I20260601 13:24:19.913777 14463 raft_consensus.cc:3060] T 739d50daee3144f7aa4ed222ed69eb84 P 048eff077a264abf82f213ea43356b96 [term 0 FOLLOWER]: Advancing to term 1
I20260601 13:24:19.913873 14539 raft_consensus.cc:3060] T 739d50daee3144f7aa4ed222ed69eb84 P 5ea1f1ba8aea4d1d965f4e0096368677 [term 0 FOLLOWER]: Advancing to term 1
I20260601 13:24:19.914850 14539 raft_consensus.cc:2468] T 739d50daee3144f7aa4ed222ed69eb84 P 5ea1f1ba8aea4d1d965f4e0096368677 [term 1 FOLLOWER]: Leader election vote request: Granting yes vote for candidate bae513368d7d4390883ba584d7ce922f in term 1.
I20260601 13:24:19.914863 14463 raft_consensus.cc:2468] T 739d50daee3144f7aa4ed222ed69eb84 P 048eff077a264abf82f213ea43356b96 [term 1 FOLLOWER]: Leader election vote request: Granting yes vote for candidate bae513368d7d4390883ba584d7ce922f in term 1.
I20260601 13:24:19.915191 14577 leader_election.cc:304] T 739d50daee3144f7aa4ed222ed69eb84 P bae513368d7d4390883ba584d7ce922f [CANDIDATE]: Term 1 election: Election decided. Result: candidate won. Election summary: received 2 responses out of 3 voters: 2 yes votes; 0 no votes. yes voters: 5ea1f1ba8aea4d1d965f4e0096368677, bae513368d7d4390883ba584d7ce922f; no voters: 
I20260601 13:24:19.915421 14693 raft_consensus.cc:2804] T 739d50daee3144f7aa4ed222ed69eb84 P bae513368d7d4390883ba584d7ce922f [term 1 FOLLOWER]: Leader election won for term 1
I20260601 13:24:19.915567 14693 raft_consensus.cc:697] T 739d50daee3144f7aa4ed222ed69eb84 P bae513368d7d4390883ba584d7ce922f [term 1 LEADER]: Becoming Leader. State: Replica: bae513368d7d4390883ba584d7ce922f, State: Running, Role: LEADER
I20260601 13:24:19.915737 14693 consensus_queue.cc:237] T 739d50daee3144f7aa4ed222ed69eb84 P bae513368d7d4390883ba584d7ce922f [LEADER]: Queue going to LEADER mode. State: All replicated index: 0, Majority replicated index: 0, Committed index: 0, Last appended: 0.0, Last appended by leader: 0, Current term: 1, Majority size: 2, State: 0, Mode: LEADER, active raft config: opid_index: -1 OBSOLETE_local: false peers { permanent_uuid: "048eff077a264abf82f213ea43356b96" member_type: VOTER last_known_addr { host: "127.13.118.65" port: 43437 } } peers { permanent_uuid: "5ea1f1ba8aea4d1d965f4e0096368677" member_type: VOTER last_known_addr { host: "127.13.118.66" port: 44313 } } peers { permanent_uuid: "bae513368d7d4390883ba584d7ce922f" member_type: VOTER last_known_addr { host: "127.13.118.67" port: 36141 } }
I20260601 13:24:19.917505 14358 catalog_manager.cc:5696] T 739d50daee3144f7aa4ed222ed69eb84 P bae513368d7d4390883ba584d7ce922f reported cstate change: term changed from 0 to 1, leader changed from <none> to bae513368d7d4390883ba584d7ce922f (127.13.118.67). New cstate: current_term: 1 leader_uuid: "bae513368d7d4390883ba584d7ce922f" committed_config { opid_index: -1 OBSOLETE_local: false peers { permanent_uuid: "048eff077a264abf82f213ea43356b96" member_type: VOTER last_known_addr { host: "127.13.118.65" port: 43437 } health_report { overall_health: UNKNOWN } } peers { permanent_uuid: "5ea1f1ba8aea4d1d965f4e0096368677" member_type: VOTER last_known_addr { host: "127.13.118.66" port: 44313 } health_report { overall_health: UNKNOWN } } peers { permanent_uuid: "bae513368d7d4390883ba584d7ce922f" member_type: VOTER last_known_addr { host: "127.13.118.67" port: 36141 } health_report { overall_health: HEALTHY } } }
I20260601 13:24:19.962550 14693 raft_consensus.cc:493] T 3ef61eeeda184d9f9b690090b6f7c237 P bae513368d7d4390883ba584d7ce922f [term 0 FOLLOWER]: Starting pre-election (no leader contacted us within the election timeout)
I20260601 13:24:19.962822 14693 raft_consensus.cc:515] T 3ef61eeeda184d9f9b690090b6f7c237 P bae513368d7d4390883ba584d7ce922f [term 0 FOLLOWER]: Starting pre-election with config: opid_index: -1 OBSOLETE_local: false peers { permanent_uuid: "048eff077a264abf82f213ea43356b96" member_type: VOTER last_known_addr { host: "127.13.118.65" port: 43437 } } peers { permanent_uuid: "5ea1f1ba8aea4d1d965f4e0096368677" member_type: VOTER last_known_addr { host: "127.13.118.66" port: 44313 } } peers { permanent_uuid: "bae513368d7d4390883ba584d7ce922f" member_type: VOTER last_known_addr { host: "127.13.118.67" port: 36141 } }
I20260601 13:24:19.963534 14693 leader_election.cc:290] T 3ef61eeeda184d9f9b690090b6f7c237 P bae513368d7d4390883ba584d7ce922f [CANDIDATE]: Term 1 pre-election: Requested pre-vote from peers 048eff077a264abf82f213ea43356b96 (127.13.118.65:43437), 5ea1f1ba8aea4d1d965f4e0096368677 (127.13.118.66:44313)
I20260601 13:24:19.964148 14539 tablet_service.cc:1917] Received RequestConsensusVote() RPC: tablet_id: "3ef61eeeda184d9f9b690090b6f7c237" candidate_uuid: "bae513368d7d4390883ba584d7ce922f" candidate_term: 1 candidate_status { last_received { term: 0 index: 0 } } ignore_live_leader: false dest_uuid: "5ea1f1ba8aea4d1d965f4e0096368677" is_pre_election: true
I20260601 13:24:19.964154 14463 tablet_service.cc:1917] Received RequestConsensusVote() RPC: tablet_id: "3ef61eeeda184d9f9b690090b6f7c237" candidate_uuid: "bae513368d7d4390883ba584d7ce922f" candidate_term: 1 candidate_status { last_received { term: 0 index: 0 } } ignore_live_leader: false dest_uuid: "048eff077a264abf82f213ea43356b96" is_pre_election: true
I20260601 13:24:19.964329 14539 raft_consensus.cc:2468] T 3ef61eeeda184d9f9b690090b6f7c237 P 5ea1f1ba8aea4d1d965f4e0096368677 [term 0 FOLLOWER]: Leader pre-election vote request: Granting yes vote for candidate bae513368d7d4390883ba584d7ce922f in term 0.
I20260601 13:24:19.964409 14463 raft_consensus.cc:2468] T 3ef61eeeda184d9f9b690090b6f7c237 P 048eff077a264abf82f213ea43356b96 [term 0 FOLLOWER]: Leader pre-election vote request: Granting yes vote for candidate bae513368d7d4390883ba584d7ce922f in term 0.
I20260601 13:24:19.964699 14577 leader_election.cc:304] T 3ef61eeeda184d9f9b690090b6f7c237 P bae513368d7d4390883ba584d7ce922f [CANDIDATE]: Term 1 pre-election: Election decided. Result: candidate won. Election summary: received 2 responses out of 3 voters: 2 yes votes; 0 no votes. yes voters: 5ea1f1ba8aea4d1d965f4e0096368677, bae513368d7d4390883ba584d7ce922f; no voters: 
I20260601 13:24:19.964955 14693 raft_consensus.cc:2804] T 3ef61eeeda184d9f9b690090b6f7c237 P bae513368d7d4390883ba584d7ce922f [term 0 FOLLOWER]: Leader pre-election won for term 1
I20260601 13:24:19.965026 14693 raft_consensus.cc:493] T 3ef61eeeda184d9f9b690090b6f7c237 P bae513368d7d4390883ba584d7ce922f [term 0 FOLLOWER]: Starting leader election (no leader contacted us within the election timeout)
I20260601 13:24:19.965067 14693 raft_consensus.cc:3060] T 3ef61eeeda184d9f9b690090b6f7c237 P bae513368d7d4390883ba584d7ce922f [term 0 FOLLOWER]: Advancing to term 1
