I20260601 13:25:57.796097 12114 tablet_service.cc:1917] Received RequestConsensusVote() RPC: tablet_id: "0523803229274954a764d6467a487915" candidate_uuid: "b3ffcaf99835457db9403b909deb2f1d" candidate_term: 1 candidate_status { last_received { term: 0 index: 0 } } ignore_live_leader: false dest_uuid: "b09100dfd9d74824838a50424ce48672"
I20260601 13:25:57.796259 12114 raft_consensus.cc:3060] T 0523803229274954a764d6467a487915 P b09100dfd9d74824838a50424ce48672 [term 0 FOLLOWER]: Advancing to term 1
I20260601 13:25:57.796948 12115 raft_consensus.cc:2468] T 871855fb2f174dc4b3c0fe9be6674f81 P b09100dfd9d74824838a50424ce48672 [term 1 FOLLOWER]: Leader election vote request: Granting yes vote for candidate b3ffcaf99835457db9403b909deb2f1d in term 1.
I20260601 13:25:57.797127 12114 raft_consensus.cc:2468] T 0523803229274954a764d6467a487915 P b09100dfd9d74824838a50424ce48672 [term 1 FOLLOWER]: Leader election vote request: Granting yes vote for candidate b3ffcaf99835457db9403b909deb2f1d in term 1.
I20260601 13:25:57.797216 12265 tablet_service.cc:1917] Received RequestConsensusVote() RPC: tablet_id: "0523803229274954a764d6467a487915" candidate_uuid: "b3ffcaf99835457db9403b909deb2f1d" candidate_term: 1 candidate_status { last_received { term: 0 index: 0 } } ignore_live_leader: false dest_uuid: "7afc84d08b4846ed9b8518c7c5917a1a"
I20260601 13:25:57.797250 12156 leader_election.cc:304] T 871855fb2f174dc4b3c0fe9be6674f81 P b3ffcaf99835457db9403b909deb2f1d [CANDIDATE]: Term 1 election: Election decided. Result: candidate won. Election summary: received 2 responses out of 3 voters: 2 yes votes; 0 no votes. yes voters: b09100dfd9d74824838a50424ce48672, b3ffcaf99835457db9403b909deb2f1d; no voters: 
I20260601 13:25:57.797317 12265 raft_consensus.cc:3060] T 0523803229274954a764d6467a487915 P 7afc84d08b4846ed9b8518c7c5917a1a [term 0 FOLLOWER]: Advancing to term 1
I20260601 13:25:57.797389 12326 raft_consensus.cc:2804] T 871855fb2f174dc4b3c0fe9be6674f81 P b3ffcaf99835457db9403b909deb2f1d [term 1 FOLLOWER]: Leader election won for term 1
I20260601 13:25:57.797412 12156 leader_election.cc:304] T 0523803229274954a764d6467a487915 P b3ffcaf99835457db9403b909deb2f1d [CANDIDATE]: Term 1 election: Election decided. Result: candidate won. Election summary: received 2 responses out of 3 voters: 2 yes votes; 0 no votes. yes voters: b09100dfd9d74824838a50424ce48672, b3ffcaf99835457db9403b909deb2f1d; no voters: 
I20260601 13:25:57.797500 12326 raft_consensus.cc:697] T 871855fb2f174dc4b3c0fe9be6674f81 P b3ffcaf99835457db9403b909deb2f1d [term 1 LEADER]: Becoming Leader. State: Replica: b3ffcaf99835457db9403b909deb2f1d, State: Running, Role: LEADER
I20260601 13:25:57.797711 12320 raft_consensus.cc:2804] T 0523803229274954a764d6467a487915 P b3ffcaf99835457db9403b909deb2f1d [term 1 FOLLOWER]: Leader election won for term 1
I20260601 13:25:57.797640 12326 consensus_queue.cc:237] T 871855fb2f174dc4b3c0fe9be6674f81 P b3ffcaf99835457db9403b909deb2f1d [LEADER]: Queue going to LEADER mode. State: All replicated index: 0, Majority replicated index: 0, Committed index: 0, Last appended: 0.0, Last appended by leader: 0, Current term: 1, Majority size: 2, State: 0, Mode: LEADER, active raft config: opid_index: -1 OBSOLETE_local: false peers { permanent_uuid: "b09100dfd9d74824838a50424ce48672" member_type: VOTER last_known_addr { host: "127.7.143.193" port: 42069 } } peers { permanent_uuid: "b3ffcaf99835457db9403b909deb2f1d" member_type: VOTER last_known_addr { host: "127.7.143.194" port: 41017 } } peers { permanent_uuid: "7afc84d08b4846ed9b8518c7c5917a1a" member_type: VOTER last_known_addr { host: "127.7.143.195" port: 43319 } }
I20260601 13:25:57.797777 12320 raft_consensus.cc:697] T 0523803229274954a764d6467a487915 P b3ffcaf99835457db9403b909deb2f1d [term 1 LEADER]: Becoming Leader. State: Replica: b3ffcaf99835457db9403b909deb2f1d, State: Running, Role: LEADER
I20260601 13:25:57.797873 12320 consensus_queue.cc:237] T 0523803229274954a764d6467a487915 P b3ffcaf99835457db9403b909deb2f1d [LEADER]: Queue going to LEADER mode. State: All replicated index: 0, Majority replicated index: 0, Committed index: 0, Last appended: 0.0, Last appended by leader: 0, Current term: 1, Majority size: 2, State: 0, Mode: LEADER, active raft config: opid_index: -1 OBSOLETE_local: false peers { permanent_uuid: "b09100dfd9d74824838a50424ce48672" member_type: VOTER last_known_addr { host: "127.7.143.193" port: 42069 } } peers { permanent_uuid: "b3ffcaf99835457db9403b909deb2f1d" member_type: VOTER last_known_addr { host: "127.7.143.194" port: 41017 } } peers { permanent_uuid: "7afc84d08b4846ed9b8518c7c5917a1a" member_type: VOTER last_known_addr { host: "127.7.143.195" port: 43319 } }
I20260601 13:25:57.798362 12265 raft_consensus.cc:2468] T 0523803229274954a764d6467a487915 P 7afc84d08b4846ed9b8518c7c5917a1a [term 1 FOLLOWER]: Leader election vote request: Granting yes vote for candidate b3ffcaf99835457db9403b909deb2f1d in term 1.
I20260601 13:25:57.795996 12266 tablet_service.cc:1917] Received RequestConsensusVote() RPC: tablet_id: "871855fb2f174dc4b3c0fe9be6674f81" candidate_uuid: "b3ffcaf99835457db9403b909deb2f1d" candidate_term: 1 candidate_status { last_received { term: 0 index: 0 } } ignore_live_leader: false dest_uuid: "7afc84d08b4846ed9b8518c7c5917a1a"
I20260601 13:25:57.798520 12266 raft_consensus.cc:3060] T 871855fb2f174dc4b3c0fe9be6674f81 P 7afc84d08b4846ed9b8518c7c5917a1a [term 0 FOLLOWER]: Advancing to term 1
I20260601 13:25:57.799424 12266 raft_consensus.cc:2468] T 871855fb2f174dc4b3c0fe9be6674f81 P 7afc84d08b4846ed9b8518c7c5917a1a [term 1 FOLLOWER]: Leader election vote request: Granting yes vote for candidate b3ffcaf99835457db9403b909deb2f1d in term 1.
I20260601 13:25:57.800132 12011 catalog_manager.cc:5696] T 871855fb2f174dc4b3c0fe9be6674f81 P b3ffcaf99835457db9403b909deb2f1d reported cstate change: term changed from 0 to 1, leader changed from <none> to b3ffcaf99835457db9403b909deb2f1d (127.7.143.194). New cstate: current_term: 1 leader_uuid: "b3ffcaf99835457db9403b909deb2f1d" committed_config { opid_index: -1 OBSOLETE_local: false peers { permanent_uuid: "b09100dfd9d74824838a50424ce48672" member_type: VOTER last_known_addr { host: "127.7.143.193" port: 42069 } health_report { overall_health: UNKNOWN } } peers { permanent_uuid: "b3ffcaf99835457db9403b909deb2f1d" member_type: VOTER last_known_addr { host: "127.7.143.194" port: 41017 } health_report { overall_health: HEALTHY } } peers { permanent_uuid: "7afc84d08b4846ed9b8518c7c5917a1a" member_type: VOTER last_known_addr { host: "127.7.143.195" port: 43319 } health_report { overall_health: UNKNOWN } } }
I20260601 13:25:57.800383 12011 catalog_manager.cc:5696] T 0523803229274954a764d6467a487915 P b3ffcaf99835457db9403b909deb2f1d reported cstate change: term changed from 0 to 1, leader changed from <none> to b3ffcaf99835457db9403b909deb2f1d (127.7.143.194). New cstate: current_term: 1 leader_uuid: "b3ffcaf99835457db9403b909deb2f1d" committed_config { opid_index: -1 OBSOLETE_local: false peers { permanent_uuid: "b09100dfd9d74824838a50424ce48672" member_type: VOTER last_known_addr { host: "127.7.143.193" port: 42069 } health_report { overall_health: UNKNOWN } } peers { permanent_uuid: "b3ffcaf99835457db9403b909deb2f1d" member_type: VOTER last_known_addr { host: "127.7.143.194" port: 41017 } health_report { overall_health: HEALTHY } } peers { permanent_uuid: "7afc84d08b4846ed9b8518c7c5917a1a" member_type: VOTER last_known_addr { host: "127.7.143.195" port: 43319 } health_report { overall_health: UNKNOWN } } }
I20260601 13:25:57.814540 12317 raft_consensus.cc:493] T 3031534c8f4b4e509b248c5c55bc20d0 P 7afc84d08b4846ed9b8518c7c5917a1a [term 0 FOLLOWER]: Starting pre-election (no leader contacted us within the election timeout)
I20260601 13:25:57.814749 12317 raft_consensus.cc:515] T 3031534c8f4b4e509b248c5c55bc20d0 P 7afc84d08b4846ed9b8518c7c5917a1a [term 0 FOLLOWER]: Starting pre-election with config: opid_index: -1 OBSOLETE_local: false peers { permanent_uuid: "b09100dfd9d74824838a50424ce48672" member_type: VOTER last_known_addr { host: "127.7.143.193" port: 42069 } } peers { permanent_uuid: "b3ffcaf99835457db9403b909deb2f1d" member_type: VOTER last_known_addr { host: "127.7.143.194" port: 41017 } } peers { permanent_uuid: "7afc84d08b4846ed9b8518c7c5917a1a" member_type: VOTER last_known_addr { host: "127.7.143.195" port: 43319 } }
I20260601 13:25:57.815230 12317 leader_election.cc:290] T 3031534c8f4b4e509b248c5c55bc20d0 P 7afc84d08b4846ed9b8518c7c5917a1a [CANDIDATE]: Term 1 pre-election: Requested pre-vote from peers b09100dfd9d74824838a50424ce48672 (127.7.143.193:42069), b3ffcaf99835457db9403b909deb2f1d (127.7.143.194:41017)
I20260601 13:25:57.815670 12114 tablet_service.cc:1917] Received RequestConsensusVote() RPC: tablet_id: "3031534c8f4b4e509b248c5c55bc20d0" candidate_uuid: "7afc84d08b4846ed9b8518c7c5917a1a" candidate_term: 1 candidate_status { last_received { term: 0 index: 0 } } ignore_live_leader: false dest_uuid: "b09100dfd9d74824838a50424ce48672" is_pre_election: true
I20260601 13:25:57.815704 12191 tablet_service.cc:1917] Received RequestConsensusVote() RPC: tablet_id: "3031534c8f4b4e509b248c5c55bc20d0" candidate_uuid: "7afc84d08b4846ed9b8518c7c5917a1a" candidate_term: 1 candidate_status { last_received { term: 0 index: 0 } } ignore_live_leader: false dest_uuid: "b3ffcaf99835457db9403b909deb2f1d" is_pre_election: true
I20260601 13:25:57.815797 12114 raft_consensus.cc:2468] T 3031534c8f4b4e509b248c5c55bc20d0 P b09100dfd9d74824838a50424ce48672 [term 0 FOLLOWER]: Leader pre-election vote request: Granting yes vote for candidate 7afc84d08b4846ed9b8518c7c5917a1a in term 0.
I20260601 13:25:57.815909 12191 raft_consensus.cc:2468] T 3031534c8f4b4e509b248c5c55bc20d0 P b3ffcaf99835457db9403b909deb2f1d [term 0 FOLLOWER]: Leader pre-election vote request: Granting yes vote for candidate 7afc84d08b4846ed9b8518c7c5917a1a in term 0.
I20260601 13:25:57.816259 12229 leader_election.cc:304] T 3031534c8f4b4e509b248c5c55bc20d0 P 7afc84d08b4846ed9b8518c7c5917a1a [CANDIDATE]: Term 1 pre-election: Election decided. Result: candidate won. Election summary: received 2 responses out of 3 voters: 2 yes votes; 0 no votes. yes voters: 7afc84d08b4846ed9b8518c7c5917a1a, b3ffcaf99835457db9403b909deb2f1d; no voters: 
I20260601 13:25:57.816470 12317 raft_consensus.cc:2804] T 3031534c8f4b4e509b248c5c55bc20d0 P 7afc84d08b4846ed9b8518c7c5917a1a [term 0 FOLLOWER]: Leader pre-election won for term 1
I20260601 13:25:57.816557 12317 raft_consensus.cc:493] T 3031534c8f4b4e509b248c5c55bc20d0 P 7afc84d08b4846ed9b8518c7c5917a1a [term 0 FOLLOWER]: Starting leader election (no leader contacted us within the election timeout)
I20260601 13:25:57.816617 12317 raft_consensus.cc:3060] T 3031534c8f4b4e509b248c5c55bc20d0 P 7afc84d08b4846ed9b8518c7c5917a1a [term 0 FOLLOWER]: Advancing to term 1
I20260601 13:25:57.817492 12317 raft_consensus.cc:515] T 3031534c8f4b4e509b248c5c55bc20d0 P 7afc84d08b4846ed9b8518c7c5917a1a [term 1 FOLLOWER]: Starting leader election with config: opid_index: -1 OBSOLETE_local: false peers { permanent_uuid: "b09100dfd9d74824838a50424ce48672" member_type: VOTER last_known_addr { host: "127.7.143.193" port: 42069 } } peers { permanent_uuid: "b3ffcaf99835457db9403b909deb2f1d" member_type: VOTER last_known_addr { host: "127.7.143.194" port: 41017 } } peers { permanent_uuid: "7afc84d08b4846ed9b8518c7c5917a1a" member_type: VOTER last_known_addr { host: "127.7.143.195" port: 43319 } }
I20260601 13:25:57.817935 12317 leader_election.cc:290] T 3031534c8f4b4e509b248c5c55bc20d0 P 7afc84d08b4846ed9b8518c7c5917a1a [CANDIDATE]: Term 1 election: Requested vote from peers b09100dfd9d74824838a50424ce48672 (127.7.143.193:42069), b3ffcaf99835457db9403b909deb2f1d (127.7.143.194:41017)
I20260601 13:25:57.818305 12191 tablet_service.cc:1917] Received RequestConsensusVote() RPC: tablet_id: "3031534c8f4b4e509b248c5c55bc20d0" candidate_uuid: "7afc84d08b4846ed9b8518c7c5917a1a" candidate_term: 1 candidate_status { last_received { term: 0 index: 0 } } ignore_live_leader: false dest_uuid: "b3ffcaf99835457db9403b909deb2f1d"
I20260601 13:25:57.818303 12114 tablet_service.cc:1917] Received RequestConsensusVote() RPC: tablet_id: "3031534c8f4b4e509b248c5c55bc20d0" candidate_uuid: "7afc84d08b4846ed9b8518c7c5917a1a" candidate_term: 1 candidate_status { last_received { term: 0 index: 0 } } ignore_live_leader: false dest_uuid: "b09100dfd9d74824838a50424ce48672"
I20260601 13:25:57.818468 12191 raft_consensus.cc:3060] T 3031534c8f4b4e509b248c5c55bc20d0 P b3ffcaf99835457db9403b909deb2f1d [term 0 FOLLOWER]: Advancing to term 1
I20260601 13:25:57.818496 12114 raft_consensus.cc:3060] T 3031534c8f4b4e509b248c5c55bc20d0 P b09100dfd9d74824838a50424ce48672 [term 0 FOLLOWER]: Advancing to term 1
I20260601 13:25:57.819278 12114 raft_consensus.cc:2468] T 3031534c8f4b4e509b248c5c55bc20d0 P b09100dfd9d74824838a50424ce48672 [term 1 FOLLOWER]: Leader election vote request: Granting yes vote for candidate 7afc84d08b4846ed9b8518c7c5917a1a in term 1.
I20260601 13:25:57.819281 12191 raft_consensus.cc:2468] T 3031534c8f4b4e509b248c5c55bc20d0 P b3ffcaf99835457db9403b909deb2f1d [term 1 FOLLOWER]: Leader election vote request: Granting yes vote for candidate 7afc84d08b4846ed9b8518c7c5917a1a in term 1.
I20260601 13:25:57.819404 12317 raft_consensus.cc:493] T 06cbf39832814eba871470de70c7b24d P 7afc84d08b4846ed9b8518c7c5917a1a [term 0 FOLLOWER]: Starting pre-election (no leader contacted us within the election timeout)
I20260601 13:25:57.819469 12317 raft_consensus.cc:515] T 06cbf39832814eba871470de70c7b24d P 7afc84d08b4846ed9b8518c7c5917a1a [term 0 FOLLOWER]: Starting pre-election with config: opid_index: -1 OBSOLETE_local: false peers { permanent_uuid: "b09100dfd9d74824838a50424ce48672" member_type: VOTER last_known_addr { host: "127.7.143.193" port: 42069 } } peers { permanent_uuid: "b3ffcaf99835457db9403b909deb2f1d" member_type: VOTER last_known_addr { host: "127.7.143.194" port: 41017 } } peers { permanent_uuid: "7afc84d08b4846ed9b8518c7c5917a1a" member_type: VOTER last_known_addr { host: "127.7.143.195" port: 43319 } }
I20260601 13:25:57.819718 12231 leader_election.cc:304] T 3031534c8f4b4e509b248c5c55bc20d0 P 7afc84d08b4846ed9b8518c7c5917a1a [CANDIDATE]: Term 1 election: Election decided. Result: candidate won. Election summary: received 2 responses out of 3 voters: 2 yes votes; 0 no votes. yes voters: 7afc84d08b4846ed9b8518c7c5917a1a, b09100dfd9d74824838a50424ce48672; no voters: 
I20260601 13:25:57.819839 12317 leader_election.cc:290] T 06cbf39832814eba871470de70c7b24d P 7afc84d08b4846ed9b8518c7c5917a1a [CANDIDATE]: Term 1 pre-election: Requested pre-vote from peers b09100dfd9d74824838a50424ce48672 (127.7.143.193:42069), b3ffcaf99835457db9403b909deb2f1d (127.7.143.194:41017)
I20260601 13:25:57.819927 12317 raft_consensus.cc:2804] T 3031534c8f4b4e509b248c5c55bc20d0 P 7afc84d08b4846ed9b8518c7c5917a1a [term 1 FOLLOWER]: Leader election won for term 1
I20260601 13:25:57.820011 12317 raft_consensus.cc:697] T 3031534c8f4b4e509b248c5c55bc20d0 P 7afc84d08b4846ed9b8518c7c5917a1a [term 1 LEADER]: Becoming Leader. State: Replica: 7afc84d08b4846ed9b8518c7c5917a1a, State: Running, Role: LEADER
I20260601 13:25:57.820176 12191 tablet_service.cc:1917] Received RequestConsensusVote() RPC: tablet_id: "06cbf39832814eba871470de70c7b24d" candidate_uuid: "7afc84d08b4846ed9b8518c7c5917a1a" candidate_term: 1 candidate_status { last_received { term: 0 index: 0 } } ignore_live_leader: false dest_uuid: "b3ffcaf99835457db9403b909deb2f1d" is_pre_election: true
I20260601 13:25:57.820143 12317 consensus_queue.cc:237] T 3031534c8f4b4e509b248c5c55bc20d0 P 7afc84d08b4846ed9b8518c7c5917a1a [LEADER]: Queue going to LEADER mode. State: All replicated index: 0, Majority replicated index: 0, Committed index: 0, Last appended: 0.0, Last appended by leader: 0, Current term: 1, Majority size: 2, State: 0, Mode: LEADER, active raft config: opid_index: -1 OBSOLETE_local: false peers { permanent_uuid: "b09100dfd9d74824838a50424ce48672" member_type: VOTER last_known_addr { host: "127.7.143.193" port: 42069 } } peers { permanent_uuid: "b3ffcaf99835457db9403b909deb2f1d" member_type: VOTER last_known_addr { host: "127.7.143.194" port: 41017 } } peers { permanent_uuid: "7afc84d08b4846ed9b8518c7c5917a1a" member_type: VOTER last_known_addr { host: "127.7.143.195" port: 43319 } }
I20260601 13:25:57.820192 12114 tablet_service.cc:1917] Received RequestConsensusVote() RPC: tablet_id: "06cbf39832814eba871470de70c7b24d" candidate_uuid: "7afc84d08b4846ed9b8518c7c5917a1a" candidate_term: 1 candidate_status { last_received { term: 0 index: 0 } } ignore_live_leader: false dest_uuid: "b09100dfd9d74824838a50424ce48672" is_pre_election: true
I20260601 13:25:57.820261 12191 raft_consensus.cc:2468] T 06cbf39832814eba871470de70c7b24d P b3ffcaf99835457db9403b909deb2f1d [term 0 FOLLOWER]: Leader pre-election vote request: Granting yes vote for candidate 7afc84d08b4846ed9b8518c7c5917a1a in term 0.
I20260601 13:25:57.820289 12114 raft_consensus.cc:2468] T 06cbf39832814eba871470de70c7b24d P b09100dfd9d74824838a50424ce48672 [term 0 FOLLOWER]: Leader pre-election vote request: Granting yes vote for candidate 7afc84d08b4846ed9b8518c7c5917a1a in term 0.
I20260601 13:25:57.820515 12229 leader_election.cc:304] T 06cbf39832814eba871470de70c7b24d P 7afc84d08b4846ed9b8518c7c5917a1a [CANDIDATE]: Term 1 pre-election: Election decided. Result: candidate won. Election summary: received 2 responses out of 3 voters: 2 yes votes; 0 no votes. yes voters: 7afc84d08b4846ed9b8518c7c5917a1a, b3ffcaf99835457db9403b909deb2f1d; no voters: 
I20260601 13:25:57.820752 12359 raft_consensus.cc:2804] T 06cbf39832814eba871470de70c7b24d P 7afc84d08b4846ed9b8518c7c5917a1a [term 0 FOLLOWER]: Leader pre-election won for term 1
I20260601 13:25:57.820817 12359 raft_consensus.cc:493] T 06cbf39832814eba871470de70c7b24d P 7afc84d08b4846ed9b8518c7c5917a1a [term 0 FOLLOWER]: Starting leader election (no leader contacted us within the election timeout)
I20260601 13:25:57.820865 12359 raft_consensus.cc:3060] T 06cbf39832814eba871470de70c7b24d P 7afc84d08b4846ed9b8518c7c5917a1a [term 0 FOLLOWER]: Advancing to term 1
I20260601 13:25:57.821772 12359 raft_consensus.cc:515] T 06cbf39832814eba871470de70c7b24d P 7afc84d08b4846ed9b8518c7c5917a1a [term 1 FOLLOWER]: Starting leader election with config: opid_index: -1 OBSOLETE_local: false peers { permanent_uuid: "b09100dfd9d74824838a50424ce48672" member_type: VOTER last_known_addr { host: "127.7.143.193" port: 42069 } } peers { permanent_uuid: "b3ffcaf99835457db9403b909deb2f1d" member_type: VOTER last_known_addr { host: "127.7.143.194" port: 41017 } } peers { permanent_uuid: "7afc84d08b4846ed9b8518c7c5917a1a" member_type: VOTER last_known_addr { host: "127.7.143.195" port: 43319 } }
I20260601 13:25:57.822135 12359 leader_election.cc:290] T 06cbf39832814eba871470de70c7b24d P 7afc84d08b4846ed9b8518c7c5917a1a [CANDIDATE]: Term 1 election: Requested vote from peers b09100dfd9d74824838a50424ce48672 (127.7.143.193:42069), b3ffcaf99835457db9403b909deb2f1d (127.7.143.194:41017)
I20260601 13:25:57.822049 12011 catalog_manager.cc:5696] T 3031534c8f4b4e509b248c5c55bc20d0 P 7afc84d08b4846ed9b8518c7c5917a1a reported cstate change: term changed from 0 to 1, leader changed from <none> to 7afc84d08b4846ed9b8518c7c5917a1a (127.7.143.195). New cstate: current_term: 1 leader_uuid: "7afc84d08b4846ed9b8518c7c5917a1a" committed_config { opid_index: -1 OBSOLETE_local: false peers { permanent_uuid: "b09100dfd9d74824838a50424ce48672" member_type: VOTER last_known_addr { host: "127.7.143.193" port: 42069 } health_report { overall_health: UNKNOWN } } peers { permanent_uuid: "b3ffcaf99835457db9403b909deb2f1d" member_type: VOTER last_known_addr { host: "127.7.143.194" port: 41017 } health_report { overall_health: UNKNOWN } } peers { permanent_uuid: "7afc84d08b4846ed9b8518c7c5917a1a" member_type: VOTER last_known_addr { host: "127.7.143.195" port: 43319 } health_report { overall_health: HEALTHY } } }
I20260601 13:25:57.822397 12114 tablet_service.cc:1917] Received RequestConsensusVote() RPC: tablet_id: "06cbf39832814eba871470de70c7b24d" candidate_uuid: "7afc84d08b4846ed9b8518c7c5917a1a" candidate_term: 1 candidate_status { last_received { term: 0 index: 0 } } ignore_live_leader: false dest_uuid: "b09100dfd9d74824838a50424ce48672"
I20260601 13:25:57.822441 12191 tablet_service.cc:1917] Received RequestConsensusVote() RPC: tablet_id: "06cbf39832814eba871470de70c7b24d" candidate_uuid: "7afc84d08b4846ed9b8518c7c5917a1a" candidate_term: 1 candidate_status { last_received { term: 0 index: 0 } } ignore_live_leader: false dest_uuid: "b3ffcaf99835457db9403b909deb2f1d"
I20260601 13:25:57.822595 12114 raft_consensus.cc:3060] T 06cbf39832814eba871470de70c7b24d P b09100dfd9d74824838a50424ce48672 [term 0 FOLLOWER]: Advancing to term 1
I20260601 13:25:57.822621 12191 raft_consensus.cc:3060] T 06cbf39832814eba871470de70c7b24d P b3ffcaf99835457db9403b909deb2f1d [term 0 FOLLOWER]: Advancing to term 1
I20260601 13:25:57.823557 12114 raft_consensus.cc:2468] T 06cbf39832814eba871470de70c7b24d P b09100dfd9d74824838a50424ce48672 [term 1 FOLLOWER]: Leader election vote request: Granting yes vote for candidate 7afc84d08b4846ed9b8518c7c5917a1a in term 1.
I20260601 13:25:57.823557 12191 raft_consensus.cc:2468] T 06cbf39832814eba871470de70c7b24d P b3ffcaf99835457db9403b909deb2f1d [term 1 FOLLOWER]: Leader election vote request: Granting yes vote for candidate 7afc84d08b4846ed9b8518c7c5917a1a in term 1.
I20260601 13:25:57.823922 12231 leader_election.cc:304] T 06cbf39832814eba871470de70c7b24d P 7afc84d08b4846ed9b8518c7c5917a1a [CANDIDATE]: Term 1 election: Election decided. Result: candidate won. Election summary: received 2 responses out of 3 voters: 2 yes votes; 0 no votes. yes voters: 7afc84d08b4846ed9b8518c7c5917a1a, b09100dfd9d74824838a50424ce48672; no voters: 
I20260601 13:25:57.824167 12359 raft_consensus.cc:2804] T 06cbf39832814eba871470de70c7b24d P 7afc84d08b4846ed9b8518c7c5917a1a [term 1 FOLLOWER]: Leader election won for term 1
I20260601 13:25:57.824271 12359 raft_consensus.cc:697] T 06cbf39832814eba871470de70c7b24d P 7afc84d08b4846ed9b8518c7c5917a1a [term 1 LEADER]: Becoming Leader. State: Replica: 7afc84d08b4846ed9b8518c7c5917a1a, State: Running, Role: LEADER
I20260601 13:25:57.824399 12359 consensus_queue.cc:237] T 06cbf39832814eba871470de70c7b24d P 7afc84d08b4846ed9b8518c7c5917a1a [LEADER]: Queue going to LEADER mode. State: All replicated index: 0, Majority replicated index: 0, Committed index: 0, Last appended: 0.0, Last appended by leader: 0, Current term: 1, Majority size: 2, State: 0, Mode: LEADER, active raft config: opid_index: -1 OBSOLETE_local: false peers { permanent_uuid: "b09100dfd9d74824838a50424ce48672" member_type: VOTER last_known_addr { host: "127.7.143.193" port: 42069 } } peers { permanent_uuid: "b3ffcaf99835457db9403b909deb2f1d" member_type: VOTER last_known_addr { host: "127.7.143.194" port: 41017 } } peers { permanent_uuid: "7afc84d08b4846ed9b8518c7c5917a1a" member_type: VOTER last_known_addr { host: "127.7.143.195" port: 43319 } }
I20260601 13:25:57.824700 12320 raft_consensus.cc:493] T 6c3ce13ee38a4814bb904aea3d5efa6c P b3ffcaf99835457db9403b909deb2f1d [term 0 FOLLOWER]: Starting pre-election (no leader contacted us within the election timeout)
I20260601 13:25:57.824787 12320 raft_consensus.cc:515] T 6c3ce13ee38a4814bb904aea3d5efa6c P b3ffcaf99835457db9403b909deb2f1d [term 0 FOLLOWER]: Starting pre-election with config: opid_index: -1 OBSOLETE_local: false peers { permanent_uuid: "b09100dfd9d74824838a50424ce48672" member_type: VOTER last_known_addr { host: "127.7.143.193" port: 42069 } } peers { permanent_uuid: "b3ffcaf99835457db9403b909deb2f1d" member_type: VOTER last_known_addr { host: "127.7.143.194" port: 41017 } } peers { permanent_uuid: "7afc84d08b4846ed9b8518c7c5917a1a" member_type: VOTER last_known_addr { host: "127.7.143.195" port: 43319 } }
I20260601 13:25:57.825068 12320 leader_election.cc:290] T 6c3ce13ee38a4814bb904aea3d5efa6c P b3ffcaf99835457db9403b909deb2f1d [CANDIDATE]: Term 1 pre-election: Requested pre-vote from peers b09100dfd9d74824838a50424ce48672 (127.7.143.193:42069), 7afc84d08b4846ed9b8518c7c5917a1a (127.7.143.195:43319)
I20260601 13:25:57.825711 12114 tablet_service.cc:1917] Received RequestConsensusVote() RPC: tablet_id: "6c3ce13ee38a4814bb904aea3d5efa6c" candidate_uuid: "b3ffcaf99835457db9403b909deb2f1d" candidate_term: 1 candidate_status { last_received { term: 0 index: 0 } } ignore_live_leader: false dest_uuid: "b09100dfd9d74824838a50424ce48672" is_pre_election: true
I20260601 13:25:57.825708 12266 tablet_service.cc:1917] Received RequestConsensusVote() RPC: tablet_id: "6c3ce13ee38a4814bb904aea3d5efa6c" candidate_uuid: "b3ffcaf99835457db9403b909deb2f1d" candidate_term: 1 candidate_status { last_received { term: 0 index: 0 } } ignore_live_leader: false dest_uuid: "7afc84d08b4846ed9b8518c7c5917a1a" is_pre_election: true
I20260601 13:25:57.825862 12266 raft_consensus.cc:2468] T 6c3ce13ee38a4814bb904aea3d5efa6c P 7afc84d08b4846ed9b8518c7c5917a1a [term 0 FOLLOWER]: Leader pre-election vote request: Granting yes vote for candidate b3ffcaf99835457db9403b909deb2f1d in term 0.
I20260601 13:25:57.825862 12114 raft_consensus.cc:2468] T 6c3ce13ee38a4814bb904aea3d5efa6c P b09100dfd9d74824838a50424ce48672 [term 0 FOLLOWER]: Leader pre-election vote request: Granting yes vote for candidate b3ffcaf99835457db9403b909deb2f1d in term 0.
I20260601 13:25:57.826169 12156 leader_election.cc:304] T 6c3ce13ee38a4814bb904aea3d5efa6c P b3ffcaf99835457db9403b909deb2f1d [CANDIDATE]: Term 1 pre-election: Election decided. Result: candidate won. Election summary: received 2 responses out of 3 voters: 2 yes votes; 0 no votes. yes voters: b09100dfd9d74824838a50424ce48672, b3ffcaf99835457db9403b909deb2f1d; no voters: 
I20260601 13:25:57.826330 12320 raft_consensus.cc:2804] T 6c3ce13ee38a4814bb904aea3d5efa6c P b3ffcaf99835457db9403b909deb2f1d [term 0 FOLLOWER]: Leader pre-election won for term 1
I20260601 13:25:57.826226 12011 catalog_manager.cc:5696] T 06cbf39832814eba871470de70c7b24d P 7afc84d08b4846ed9b8518c7c5917a1a reported cstate change: term changed from 0 to 1, leader changed from <none> to 7afc84d08b4846ed9b8518c7c5917a1a (127.7.143.195). New cstate: current_term: 1 leader_uuid: "7afc84d08b4846ed9b8518c7c5917a1a" committed_config { opid_index: -1 OBSOLETE_local: false peers { permanent_uuid: "b09100dfd9d74824838a50424ce48672" member_type: VOTER last_known_addr { host: "127.7.143.193" port: 42069 } health_report { overall_health: UNKNOWN } } peers { permanent_uuid: "b3ffcaf99835457db9403b909deb2f1d" member_type: VOTER last_known_addr { host: "127.7.143.194" port: 41017 } health_report { overall_health: UNKNOWN } } peers { permanent_uuid: "7afc84d08b4846ed9b8518c7c5917a1a" member_type: VOTER last_known_addr { host: "127.7.143.195" port: 43319 } health_report { overall_health: HEALTHY } } }
I20260601 13:25:57.826390 12320 raft_consensus.cc:493] T 6c3ce13ee38a4814bb904aea3d5efa6c P b3ffcaf99835457db9403b909deb2f1d [term 0 FOLLOWER]: Starting leader election (no leader contacted us within the election timeout)
I20260601 13:25:57.826447 12320 raft_consensus.cc:3060] T 6c3ce13ee38a4814bb904aea3d5efa6c P b3ffcaf99835457db9403b909deb2f1d [term 0 FOLLOWER]: Advancing to term 1
I20260601 13:25:57.827234 12320 raft_consensus.cc:515] T 6c3ce13ee38a4814bb904aea3d5efa6c P b3ffcaf99835457db9403b909deb2f1d [term 1 FOLLOWER]: Starting leader election with config: opid_index: -1 OBSOLETE_local: false peers { permanent_uuid: "b09100dfd9d74824838a50424ce48672" member_type: VOTER last_known_addr { host: "127.7.143.193" port: 42069 } } peers { permanent_uuid: "b3ffcaf99835457db9403b909deb2f1d" member_type: VOTER last_known_addr { host: "127.7.143.194" port: 41017 } } peers { permanent_uuid: "7afc84d08b4846ed9b8518c7c5917a1a" member_type: VOTER last_known_addr { host: "127.7.143.195" port: 43319 } }
I20260601 13:25:57.827647 12320 leader_election.cc:290] T 6c3ce13ee38a4814bb904aea3d5efa6c P b3ffcaf99835457db9403b909deb2f1d [CANDIDATE]: Term 1 election: Requested vote from peers b09100dfd9d74824838a50424ce48672 (127.7.143.193:42069), 7afc84d08b4846ed9b8518c7c5917a1a (127.7.143.195:43319)
I20260601 13:25:57.827893 12114 tablet_service.cc:1917] Received RequestConsensusVote() RPC: tablet_id: "6c3ce13ee38a4814bb904aea3d5efa6c" candidate_uuid: "b3ffcaf99835457db9403b909deb2f1d" candidate_term: 1 candidate_status { last_received { term: 0 index: 0 } } ignore_live_leader: false dest_uuid: "b09100dfd9d74824838a50424ce48672"
I20260601 13:25:57.827996 12114 raft_consensus.cc:3060] T 6c3ce13ee38a4814bb904aea3d5efa6c P b09100dfd9d74824838a50424ce48672 [term 0 FOLLOWER]: Advancing to term 1
I20260601 13:25:57.828016 12266 tablet_service.cc:1917] Received RequestConsensusVote() RPC: tablet_id: "6c3ce13ee38a4814bb904aea3d5efa6c" candidate_uuid: "b3ffcaf99835457db9403b909deb2f1d" candidate_term: 1 candidate_status { last_received { term: 0 index: 0 } } ignore_live_leader: false dest_uuid: "7afc84d08b4846ed9b8518c7c5917a1a"
I20260601 13:25:57.828096 12266 raft_consensus.cc:3060] T 6c3ce13ee38a4814bb904aea3d5efa6c P 7afc84d08b4846ed9b8518c7c5917a1a [term 0 FOLLOWER]: Advancing to term 1
I20260601 13:25:57.828931 12114 raft_consensus.cc:2468] T 6c3ce13ee38a4814bb904aea3d5efa6c P b09100dfd9d74824838a50424ce48672 [term 1 FOLLOWER]: Leader election vote request: Granting yes vote for candidate b3ffcaf99835457db9403b909deb2f1d in term 1.
I20260601 13:25:57.828955 12266 raft_consensus.cc:2468] T 6c3ce13ee38a4814bb904aea3d5efa6c P 7afc84d08b4846ed9b8518c7c5917a1a [term 1 FOLLOWER]: Leader election vote request: Granting yes vote for candidate b3ffcaf99835457db9403b909deb2f1d in term 1.
I20260601 13:25:57.829234 12156 leader_election.cc:304] T 6c3ce13ee38a4814bb904aea3d5efa6c P b3ffcaf99835457db9403b909deb2f1d [CANDIDATE]: Term 1 election: Election decided. Result: candidate won. Election summary: received 2 responses out of 3 voters: 2 yes votes; 0 no votes. yes voters: 7afc84d08b4846ed9b8518c7c5917a1a, b3ffcaf99835457db9403b909deb2f1d; no voters: 
I20260601 13:25:57.829425 12320 raft_consensus.cc:2804] T 6c3ce13ee38a4814bb904aea3d5efa6c P b3ffcaf99835457db9403b909deb2f1d [term 1 FOLLOWER]: Leader election won for term 1
I20260601 13:25:57.829538 12320 raft_consensus.cc:697] T 6c3ce13ee38a4814bb904aea3d5efa6c P b3ffcaf99835457db9403b909deb2f1d [term 1 LEADER]: Becoming Leader. State: Replica: b3ffcaf99835457db9403b909deb2f1d, State: Running, Role: LEADER
I20260601 13:25:57.829779 12320 consensus_queue.cc:237] T 6c3ce13ee38a4814bb904aea3d5efa6c P b3ffcaf99835457db9403b909deb2f1d [LEADER]: Queue going to LEADER mode. State: All replicated index: 0, Majority replicated index: 0, Committed index: 0, Last appended: 0.0, Last appended by leader: 0, Current term: 1, Majority size: 2, State: 0, Mode: LEADER, active raft config: opid_index: -1 OBSOLETE_local: false peers { permanent_uuid: "b09100dfd9d74824838a50424ce48672" member_type: VOTER last_known_addr { host: "127.7.143.193" port: 42069 } } peers { permanent_uuid: "b3ffcaf99835457db9403b909deb2f1d" member_type: VOTER last_known_addr { host: "127.7.143.194" port: 41017 } } peers { permanent_uuid: "7afc84d08b4846ed9b8518c7c5917a1a" member_type: VOTER last_known_addr { host: "127.7.143.195" port: 43319 } }
I20260601 13:25:57.831524 12011 catalog_manager.cc:5696] T 6c3ce13ee38a4814bb904aea3d5efa6c P b3ffcaf99835457db9403b909deb2f1d reported cstate change: term changed from 0 to 1, leader changed from <none> to b3ffcaf99835457db9403b909deb2f1d (127.7.143.194). New cstate: current_term: 1 leader_uuid: "b3ffcaf99835457db9403b909deb2f1d" committed_config { opid_index: -1 OBSOLETE_local: false peers { permanent_uuid: "b09100dfd9d74824838a50424ce48672" member_type: VOTER last_known_addr { host: "127.7.143.193" port: 42069 } health_report { overall_health: UNKNOWN } } peers { permanent_uuid: "b3ffcaf99835457db9403b909deb2f1d" member_type: VOTER last_known_addr { host: "127.7.143.194" port: 41017 } health_report { overall_health: HEALTHY } } peers { permanent_uuid: "7afc84d08b4846ed9b8518c7c5917a1a" member_type: VOTER last_known_addr { host: "127.7.143.195" port: 43319 } health_report { overall_health: UNKNOWN } } }
I20260601 13:25:57.834059 12359 raft_consensus.cc:493] T ddecf4a16e20411b9eba903c032fab94 P 7afc84d08b4846ed9b8518c7c5917a1a [term 0 FOLLOWER]: Starting pre-election (no leader contacted us within the election timeout)
I20260601 13:25:57.834179 12359 raft_consensus.cc:515] T ddecf4a16e20411b9eba903c032fab94 P 7afc84d08b4846ed9b8518c7c5917a1a [term 0 FOLLOWER]: Starting pre-election with config: opid_index: -1 OBSOLETE_local: false peers { permanent_uuid: "b09100dfd9d74824838a50424ce48672" member_type: VOTER last_known_addr { host: "127.7.143.193" port: 42069 } } peers { permanent_uuid: "b3ffcaf99835457db9403b909deb2f1d" member_type: VOTER last_known_addr { host: "127.7.143.194" port: 41017 } } peers { permanent_uuid: "7afc84d08b4846ed9b8518c7c5917a1a" member_type: VOTER last_known_addr { host: "127.7.143.195" port: 43319 } }
I20260601 13:25:57.834591 12359 leader_election.cc:290] T ddecf4a16e20411b9eba903c032fab94 P 7afc84d08b4846ed9b8518c7c5917a1a [CANDIDATE]: Term 1 pre-election: Requested pre-vote from peers b09100dfd9d74824838a50424ce48672 (127.7.143.193:42069), b3ffcaf99835457db9403b909deb2f1d (127.7.143.194:41017)
I20260601 13:25:57.835048 12114 tablet_service.cc:1917] Received RequestConsensusVote() RPC: tablet_id: "ddecf4a16e20411b9eba903c032fab94" candidate_uuid: "7afc84d08b4846ed9b8518c7c5917a1a" candidate_term: 1 candidate_status { last_received { term: 0 index: 0 } } ignore_live_leader: false dest_uuid: "b09100dfd9d74824838a50424ce48672" is_pre_election: true
I20260601 13:25:57.835048 12191 tablet_service.cc:1917] Received RequestConsensusVote() RPC: tablet_id: "ddecf4a16e20411b9eba903c032fab94" candidate_uuid: "7afc84d08b4846ed9b8518c7c5917a1a" candidate_term: 1 candidate_status { last_received { term: 0 index: 0 } } ignore_live_leader: false dest_uuid: "b3ffcaf99835457db9403b909deb2f1d" is_pre_election: true
I20260601 13:25:57.835255 12191 raft_consensus.cc:2468] T ddecf4a16e20411b9eba903c032fab94 P b3ffcaf99835457db9403b909deb2f1d [term 0 FOLLOWER]: Leader pre-election vote request: Granting yes vote for candidate 7afc84d08b4846ed9b8518c7c5917a1a in term 0.
I20260601 13:25:57.835269 12114 raft_consensus.cc:2468] T ddecf4a16e20411b9eba903c032fab94 P b09100dfd9d74824838a50424ce48672 [term 0 FOLLOWER]: Leader pre-election vote request: Granting yes vote for candidate 7afc84d08b4846ed9b8518c7c5917a1a in term 0.
I20260601 13:25:57.835644 12231 leader_election.cc:304] T ddecf4a16e20411b9eba903c032fab94 P 7afc84d08b4846ed9b8518c7c5917a1a [CANDIDATE]: Term 1 pre-election: Election decided. Result: candidate won. Election summary: received 2 responses out of 3 voters: 2 yes votes; 0 no votes. yes voters: 7afc84d08b4846ed9b8518c7c5917a1a, b09100dfd9d74824838a50424ce48672; no voters: 
I20260601 13:25:57.835901 12359 raft_consensus.cc:2804] T ddecf4a16e20411b9eba903c032fab94 P 7afc84d08b4846ed9b8518c7c5917a1a [term 0 FOLLOWER]: Leader pre-election won for term 1
I20260601 13:25:57.835951 12359 raft_consensus.cc:493] T ddecf4a16e20411b9eba903c032fab94 P 7afc84d08b4846ed9b8518c7c5917a1a [term 0 FOLLOWER]: Starting leader election (no leader contacted us within the election timeout)
I20260601 13:25:57.835978 12359 raft_consensus.cc:3060] T ddecf4a16e20411b9eba903c032fab94 P 7afc84d08b4846ed9b8518c7c5917a1a [term 0 FOLLOWER]: Advancing to term 1
I20260601 13:25:57.836902 12359 raft_consensus.cc:515] T ddecf4a16e20411b9eba903c032fab94 P 7afc84d08b4846ed9b8518c7c5917a1a [term 1 FOLLOWER]: Starting leader election with config: opid_index: -1 OBSOLETE_local: false peers { permanent_uuid: "b09100dfd9d74824838a50424ce48672" member_type: VOTER last_known_addr { host: "127.7.143.193" port: 42069 } } peers { permanent_uuid: "b3ffcaf99835457db9403b909deb2f1d" member_type: VOTER last_known_addr { host: "127.7.143.194" port: 41017 } } peers { permanent_uuid: "7afc84d08b4846ed9b8518c7c5917a1a" member_type: VOTER last_known_addr { host: "127.7.143.195" port: 43319 } }
I20260601 13:25:57.837319 12359 leader_election.cc:290] T ddecf4a16e20411b9eba903c032fab94 P 7afc84d08b4846ed9b8518c7c5917a1a [CANDIDATE]: Term 1 election: Requested vote from peers b09100dfd9d74824838a50424ce48672 (127.7.143.193:42069), b3ffcaf99835457db9403b909deb2f1d (127.7.143.194:41017)
I20260601 13:25:57.837884 12191 tablet_service.cc:1917] Received RequestConsensusVote() RPC: tablet_id: "ddecf4a16e20411b9eba903c032fab94" candidate_uuid: "7afc84d08b4846ed9b8518c7c5917a1a" candidate_term: 1 candidate_status { last_received { term: 0 index: 0 } } ignore_live_leader: false dest_uuid: "b3ffcaf99835457db9403b909deb2f1d"
I20260601 13:25:57.837991 12191 raft_consensus.cc:3060] T ddecf4a16e20411b9eba903c032fab94 P b3ffcaf99835457db9403b909deb2f1d [term 0 FOLLOWER]: Advancing to term 1
I20260601 13:25:57.837990 12114 tablet_service.cc:1917] Received RequestConsensusVote() RPC: tablet_id: "ddecf4a16e20411b9eba903c032fab94" candidate_uuid: "7afc84d08b4846ed9b8518c7c5917a1a" candidate_term: 1 candidate_status { last_received { term: 0 index: 0 } } ignore_live_leader: false dest_uuid: "b09100dfd9d74824838a50424ce48672"
I20260601 13:25:57.838122 12114 raft_consensus.cc:3060] T ddecf4a16e20411b9eba903c032fab94 P b09100dfd9d74824838a50424ce48672 [term 0 FOLLOWER]: Advancing to term 1
I20260601 13:25:57.838794 12191 raft_consensus.cc:2468] T ddecf4a16e20411b9eba903c032fab94 P b3ffcaf99835457db9403b909deb2f1d [term 1 FOLLOWER]: Leader election vote request: Granting yes vote for candidate 7afc84d08b4846ed9b8518c7c5917a1a in term 1.
I20260601 13:25:57.838960 12114 raft_consensus.cc:2468] T ddecf4a16e20411b9eba903c032fab94 P b09100dfd9d74824838a50424ce48672 [term 1 FOLLOWER]: Leader election vote request: Granting yes vote for candidate 7afc84d08b4846ed9b8518c7c5917a1a in term 1.
I20260601 13:25:57.839123 12229 leader_election.cc:304] T ddecf4a16e20411b9eba903c032fab94 P 7afc84d08b4846ed9b8518c7c5917a1a [CANDIDATE]: Term 1 election: Election decided. Result: candidate won. Election summary: received 2 responses out of 3 voters: 2 yes votes; 0 no votes. yes voters: 7afc84d08b4846ed9b8518c7c5917a1a, b3ffcaf99835457db9403b909deb2f1d; no voters: 
I20260601 13:25:57.839383 12359 raft_consensus.cc:2804] T ddecf4a16e20411b9eba903c032fab94 P 7afc84d08b4846ed9b8518c7c5917a1a [term 1 FOLLOWER]: Leader election won for term 1
I20260601 13:25:57.839484 12359 raft_consensus.cc:697] T ddecf4a16e20411b9eba903c032fab94 P 7afc84d08b4846ed9b8518c7c5917a1a [term 1 LEADER]: Becoming Leader. State: Replica: 7afc84d08b4846ed9b8518c7c5917a1a, State: Running, Role: LEADER
I20260601 13:25:57.839670 12359 consensus_queue.cc:237] T ddecf4a16e20411b9eba903c032fab94 P 7afc84d08b4846ed9b8518c7c5917a1a [LEADER]: Queue going to LEADER mode. State: All replicated index: 0, Majority replicated index: 0, Committed index: 0, Last appended: 0.0, Last appended by leader: 0, Current term: 1, Majority size: 2, State: 0, Mode: LEADER, active raft config: opid_index: -1 OBSOLETE_local: false peers { permanent_uuid: "b09100dfd9d74824838a50424ce48672" member_type: VOTER last_known_addr { host: "127.7.143.193" port: 42069 } } peers { permanent_uuid: "b3ffcaf99835457db9403b909deb2f1d" member_type: VOTER last_known_addr { host: "127.7.143.194" port: 41017 } } peers { permanent_uuid: "7afc84d08b4846ed9b8518c7c5917a1a" member_type: VOTER last_known_addr { host: "127.7.143.195" port: 43319 } }
I20260601 13:25:57.841584 12011 catalog_manager.cc:5696] T ddecf4a16e20411b9eba903c032fab94 P 7afc84d08b4846ed9b8518c7c5917a1a reported cstate change: term changed from 0 to 1, leader changed from <none> to 7afc84d08b4846ed9b8518c7c5917a1a (127.7.143.195). New cstate: current_term: 1 leader_uuid: "7afc84d08b4846ed9b8518c7c5917a1a" committed_config { opid_index: -1 OBSOLETE_local: false peers { permanent_uuid: "b09100dfd9d74824838a50424ce48672" member_type: VOTER last_known_addr { host: "127.7.143.193" port: 42069 } health_report { overall_health: UNKNOWN } } peers { permanent_uuid: "b3ffcaf99835457db9403b909deb2f1d" member_type: VOTER last_known_addr { host: "127.7.143.194" port: 41017 } health_report { overall_health: UNKNOWN } } peers { permanent_uuid: "7afc84d08b4846ed9b8518c7c5917a1a" member_type: VOTER last_known_addr { host: "127.7.143.195" port: 43319 } health_report { overall_health: HEALTHY } } }
I20260601 13:25:57.869639 12359 raft_consensus.cc:493] T 9408ecea2f5a4019b860182c314d02dc P 7afc84d08b4846ed9b8518c7c5917a1a [term 0 FOLLOWER]: Starting pre-election (no leader contacted us within the election timeout)
I20260601 13:25:57.869885 12359 raft_consensus.cc:515] T 9408ecea2f5a4019b860182c314d02dc P 7afc84d08b4846ed9b8518c7c5917a1a [term 0 FOLLOWER]: Starting pre-election with config: opid_index: -1 OBSOLETE_local: false peers { permanent_uuid: "b09100dfd9d74824838a50424ce48672" member_type: VOTER last_known_addr { host: "127.7.143.193" port: 42069 } } peers { permanent_uuid: "b3ffcaf99835457db9403b909deb2f1d" member_type: VOTER last_known_addr { host: "127.7.143.194" port: 41017 } } peers { permanent_uuid: "7afc84d08b4846ed9b8518c7c5917a1a" member_type: VOTER last_known_addr { host: "127.7.143.195" port: 43319 } }
I20260601 13:25:57.870332 12359 leader_election.cc:290] T 9408ecea2f5a4019b860182c314d02dc P 7afc84d08b4846ed9b8518c7c5917a1a [CANDIDATE]: Term 1 pre-election: Requested pre-vote from peers b09100dfd9d74824838a50424ce48672 (127.7.143.193:42069), b3ffcaf99835457db9403b909deb2f1d (127.7.143.194:41017)
I20260601 13:25:57.871011 12114 tablet_service.cc:1917] Received RequestConsensusVote() RPC: tablet_id: "9408ecea2f5a4019b860182c314d02dc" candidate_uuid: "7afc84d08b4846ed9b8518c7c5917a1a" candidate_term: 1 candidate_status { last_received { term: 0 index: 0 } } ignore_live_leader: false dest_uuid: "b09100dfd9d74824838a50424ce48672" is_pre_election: true
I20260601 13:25:57.871062 12191 tablet_service.cc:1917] Received RequestConsensusVote() RPC: tablet_id: "9408ecea2f5a4019b860182c314d02dc" candidate_uuid: "7afc84d08b4846ed9b8518c7c5917a1a" candidate_term: 1 candidate_status { last_received { term: 0 index: 0 } } ignore_live_leader: false dest_uuid: "b3ffcaf99835457db9403b909deb2f1d" is_pre_election: true
I20260601 13:25:57.871263 12114 raft_consensus.cc:2468] T 9408ecea2f5a4019b860182c314d02dc P b09100dfd9d74824838a50424ce48672 [term 0 FOLLOWER]: Leader pre-election vote request: Granting yes vote for candidate 7afc84d08b4846ed9b8518c7c5917a1a in term 0.
I20260601 13:25:57.871353 12191 raft_consensus.cc:2468] T 9408ecea2f5a4019b860182c314d02dc P b3ffcaf99835457db9403b909deb2f1d [term 0 FOLLOWER]: Leader pre-election vote request: Granting yes vote for candidate 7afc84d08b4846ed9b8518c7c5917a1a in term 0.
I20260601 13:25:57.871681 12231 leader_election.cc:304] T 9408ecea2f5a4019b860182c314d02dc P 7afc84d08b4846ed9b8518c7c5917a1a [CANDIDATE]: Term 1 pre-election: Election decided. Result: candidate won. Election summary: received 2 responses out of 3 voters: 2 yes votes; 0 no votes. yes voters: 7afc84d08b4846ed9b8518c7c5917a1a, b09100dfd9d74824838a50424ce48672; no voters: 
I20260601 13:25:57.871889 12359 raft_consensus.cc:2804] T 9408ecea2f5a4019b860182c314d02dc P 7afc84d08b4846ed9b8518c7c5917a1a [term 0 FOLLOWER]: Leader pre-election won for term 1
I20260601 13:25:57.871953 12359 raft_consensus.cc:493] T 9408ecea2f5a4019b860182c314d02dc P 7afc84d08b4846ed9b8518c7c5917a1a [term 0 FOLLOWER]: Starting leader election (no leader contacted us within the election timeout)
I20260601 13:25:57.872032 12359 raft_consensus.cc:3060] T 9408ecea2f5a4019b860182c314d02dc P 7afc84d08b4846ed9b8518c7c5917a1a [term 0 FOLLOWER]: Advancing to term 1
I20260601 13:25:57.872936 12359 raft_consensus.cc:515] T 9408ecea2f5a4019b860182c314d02dc P 7afc84d08b4846ed9b8518c7c5917a1a [term 1 FOLLOWER]: Starting leader election with config: opid_index: -1 OBSOLETE_local: false peers { permanent_uuid: "b09100dfd9d74824838a50424ce48672" member_type: VOTER last_known_addr { host: "127.7.143.193" port: 42069 } } peers { permanent_uuid: "b3ffcaf99835457db9403b909deb2f1d" member_type: VOTER last_known_addr { host: "127.7.143.194" port: 41017 } } peers { permanent_uuid: "7afc84d08b4846ed9b8518c7c5917a1a" member_type: VOTER last_known_addr { host: "127.7.143.195" port: 43319 } }
I20260601 13:25:57.873467 12359 leader_election.cc:290] T 9408ecea2f5a4019b860182c314d02dc P 7afc84d08b4846ed9b8518c7c5917a1a [CANDIDATE]: Term 1 election: Requested vote from peers b09100dfd9d74824838a50424ce48672 (127.7.143.193:42069), b3ffcaf99835457db9403b909deb2f1d (127.7.143.194:41017)
I20260601 13:25:57.874070 12114 tablet_service.cc:1917] Received RequestConsensusVote() RPC: tablet_id: "9408ecea2f5a4019b860182c314d02dc" candidate_uuid: "7afc84d08b4846ed9b8518c7c5917a1a" candidate_term: 1 candidate_status { last_received { term: 0 index: 0 } } ignore_live_leader: false dest_uuid: "b09100dfd9d74824838a50424ce48672"
I20260601 13:25:57.874226 12191 tablet_service.cc:1917] Received RequestConsensusVote() RPC: tablet_id: "9408ecea2f5a4019b860182c314d02dc" candidate_uuid: "7afc84d08b4846ed9b8518c7c5917a1a" candidate_term: 1 candidate_status { last_received { term: 0 index: 0 } } ignore_live_leader: false dest_uuid: "b3ffcaf99835457db9403b909deb2f1d"
I20260601 13:25:57.874238 12114 raft_consensus.cc:3060] T 9408ecea2f5a4019b860182c314d02dc P b09100dfd9d74824838a50424ce48672 [term 0 FOLLOWER]: Advancing to term 1
I20260601 13:25:57.874449 12191 raft_consensus.cc:3060] T 9408ecea2f5a4019b860182c314d02dc P b3ffcaf99835457db9403b909deb2f1d [term 0 FOLLOWER]: Advancing to term 1
I20260601 13:25:57.875769 12114 raft_consensus.cc:2468] T 9408ecea2f5a4019b860182c314d02dc P b09100dfd9d74824838a50424ce48672 [term 1 FOLLOWER]: Leader election vote request: Granting yes vote for candidate 7afc84d08b4846ed9b8518c7c5917a1a in term 1.
I20260601 13:25:57.876174 12231 leader_election.cc:304] T 9408ecea2f5a4019b860182c314d02dc P 7afc84d08b4846ed9b8518c7c5917a1a [CANDIDATE]: Term 1 election: Election decided. Result: candidate won. Election summary: received 2 responses out of 3 voters: 2 yes votes; 0 no votes. yes voters: 7afc84d08b4846ed9b8518c7c5917a1a, b09100dfd9d74824838a50424ce48672; no voters: 
I20260601 13:25:57.876300 12191 raft_consensus.cc:2468] T 9408ecea2f5a4019b860182c314d02dc P b3ffcaf99835457db9403b909deb2f1d [term 1 FOLLOWER]: Leader election vote request: Granting yes vote for candidate 7afc84d08b4846ed9b8518c7c5917a1a in term 1.
I20260601 13:25:57.876389 12359 raft_consensus.cc:2804] T 9408ecea2f5a4019b860182c314d02dc P 7afc84d08b4846ed9b8518c7c5917a1a [term 1 FOLLOWER]: Leader election won for term 1
I20260601 13:25:57.876605 12359 raft_consensus.cc:697] T 9408ecea2f5a4019b860182c314d02dc P 7afc84d08b4846ed9b8518c7c5917a1a [term 1 LEADER]: Becoming Leader. State: Replica: 7afc84d08b4846ed9b8518c7c5917a1a, State: Running, Role: LEADER
I20260601 13:25:57.876827 12359 consensus_queue.cc:237] T 9408ecea2f5a4019b860182c314d02dc P 7afc84d08b4846ed9b8518c7c5917a1a [LEADER]: Queue going to LEADER mode. State: All replicated index: 0, Majority replicated index: 0, Committed index: 0, Last appended: 0.0, Last appended by leader: 0, Current term: 1, Majority size: 2, State: 0, Mode: LEADER, active raft config: opid_index: -1 OBSOLETE_local: false peers { permanent_uuid: "b09100dfd9d74824838a50424ce48672" member_type: VOTER last_known_addr { host: "127.7.143.193" port: 42069 } } peers { permanent_uuid: "b3ffcaf99835457db9403b909deb2f1d" member_type: VOTER last_known_addr { host: "127.7.143.194" port: 41017 } } peers { permanent_uuid: "7afc84d08b4846ed9b8518c7c5917a1a" member_type: VOTER last_known_addr { host: "127.7.143.195" port: 43319 } }
I20260601 13:25:57.879487 12011 catalog_manager.cc:5696] T 9408ecea2f5a4019b860182c314d02dc P 7afc84d08b4846ed9b8518c7c5917a1a reported cstate change: term changed from 0 to 1, leader changed from <none> to 7afc84d08b4846ed9b8518c7c5917a1a (127.7.143.195). New cstate: current_term: 1 leader_uuid: "7afc84d08b4846ed9b8518c7c5917a1a" committed_config { opid_index: -1 OBSOLETE_local: false peers { permanent_uuid: "b09100dfd9d74824838a50424ce48672" member_type: VOTER last_known_addr { host: "127.7.143.193" port: 42069 } health_report { overall_health: UNKNOWN } } peers { permanent_uuid: "b3ffcaf99835457db9403b909deb2f1d" member_type: VOTER last_known_addr { host: "127.7.143.194" port: 41017 } health_report { overall_health: UNKNOWN } } peers { permanent_uuid: "7afc84d08b4846ed9b8518c7c5917a1a" member_type: VOTER last_known_addr { host: "127.7.143.195" port: 43319 } health_report { overall_health: HEALTHY } } }
I20260601 13:25:57.931876 12359 raft_consensus.cc:493] T 692b6e91c0ae4b56b9c441b0190b4c58 P 7afc84d08b4846ed9b8518c7c5917a1a [term 0 FOLLOWER]: Starting pre-election (no leader contacted us within the election timeout)
I20260601 13:25:57.932086 12359 raft_consensus.cc:515] T 692b6e91c0ae4b56b9c441b0190b4c58 P 7afc84d08b4846ed9b8518c7c5917a1a [term 0 FOLLOWER]: Starting pre-election with config: opid_index: -1 OBSOLETE_local: false peers { permanent_uuid: "b09100dfd9d74824838a50424ce48672" member_type: VOTER last_known_addr { host: "127.7.143.193" port: 42069 } } peers { permanent_uuid: "b3ffcaf99835457db9403b909deb2f1d" member_type: VOTER last_known_addr { host: "127.7.143.194" port: 41017 } } peers { permanent_uuid: "7afc84d08b4846ed9b8518c7c5917a1a" member_type: VOTER last_known_addr { host: "127.7.143.195" port: 43319 } }
I20260601 13:25:57.932664 12359 leader_election.cc:290] T 692b6e91c0ae4b56b9c441b0190b4c58 P 7afc84d08b4846ed9b8518c7c5917a1a [CANDIDATE]: Term 1 pre-election: Requested pre-vote from peers b09100dfd9d74824838a50424ce48672 (127.7.143.193:42069), b3ffcaf99835457db9403b909deb2f1d (127.7.143.194:41017)
