1 data directories: /tmp/dist-test-taskdGaLNJ/test-tmp/auto_rebalancer-test.0.AutoRebalancerTest.AutoRebalancingTurnOffAndOn.1780320243102281-15738-0/minicluster-data/master-0-root/data
Total live blocks: 0
Total live bytes: 0
Total live bytes (after alignment): 0
Total number of LBM containers: 0 (0 full)
Did not check for missing blocks
Did not check for orphaned blocks
Total full LBM containers with extra space: 0 (0 repaired)
Total full LBM container extra space in bytes: 0 (0 repaired)
Total incomplete LBM containers: 0 (0 repaired)
Total LBM partial records: 0 (0 repaired)
Total corrupted LBM metadata records in RocksDB: 0 (0 repaired)
I20260601 13:24:05.799250 15738 rpc_server.cc:225] running with OpenSSL 1.1.1  11 Sep 2018
I20260601 13:24:05.799695 15738 kserver.cc:163] Server-wide thread pool size limit: 3276
I20260601 13:24:05.804083 15738 rpc_server.cc:307] RPC server started. Bound to: 127.15.94.190:43865
I20260601 13:24:05.807727 16343 acceptor_pool.cc:272] collecting diagnostics on the listening RPC socket 127.15.94.190:43865 every 8 connection(s)
I20260601 13:24:05.807727 16344 data_dirs.cc:400] Could only allocate 1 dirs of requested 3 for tablet 00000000000000000000000000000000. 1 dirs total, 0 dirs full, 0 dirs failed
I20260601 13:24:05.809923 16344 tablet_bootstrap.cc:492] T 00000000000000000000000000000000 P 5fce17c89868420583780d78c172de14: Bootstrap starting.
I20260601 13:24:05.810920 16344 tablet_bootstrap.cc:654] T 00000000000000000000000000000000 P 5fce17c89868420583780d78c172de14: Neither blocks nor log segments found. Creating new log.
I20260601 13:24:05.812109 16344 tablet_bootstrap.cc:492] T 00000000000000000000000000000000 P 5fce17c89868420583780d78c172de14: No bootstrap required, opened a new log
I20260601 13:24:05.812588 16344 raft_consensus.cc:359] T 00000000000000000000000000000000 P 5fce17c89868420583780d78c172de14 [term 0 FOLLOWER]: Replica starting. Triggering 0 pending ops. Active config: opid_index: -1 OBSOLETE_local: true peers { permanent_uuid: "5fce17c89868420583780d78c172de14" member_type: VOTER }
I20260601 13:24:05.812680 16344 raft_consensus.cc:385] T 00000000000000000000000000000000 P 5fce17c89868420583780d78c172de14 [term 0 FOLLOWER]: Consensus starting up: Expiring failure detector timer to make a prompt election more likely
I20260601 13:24:05.812703 16344 raft_consensus.cc:740] T 00000000000000000000000000000000 P 5fce17c89868420583780d78c172de14 [term 0 FOLLOWER]: Becoming Follower/Learner. State: Replica: 5fce17c89868420583780d78c172de14, State: Initialized, Role: FOLLOWER
I20260601 13:24:05.812871 16344 consensus_queue.cc:260] T 00000000000000000000000000000000 P 5fce17c89868420583780d78c172de14 [NON_LEADER]: Queue going to NON_LEADER mode. State: All replicated index: 0, Majority replicated index: 0, Committed index: 0, Last appended: 0.0, Last appended by leader: 0, Current term: 0, Majority size: -1, State: 0, Mode: NON_LEADER, active raft config: opid_index: -1 OBSOLETE_local: true peers { permanent_uuid: "5fce17c89868420583780d78c172de14" member_type: VOTER }
I20260601 13:24:05.812939 16344 raft_consensus.cc:399] T 00000000000000000000000000000000 P 5fce17c89868420583780d78c172de14 [term 0 FOLLOWER]: Only one voter in the Raft config. Triggering election immediately
I20260601 13:24:05.812997 16344 raft_consensus.cc:493] T 00000000000000000000000000000000 P 5fce17c89868420583780d78c172de14 [term 0 FOLLOWER]: Starting leader election (initial election of a single-replica configuration)
I20260601 13:24:05.813087 16344 raft_consensus.cc:3060] T 00000000000000000000000000000000 P 5fce17c89868420583780d78c172de14 [term 0 FOLLOWER]: Advancing to term 1
I20260601 13:24:05.813871 16344 raft_consensus.cc:515] T 00000000000000000000000000000000 P 5fce17c89868420583780d78c172de14 [term 1 FOLLOWER]: Starting leader election with config: opid_index: -1 OBSOLETE_local: true peers { permanent_uuid: "5fce17c89868420583780d78c172de14" member_type: VOTER }
I20260601 13:24:05.814005 16344 leader_election.cc:304] T 00000000000000000000000000000000 P 5fce17c89868420583780d78c172de14 [CANDIDATE]: Term 1 election: Election decided. Result: candidate won. Election summary: received 1 responses out of 1 voters: 1 yes votes; 0 no votes. yes voters: 5fce17c89868420583780d78c172de14; no voters: 
I20260601 13:24:05.814317 16344 leader_election.cc:290] T 00000000000000000000000000000000 P 5fce17c89868420583780d78c172de14 [CANDIDATE]: Term 1 election: Requested vote from peers 
I20260601 13:24:05.814510 16347 raft_consensus.cc:2804] T 00000000000000000000000000000000 P 5fce17c89868420583780d78c172de14 [term 1 FOLLOWER]: Leader election won for term 1
I20260601 13:24:05.814736 16347 raft_consensus.cc:697] T 00000000000000000000000000000000 P 5fce17c89868420583780d78c172de14 [term 1 LEADER]: Becoming Leader. State: Replica: 5fce17c89868420583780d78c172de14, State: Running, Role: LEADER
I20260601 13:24:05.814850 16344 sys_catalog.cc:565] T 00000000000000000000000000000000 P 5fce17c89868420583780d78c172de14 [sys.catalog]: configured and running, proceeding with master startup.
I20260601 13:24:05.814891 16347 consensus_queue.cc:237] T 00000000000000000000000000000000 P 5fce17c89868420583780d78c172de14 [LEADER]: Queue going to LEADER mode. State: All replicated index: 0, Majority replicated index: 0, Committed index: 0, Last appended: 0.0, Last appended by leader: 0, Current term: 1, Majority size: 1, State: 0, Mode: LEADER, active raft config: opid_index: -1 OBSOLETE_local: true peers { permanent_uuid: "5fce17c89868420583780d78c172de14" member_type: VOTER }
I20260601 13:24:05.815397 16348 sys_catalog.cc:455] T 00000000000000000000000000000000 P 5fce17c89868420583780d78c172de14 [sys.catalog]: SysCatalogTable state changed. Reason: RaftConsensus started. Latest consensus state: current_term: 1 leader_uuid: "5fce17c89868420583780d78c172de14" committed_config { opid_index: -1 OBSOLETE_local: true peers { permanent_uuid: "5fce17c89868420583780d78c172de14" member_type: VOTER } }
I20260601 13:24:05.815410 16349 sys_catalog.cc:455] T 00000000000000000000000000000000 P 5fce17c89868420583780d78c172de14 [sys.catalog]: SysCatalogTable state changed. Reason: New leader 5fce17c89868420583780d78c172de14. Latest consensus state: current_term: 1 leader_uuid: "5fce17c89868420583780d78c172de14" committed_config { opid_index: -1 OBSOLETE_local: true peers { permanent_uuid: "5fce17c89868420583780d78c172de14" member_type: VOTER } }
I20260601 13:24:05.815513 16349 sys_catalog.cc:458] T 00000000000000000000000000000000 P 5fce17c89868420583780d78c172de14 [sys.catalog]: This master's current role is: LEADER
I20260601 13:24:05.815747 16348 sys_catalog.cc:458] T 00000000000000000000000000000000 P 5fce17c89868420583780d78c172de14 [sys.catalog]: This master's current role is: LEADER
I20260601 13:24:05.816166 16354 catalog_manager.cc:1510] Loading table and tablet metadata into memory...
I20260601 13:24:05.816891 16354 catalog_manager.cc:1519] Initializing Kudu cluster ID...
I20260601 13:24:05.817209 15738 internal_mini_cluster.cc:184] Waiting to initialize catalog manager on master 0
I20260601 13:24:05.818869 16354 catalog_manager.cc:1382] Generated new cluster ID: 5b29699c02f84258830640591d612936
I20260601 13:24:05.818926 16354 catalog_manager.cc:1530] Initializing Kudu internal certificate authority...
I20260601 13:24:05.827695 16354 catalog_manager.cc:1405] Generated new certificate authority record
I20260601 13:24:05.828285 16354 catalog_manager.cc:1539] Loading token signing keys...
I20260601 13:24:05.838950 16354 catalog_manager.cc:6069] T 00000000000000000000000000000000 P 5fce17c89868420583780d78c172de14: Generated new TSK 0
I20260601 13:24:05.839237 16354 catalog_manager.cc:1549] Initializing in-progress tserver states...
I20260601 13:24:05.849769 15738 file_cache.cc:492] Constructed file cache file cache with capacity 419430
W20260601 13:24:05.852015 16366 instance_detector.cc:116] could not retrieve Azure instance metadata: Network error: curl error: HTTP response code said error: The requested URL returned error: 404
W20260601 13:24:05.852034 16368 instance_detector.cc:116] could not retrieve OpenStack instance metadata: Network error: curl error: HTTP response code said error: The requested URL returned error: 404
W20260601 13:24:05.852164 16365 instance_detector.cc:116] could not retrieve AWS instance metadata: Network error: curl error: HTTP response code said error: The requested URL returned error: 404
I20260601 13:24:05.852243 15738 server_base.cc:1061] running on GCE node
I20260601 13:24:05.852504 15738 hybrid_clock.cc:584] initializing the hybrid clock with 'system_unsync' time source
W20260601 13:24:05.852577 15738 system_unsync_time.cc:38] NTP support is disabled. Clock error bounds will not be accurate. This configuration is not suitable for distributed clusters.
I20260601 13:24:05.852596 15738 hybrid_clock.cc:648] HybridClock initialized: now 1780320245852596 us; error 0 us; skew 500 ppm
I20260601 13:24:05.853710 15738 webserver.cc:533] Webserver started at http://127.15.94.129:44137/ using document root <none> and password file <none>
I20260601 13:24:05.853904 15738 fs_manager.cc:362] Metadata directory not provided
I20260601 13:24:05.853978 15738 fs_manager.cc:368] Using write-ahead log directory (fs_wal_dir) as metadata directory
I20260601 13:24:05.854071 15738 server_base.cc:909] This appears to be a new deployment of Kudu; creating new FS layout
I20260601 13:24:05.854605 15738 fs_manager.cc:1068] Generated new instance metadata in path /tmp/dist-test-taskdGaLNJ/test-tmp/auto_rebalancer-test.0.AutoRebalancerTest.AutoRebalancingTurnOffAndOn.1780320243102281-15738-0/minicluster-data/ts-0-root/instance:
uuid: "3640d7a9dad849dabf100de63c978192"
format_stamp: "Formatted at 2026-06-01 13:24:05 on dist-test-slave-pmc4"
I20260601 13:24:05.856297 15738 fs_manager.cc:696] Time spent creating directory manager: real 0.001s	user 0.002s	sys 0.000s
I20260601 13:24:05.857523 16373 log_block_manager.cc:4031] Time spent loading block containers with low live blocks: real 0.000s	user 0.000s	sys 0.000s
I20260601 13:24:05.857851 15738 fs_manager.cc:730] Time spent opening block manager: real 0.001s	user 0.001s	sys 0.000s
I20260601 13:24:05.857932 15738 fs_manager.cc:647] Opened local filesystem: /tmp/dist-test-taskdGaLNJ/test-tmp/auto_rebalancer-test.0.AutoRebalancerTest.AutoRebalancingTurnOffAndOn.1780320243102281-15738-0/minicluster-data/ts-0-root
uuid: "3640d7a9dad849dabf100de63c978192"
format_stamp: "Formatted at 2026-06-01 13:24:05 on dist-test-slave-pmc4"
I20260601 13:24:05.857991 15738 fs_report.cc:389] FS layout report
--------------------
wal directory: /tmp/dist-test-taskdGaLNJ/test-tmp/auto_rebalancer-test.0.AutoRebalancerTest.AutoRebalancingTurnOffAndOn.1780320243102281-15738-0/minicluster-data/ts-0-root
metadata directory: /tmp/dist-test-taskdGaLNJ/test-tmp/auto_rebalancer-test.0.AutoRebalancerTest.AutoRebalancingTurnOffAndOn.1780320243102281-15738-0/minicluster-data/ts-0-root
1 data directories: /tmp/dist-test-taskdGaLNJ/test-tmp/auto_rebalancer-test.0.AutoRebalancerTest.AutoRebalancingTurnOffAndOn.1780320243102281-15738-0/minicluster-data/ts-0-root/data
Total live blocks: 0
Total live bytes: 0
Total live bytes (after alignment): 0
Total number of LBM containers: 0 (0 full)
Did not check for missing blocks
Did not check for orphaned blocks
Total full LBM containers with extra space: 0 (0 repaired)
Total full LBM container extra space in bytes: 0 (0 repaired)
Total incomplete LBM containers: 0 (0 repaired)
Total LBM partial records: 0 (0 repaired)
Total corrupted LBM metadata records in RocksDB: 0 (0 repaired)
I20260601 13:24:05.871507 15738 rpc_server.cc:225] running with OpenSSL 1.1.1  11 Sep 2018
I20260601 13:24:05.871909 15738 kserver.cc:163] Server-wide thread pool size limit: 3276
I20260601 13:24:05.872236 15738 txn_system_client.cc:432] TxnSystemClient initialization is disabled...
I20260601 13:24:05.872746 15738 ts_tablet_manager.cc:585] Loaded tablet metadata (0 total tablets, 0 live tablets)
I20260601 13:24:05.872784 15738 ts_tablet_manager.cc:531] Time spent load tablet metadata: real 0.000s	user 0.000s	sys 0.000s
I20260601 13:24:05.872841 15738 ts_tablet_manager.cc:616] Registered 0 tablets
I20260601 13:24:05.872881 15738 ts_tablet_manager.cc:595] Time spent register tablets: real 0.000s	user 0.000s	sys 0.000s
I20260601 13:24:05.877099 15738 rpc_server.cc:307] RPC server started. Bound to: 127.15.94.129:40629
I20260601 13:24:05.877135 16436 acceptor_pool.cc:272] collecting diagnostics on the listening RPC socket 127.15.94.129:40629 every 8 connection(s)
I20260601 13:24:05.878023 15738 file_cache.cc:492] Constructed file cache file cache with capacity 419430
W20260601 13:24:05.880141 16441 instance_detector.cc:116] could not retrieve AWS instance metadata: Network error: curl error: HTTP response code said error: The requested URL returned error: 404
W20260601 13:24:05.880285 16444 instance_detector.cc:116] could not retrieve OpenStack instance metadata: Network error: curl error: HTTP response code said error: The requested URL returned error: 404
I20260601 13:24:05.880373 15738 server_base.cc:1061] running on GCE node
W20260601 13:24:05.880218 16442 instance_detector.cc:116] could not retrieve Azure instance metadata: Network error: curl error: HTTP response code said error: The requested URL returned error: 404
I20260601 13:24:05.880736 15738 hybrid_clock.cc:584] initializing the hybrid clock with 'system_unsync' time source
W20260601 13:24:05.880795 15738 system_unsync_time.cc:38] NTP support is disabled. Clock error bounds will not be accurate. This configuration is not suitable for distributed clusters.
I20260601 13:24:05.880816 15738 hybrid_clock.cc:648] HybridClock initialized: now 1780320245880816 us; error 0 us; skew 500 ppm
I20260601 13:24:05.881711 15738 webserver.cc:533] Webserver started at http://127.15.94.130:43371/ using document root <none> and password file <none>
I20260601 13:24:05.881891 15738 fs_manager.cc:362] Metadata directory not provided
I20260601 13:24:05.881954 15738 fs_manager.cc:368] Using write-ahead log directory (fs_wal_dir) as metadata directory
I20260601 13:24:05.882032 15738 server_base.cc:909] This appears to be a new deployment of Kudu; creating new FS layout
I20260601 13:24:05.882536 15738 fs_manager.cc:1068] Generated new instance metadata in path /tmp/dist-test-taskdGaLNJ/test-tmp/auto_rebalancer-test.0.AutoRebalancerTest.AutoRebalancingTurnOffAndOn.1780320243102281-15738-0/minicluster-data/ts-1-root/instance:
uuid: "c0e8948df8504677a66eb0b1aef485de"
format_stamp: "Formatted at 2026-06-01 13:24:05 on dist-test-slave-pmc4"
I20260601 13:24:05.882911 16437 heartbeater.cc:344] Connected to a master server at 127.15.94.190:43865
I20260601 13:24:05.883020 16437 heartbeater.cc:461] Registering TS with master...
I20260601 13:24:05.883291 16437 heartbeater.cc:507] Master 127.15.94.190:43865 requested a full tablet report, sending...
I20260601 13:24:05.883981 16308 ts_manager.cc:194] Registered new tserver with Master: 3640d7a9dad849dabf100de63c978192 (127.15.94.129:40629)
I20260601 13:24:05.884495 15738 fs_manager.cc:696] Time spent creating directory manager: real 0.002s	user 0.002s	sys 0.000s
I20260601 13:24:05.884992 16308 master_service.cc:502] Signed X509 certificate for tserver {username='slave'} at 127.0.0.1:56628
I20260601 13:24:05.885620 16449 log_block_manager.cc:4031] Time spent loading block containers with low live blocks: real 0.000s	user 0.000s	sys 0.000s
I20260601 13:24:05.886013 15738 fs_manager.cc:730] Time spent opening block manager: real 0.001s	user 0.001s	sys 0.000s
I20260601 13:24:05.886097 15738 fs_manager.cc:647] Opened local filesystem: /tmp/dist-test-taskdGaLNJ/test-tmp/auto_rebalancer-test.0.AutoRebalancerTest.AutoRebalancingTurnOffAndOn.1780320243102281-15738-0/minicluster-data/ts-1-root
uuid: "c0e8948df8504677a66eb0b1aef485de"
format_stamp: "Formatted at 2026-06-01 13:24:05 on dist-test-slave-pmc4"
I20260601 13:24:05.886168 15738 fs_report.cc:389] FS layout report
--------------------
wal directory: /tmp/dist-test-taskdGaLNJ/test-tmp/auto_rebalancer-test.0.AutoRebalancerTest.AutoRebalancingTurnOffAndOn.1780320243102281-15738-0/minicluster-data/ts-1-root
metadata directory: /tmp/dist-test-taskdGaLNJ/test-tmp/auto_rebalancer-test.0.AutoRebalancerTest.AutoRebalancingTurnOffAndOn.1780320243102281-15738-0/minicluster-data/ts-1-root
1 data directories: /tmp/dist-test-taskdGaLNJ/test-tmp/auto_rebalancer-test.0.AutoRebalancerTest.AutoRebalancingTurnOffAndOn.1780320243102281-15738-0/minicluster-data/ts-1-root/data
Total live blocks: 0
Total live bytes: 0
Total live bytes (after alignment): 0
Total number of LBM containers: 0 (0 full)
Did not check for missing blocks
Did not check for orphaned blocks
Total full LBM containers with extra space: 0 (0 repaired)
Total full LBM container extra space in bytes: 0 (0 repaired)
Total incomplete LBM containers: 0 (0 repaired)
Total LBM partial records: 0 (0 repaired)
Total corrupted LBM metadata records in RocksDB: 0 (0 repaired)
I20260601 13:24:05.896806 15738 rpc_server.cc:225] running with OpenSSL 1.1.1  11 Sep 2018
I20260601 13:24:05.897243 15738 kserver.cc:163] Server-wide thread pool size limit: 3276
I20260601 13:24:05.897539 15738 txn_system_client.cc:432] TxnSystemClient initialization is disabled...
I20260601 13:24:05.898033 15738 ts_tablet_manager.cc:585] Loaded tablet metadata (0 total tablets, 0 live tablets)
I20260601 13:24:05.898094 15738 ts_tablet_manager.cc:531] Time spent load tablet metadata: real 0.000s	user 0.000s	sys 0.000s
I20260601 13:24:05.898156 15738 ts_tablet_manager.cc:616] Registered 0 tablets
I20260601 13:24:05.898204 15738 ts_tablet_manager.cc:595] Time spent register tablets: real 0.000s	user 0.000s	sys 0.000s
I20260601 13:24:05.902643 15738 rpc_server.cc:307] RPC server started. Bound to: 127.15.94.130:46105
I20260601 13:24:05.902700 16512 acceptor_pool.cc:272] collecting diagnostics on the listening RPC socket 127.15.94.130:46105 every 8 connection(s)
I20260601 13:24:05.903548 15738 file_cache.cc:492] Constructed file cache file cache with capacity 419430
W20260601 13:24:05.905567 16519 instance_detector.cc:116] could not retrieve OpenStack instance metadata: Network error: curl error: HTTP response code said error: The requested URL returned error: 404
W20260601 13:24:05.905521 16516 instance_detector.cc:116] could not retrieve AWS instance metadata: Network error: curl error: HTTP response code said error: The requested URL returned error: 404
W20260601 13:24:05.905546 16517 instance_detector.cc:116] could not retrieve Azure instance metadata: Network error: curl error: HTTP response code said error: The requested URL returned error: 404
I20260601 13:24:05.906107 15738 server_base.cc:1061] running on GCE node
I20260601 13:24:05.906304 15738 hybrid_clock.cc:584] initializing the hybrid clock with 'system_unsync' time source
W20260601 13:24:05.906358 15738 system_unsync_time.cc:38] NTP support is disabled. Clock error bounds will not be accurate. This configuration is not suitable for distributed clusters.
I20260601 13:24:05.906404 15738 hybrid_clock.cc:648] HybridClock initialized: now 1780320245906404 us; error 0 us; skew 500 ppm
I20260601 13:24:05.907341 15738 webserver.cc:533] Webserver started at http://127.15.94.131:33109/ using document root <none> and password file <none>
I20260601 13:24:05.907526 15738 fs_manager.cc:362] Metadata directory not provided
I20260601 13:24:05.907588 15738 fs_manager.cc:368] Using write-ahead log directory (fs_wal_dir) as metadata directory
I20260601 13:24:05.907677 15738 server_base.cc:909] This appears to be a new deployment of Kudu; creating new FS layout
I20260601 13:24:05.908161 16513 heartbeater.cc:344] Connected to a master server at 127.15.94.190:43865
I20260601 13:24:05.908160 15738 fs_manager.cc:1068] Generated new instance metadata in path /tmp/dist-test-taskdGaLNJ/test-tmp/auto_rebalancer-test.0.AutoRebalancerTest.AutoRebalancingTurnOffAndOn.1780320243102281-15738-0/minicluster-data/ts-2-root/instance:
uuid: "15740058ef654950b36bfda01410fed9"
format_stamp: "Formatted at 2026-06-01 13:24:05 on dist-test-slave-pmc4"
I20260601 13:24:05.908316 16513 heartbeater.cc:461] Registering TS with master...
I20260601 13:24:05.908545 16513 heartbeater.cc:507] Master 127.15.94.190:43865 requested a full tablet report, sending...
I20260601 13:24:05.909157 16308 ts_manager.cc:194] Registered new tserver with Master: c0e8948df8504677a66eb0b1aef485de (127.15.94.130:46105)
I20260601 13:24:05.909852 16308 master_service.cc:502] Signed X509 certificate for tserver {username='slave'} at 127.0.0.1:56642
I20260601 13:24:05.910277 15738 fs_manager.cc:696] Time spent creating directory manager: real 0.002s	user 0.002s	sys 0.000s
I20260601 13:24:05.911543 16524 log_block_manager.cc:4031] Time spent loading block containers with low live blocks: real 0.000s	user 0.000s	sys 0.000s
I20260601 13:24:05.911855 15738 fs_manager.cc:730] Time spent opening block manager: real 0.001s	user 0.001s	sys 0.000s
I20260601 13:24:05.911918 15738 fs_manager.cc:647] Opened local filesystem: /tmp/dist-test-taskdGaLNJ/test-tmp/auto_rebalancer-test.0.AutoRebalancerTest.AutoRebalancingTurnOffAndOn.1780320243102281-15738-0/minicluster-data/ts-2-root
uuid: "15740058ef654950b36bfda01410fed9"
format_stamp: "Formatted at 2026-06-01 13:24:05 on dist-test-slave-pmc4"
I20260601 13:24:05.912014 15738 fs_report.cc:389] FS layout report
--------------------
wal directory: /tmp/dist-test-taskdGaLNJ/test-tmp/auto_rebalancer-test.0.AutoRebalancerTest.AutoRebalancingTurnOffAndOn.1780320243102281-15738-0/minicluster-data/ts-2-root
metadata directory: /tmp/dist-test-taskdGaLNJ/test-tmp/auto_rebalancer-test.0.AutoRebalancerTest.AutoRebalancingTurnOffAndOn.1780320243102281-15738-0/minicluster-data/ts-2-root
1 data directories: /tmp/dist-test-taskdGaLNJ/test-tmp/auto_rebalancer-test.0.AutoRebalancerTest.AutoRebalancingTurnOffAndOn.1780320243102281-15738-0/minicluster-data/ts-2-root/data
Total live blocks: 0
Total live bytes: 0
Total live bytes (after alignment): 0
Total number of LBM containers: 0 (0 full)
Did not check for missing blocks
Did not check for orphaned blocks
Total full LBM containers with extra space: 0 (0 repaired)
Total full LBM container extra space in bytes: 0 (0 repaired)
Total incomplete LBM containers: 0 (0 repaired)
Total LBM partial records: 0 (0 repaired)
Total corrupted LBM metadata records in RocksDB: 0 (0 repaired)
I20260601 13:24:05.923501 15738 rpc_server.cc:225] running with OpenSSL 1.1.1  11 Sep 2018
I20260601 13:24:05.923988 15738 kserver.cc:163] Server-wide thread pool size limit: 3276
I20260601 13:24:05.924328 15738 txn_system_client.cc:432] TxnSystemClient initialization is disabled...
I20260601 13:24:05.924862 15738 ts_tablet_manager.cc:585] Loaded tablet metadata (0 total tablets, 0 live tablets)
I20260601 13:24:05.924925 15738 ts_tablet_manager.cc:531] Time spent load tablet metadata: real 0.000s	user 0.000s	sys 0.000s
I20260601 13:24:05.924985 15738 ts_tablet_manager.cc:616] Registered 0 tablets
I20260601 13:24:05.925019 15738 ts_tablet_manager.cc:595] Time spent register tablets: real 0.000s	user 0.000s	sys 0.000s
I20260601 13:24:05.929571 15738 rpc_server.cc:307] RPC server started. Bound to: 127.15.94.131:45771
I20260601 13:24:05.929657 16587 acceptor_pool.cc:272] collecting diagnostics on the listening RPC socket 127.15.94.131:45771 every 8 connection(s)
I20260601 13:24:05.935653 16588 heartbeater.cc:344] Connected to a master server at 127.15.94.190:43865
I20260601 13:24:05.935765 16588 heartbeater.cc:461] Registering TS with master...
I20260601 13:24:05.935994 16588 heartbeater.cc:507] Master 127.15.94.190:43865 requested a full tablet report, sending...
I20260601 13:24:05.936731 16308 ts_manager.cc:194] Registered new tserver with Master: 15740058ef654950b36bfda01410fed9 (127.15.94.131:45771)
I20260601 13:24:05.936930 15738 internal_mini_cluster.cc:371] 3 TS(s) registered with all masters after 0.006875501s
I20260601 13:24:05.937390 16308 master_service.cc:502] Signed X509 certificate for tserver {username='slave'} at 127.0.0.1:56648
I20260601 13:24:06.886193 16437 heartbeater.cc:499] Master 127.15.94.190:43865 was elected leader, sending a full tablet report...
I20260601 13:24:06.910910 16513 heartbeater.cc:499] Master 127.15.94.190:43865 was elected leader, sending a full tablet report...
I20260601 13:24:06.938370 16588 heartbeater.cc:499] Master 127.15.94.190:43865 was elected leader, sending a full tablet report...
I20260601 13:24:06.972591 16308 catalog_manager.cc:2282] Servicing CreateTable request from {username='slave'} at 127.0.0.1:56662:
name: "test-workload"
schema {
  columns {
    name: "key"
    type: INT32
    is_key: true
    is_nullable: false
    encoding: AUTO_ENCODING
    compression: DEFAULT_COMPRESSION
    cfile_block_size: 0
    immutable: false
  }
  columns {
    name: "int_val"
    type: INT32
    is_key: false
    is_nullable: false
    encoding: AUTO_ENCODING
    compression: DEFAULT_COMPRESSION
    cfile_block_size: 0
    immutable: false
  }
  columns {
    name: "string_val"
    type: STRING
    is_key: false
    is_nullable: true
    encoding: AUTO_ENCODING
    compression: DEFAULT_COMPRESSION
    cfile_block_size: 0
    immutable: false
  }
}
num_replicas: 3
split_rows_range_bounds {
  rows: "\004\001\000\377\377\377\017\004\001\000\376\377\377\037\004\001\000\375\377\377/\004\001\000\374\377\377?\004\001\000\373\377\377O\004\001\000\372\377\377_\004\001\000\371\377\377o""\004\001\000\377\377\377\017\004\001\000\376\377\377\037\004\001\000\375\377\377/\004\001\000\374\377\377?\004\001\000\373\377\377O\004\001\000\372\377\377_\004\001\000\371\377\377o"
  indirect_data: """"
}
partition_schema {
  range_schema {
    columns {
      name: "key"
    }
  }
}
W20260601 13:24:06.973223 16308 catalog_manager.cc:7076] The number of live tablet servers is not enough to re-replicate a tablet replica of the newly created table test-workload in case of a server failure: 4 tablet servers would be needed, 3 are available. Consider bringing up more tablet servers.
I20260601 13:24:06.986464 16477 tablet_service.cc:1511] Processing CreateTablet for tablet 5b0802872376424fa2db2d30243c99e3 (DEFAULT_TABLE table=test-workload [id=f59080c037f94aee87ecb58a91ea50d0]), partition=RANGE (key) PARTITION VALUES < 268435455
I20260601 13:24:06.986836 16477 data_dirs.cc:400] Could only allocate 1 dirs of requested 3 for tablet 5b0802872376424fa2db2d30243c99e3. 1 dirs total, 0 dirs full, 0 dirs failed
I20260601 13:24:06.986964 16552 tablet_service.cc:1511] Processing CreateTablet for tablet 5b0802872376424fa2db2d30243c99e3 (DEFAULT_TABLE table=test-workload [id=f59080c037f94aee87ecb58a91ea50d0]), partition=RANGE (key) PARTITION VALUES < 268435455
I20260601 13:24:06.987035 16475 tablet_service.cc:1511] Processing CreateTablet for tablet 2b615cc773fa4ad18a8bf0c57df770a2 (DEFAULT_TABLE table=test-workload [id=f59080c037f94aee87ecb58a91ea50d0]), partition=RANGE (key) PARTITION 536870910 <= VALUES < 805306365
I20260601 13:24:06.987236 16552 data_dirs.cc:400] Could only allocate 1 dirs of requested 3 for tablet 5b0802872376424fa2db2d30243c99e3. 1 dirs total, 0 dirs full, 0 dirs failed
I20260601 13:24:06.987377 16548 tablet_service.cc:1511] Processing CreateTablet for tablet d25e9fedcde04a04b51c662e3d423777 (DEFAULT_TABLE table=test-workload [id=f59080c037f94aee87ecb58a91ea50d0]), partition=RANGE (key) PARTITION 1073741820 <= VALUES < 1342177275
I20260601 13:24:06.987457 16474 tablet_service.cc:1511] Processing CreateTablet for tablet 228c366802034e03bf9f96724fc546e8 (DEFAULT_TABLE table=test-workload [id=f59080c037f94aee87ecb58a91ea50d0]), partition=RANGE (key) PARTITION 805306365 <= VALUES < 1073741820
I20260601 13:24:06.987622 16548 data_dirs.cc:400] Could only allocate 1 dirs of requested 3 for tablet d25e9fedcde04a04b51c662e3d423777. 1 dirs total, 0 dirs full, 0 dirs failed
I20260601 13:24:06.987876 16473 tablet_service.cc:1511] Processing CreateTablet for tablet d25e9fedcde04a04b51c662e3d423777 (DEFAULT_TABLE table=test-workload [id=f59080c037f94aee87ecb58a91ea50d0]), partition=RANGE (key) PARTITION 1073741820 <= VALUES < 1342177275
I20260601 13:24:06.988300 16470 tablet_service.cc:1511] Processing CreateTablet for tablet 126e07bde5424c8bbe274f7678dfff74 (DEFAULT_TABLE table=test-workload [id=f59080c037f94aee87ecb58a91ea50d0]), partition=RANGE (key) PARTITION 1342177275 <= VALUES < 1610612730
I20260601 13:24:06.986769 16476 tablet_service.cc:1511] Processing CreateTablet for tablet 3cec6ca435ff43768e0b9bf32d42bf32 (DEFAULT_TABLE table=test-workload [id=f59080c037f94aee87ecb58a91ea50d0]), partition=RANGE (key) PARTITION 268435455 <= VALUES < 536870910
I20260601 13:24:06.987241 16475 data_dirs.cc:400] Could only allocate 1 dirs of requested 3 for tablet 2b615cc773fa4ad18a8bf0c57df770a2. 1 dirs total, 0 dirs full, 0 dirs failed
I20260601 13:24:06.989773 16549 tablet_service.cc:1511] Processing CreateTablet for tablet 228c366802034e03bf9f96724fc546e8 (DEFAULT_TABLE table=test-workload [id=f59080c037f94aee87ecb58a91ea50d0]), partition=RANGE (key) PARTITION 805306365 <= VALUES < 1073741820
I20260601 13:24:06.989921 16474 data_dirs.cc:400] Could only allocate 1 dirs of requested 3 for tablet 228c366802034e03bf9f96724fc546e8. 1 dirs total, 0 dirs full, 0 dirs failed
I20260601 13:24:06.990031 16549 data_dirs.cc:400] Could only allocate 1 dirs of requested 3 for tablet 228c366802034e03bf9f96724fc546e8. 1 dirs total, 0 dirs full, 0 dirs failed
I20260601 13:24:06.991838 16473 data_dirs.cc:400] Could only allocate 1 dirs of requested 3 for tablet d25e9fedcde04a04b51c662e3d423777. 1 dirs total, 0 dirs full, 0 dirs failed
I20260601 13:24:06.991935 16550 tablet_service.cc:1511] Processing CreateTablet for tablet 2b615cc773fa4ad18a8bf0c57df770a2 (DEFAULT_TABLE table=test-workload [id=f59080c037f94aee87ecb58a91ea50d0]), partition=RANGE (key) PARTITION 536870910 <= VALUES < 805306365
I20260601 13:24:06.992126 16609 tablet_bootstrap.cc:492] T 5b0802872376424fa2db2d30243c99e3 P 15740058ef654950b36bfda01410fed9: Bootstrap starting.
I20260601 13:24:06.992161 16476 data_dirs.cc:400] Could only allocate 1 dirs of requested 3 for tablet 3cec6ca435ff43768e0b9bf32d42bf32. 1 dirs total, 0 dirs full, 0 dirs failed
I20260601 13:24:06.992205 16550 data_dirs.cc:400] Could only allocate 1 dirs of requested 3 for tablet 2b615cc773fa4ad18a8bf0c57df770a2. 1 dirs total, 0 dirs full, 0 dirs failed
I20260601 13:24:06.992319 16470 data_dirs.cc:400] Could only allocate 1 dirs of requested 3 for tablet 126e07bde5424c8bbe274f7678dfff74. 1 dirs total, 0 dirs full, 0 dirs failed
I20260601 13:24:06.994596 16551 tablet_service.cc:1511] Processing CreateTablet for tablet 3cec6ca435ff43768e0b9bf32d42bf32 (DEFAULT_TABLE table=test-workload [id=f59080c037f94aee87ecb58a91ea50d0]), partition=RANGE (key) PARTITION 268435455 <= VALUES < 536870910
I20260601 13:24:06.994879 16551 data_dirs.cc:400] Could only allocate 1 dirs of requested 3 for tablet 3cec6ca435ff43768e0b9bf32d42bf32. 1 dirs total, 0 dirs full, 0 dirs failed
I20260601 13:24:06.995545 16609 tablet_bootstrap.cc:654] T 5b0802872376424fa2db2d30243c99e3 P 15740058ef654950b36bfda01410fed9: Neither blocks nor log segments found. Creating new log.
I20260601 13:24:06.996400 16397 tablet_service.cc:1511] Processing CreateTablet for tablet d25e9fedcde04a04b51c662e3d423777 (DEFAULT_TABLE table=test-workload [id=f59080c037f94aee87ecb58a91ea50d0]), partition=RANGE (key) PARTITION 1073741820 <= VALUES < 1342177275
I20260601 13:24:06.996505 16401 tablet_service.cc:1511] Processing CreateTablet for tablet 5b0802872376424fa2db2d30243c99e3 (DEFAULT_TABLE table=test-workload [id=f59080c037f94aee87ecb58a91ea50d0]), partition=RANGE (key) PARTITION VALUES < 268435455
I20260601 13:24:06.996671 16397 data_dirs.cc:400] Could only allocate 1 dirs of requested 3 for tablet d25e9fedcde04a04b51c662e3d423777. 1 dirs total, 0 dirs full, 0 dirs failed
I20260601 13:24:06.996940 16400 tablet_service.cc:1511] Processing CreateTablet for tablet 3cec6ca435ff43768e0b9bf32d42bf32 (DEFAULT_TABLE table=test-workload [id=f59080c037f94aee87ecb58a91ea50d0]), partition=RANGE (key) PARTITION 268435455 <= VALUES < 536870910
I20260601 13:24:06.997184 16551 tablet_service.cc:1511] Processing CreateTablet for tablet 126e07bde5424c8bbe274f7678dfff74 (DEFAULT_TABLE table=test-workload [id=f59080c037f94aee87ecb58a91ea50d0]), partition=RANGE (key) PARTITION 1342177275 <= VALUES < 1610612730
I20260601 13:24:06.997400 16551 data_dirs.cc:400] Could only allocate 1 dirs of requested 3 for tablet 126e07bde5424c8bbe274f7678dfff74. 1 dirs total, 0 dirs full, 0 dirs failed
I20260601 13:24:06.997382 16399 tablet_service.cc:1511] Processing CreateTablet for tablet 2b615cc773fa4ad18a8bf0c57df770a2 (DEFAULT_TABLE table=test-workload [id=f59080c037f94aee87ecb58a91ea50d0]), partition=RANGE (key) PARTITION 536870910 <= VALUES < 805306365
I20260601 13:24:06.997817 16398 tablet_service.cc:1511] Processing CreateTablet for tablet 228c366802034e03bf9f96724fc546e8 (DEFAULT_TABLE table=test-workload [id=f59080c037f94aee87ecb58a91ea50d0]), partition=RANGE (key) PARTITION 805306365 <= VALUES < 1073741820
I20260601 13:24:06.998064 16550 tablet_service.cc:1511] Processing CreateTablet for tablet aedef4315e5b4f778f80bd3c5d227e80 (DEFAULT_TABLE table=test-workload [id=f59080c037f94aee87ecb58a91ea50d0]), partition=RANGE (key) PARTITION 1610612730 <= VALUES < 1879048185
I20260601 13:24:06.998311 16550 data_dirs.cc:400] Could only allocate 1 dirs of requested 3 for tablet aedef4315e5b4f778f80bd3c5d227e80. 1 dirs total, 0 dirs full, 0 dirs failed
I20260601 13:24:06.998263 16396 tablet_service.cc:1511] Processing CreateTablet for tablet 126e07bde5424c8bbe274f7678dfff74 (DEFAULT_TABLE table=test-workload [id=f59080c037f94aee87ecb58a91ea50d0]), partition=RANGE (key) PARTITION 1342177275 <= VALUES < 1610612730
I20260601 13:24:06.997182 16400 data_dirs.cc:400] Could only allocate 1 dirs of requested 3 for tablet 3cec6ca435ff43768e0b9bf32d42bf32. 1 dirs total, 0 dirs full, 0 dirs failed
I20260601 13:24:06.999039 16395 tablet_service.cc:1511] Processing CreateTablet for tablet aedef4315e5b4f778f80bd3c5d227e80 (DEFAULT_TABLE table=test-workload [id=f59080c037f94aee87ecb58a91ea50d0]), partition=RANGE (key) PARTITION 1610612730 <= VALUES < 1879048185
I20260601 13:24:06.999315 16395 data_dirs.cc:400] Could only allocate 1 dirs of requested 3 for tablet aedef4315e5b4f778f80bd3c5d227e80. 1 dirs total, 0 dirs full, 0 dirs failed
I20260601 13:24:06.999912 16398 data_dirs.cc:400] Could only allocate 1 dirs of requested 3 for tablet 228c366802034e03bf9f96724fc546e8. 1 dirs total, 0 dirs full, 0 dirs failed
I20260601 13:24:07.001647 16395 tablet_service.cc:1511] Processing CreateTablet for tablet c1ce6edb2a2542389134af760ebf2cbe (DEFAULT_TABLE table=test-workload [id=f59080c037f94aee87ecb58a91ea50d0]), partition=RANGE (key) PARTITION 1879048185 <= VALUES
I20260601 13:24:07.001659 16476 tablet_service.cc:1511] Processing CreateTablet for tablet c1ce6edb2a2542389134af760ebf2cbe (DEFAULT_TABLE table=test-workload [id=f59080c037f94aee87ecb58a91ea50d0]), partition=RANGE (key) PARTITION 1879048185 <= VALUES
I20260601 13:24:07.001821 16550 tablet_service.cc:1511] Processing CreateTablet for tablet c1ce6edb2a2542389134af760ebf2cbe (DEFAULT_TABLE table=test-workload [id=f59080c037f94aee87ecb58a91ea50d0]), partition=RANGE (key) PARTITION 1879048185 <= VALUES
I20260601 13:24:07.001971 16476 data_dirs.cc:400] Could only allocate 1 dirs of requested 3 for tablet c1ce6edb2a2542389134af760ebf2cbe. 1 dirs total, 0 dirs full, 0 dirs failed
I20260601 13:24:07.002060 16550 data_dirs.cc:400] Could only allocate 1 dirs of requested 3 for tablet c1ce6edb2a2542389134af760ebf2cbe. 1 dirs total, 0 dirs full, 0 dirs failed
I20260601 13:24:06.997396 16474 tablet_service.cc:1511] Processing CreateTablet for tablet aedef4315e5b4f778f80bd3c5d227e80 (DEFAULT_TABLE table=test-workload [id=f59080c037f94aee87ecb58a91ea50d0]), partition=RANGE (key) PARTITION 1610612730 <= VALUES < 1879048185
I20260601 13:24:07.002430 16474 data_dirs.cc:400] Could only allocate 1 dirs of requested 3 for tablet aedef4315e5b4f778f80bd3c5d227e80. 1 dirs total, 0 dirs full, 0 dirs failed
I20260601 13:24:07.002442 16611 tablet_bootstrap.cc:492] T d25e9fedcde04a04b51c662e3d423777 P 3640d7a9dad849dabf100de63c978192: Bootstrap starting.
I20260601 13:24:07.001895 16395 data_dirs.cc:400] Could only allocate 1 dirs of requested 3 for tablet c1ce6edb2a2542389134af760ebf2cbe. 1 dirs total, 0 dirs full, 0 dirs failed
I20260601 13:24:07.004400 16399 data_dirs.cc:400] Could only allocate 1 dirs of requested 3 for tablet 2b615cc773fa4ad18a8bf0c57df770a2. 1 dirs total, 0 dirs full, 0 dirs failed
I20260601 13:24:07.005776 16611 tablet_bootstrap.cc:654] T d25e9fedcde04a04b51c662e3d423777 P 3640d7a9dad849dabf100de63c978192: Neither blocks nor log segments found. Creating new log.
I20260601 13:24:07.006002 16401 data_dirs.cc:400] Could only allocate 1 dirs of requested 3 for tablet 5b0802872376424fa2db2d30243c99e3. 1 dirs total, 0 dirs full, 0 dirs failed
I20260601 13:24:07.006500 16608 tablet_bootstrap.cc:492] T 5b0802872376424fa2db2d30243c99e3 P c0e8948df8504677a66eb0b1aef485de: Bootstrap starting.
I20260601 13:24:07.007282 16608 tablet_bootstrap.cc:654] T 5b0802872376424fa2db2d30243c99e3 P c0e8948df8504677a66eb0b1aef485de: Neither blocks nor log segments found. Creating new log.
I20260601 13:24:07.007603 16396 data_dirs.cc:400] Could only allocate 1 dirs of requested 3 for tablet 126e07bde5424c8bbe274f7678dfff74. 1 dirs total, 0 dirs full, 0 dirs failed
I20260601 13:24:07.008457 16609 tablet_bootstrap.cc:492] T 5b0802872376424fa2db2d30243c99e3 P 15740058ef654950b36bfda01410fed9: No bootstrap required, opened a new log
I20260601 13:24:07.008527 16611 tablet_bootstrap.cc:492] T d25e9fedcde04a04b51c662e3d423777 P 3640d7a9dad849dabf100de63c978192: No bootstrap required, opened a new log
I20260601 13:24:07.008569 16609 ts_tablet_manager.cc:1403] T 5b0802872376424fa2db2d30243c99e3 P 15740058ef654950b36bfda01410fed9: Time spent bootstrapping tablet: real 0.016s	user 0.002s	sys 0.000s
I20260601 13:24:07.008630 16611 ts_tablet_manager.cc:1403] T d25e9fedcde04a04b51c662e3d423777 P 3640d7a9dad849dabf100de63c978192: Time spent bootstrapping tablet: real 0.006s	user 0.002s	sys 0.000s
I20260601 13:24:07.009047 16609 raft_consensus.cc:359] T 5b0802872376424fa2db2d30243c99e3 P 15740058ef654950b36bfda01410fed9 [term 0 FOLLOWER]: Replica starting. Triggering 0 pending ops. Active config: opid_index: -1 OBSOLETE_local: false peers { permanent_uuid: "c0e8948df8504677a66eb0b1aef485de" member_type: VOTER last_known_addr { host: "127.15.94.130" port: 46105 } } peers { permanent_uuid: "15740058ef654950b36bfda01410fed9" member_type: VOTER last_known_addr { host: "127.15.94.131" port: 45771 } } peers { permanent_uuid: "3640d7a9dad849dabf100de63c978192" member_type: VOTER last_known_addr { host: "127.15.94.129" port: 40629 } }
I20260601 13:24:07.009097 16611 raft_consensus.cc:359] T d25e9fedcde04a04b51c662e3d423777 P 3640d7a9dad849dabf100de63c978192 [term 0 FOLLOWER]: Replica starting. Triggering 0 pending ops. Active config: opid_index: -1 OBSOLETE_local: false peers { permanent_uuid: "3640d7a9dad849dabf100de63c978192" member_type: VOTER last_known_addr { host: "127.15.94.129" port: 40629 } } peers { permanent_uuid: "c0e8948df8504677a66eb0b1aef485de" member_type: VOTER last_known_addr { host: "127.15.94.130" port: 46105 } } peers { permanent_uuid: "15740058ef654950b36bfda01410fed9" member_type: VOTER last_known_addr { host: "127.15.94.131" port: 45771 } }
I20260601 13:24:07.009161 16609 raft_consensus.cc:385] T 5b0802872376424fa2db2d30243c99e3 P 15740058ef654950b36bfda01410fed9 [term 0 FOLLOWER]: Consensus starting up: Expiring failure detector timer to make a prompt election more likely
I20260601 13:24:07.009205 16609 raft_consensus.cc:740] T 5b0802872376424fa2db2d30243c99e3 P 15740058ef654950b36bfda01410fed9 [term 0 FOLLOWER]: Becoming Follower/Learner. State: Replica: 15740058ef654950b36bfda01410fed9, State: Initialized, Role: FOLLOWER
I20260601 13:24:07.009368 16609 consensus_queue.cc:260] T 5b0802872376424fa2db2d30243c99e3 P 15740058ef654950b36bfda01410fed9 [NON_LEADER]: Queue going to NON_LEADER mode. State: All replicated index: 0, Majority replicated index: 0, Committed index: 0, Last appended: 0.0, Last appended by leader: 0, Current term: 0, Majority size: -1, State: 0, Mode: NON_LEADER, active raft config: opid_index: -1 OBSOLETE_local: false peers { permanent_uuid: "c0e8948df8504677a66eb0b1aef485de" member_type: VOTER last_known_addr { host: "127.15.94.130" port: 46105 } } peers { permanent_uuid: "15740058ef654950b36bfda01410fed9" member_type: VOTER last_known_addr { host: "127.15.94.131" port: 45771 } } peers { permanent_uuid: "3640d7a9dad849dabf100de63c978192" member_type: VOTER last_known_addr { host: "127.15.94.129" port: 40629 } }
I20260601 13:24:07.009702 16608 tablet_bootstrap.cc:492] T 5b0802872376424fa2db2d30243c99e3 P c0e8948df8504677a66eb0b1aef485de: No bootstrap required, opened a new log
I20260601 13:24:07.009796 16609 ts_tablet_manager.cc:1434] T 5b0802872376424fa2db2d30243c99e3 P 15740058ef654950b36bfda01410fed9: Time spent starting tablet: real 0.001s	user 0.002s	sys 0.000s
I20260601 13:24:07.009825 16608 ts_tablet_manager.cc:1403] T 5b0802872376424fa2db2d30243c99e3 P c0e8948df8504677a66eb0b1aef485de: Time spent bootstrapping tablet: real 0.003s	user 0.002s	sys 0.000s
I20260601 13:24:07.010020 16609 tablet_bootstrap.cc:492] T d25e9fedcde04a04b51c662e3d423777 P 15740058ef654950b36bfda01410fed9: Bootstrap starting.
I20260601 13:24:07.010320 16608 raft_consensus.cc:359] T 5b0802872376424fa2db2d30243c99e3 P c0e8948df8504677a66eb0b1aef485de [term 0 FOLLOWER]: Replica starting. Triggering 0 pending ops. Active config: opid_index: -1 OBSOLETE_local: false peers { permanent_uuid: "c0e8948df8504677a66eb0b1aef485de" member_type: VOTER last_known_addr { host: "127.15.94.130" port: 46105 } } peers { permanent_uuid: "15740058ef654950b36bfda01410fed9" member_type: VOTER last_known_addr { host: "127.15.94.131" port: 45771 } } peers { permanent_uuid: "3640d7a9dad849dabf100de63c978192" member_type: VOTER last_known_addr { host: "127.15.94.129" port: 40629 } }
I20260601 13:24:07.010443 16608 raft_consensus.cc:385] T 5b0802872376424fa2db2d30243c99e3 P c0e8948df8504677a66eb0b1aef485de [term 0 FOLLOWER]: Consensus starting up: Expiring failure detector timer to make a prompt election more likely
I20260601 13:24:07.010509 16608 raft_consensus.cc:740] T 5b0802872376424fa2db2d30243c99e3 P c0e8948df8504677a66eb0b1aef485de [term 0 FOLLOWER]: Becoming Follower/Learner. State: Replica: c0e8948df8504677a66eb0b1aef485de, State: Initialized, Role: FOLLOWER
I20260601 13:24:07.010675 16608 consensus_queue.cc:260] T 5b0802872376424fa2db2d30243c99e3 P c0e8948df8504677a66eb0b1aef485de [NON_LEADER]: Queue going to NON_LEADER mode. State: All replicated index: 0, Majority replicated index: 0, Committed index: 0, Last appended: 0.0, Last appended by leader: 0, Current term: 0, Majority size: -1, State: 0, Mode: NON_LEADER, active raft config: opid_index: -1 OBSOLETE_local: false peers { permanent_uuid: "c0e8948df8504677a66eb0b1aef485de" member_type: VOTER last_known_addr { host: "127.15.94.130" port: 46105 } } peers { permanent_uuid: "15740058ef654950b36bfda01410fed9" member_type: VOTER last_known_addr { host: "127.15.94.131" port: 45771 } } peers { permanent_uuid: "3640d7a9dad849dabf100de63c978192" member_type: VOTER last_known_addr { host: "127.15.94.129" port: 40629 } }
I20260601 13:24:07.011133 16608 ts_tablet_manager.cc:1434] T 5b0802872376424fa2db2d30243c99e3 P c0e8948df8504677a66eb0b1aef485de: Time spent starting tablet: real 0.001s	user 0.000s	sys 0.001s
I20260601 13:24:07.011198 16609 tablet_bootstrap.cc:654] T d25e9fedcde04a04b51c662e3d423777 P 15740058ef654950b36bfda01410fed9: Neither blocks nor log segments found. Creating new log.
I20260601 13:24:07.011495 16608 tablet_bootstrap.cc:492] T 2b615cc773fa4ad18a8bf0c57df770a2 P c0e8948df8504677a66eb0b1aef485de: Bootstrap starting.
I20260601 13:24:07.009202 16611 raft_consensus.cc:385] T d25e9fedcde04a04b51c662e3d423777 P 3640d7a9dad849dabf100de63c978192 [term 0 FOLLOWER]: Consensus starting up: Expiring failure detector timer to make a prompt election more likely
I20260601 13:24:07.012130 16611 raft_consensus.cc:740] T d25e9fedcde04a04b51c662e3d423777 P 3640d7a9dad849dabf100de63c978192 [term 0 FOLLOWER]: Becoming Follower/Learner. State: Replica: 3640d7a9dad849dabf100de63c978192, State: Initialized, Role: FOLLOWER
I20260601 13:24:07.012328 16611 consensus_queue.cc:260] T d25e9fedcde04a04b51c662e3d423777 P 3640d7a9dad849dabf100de63c978192 [NON_LEADER]: Queue going to NON_LEADER mode. State: All replicated index: 0, Majority replicated index: 0, Committed index: 0, Last appended: 0.0, Last appended by leader: 0, Current term: 0, Majority size: -1, State: 0, Mode: NON_LEADER, active raft config: opid_index: -1 OBSOLETE_local: false peers { permanent_uuid: "3640d7a9dad849dabf100de63c978192" member_type: VOTER last_known_addr { host: "127.15.94.129" port: 40629 } } peers { permanent_uuid: "c0e8948df8504677a66eb0b1aef485de" member_type: VOTER last_known_addr { host: "127.15.94.130" port: 46105 } } peers { permanent_uuid: "15740058ef654950b36bfda01410fed9" member_type: VOTER last_known_addr { host: "127.15.94.131" port: 45771 } }
I20260601 13:24:07.012697 16611 ts_tablet_manager.cc:1434] T d25e9fedcde04a04b51c662e3d423777 P 3640d7a9dad849dabf100de63c978192: Time spent starting tablet: real 0.004s	user 0.001s	sys 0.000s
I20260601 13:24:07.012851 16611 tablet_bootstrap.cc:492] T 3cec6ca435ff43768e0b9bf32d42bf32 P 3640d7a9dad849dabf100de63c978192: Bootstrap starting.
I20260601 13:24:07.013167 16608 tablet_bootstrap.cc:654] T 2b615cc773fa4ad18a8bf0c57df770a2 P c0e8948df8504677a66eb0b1aef485de: Neither blocks nor log segments found. Creating new log.
I20260601 13:24:07.014192 16611 tablet_bootstrap.cc:654] T 3cec6ca435ff43768e0b9bf32d42bf32 P 3640d7a9dad849dabf100de63c978192: Neither blocks nor log segments found. Creating new log.
I20260601 13:24:07.014690 16608 tablet_bootstrap.cc:492] T 2b615cc773fa4ad18a8bf0c57df770a2 P c0e8948df8504677a66eb0b1aef485de: No bootstrap required, opened a new log
I20260601 13:24:07.014801 16608 ts_tablet_manager.cc:1403] T 2b615cc773fa4ad18a8bf0c57df770a2 P c0e8948df8504677a66eb0b1aef485de: Time spent bootstrapping tablet: real 0.003s	user 0.001s	sys 0.001s
I20260601 13:24:07.015283 16608 raft_consensus.cc:359] T 2b615cc773fa4ad18a8bf0c57df770a2 P c0e8948df8504677a66eb0b1aef485de [term 0 FOLLOWER]: Replica starting. Triggering 0 pending ops. Active config: opid_index: -1 OBSOLETE_local: false peers { permanent_uuid: "3640d7a9dad849dabf100de63c978192" member_type: VOTER last_known_addr { host: "127.15.94.129" port: 40629 } } peers { permanent_uuid: "c0e8948df8504677a66eb0b1aef485de" member_type: VOTER last_known_addr { host: "127.15.94.130" port: 46105 } } peers { permanent_uuid: "15740058ef654950b36bfda01410fed9" member_type: VOTER last_known_addr { host: "127.15.94.131" port: 45771 } }
I20260601 13:24:07.015403 16608 raft_consensus.cc:385] T 2b615cc773fa4ad18a8bf0c57df770a2 P c0e8948df8504677a66eb0b1aef485de [term 0 FOLLOWER]: Consensus starting up: Expiring failure detector timer to make a prompt election more likely
I20260601 13:24:07.015437 16608 raft_consensus.cc:740] T 2b615cc773fa4ad18a8bf0c57df770a2 P c0e8948df8504677a66eb0b1aef485de [term 0 FOLLOWER]: Becoming Follower/Learner. State: Replica: c0e8948df8504677a66eb0b1aef485de, State: Initialized, Role: FOLLOWER
I20260601 13:24:07.015578 16608 consensus_queue.cc:260] T 2b615cc773fa4ad18a8bf0c57df770a2 P c0e8948df8504677a66eb0b1aef485de [NON_LEADER]: Queue going to NON_LEADER mode. State: All replicated index: 0, Majority replicated index: 0, Committed index: 0, Last appended: 0.0, Last appended by leader: 0, Current term: 0, Majority size: -1, State: 0, Mode: NON_LEADER, active raft config: opid_index: -1 OBSOLETE_local: false peers { permanent_uuid: "3640d7a9dad849dabf100de63c978192" member_type: VOTER last_known_addr { host: "127.15.94.129" port: 40629 } } peers { permanent_uuid: "c0e8948df8504677a66eb0b1aef485de" member_type: VOTER last_known_addr { host: "127.15.94.130" port: 46105 } } peers { permanent_uuid: "15740058ef654950b36bfda01410fed9" member_type: VOTER last_known_addr { host: "127.15.94.131" port: 45771 } }
I20260601 13:24:07.015677 16611 tablet_bootstrap.cc:492] T 3cec6ca435ff43768e0b9bf32d42bf32 P 3640d7a9dad849dabf100de63c978192: No bootstrap required, opened a new log
I20260601 13:24:07.015786 16611 ts_tablet_manager.cc:1403] T 3cec6ca435ff43768e0b9bf32d42bf32 P 3640d7a9dad849dabf100de63c978192: Time spent bootstrapping tablet: real 0.003s	user 0.003s	sys 0.000s
I20260601 13:24:07.015893 16608 ts_tablet_manager.cc:1434] T 2b615cc773fa4ad18a8bf0c57df770a2 P c0e8948df8504677a66eb0b1aef485de: Time spent starting tablet: real 0.001s	user 0.001s	sys 0.000s
I20260601 13:24:07.016218 16608 tablet_bootstrap.cc:492] T 126e07bde5424c8bbe274f7678dfff74 P c0e8948df8504677a66eb0b1aef485de: Bootstrap starting.
I20260601 13:24:07.016273 16611 raft_consensus.cc:359] T 3cec6ca435ff43768e0b9bf32d42bf32 P 3640d7a9dad849dabf100de63c978192 [term 0 FOLLOWER]: Replica starting. Triggering 0 pending ops. Active config: opid_index: -1 OBSOLETE_local: false peers { permanent_uuid: "3640d7a9dad849dabf100de63c978192" member_type: VOTER last_known_addr { host: "127.15.94.129" port: 40629 } } peers { permanent_uuid: "c0e8948df8504677a66eb0b1aef485de" member_type: VOTER last_known_addr { host: "127.15.94.130" port: 46105 } } peers { permanent_uuid: "15740058ef654950b36bfda01410fed9" member_type: VOTER last_known_addr { host: "127.15.94.131" port: 45771 } }
