I20260601 13:25:47.990012  7000 raft_consensus.cc:2955] T 774867ddc0e8473d99df8fe497b534a5 P 36363afec7604f8b830ba497336e07df [term 1 LEADER]: Committing config change with OpId 1.27: config changed from index 26 to 27, VOTER 055239a653a44e2396d47e083399c6c1 (127.1.233.1) evicted. New config: { opid_index: 27 OBSOLETE_local: false peers { permanent_uuid: "00ec9a3cf84c43b899bbad5798198087" member_type: VOTER last_known_addr { host: "127.1.233.2" port: 45941 } } peers { permanent_uuid: "36363afec7604f8b830ba497336e07df" member_type: VOTER last_known_addr { host: "127.1.233.3" port: 45475 } } peers { permanent_uuid: "9f26a95678404bb6bbdc500438ce331e" member_type: VOTER last_known_addr { host: "127.1.233.5" port: 45139 } attrs { promote: false } } }
I20260601 13:25:47.990387  6442 raft_consensus.cc:2955] T 774867ddc0e8473d99df8fe497b534a5 P 00ec9a3cf84c43b899bbad5798198087 [term 1 FOLLOWER]: Committing config change with OpId 1.27: config changed from index 26 to 27, VOTER 055239a653a44e2396d47e083399c6c1 (127.1.233.1) evicted. New config: { opid_index: 27 OBSOLETE_local: false peers { permanent_uuid: "00ec9a3cf84c43b899bbad5798198087" member_type: VOTER last_known_addr { host: "127.1.233.2" port: 45941 } } peers { permanent_uuid: "36363afec7604f8b830ba497336e07df" member_type: VOTER last_known_addr { host: "127.1.233.3" port: 45475 } } peers { permanent_uuid: "9f26a95678404bb6bbdc500438ce331e" member_type: VOTER last_known_addr { host: "127.1.233.5" port: 45139 } attrs { promote: false } } }
I20260601 13:25:47.990927  6838 raft_consensus.cc:2955] T 774867ddc0e8473d99df8fe497b534a5 P 9f26a95678404bb6bbdc500438ce331e [term 1 FOLLOWER]: Committing config change with OpId 1.27: config changed from index 26 to 27, VOTER 055239a653a44e2396d47e083399c6c1 (127.1.233.1) evicted. New config: { opid_index: 27 OBSOLETE_local: false peers { permanent_uuid: "00ec9a3cf84c43b899bbad5798198087" member_type: VOTER last_known_addr { host: "127.1.233.2" port: 45941 } } peers { permanent_uuid: "36363afec7604f8b830ba497336e07df" member_type: VOTER last_known_addr { host: "127.1.233.3" port: 45475 } } peers { permanent_uuid: "9f26a95678404bb6bbdc500438ce331e" member_type: VOTER last_known_addr { host: "127.1.233.5" port: 45139 } attrs { promote: false } } }
I20260601 13:25:47.991863  6251 catalog_manager.cc:5209] ChangeConfig:REMOVE_PEER RPC for tablet 774867ddc0e8473d99df8fe497b534a5 with cas_config_opid_index 26: ChangeConfig:REMOVE_PEER succeeded (attempt 1)
I20260601 13:25:47.992929  6264 catalog_manager.cc:5696] T 774867ddc0e8473d99df8fe497b534a5 P 00ec9a3cf84c43b899bbad5798198087 reported cstate change: config changed from index 26 to 27, VOTER 055239a653a44e2396d47e083399c6c1 (127.1.233.1) evicted. New cstate: current_term: 1 leader_uuid: "36363afec7604f8b830ba497336e07df" committed_config { opid_index: 27 OBSOLETE_local: false peers { permanent_uuid: "00ec9a3cf84c43b899bbad5798198087" member_type: VOTER last_known_addr { host: "127.1.233.2" port: 45941 } } peers { permanent_uuid: "36363afec7604f8b830ba497336e07df" member_type: VOTER last_known_addr { host: "127.1.233.3" port: 45475 } } peers { permanent_uuid: "9f26a95678404bb6bbdc500438ce331e" member_type: VOTER last_known_addr { host: "127.1.233.5" port: 45139 } attrs { promote: false } } }
I20260601 13:25:47.995151  6356 tablet_service.cc:1558] Processing DeleteTablet for tablet 774867ddc0e8473d99df8fe497b534a5 with delete_type TABLET_DATA_TOMBSTONED (TS 055239a653a44e2396d47e083399c6c1 not found in new config with opid_index 27) from {username='slave'} at 127.0.0.1:41538
I20260601 13:25:47.995349  7029 tablet_replica.cc:333] T 774867ddc0e8473d99df8fe497b534a5 P 055239a653a44e2396d47e083399c6c1: stopping tablet replica
I20260601 13:25:47.995476  7029 raft_consensus.cc:2243] T 774867ddc0e8473d99df8fe497b534a5 P 055239a653a44e2396d47e083399c6c1 [term 1 FOLLOWER]: Raft consensus shutting down.
I20260601 13:25:47.995599  7029 raft_consensus.cc:2272] T 774867ddc0e8473d99df8fe497b534a5 P 055239a653a44e2396d47e083399c6c1 [term 1 FOLLOWER]: Raft consensus is shut down!
I20260601 13:25:47.996170  7029 ts_tablet_manager.cc:1916] T 774867ddc0e8473d99df8fe497b534a5 P 055239a653a44e2396d47e083399c6c1: Deleting tablet data with delete state TABLET_DATA_TOMBSTONED
I20260601 13:25:47.997792  7029 ts_tablet_manager.cc:1929] T 774867ddc0e8473d99df8fe497b534a5 P 055239a653a44e2396d47e083399c6c1: tablet deleted with delete type TABLET_DATA_TOMBSTONED: last-logged OpId 1.26
I20260601 13:25:47.997849  7029 log.cc:1199] T 774867ddc0e8473d99df8fe497b534a5 P 055239a653a44e2396d47e083399c6c1: Deleting WAL directory at /tmp/dist-test-taskg3juKL/test-tmp/auto_rebalancer-test.0.AutoRebalancerTest.TestMaxMovesPerServer.1780320239732542-1956-0/minicluster-data/ts-0-root/wals/774867ddc0e8473d99df8fe497b534a5
I20260601 13:25:47.998384  6251 catalog_manager.cc:5027] TS 055239a653a44e2396d47e083399c6c1 (127.1.233.1:40965): tablet 774867ddc0e8473d99df8fe497b534a5 (table test-workload [id=bd88017bd3f5440fa5da7ad09b949cef]) successfully deleted
I20260601 13:25:48.998641  6515 consensus_queue.cc:237] T 42d699dd6c07471ca757b25028477c1a P 36363afec7604f8b830ba497336e07df [LEADER]: Queue going to LEADER mode. State: All replicated index: 0, Majority replicated index: 26, Committed index: 26, Last appended: 1.26, Last appended by leader: 0, Current term: 1, Majority size: 2, State: 0, Mode: LEADER, active raft config: opid_index: 27 OBSOLETE_local: false peers { permanent_uuid: "055239a653a44e2396d47e083399c6c1" member_type: VOTER last_known_addr { host: "127.1.233.1" port: 40965 } attrs { replace: true } } peers { permanent_uuid: "00ec9a3cf84c43b899bbad5798198087" member_type: VOTER last_known_addr { host: "127.1.233.2" port: 45941 } } peers { permanent_uuid: "36363afec7604f8b830ba497336e07df" member_type: VOTER last_known_addr { host: "127.1.233.3" port: 45475 } } peers { permanent_uuid: "5e61c92e505645a699b64d1358ae0c2a" member_type: NON_VOTER last_known_addr { host: "127.1.233.4" port: 33885 } attrs { promote: true } }
I20260601 13:25:48.999955  6367 raft_consensus.cc:1275] T 42d699dd6c07471ca757b25028477c1a P 055239a653a44e2396d47e083399c6c1 [term 1 FOLLOWER]: Refusing update from remote peer 36363afec7604f8b830ba497336e07df: Log matching property violated. Preceding OpId in replica: term: 1 index: 26. Preceding OpId from leader: term: 1 index: 27. (index mismatch)
I20260601 13:25:48.999990  6442 raft_consensus.cc:1275] T 42d699dd6c07471ca757b25028477c1a P 00ec9a3cf84c43b899bbad5798198087 [term 1 FOLLOWER]: Refusing update from remote peer 36363afec7604f8b830ba497336e07df: Log matching property violated. Preceding OpId in replica: term: 1 index: 26. Preceding OpId from leader: term: 1 index: 27. (index mismatch)
W20260601 13:25:49.000031  6485 consensus_peers.cc:597] T 42d699dd6c07471ca757b25028477c1a P 36363afec7604f8b830ba497336e07df -> Peer 5e61c92e505645a699b64d1358ae0c2a (127.1.233.4:33885): Couldn't send request to peer 5e61c92e505645a699b64d1358ae0c2a. Error code: TABLET_NOT_FOUND (6). Status: Not found: Tablet not found: 42d699dd6c07471ca757b25028477c1a. This is attempt 1: this message will repeat every 5th retry.
I20260601 13:25:49.000330  7039 consensus_queue.cc:1048] T 42d699dd6c07471ca757b25028477c1a P 36363afec7604f8b830ba497336e07df [LEADER]: Connected to new peer: Peer: permanent_uuid: "00ec9a3cf84c43b899bbad5798198087" member_type: VOTER last_known_addr { host: "127.1.233.2" port: 45941 }, Status: LMP_MISMATCH, Last received: 0.0, Next index: 27, Last known committed idx: 26, Time since last communication: 0.000s
I20260601 13:25:49.000512  7038 consensus_queue.cc:1048] T 42d699dd6c07471ca757b25028477c1a P 36363afec7604f8b830ba497336e07df [LEADER]: Connected to new peer: Peer: permanent_uuid: "055239a653a44e2396d47e083399c6c1" member_type: VOTER last_known_addr { host: "127.1.233.1" port: 40965 } attrs { replace: true }, Status: LMP_MISMATCH, Last received: 0.0, Next index: 27, Last known committed idx: 26, Time since last communication: 0.000s
I20260601 13:25:49.002023  7016 raft_consensus.cc:2955] T 42d699dd6c07471ca757b25028477c1a P 36363afec7604f8b830ba497336e07df [term 1 LEADER]: Committing config change with OpId 1.27: config changed from index -1 to 27, NON_VOTER 5e61c92e505645a699b64d1358ae0c2a (127.1.233.4) added. New config: { opid_index: 27 OBSOLETE_local: false peers { permanent_uuid: "055239a653a44e2396d47e083399c6c1" member_type: VOTER last_known_addr { host: "127.1.233.1" port: 40965 } attrs { replace: true } } peers { permanent_uuid: "00ec9a3cf84c43b899bbad5798198087" member_type: VOTER last_known_addr { host: "127.1.233.2" port: 45941 } } peers { permanent_uuid: "36363afec7604f8b830ba497336e07df" member_type: VOTER last_known_addr { host: "127.1.233.3" port: 45475 } } peers { permanent_uuid: "5e61c92e505645a699b64d1358ae0c2a" member_type: NON_VOTER last_known_addr { host: "127.1.233.4" port: 33885 } attrs { promote: true } } }
I20260601 13:25:49.002516  6367 raft_consensus.cc:2955] T 42d699dd6c07471ca757b25028477c1a P 055239a653a44e2396d47e083399c6c1 [term 1 FOLLOWER]: Committing config change with OpId 1.27: config changed from index -1 to 27, NON_VOTER 5e61c92e505645a699b64d1358ae0c2a (127.1.233.4) added. New config: { opid_index: 27 OBSOLETE_local: false peers { permanent_uuid: "055239a653a44e2396d47e083399c6c1" member_type: VOTER last_known_addr { host: "127.1.233.1" port: 40965 } attrs { replace: true } } peers { permanent_uuid: "00ec9a3cf84c43b899bbad5798198087" member_type: VOTER last_known_addr { host: "127.1.233.2" port: 45941 } } peers { permanent_uuid: "36363afec7604f8b830ba497336e07df" member_type: VOTER last_known_addr { host: "127.1.233.3" port: 45475 } } peers { permanent_uuid: "5e61c92e505645a699b64d1358ae0c2a" member_type: NON_VOTER last_known_addr { host: "127.1.233.4" port: 33885 } attrs { promote: true } } }
I20260601 13:25:49.002516  6442 raft_consensus.cc:2955] T 42d699dd6c07471ca757b25028477c1a P 00ec9a3cf84c43b899bbad5798198087 [term 1 FOLLOWER]: Committing config change with OpId 1.27: config changed from index -1 to 27, NON_VOTER 5e61c92e505645a699b64d1358ae0c2a (127.1.233.4) added. New config: { opid_index: 27 OBSOLETE_local: false peers { permanent_uuid: "055239a653a44e2396d47e083399c6c1" member_type: VOTER last_known_addr { host: "127.1.233.1" port: 40965 } attrs { replace: true } } peers { permanent_uuid: "00ec9a3cf84c43b899bbad5798198087" member_type: VOTER last_known_addr { host: "127.1.233.2" port: 45941 } } peers { permanent_uuid: "36363afec7604f8b830ba497336e07df" member_type: VOTER last_known_addr { host: "127.1.233.3" port: 45475 } } peers { permanent_uuid: "5e61c92e505645a699b64d1358ae0c2a" member_type: NON_VOTER last_known_addr { host: "127.1.233.4" port: 33885 } attrs { promote: true } } }
I20260601 13:25:49.005093  6264 catalog_manager.cc:5696] T 42d699dd6c07471ca757b25028477c1a P 055239a653a44e2396d47e083399c6c1 reported cstate change: config changed from index -1 to 27, NON_VOTER 5e61c92e505645a699b64d1358ae0c2a (127.1.233.4) added. New cstate: current_term: 1 leader_uuid: "36363afec7604f8b830ba497336e07df" committed_config { opid_index: 27 OBSOLETE_local: false peers { permanent_uuid: "055239a653a44e2396d47e083399c6c1" member_type: VOTER last_known_addr { host: "127.1.233.1" port: 40965 } attrs { replace: true } } peers { permanent_uuid: "00ec9a3cf84c43b899bbad5798198087" member_type: VOTER last_known_addr { host: "127.1.233.2" port: 45941 } } peers { permanent_uuid: "36363afec7604f8b830ba497336e07df" member_type: VOTER last_known_addr { host: "127.1.233.3" port: 45475 } } peers { permanent_uuid: "5e61c92e505645a699b64d1358ae0c2a" member_type: NON_VOTER last_known_addr { host: "127.1.233.4" port: 33885 } attrs { promote: true } } }
I20260601 13:25:49.005251  6367 consensus_queue.cc:237] T c419a181a9434e44b3ac3d7158dad3b4 P 055239a653a44e2396d47e083399c6c1 [LEADER]: Queue going to LEADER mode. State: All replicated index: 0, Majority replicated index: 26, Committed index: 26, Last appended: 1.26, Last appended by leader: 0, Current term: 1, Majority size: 2, State: 0, Mode: LEADER, active raft config: opid_index: 27 OBSOLETE_local: false peers { permanent_uuid: "055239a653a44e2396d47e083399c6c1" member_type: VOTER last_known_addr { host: "127.1.233.1" port: 40965 } } peers { permanent_uuid: "00ec9a3cf84c43b899bbad5798198087" member_type: VOTER last_known_addr { host: "127.1.233.2" port: 45941 } } peers { permanent_uuid: "36363afec7604f8b830ba497336e07df" member_type: VOTER last_known_addr { host: "127.1.233.3" port: 45475 } attrs { replace: true } } peers { permanent_uuid: "b4aef2d924334b13ac89d15d81e837e2" member_type: NON_VOTER last_known_addr { host: "127.1.233.6" port: 44299 } attrs { promote: true } }
I20260601 13:25:49.006686  6442 raft_consensus.cc:1275] T c419a181a9434e44b3ac3d7158dad3b4 P 00ec9a3cf84c43b899bbad5798198087 [term 1 FOLLOWER]: Refusing update from remote peer 055239a653a44e2396d47e083399c6c1: Log matching property violated. Preceding OpId in replica: term: 1 index: 26. Preceding OpId from leader: term: 1 index: 27. (index mismatch)
I20260601 13:25:49.006920  6515 raft_consensus.cc:1275] T c419a181a9434e44b3ac3d7158dad3b4 P 36363afec7604f8b830ba497336e07df [term 1 FOLLOWER]: Refusing update from remote peer 055239a653a44e2396d47e083399c6c1: Log matching property violated. Preceding OpId in replica: term: 1 index: 26. Preceding OpId from leader: term: 1 index: 27. (index mismatch)
I20260601 13:25:49.007124  7045 consensus_queue.cc:1048] T c419a181a9434e44b3ac3d7158dad3b4 P 055239a653a44e2396d47e083399c6c1 [LEADER]: Connected to new peer: Peer: permanent_uuid: "00ec9a3cf84c43b899bbad5798198087" member_type: VOTER last_known_addr { host: "127.1.233.2" port: 45941 }, Status: LMP_MISMATCH, Last received: 0.0, Next index: 27, Last known committed idx: 26, Time since last communication: 0.000s
I20260601 13:25:49.007462  7042 consensus_queue.cc:1048] T c419a181a9434e44b3ac3d7158dad3b4 P 055239a653a44e2396d47e083399c6c1 [LEADER]: Connected to new peer: Peer: permanent_uuid: "36363afec7604f8b830ba497336e07df" member_type: VOTER last_known_addr { host: "127.1.233.3" port: 45475 } attrs { replace: true }, Status: LMP_MISMATCH, Last received: 0.0, Next index: 27, Last known committed idx: 26, Time since last communication: 0.000s
I20260601 13:25:49.008836  7042 raft_consensus.cc:2955] T c419a181a9434e44b3ac3d7158dad3b4 P 055239a653a44e2396d47e083399c6c1 [term 1 LEADER]: Committing config change with OpId 1.27: config changed from index -1 to 27, NON_VOTER b4aef2d924334b13ac89d15d81e837e2 (127.1.233.6) added. New config: { opid_index: 27 OBSOLETE_local: false peers { permanent_uuid: "055239a653a44e2396d47e083399c6c1" member_type: VOTER last_known_addr { host: "127.1.233.1" port: 40965 } } peers { permanent_uuid: "00ec9a3cf84c43b899bbad5798198087" member_type: VOTER last_known_addr { host: "127.1.233.2" port: 45941 } } peers { permanent_uuid: "36363afec7604f8b830ba497336e07df" member_type: VOTER last_known_addr { host: "127.1.233.3" port: 45475 } attrs { replace: true } } peers { permanent_uuid: "b4aef2d924334b13ac89d15d81e837e2" member_type: NON_VOTER last_known_addr { host: "127.1.233.6" port: 44299 } attrs { promote: true } } }
I20260601 13:25:49.009157  6442 raft_consensus.cc:2955] T c419a181a9434e44b3ac3d7158dad3b4 P 00ec9a3cf84c43b899bbad5798198087 [term 1 FOLLOWER]: Committing config change with OpId 1.27: config changed from index -1 to 27, NON_VOTER b4aef2d924334b13ac89d15d81e837e2 (127.1.233.6) added. New config: { opid_index: 27 OBSOLETE_local: false peers { permanent_uuid: "055239a653a44e2396d47e083399c6c1" member_type: VOTER last_known_addr { host: "127.1.233.1" port: 40965 } } peers { permanent_uuid: "00ec9a3cf84c43b899bbad5798198087" member_type: VOTER last_known_addr { host: "127.1.233.2" port: 45941 } } peers { permanent_uuid: "36363afec7604f8b830ba497336e07df" member_type: VOTER last_known_addr { host: "127.1.233.3" port: 45475 } attrs { replace: true } } peers { permanent_uuid: "b4aef2d924334b13ac89d15d81e837e2" member_type: NON_VOTER last_known_addr { host: "127.1.233.6" port: 44299 } attrs { promote: true } } }
W20260601 13:25:49.011332  6331 consensus_peers.cc:597] T c419a181a9434e44b3ac3d7158dad3b4 P 055239a653a44e2396d47e083399c6c1 -> Peer b4aef2d924334b13ac89d15d81e837e2 (127.1.233.6:44299): Couldn't send request to peer b4aef2d924334b13ac89d15d81e837e2. Error code: TABLET_NOT_FOUND (6). Status: Not found: Tablet not found: c419a181a9434e44b3ac3d7158dad3b4. This is attempt 1: this message will repeat every 5th retry.
I20260601 13:25:49.011687  6515 raft_consensus.cc:2955] T c419a181a9434e44b3ac3d7158dad3b4 P 36363afec7604f8b830ba497336e07df [term 1 FOLLOWER]: Committing config change with OpId 1.27: config changed from index -1 to 27, NON_VOTER b4aef2d924334b13ac89d15d81e837e2 (127.1.233.6) added. New config: { opid_index: 27 OBSOLETE_local: false peers { permanent_uuid: "055239a653a44e2396d47e083399c6c1" member_type: VOTER last_known_addr { host: "127.1.233.1" port: 40965 } } peers { permanent_uuid: "00ec9a3cf84c43b899bbad5798198087" member_type: VOTER last_known_addr { host: "127.1.233.2" port: 45941 } } peers { permanent_uuid: "36363afec7604f8b830ba497336e07df" member_type: VOTER last_known_addr { host: "127.1.233.3" port: 45475 } attrs { replace: true } } peers { permanent_uuid: "b4aef2d924334b13ac89d15d81e837e2" member_type: NON_VOTER last_known_addr { host: "127.1.233.6" port: 44299 } attrs { promote: true } } }
I20260601 13:25:49.012413  6259 catalog_manager.cc:5696] T c419a181a9434e44b3ac3d7158dad3b4 P 055239a653a44e2396d47e083399c6c1 reported cstate change: config changed from index -1 to 27, NON_VOTER b4aef2d924334b13ac89d15d81e837e2 (127.1.233.6) added. New cstate: current_term: 1 leader_uuid: "055239a653a44e2396d47e083399c6c1" committed_config { opid_index: 27 OBSOLETE_local: false peers { permanent_uuid: "055239a653a44e2396d47e083399c6c1" member_type: VOTER last_known_addr { host: "127.1.233.1" port: 40965 } health_report { overall_health: HEALTHY } } peers { permanent_uuid: "00ec9a3cf84c43b899bbad5798198087" member_type: VOTER last_known_addr { host: "127.1.233.2" port: 45941 } health_report { overall_health: HEALTHY } } peers { permanent_uuid: "36363afec7604f8b830ba497336e07df" member_type: VOTER last_known_addr { host: "127.1.233.3" port: 45475 } attrs { replace: true } health_report { overall_health: HEALTHY } } peers { permanent_uuid: "b4aef2d924334b13ac89d15d81e837e2" member_type: NON_VOTER last_known_addr { host: "127.1.233.6" port: 44299 } attrs { promote: true } health_report { overall_health: UNKNOWN } } }
I20260601 13:25:49.013530  6514 consensus_queue.cc:237] T 0a4edbee9d6d401d856f3184ebc77cd5 P 36363afec7604f8b830ba497336e07df [LEADER]: Queue going to LEADER mode. State: All replicated index: 0, Majority replicated index: 26, Committed index: 26, Last appended: 1.26, Last appended by leader: 0, Current term: 1, Majority size: 2, State: 0, Mode: LEADER, active raft config: opid_index: 27 OBSOLETE_local: false peers { permanent_uuid: "055239a653a44e2396d47e083399c6c1" member_type: VOTER last_known_addr { host: "127.1.233.1" port: 40965 } } peers { permanent_uuid: "00ec9a3cf84c43b899bbad5798198087" member_type: VOTER last_known_addr { host: "127.1.233.2" port: 45941 } attrs { replace: true } } peers { permanent_uuid: "36363afec7604f8b830ba497336e07df" member_type: VOTER last_known_addr { host: "127.1.233.3" port: 45475 } } peers { permanent_uuid: "9f26a95678404bb6bbdc500438ce331e" member_type: NON_VOTER last_known_addr { host: "127.1.233.5" port: 45139 } attrs { promote: true } }
W20260601 13:25:49.015201  6485 consensus_peers.cc:597] T 0a4edbee9d6d401d856f3184ebc77cd5 P 36363afec7604f8b830ba497336e07df -> Peer 9f26a95678404bb6bbdc500438ce331e (127.1.233.5:45139): Couldn't send request to peer 9f26a95678404bb6bbdc500438ce331e. Error code: TABLET_NOT_FOUND (6). Status: Not found: Tablet not found: 0a4edbee9d6d401d856f3184ebc77cd5. This is attempt 1: this message will repeat every 5th retry.
I20260601 13:25:49.015290  6367 raft_consensus.cc:1275] T 0a4edbee9d6d401d856f3184ebc77cd5 P 055239a653a44e2396d47e083399c6c1 [term 1 FOLLOWER]: Refusing update from remote peer 36363afec7604f8b830ba497336e07df: Log matching property violated. Preceding OpId in replica: term: 1 index: 26. Preceding OpId from leader: term: 1 index: 27. (index mismatch)
I20260601 13:25:49.015668  7038 consensus_queue.cc:1048] T 0a4edbee9d6d401d856f3184ebc77cd5 P 36363afec7604f8b830ba497336e07df [LEADER]: Connected to new peer: Peer: permanent_uuid: "055239a653a44e2396d47e083399c6c1" member_type: VOTER last_known_addr { host: "127.1.233.1" port: 40965 }, Status: LMP_MISMATCH, Last received: 0.0, Next index: 27, Last known committed idx: 26, Time since last communication: 0.000s
I20260601 13:25:49.015749  6442 raft_consensus.cc:1275] T 0a4edbee9d6d401d856f3184ebc77cd5 P 00ec9a3cf84c43b899bbad5798198087 [term 1 FOLLOWER]: Refusing update from remote peer 36363afec7604f8b830ba497336e07df: Log matching property violated. Preceding OpId in replica: term: 1 index: 26. Preceding OpId from leader: term: 1 index: 27. (index mismatch)
I20260601 13:25:49.016690  7054 consensus_queue.cc:1048] T 0a4edbee9d6d401d856f3184ebc77cd5 P 36363afec7604f8b830ba497336e07df [LEADER]: Connected to new peer: Peer: permanent_uuid: "00ec9a3cf84c43b899bbad5798198087" member_type: VOTER last_known_addr { host: "127.1.233.2" port: 45941 } attrs { replace: true }, Status: LMP_MISMATCH, Last received: 0.0, Next index: 27, Last known committed idx: 26, Time since last communication: 0.000s
I20260601 13:25:49.017189  7038 raft_consensus.cc:2955] T 0a4edbee9d6d401d856f3184ebc77cd5 P 36363afec7604f8b830ba497336e07df [term 1 LEADER]: Committing config change with OpId 1.27: config changed from index -1 to 27, NON_VOTER 9f26a95678404bb6bbdc500438ce331e (127.1.233.5) added. New config: { opid_index: 27 OBSOLETE_local: false peers { permanent_uuid: "055239a653a44e2396d47e083399c6c1" member_type: VOTER last_known_addr { host: "127.1.233.1" port: 40965 } } peers { permanent_uuid: "00ec9a3cf84c43b899bbad5798198087" member_type: VOTER last_known_addr { host: "127.1.233.2" port: 45941 } attrs { replace: true } } peers { permanent_uuid: "36363afec7604f8b830ba497336e07df" member_type: VOTER last_known_addr { host: "127.1.233.3" port: 45475 } } peers { permanent_uuid: "9f26a95678404bb6bbdc500438ce331e" member_type: NON_VOTER last_known_addr { host: "127.1.233.5" port: 45139 } attrs { promote: true } } }
I20260601 13:25:49.018000  6367 raft_consensus.cc:2955] T 0a4edbee9d6d401d856f3184ebc77cd5 P 055239a653a44e2396d47e083399c6c1 [term 1 FOLLOWER]: Committing config change with OpId 1.27: config changed from index -1 to 27, NON_VOTER 9f26a95678404bb6bbdc500438ce331e (127.1.233.5) added. New config: { opid_index: 27 OBSOLETE_local: false peers { permanent_uuid: "055239a653a44e2396d47e083399c6c1" member_type: VOTER last_known_addr { host: "127.1.233.1" port: 40965 } } peers { permanent_uuid: "00ec9a3cf84c43b899bbad5798198087" member_type: VOTER last_known_addr { host: "127.1.233.2" port: 45941 } attrs { replace: true } } peers { permanent_uuid: "36363afec7604f8b830ba497336e07df" member_type: VOTER last_known_addr { host: "127.1.233.3" port: 45475 } } peers { permanent_uuid: "9f26a95678404bb6bbdc500438ce331e" member_type: NON_VOTER last_known_addr { host: "127.1.233.5" port: 45139 } attrs { promote: true } } }
I20260601 13:25:49.018661  6442 raft_consensus.cc:2955] T 0a4edbee9d6d401d856f3184ebc77cd5 P 00ec9a3cf84c43b899bbad5798198087 [term 1 FOLLOWER]: Committing config change with OpId 1.27: config changed from index -1 to 27, NON_VOTER 9f26a95678404bb6bbdc500438ce331e (127.1.233.5) added. New config: { opid_index: 27 OBSOLETE_local: false peers { permanent_uuid: "055239a653a44e2396d47e083399c6c1" member_type: VOTER last_known_addr { host: "127.1.233.1" port: 40965 } } peers { permanent_uuid: "00ec9a3cf84c43b899bbad5798198087" member_type: VOTER last_known_addr { host: "127.1.233.2" port: 45941 } attrs { replace: true } } peers { permanent_uuid: "36363afec7604f8b830ba497336e07df" member_type: VOTER last_known_addr { host: "127.1.233.3" port: 45475 } } peers { permanent_uuid: "9f26a95678404bb6bbdc500438ce331e" member_type: NON_VOTER last_known_addr { host: "127.1.233.5" port: 45139 } attrs { promote: true } } }
I20260601 13:25:49.019529  6259 catalog_manager.cc:5696] T 0a4edbee9d6d401d856f3184ebc77cd5 P 36363afec7604f8b830ba497336e07df reported cstate change: config changed from index -1 to 27, NON_VOTER 9f26a95678404bb6bbdc500438ce331e (127.1.233.5) added. New cstate: current_term: 1 leader_uuid: "36363afec7604f8b830ba497336e07df" committed_config { opid_index: 27 OBSOLETE_local: false peers { permanent_uuid: "055239a653a44e2396d47e083399c6c1" member_type: VOTER last_known_addr { host: "127.1.233.1" port: 40965 } health_report { overall_health: HEALTHY } } peers { permanent_uuid: "00ec9a3cf84c43b899bbad5798198087" member_type: VOTER last_known_addr { host: "127.1.233.2" port: 45941 } attrs { replace: true } health_report { overall_health: HEALTHY } } peers { permanent_uuid: "36363afec7604f8b830ba497336e07df" member_type: VOTER last_known_addr { host: "127.1.233.3" port: 45475 } health_report { overall_health: HEALTHY } } peers { permanent_uuid: "9f26a95678404bb6bbdc500438ce331e" member_type: NON_VOTER last_known_addr { host: "127.1.233.5" port: 45139 } attrs { promote: true } health_report { overall_health: UNKNOWN } } }
I20260601 13:25:49.020255  6514 consensus_queue.cc:237] T 8fb44d541cb44f0daaad06d00b55d562 P 36363afec7604f8b830ba497336e07df [LEADER]: Queue going to LEADER mode. State: All replicated index: 0, Majority replicated index: 29, Committed index: 29, Last appended: 1.29, Last appended by leader: 0, Current term: 1, Majority size: 2, State: 0, Mode: LEADER, active raft config: opid_index: 30 OBSOLETE_local: false peers { permanent_uuid: "36363afec7604f8b830ba497336e07df" member_type: VOTER last_known_addr { host: "127.1.233.3" port: 45475 } } peers { permanent_uuid: "055239a653a44e2396d47e083399c6c1" member_type: VOTER last_known_addr { host: "127.1.233.1" port: 40965 } attrs { replace: true } } peers { permanent_uuid: "5e61c92e505645a699b64d1358ae0c2a" member_type: VOTER last_known_addr { host: "127.1.233.4" port: 33885 } attrs { promote: false } } peers { permanent_uuid: "9f26a95678404bb6bbdc500438ce331e" member_type: NON_VOTER last_known_addr { host: "127.1.233.5" port: 45139 } attrs { promote: true } }
I20260601 13:25:49.021459  6762 raft_consensus.cc:1275] T 8fb44d541cb44f0daaad06d00b55d562 P 5e61c92e505645a699b64d1358ae0c2a [term 1 FOLLOWER]: Refusing update from remote peer 36363afec7604f8b830ba497336e07df: Log matching property violated. Preceding OpId in replica: term: 1 index: 29. Preceding OpId from leader: term: 1 index: 30. (index mismatch)
I20260601 13:25:49.021832  7016 consensus_queue.cc:1048] T 8fb44d541cb44f0daaad06d00b55d562 P 36363afec7604f8b830ba497336e07df [LEADER]: Connected to new peer: Peer: permanent_uuid: "5e61c92e505645a699b64d1358ae0c2a" member_type: VOTER last_known_addr { host: "127.1.233.4" port: 33885 } attrs { promote: false }, Status: LMP_MISMATCH, Last received: 0.0, Next index: 30, Last known committed idx: 29, Time since last communication: 0.000s
W20260601 13:25:49.022013  6485 consensus_peers.cc:597] T 8fb44d541cb44f0daaad06d00b55d562 P 36363afec7604f8b830ba497336e07df -> Peer 9f26a95678404bb6bbdc500438ce331e (127.1.233.5:45139): Couldn't send request to peer 9f26a95678404bb6bbdc500438ce331e. Error code: TABLET_NOT_FOUND (6). Status: Not found: Tablet not found: 8fb44d541cb44f0daaad06d00b55d562. This is attempt 1: this message will repeat every 5th retry.
I20260601 13:25:49.022507  6367 raft_consensus.cc:1275] T 8fb44d541cb44f0daaad06d00b55d562 P 055239a653a44e2396d47e083399c6c1 [term 1 FOLLOWER]: Refusing update from remote peer 36363afec7604f8b830ba497336e07df: Log matching property violated. Preceding OpId in replica: term: 1 index: 29. Preceding OpId from leader: term: 1 index: 30. (index mismatch)
I20260601 13:25:49.022830  7016 consensus_queue.cc:1048] T 8fb44d541cb44f0daaad06d00b55d562 P 36363afec7604f8b830ba497336e07df [LEADER]: Connected to new peer: Peer: permanent_uuid: "055239a653a44e2396d47e083399c6c1" member_type: VOTER last_known_addr { host: "127.1.233.1" port: 40965 } attrs { replace: true }, Status: LMP_MISMATCH, Last received: 0.0, Next index: 30, Last known committed idx: 29, Time since last communication: 0.000s
I20260601 13:25:49.023427  7054 raft_consensus.cc:2955] T 8fb44d541cb44f0daaad06d00b55d562 P 36363afec7604f8b830ba497336e07df [term 1 LEADER]: Committing config change with OpId 1.30: config changed from index 29 to 30, NON_VOTER 9f26a95678404bb6bbdc500438ce331e (127.1.233.5) added. New config: { opid_index: 30 OBSOLETE_local: false peers { permanent_uuid: "36363afec7604f8b830ba497336e07df" member_type: VOTER last_known_addr { host: "127.1.233.3" port: 45475 } } peers { permanent_uuid: "055239a653a44e2396d47e083399c6c1" member_type: VOTER last_known_addr { host: "127.1.233.1" port: 40965 } attrs { replace: true } } peers { permanent_uuid: "5e61c92e505645a699b64d1358ae0c2a" member_type: VOTER last_known_addr { host: "127.1.233.4" port: 33885 } attrs { promote: false } } peers { permanent_uuid: "9f26a95678404bb6bbdc500438ce331e" member_type: NON_VOTER last_known_addr { host: "127.1.233.5" port: 45139 } attrs { promote: true } } }
I20260601 13:25:49.023921  6762 raft_consensus.cc:2955] T 8fb44d541cb44f0daaad06d00b55d562 P 5e61c92e505645a699b64d1358ae0c2a [term 1 FOLLOWER]: Committing config change with OpId 1.30: config changed from index 29 to 30, NON_VOTER 9f26a95678404bb6bbdc500438ce331e (127.1.233.5) added. New config: { opid_index: 30 OBSOLETE_local: false peers { permanent_uuid: "36363afec7604f8b830ba497336e07df" member_type: VOTER last_known_addr { host: "127.1.233.3" port: 45475 } } peers { permanent_uuid: "055239a653a44e2396d47e083399c6c1" member_type: VOTER last_known_addr { host: "127.1.233.1" port: 40965 } attrs { replace: true } } peers { permanent_uuid: "5e61c92e505645a699b64d1358ae0c2a" member_type: VOTER last_known_addr { host: "127.1.233.4" port: 33885 } attrs { promote: false } } peers { permanent_uuid: "9f26a95678404bb6bbdc500438ce331e" member_type: NON_VOTER last_known_addr { host: "127.1.233.5" port: 45139 } attrs { promote: true } } }
I20260601 13:25:49.025907  6259 catalog_manager.cc:5696] T 8fb44d541cb44f0daaad06d00b55d562 P 5e61c92e505645a699b64d1358ae0c2a reported cstate change: config changed from index 29 to 30, NON_VOTER 9f26a95678404bb6bbdc500438ce331e (127.1.233.5) added. New cstate: current_term: 1 leader_uuid: "36363afec7604f8b830ba497336e07df" committed_config { opid_index: 30 OBSOLETE_local: false peers { permanent_uuid: "36363afec7604f8b830ba497336e07df" member_type: VOTER last_known_addr { host: "127.1.233.3" port: 45475 } } peers { permanent_uuid: "055239a653a44e2396d47e083399c6c1" member_type: VOTER last_known_addr { host: "127.1.233.1" port: 40965 } attrs { replace: true } } peers { permanent_uuid: "5e61c92e505645a699b64d1358ae0c2a" member_type: VOTER last_known_addr { host: "127.1.233.4" port: 33885 } attrs { promote: false } } peers { permanent_uuid: "9f26a95678404bb6bbdc500438ce331e" member_type: NON_VOTER last_known_addr { host: "127.1.233.5" port: 45139 } attrs { promote: true } } }
I20260601 13:25:49.026603  6367 raft_consensus.cc:2955] T 8fb44d541cb44f0daaad06d00b55d562 P 055239a653a44e2396d47e083399c6c1 [term 1 FOLLOWER]: Committing config change with OpId 1.30: config changed from index 29 to 30, NON_VOTER 9f26a95678404bb6bbdc500438ce331e (127.1.233.5) added. New config: { opid_index: 30 OBSOLETE_local: false peers { permanent_uuid: "36363afec7604f8b830ba497336e07df" member_type: VOTER last_known_addr { host: "127.1.233.3" port: 45475 } } peers { permanent_uuid: "055239a653a44e2396d47e083399c6c1" member_type: VOTER last_known_addr { host: "127.1.233.1" port: 40965 } attrs { replace: true } } peers { permanent_uuid: "5e61c92e505645a699b64d1358ae0c2a" member_type: VOTER last_known_addr { host: "127.1.233.4" port: 33885 } attrs { promote: false } } peers { permanent_uuid: "9f26a95678404bb6bbdc500438ce331e" member_type: NON_VOTER last_known_addr { host: "127.1.233.5" port: 45139 } attrs { promote: true } } }
I20260601 13:25:49.026713  6514 consensus_queue.cc:237] T 774867ddc0e8473d99df8fe497b534a5 P 36363afec7604f8b830ba497336e07df [LEADER]: Queue going to LEADER mode. State: All replicated index: 0, Majority replicated index: 27, Committed index: 27, Last appended: 1.27, Last appended by leader: 0, Current term: 1, Majority size: 2, State: 0, Mode: LEADER, active raft config: opid_index: 28 OBSOLETE_local: false peers { permanent_uuid: "00ec9a3cf84c43b899bbad5798198087" member_type: VOTER last_known_addr { host: "127.1.233.2" port: 45941 } attrs { replace: true } } peers { permanent_uuid: "36363afec7604f8b830ba497336e07df" member_type: VOTER last_known_addr { host: "127.1.233.3" port: 45475 } } peers { permanent_uuid: "9f26a95678404bb6bbdc500438ce331e" member_type: VOTER last_known_addr { host: "127.1.233.5" port: 45139 } attrs { promote: false } } peers { permanent_uuid: "b4aef2d924334b13ac89d15d81e837e2" member_type: NON_VOTER last_known_addr { host: "127.1.233.6" port: 44299 } attrs { promote: true } }
I20260601 13:25:49.028405  6838 raft_consensus.cc:1275] T 774867ddc0e8473d99df8fe497b534a5 P 9f26a95678404bb6bbdc500438ce331e [term 1 FOLLOWER]: Refusing update from remote peer 36363afec7604f8b830ba497336e07df: Log matching property violated. Preceding OpId in replica: term: 1 index: 27. Preceding OpId from leader: term: 1 index: 28. (index mismatch)
I20260601 13:25:49.028405  6442 raft_consensus.cc:1275] T 774867ddc0e8473d99df8fe497b534a5 P 00ec9a3cf84c43b899bbad5798198087 [term 1 FOLLOWER]: Refusing update from remote peer 36363afec7604f8b830ba497336e07df: Log matching property violated. Preceding OpId in replica: term: 1 index: 27. Preceding OpId from leader: term: 1 index: 28. (index mismatch)
I20260601 13:25:49.028770  7054 consensus_queue.cc:1048] T 774867ddc0e8473d99df8fe497b534a5 P 36363afec7604f8b830ba497336e07df [LEADER]: Connected to new peer: Peer: permanent_uuid: "9f26a95678404bb6bbdc500438ce331e" member_type: VOTER last_known_addr { host: "127.1.233.5" port: 45139 } attrs { promote: false }, Status: LMP_MISMATCH, Last received: 0.0, Next index: 28, Last known committed idx: 27, Time since last communication: 0.000s
I20260601 13:25:49.029067  7038 consensus_queue.cc:1048] T 774867ddc0e8473d99df8fe497b534a5 P 36363afec7604f8b830ba497336e07df [LEADER]: Connected to new peer: Peer: permanent_uuid: "00ec9a3cf84c43b899bbad5798198087" member_type: VOTER last_known_addr { host: "127.1.233.2" port: 45941 } attrs { replace: true }, Status: LMP_MISMATCH, Last received: 0.0, Next index: 28, Last known committed idx: 27, Time since last communication: 0.000s
I20260601 13:25:49.031556  7054 raft_consensus.cc:2955] T 774867ddc0e8473d99df8fe497b534a5 P 36363afec7604f8b830ba497336e07df [term 1 LEADER]: Committing config change with OpId 1.28: config changed from index 27 to 28, NON_VOTER b4aef2d924334b13ac89d15d81e837e2 (127.1.233.6) added. New config: { opid_index: 28 OBSOLETE_local: false peers { permanent_uuid: "00ec9a3cf84c43b899bbad5798198087" member_type: VOTER last_known_addr { host: "127.1.233.2" port: 45941 } attrs { replace: true } } peers { permanent_uuid: "36363afec7604f8b830ba497336e07df" member_type: VOTER last_known_addr { host: "127.1.233.3" port: 45475 } } peers { permanent_uuid: "9f26a95678404bb6bbdc500438ce331e" member_type: VOTER last_known_addr { host: "127.1.233.5" port: 45139 } attrs { promote: false } } peers { permanent_uuid: "b4aef2d924334b13ac89d15d81e837e2" member_type: NON_VOTER last_known_addr { host: "127.1.233.6" port: 44299 } attrs { promote: true } } }
W20260601 13:25:49.032876  6482 consensus_peers.cc:597] T 774867ddc0e8473d99df8fe497b534a5 P 36363afec7604f8b830ba497336e07df -> Peer b4aef2d924334b13ac89d15d81e837e2 (127.1.233.6:44299): Couldn't send request to peer b4aef2d924334b13ac89d15d81e837e2. Error code: TABLET_NOT_FOUND (6). Status: Not found: Tablet not found: 774867ddc0e8473d99df8fe497b534a5. This is attempt 1: this message will repeat every 5th retry.
I20260601 13:25:49.032938  6838 raft_consensus.cc:2955] T 774867ddc0e8473d99df8fe497b534a5 P 9f26a95678404bb6bbdc500438ce331e [term 1 FOLLOWER]: Committing config change with OpId 1.28: config changed from index 27 to 28, NON_VOTER b4aef2d924334b13ac89d15d81e837e2 (127.1.233.6) added. New config: { opid_index: 28 OBSOLETE_local: false peers { permanent_uuid: "00ec9a3cf84c43b899bbad5798198087" member_type: VOTER last_known_addr { host: "127.1.233.2" port: 45941 } attrs { replace: true } } peers { permanent_uuid: "36363afec7604f8b830ba497336e07df" member_type: VOTER last_known_addr { host: "127.1.233.3" port: 45475 } } peers { permanent_uuid: "9f26a95678404bb6bbdc500438ce331e" member_type: VOTER last_known_addr { host: "127.1.233.5" port: 45139 } attrs { promote: false } } peers { permanent_uuid: "b4aef2d924334b13ac89d15d81e837e2" member_type: NON_VOTER last_known_addr { host: "127.1.233.6" port: 44299 } attrs { promote: true } } }
I20260601 13:25:49.033154  6442 raft_consensus.cc:2955] T 774867ddc0e8473d99df8fe497b534a5 P 00ec9a3cf84c43b899bbad5798198087 [term 1 FOLLOWER]: Committing config change with OpId 1.28: config changed from index 27 to 28, NON_VOTER b4aef2d924334b13ac89d15d81e837e2 (127.1.233.6) added. New config: { opid_index: 28 OBSOLETE_local: false peers { permanent_uuid: "00ec9a3cf84c43b899bbad5798198087" member_type: VOTER last_known_addr { host: "127.1.233.2" port: 45941 } attrs { replace: true } } peers { permanent_uuid: "36363afec7604f8b830ba497336e07df" member_type: VOTER last_known_addr { host: "127.1.233.3" port: 45475 } } peers { permanent_uuid: "9f26a95678404bb6bbdc500438ce331e" member_type: VOTER last_known_addr { host: "127.1.233.5" port: 45139 } attrs { promote: false } } peers { permanent_uuid: "b4aef2d924334b13ac89d15d81e837e2" member_type: NON_VOTER last_known_addr { host: "127.1.233.6" port: 44299 } attrs { promote: true } } }
I20260601 13:25:49.033517  6259 catalog_manager.cc:5696] T 774867ddc0e8473d99df8fe497b534a5 P 36363afec7604f8b830ba497336e07df reported cstate change: config changed from index 27 to 28, NON_VOTER b4aef2d924334b13ac89d15d81e837e2 (127.1.233.6) added. New cstate: current_term: 1 leader_uuid: "36363afec7604f8b830ba497336e07df" committed_config { opid_index: 28 OBSOLETE_local: false peers { permanent_uuid: "00ec9a3cf84c43b899bbad5798198087" member_type: VOTER last_known_addr { host: "127.1.233.2" port: 45941 } attrs { replace: true } health_report { overall_health: HEALTHY } } peers { permanent_uuid: "36363afec7604f8b830ba497336e07df" member_type: VOTER last_known_addr { host: "127.1.233.3" port: 45475 } health_report { overall_health: HEALTHY } } peers { permanent_uuid: "9f26a95678404bb6bbdc500438ce331e" member_type: VOTER last_known_addr { host: "127.1.233.5" port: 45139 } attrs { promote: false } health_report { overall_health: HEALTHY } } peers { permanent_uuid: "b4aef2d924334b13ac89d15d81e837e2" member_type: NON_VOTER last_known_addr { host: "127.1.233.6" port: 44299 } attrs { promote: true } health_report { overall_health: UNKNOWN } } }
I20260601 13:25:49.034849  6442 consensus_queue.cc:237] T 02f4cc4e707d48839a9dac8131831472 P 00ec9a3cf84c43b899bbad5798198087 [LEADER]: Queue going to LEADER mode. State: All replicated index: 0, Majority replicated index: 29, Committed index: 29, Last appended: 1.29, Last appended by leader: 0, Current term: 1, Majority size: 2, State: 0, Mode: LEADER, active raft config: opid_index: 30 OBSOLETE_local: false peers { permanent_uuid: "00ec9a3cf84c43b899bbad5798198087" member_type: VOTER last_known_addr { host: "127.1.233.2" port: 45941 } } peers { permanent_uuid: "36363afec7604f8b830ba497336e07df" member_type: VOTER last_known_addr { host: "127.1.233.3" port: 45475 } attrs { replace: true } } peers { permanent_uuid: "b4aef2d924334b13ac89d15d81e837e2" member_type: VOTER last_known_addr { host: "127.1.233.6" port: 44299 } attrs { promote: false } } peers { permanent_uuid: "5e61c92e505645a699b64d1358ae0c2a" member_type: NON_VOTER last_known_addr { host: "127.1.233.4" port: 33885 } attrs { promote: true } }
I20260601 13:25:49.036331  6514 raft_consensus.cc:1275] T 02f4cc4e707d48839a9dac8131831472 P 36363afec7604f8b830ba497336e07df [term 1 FOLLOWER]: Refusing update from remote peer 00ec9a3cf84c43b899bbad5798198087: Log matching property violated. Preceding OpId in replica: term: 1 index: 29. Preceding OpId from leader: term: 1 index: 30. (index mismatch)
I20260601 13:25:49.036530  6912 raft_consensus.cc:1275] T 02f4cc4e707d48839a9dac8131831472 P b4aef2d924334b13ac89d15d81e837e2 [term 1 FOLLOWER]: Refusing update from remote peer 00ec9a3cf84c43b899bbad5798198087: Log matching property violated. Preceding OpId in replica: term: 1 index: 29. Preceding OpId from leader: term: 1 index: 30. (index mismatch)
I20260601 13:25:49.036670  7024 consensus_queue.cc:1048] T 02f4cc4e707d48839a9dac8131831472 P 00ec9a3cf84c43b899bbad5798198087 [LEADER]: Connected to new peer: Peer: permanent_uuid: "36363afec7604f8b830ba497336e07df" member_type: VOTER last_known_addr { host: "127.1.233.3" port: 45475 } attrs { replace: true }, Status: LMP_MISMATCH, Last received: 0.0, Next index: 30, Last known committed idx: 29, Time since last communication: 0.000s
I20260601 13:25:49.036940  7024 consensus_queue.cc:1048] T 02f4cc4e707d48839a9dac8131831472 P 00ec9a3cf84c43b899bbad5798198087 [LEADER]: Connected to new peer: Peer: permanent_uuid: "b4aef2d924334b13ac89d15d81e837e2" member_type: VOTER last_known_addr { host: "127.1.233.6" port: 44299 } attrs { promote: false }, Status: LMP_MISMATCH, Last received: 0.0, Next index: 30, Last known committed idx: 29, Time since last communication: 0.000s
I20260601 13:25:49.038938  7024 raft_consensus.cc:2955] T 02f4cc4e707d48839a9dac8131831472 P 00ec9a3cf84c43b899bbad5798198087 [term 1 LEADER]: Committing config change with OpId 1.30: config changed from index 29 to 30, NON_VOTER 5e61c92e505645a699b64d1358ae0c2a (127.1.233.4) added. New config: { opid_index: 30 OBSOLETE_local: false peers { permanent_uuid: "00ec9a3cf84c43b899bbad5798198087" member_type: VOTER last_known_addr { host: "127.1.233.2" port: 45941 } } peers { permanent_uuid: "36363afec7604f8b830ba497336e07df" member_type: VOTER last_known_addr { host: "127.1.233.3" port: 45475 } attrs { replace: true } } peers { permanent_uuid: "b4aef2d924334b13ac89d15d81e837e2" member_type: VOTER last_known_addr { host: "127.1.233.6" port: 44299 } attrs { promote: false } } peers { permanent_uuid: "5e61c92e505645a699b64d1358ae0c2a" member_type: NON_VOTER last_known_addr { host: "127.1.233.4" port: 33885 } attrs { promote: true } } }
I20260601 13:25:49.039178  6514 raft_consensus.cc:2955] T 02f4cc4e707d48839a9dac8131831472 P 36363afec7604f8b830ba497336e07df [term 1 FOLLOWER]: Committing config change with OpId 1.30: config changed from index 29 to 30, NON_VOTER 5e61c92e505645a699b64d1358ae0c2a (127.1.233.4) added. New config: { opid_index: 30 OBSOLETE_local: false peers { permanent_uuid: "00ec9a3cf84c43b899bbad5798198087" member_type: VOTER last_known_addr { host: "127.1.233.2" port: 45941 } } peers { permanent_uuid: "36363afec7604f8b830ba497336e07df" member_type: VOTER last_known_addr { host: "127.1.233.3" port: 45475 } attrs { replace: true } } peers { permanent_uuid: "b4aef2d924334b13ac89d15d81e837e2" member_type: VOTER last_known_addr { host: "127.1.233.6" port: 44299 } attrs { promote: false } } peers { permanent_uuid: "5e61c92e505645a699b64d1358ae0c2a" member_type: NON_VOTER last_known_addr { host: "127.1.233.4" port: 33885 } attrs { promote: true } } }
I20260601 13:25:49.039223  6912 raft_consensus.cc:2955] T 02f4cc4e707d48839a9dac8131831472 P b4aef2d924334b13ac89d15d81e837e2 [term 1 FOLLOWER]: Committing config change with OpId 1.30: config changed from index 29 to 30, NON_VOTER 5e61c92e505645a699b64d1358ae0c2a (127.1.233.4) added. New config: { opid_index: 30 OBSOLETE_local: false peers { permanent_uuid: "00ec9a3cf84c43b899bbad5798198087" member_type: VOTER last_known_addr { host: "127.1.233.2" port: 45941 } } peers { permanent_uuid: "36363afec7604f8b830ba497336e07df" member_type: VOTER last_known_addr { host: "127.1.233.3" port: 45475 } attrs { replace: true } } peers { permanent_uuid: "b4aef2d924334b13ac89d15d81e837e2" member_type: VOTER last_known_addr { host: "127.1.233.6" port: 44299 } attrs { promote: false } } peers { permanent_uuid: "5e61c92e505645a699b64d1358ae0c2a" member_type: NON_VOTER last_known_addr { host: "127.1.233.4" port: 33885 } attrs { promote: true } } }
I20260601 13:25:49.041303  6264 catalog_manager.cc:5696] T 02f4cc4e707d48839a9dac8131831472 P 00ec9a3cf84c43b899bbad5798198087 reported cstate change: config changed from index 29 to 30, NON_VOTER 5e61c92e505645a699b64d1358ae0c2a (127.1.233.4) added. New cstate: current_term: 1 leader_uuid: "00ec9a3cf84c43b899bbad5798198087" committed_config { opid_index: 30 OBSOLETE_local: false peers { permanent_uuid: "00ec9a3cf84c43b899bbad5798198087" member_type: VOTER last_known_addr { host: "127.1.233.2" port: 45941 } health_report { overall_health: HEALTHY } } peers { permanent_uuid: "36363afec7604f8b830ba497336e07df" member_type: VOTER last_known_addr { host: "127.1.233.3" port: 45475 } attrs { replace: true } health_report { overall_health: HEALTHY } } peers { permanent_uuid: "b4aef2d924334b13ac89d15d81e837e2" member_type: VOTER last_known_addr { host: "127.1.233.6" port: 44299 } attrs { promote: false } health_report { overall_health: HEALTHY } } peers { permanent_uuid: "5e61c92e505645a699b64d1358ae0c2a" member_type: NON_VOTER last_known_addr { host: "127.1.233.4" port: 33885 } attrs { promote: true } health_report { overall_health: UNKNOWN } } }
W20260601 13:25:49.042657  6410 consensus_peers.cc:597] T 02f4cc4e707d48839a9dac8131831472 P 00ec9a3cf84c43b899bbad5798198087 -> Peer 5e61c92e505645a699b64d1358ae0c2a (127.1.233.4:33885): Couldn't send request to peer 5e61c92e505645a699b64d1358ae0c2a. Error code: TABLET_NOT_FOUND (6). Status: Not found: Tablet not found: 02f4cc4e707d48839a9dac8131831472. This is attempt 1: this message will repeat every 5th retry.
I20260601 13:25:49.414477  7074 ts_tablet_manager.cc:933] T 42d699dd6c07471ca757b25028477c1a P 5e61c92e505645a699b64d1358ae0c2a: Initiating tablet copy from peer 36363afec7604f8b830ba497336e07df (127.1.233.3:45475)
I20260601 13:25:49.414870  7074 tablet_copy_client.cc:323] T 42d699dd6c07471ca757b25028477c1a P 5e61c92e505645a699b64d1358ae0c2a: tablet copy: Beginning tablet copy session from remote peer at address 127.1.233.3:45475
I20260601 13:25:49.415303  6529 tablet_copy_service.cc:140] P 36363afec7604f8b830ba497336e07df: Received BeginTabletCopySession request for tablet 42d699dd6c07471ca757b25028477c1a from peer 5e61c92e505645a699b64d1358ae0c2a ({username='slave'} at 127.0.0.1:59124)
I20260601 13:25:49.415416  6529 tablet_copy_service.cc:161] P 36363afec7604f8b830ba497336e07df: Beginning new tablet copy session on tablet 42d699dd6c07471ca757b25028477c1a from peer 5e61c92e505645a699b64d1358ae0c2a at {username='slave'} at 127.0.0.1:59124: session id = 5e61c92e505645a699b64d1358ae0c2a-42d699dd6c07471ca757b25028477c1a
I20260601 13:25:49.416366  6529 tablet_copy_source_session.cc:215] T 42d699dd6c07471ca757b25028477c1a P 36363afec7604f8b830ba497336e07df: Tablet Copy: opened 0 blocks and 1 log segments
I20260601 13:25:49.417148  7074 data_dirs.cc:400] Could only allocate 1 dirs of requested 3 for tablet 42d699dd6c07471ca757b25028477c1a. 1 dirs total, 0 dirs full, 0 dirs failed
I20260601 13:25:49.418854  7074 tablet_copy_client.cc:806] T 42d699dd6c07471ca757b25028477c1a P 5e61c92e505645a699b64d1358ae0c2a: tablet copy: Starting download of 0 data blocks...
I20260601 13:25:49.418987  7074 tablet_copy_client.cc:670] T 42d699dd6c07471ca757b25028477c1a P 5e61c92e505645a699b64d1358ae0c2a: tablet copy: Starting download of 1 WAL segments...
I20260601 13:25:49.420115  7075 tablet_copy_client.cc:1025] T 42d699dd6c07471ca757b25028477c1a P 5e61c92e505645a699b64d1358ae0c2a: tablet copy: Injecting latency into file download: 2000
I20260601 13:25:49.422674  7076 ts_tablet_manager.cc:933] T 02f4cc4e707d48839a9dac8131831472 P 5e61c92e505645a699b64d1358ae0c2a: Initiating tablet copy from peer 00ec9a3cf84c43b899bbad5798198087 (127.1.233.2:45941)
I20260601 13:25:49.422988  7076 tablet_copy_client.cc:323] T 02f4cc4e707d48839a9dac8131831472 P 5e61c92e505645a699b64d1358ae0c2a: tablet copy: Beginning tablet copy session from remote peer at address 127.1.233.2:45941
I20260601 13:25:49.427198  6454 tablet_copy_service.cc:140] P 00ec9a3cf84c43b899bbad5798198087: Received BeginTabletCopySession request for tablet 02f4cc4e707d48839a9dac8131831472 from peer 5e61c92e505645a699b64d1358ae0c2a ({username='slave'} at 127.0.0.1:35286)
I20260601 13:25:49.427316  6454 tablet_copy_service.cc:161] P 00ec9a3cf84c43b899bbad5798198087: Beginning new tablet copy session on tablet 02f4cc4e707d48839a9dac8131831472 from peer 5e61c92e505645a699b64d1358ae0c2a at {username='slave'} at 127.0.0.1:35286: session id = 5e61c92e505645a699b64d1358ae0c2a-02f4cc4e707d48839a9dac8131831472
I20260601 13:25:49.428472  6454 tablet_copy_source_session.cc:215] T 02f4cc4e707d48839a9dac8131831472 P 00ec9a3cf84c43b899bbad5798198087: Tablet Copy: opened 0 blocks and 1 log segments
I20260601 13:25:49.429488  7076 data_dirs.cc:400] Could only allocate 1 dirs of requested 3 for tablet 02f4cc4e707d48839a9dac8131831472. 1 dirs total, 0 dirs full, 0 dirs failed
I20260601 13:25:49.431911  7076 tablet_copy_client.cc:806] T 02f4cc4e707d48839a9dac8131831472 P 5e61c92e505645a699b64d1358ae0c2a: tablet copy: Starting download of 0 data blocks...
