I20260601 13:24:00.023105  2062 raft_consensus.cc:2468] T 00000000000000000000000000000000 P 713bf405208b46d1b4531152206a32c9 [term 0 FOLLOWER]: Leader pre-election vote request: Granting yes vote for candidate a82d97bf942c48f3bf41404b4efad20c in term 0.
I20260601 13:24:00.023274  2103 leader_election.cc:304] T 00000000000000000000000000000000 P a82d97bf942c48f3bf41404b4efad20c [CANDIDATE]: Term 1 pre-election: Election decided. Result: candidate won. Election summary: received 2 responses out of 3 voters: 2 yes votes; 0 no votes. yes voters: 4c99edd8b11144fabb663a234e250752, a82d97bf942c48f3bf41404b4efad20c; no voters: 
I20260601 13:24:00.023517  2161 raft_consensus.cc:2804] T 00000000000000000000000000000000 P a82d97bf942c48f3bf41404b4efad20c [term 0 FOLLOWER]: Leader pre-election won for term 1
I20260601 13:24:00.023602  2161 raft_consensus.cc:493] T 00000000000000000000000000000000 P a82d97bf942c48f3bf41404b4efad20c [term 0 FOLLOWER]: Starting leader election (no leader contacted us within the election timeout)
I20260601 13:24:00.023653  2161 raft_consensus.cc:3060] T 00000000000000000000000000000000 P a82d97bf942c48f3bf41404b4efad20c [term 0 FOLLOWER]: Advancing to term 1
I20260601 13:24:00.024545  2161 raft_consensus.cc:515] T 00000000000000000000000000000000 P a82d97bf942c48f3bf41404b4efad20c [term 1 FOLLOWER]: Starting leader election with config: opid_index: -1 OBSOLETE_local: false peers { permanent_uuid: "4c99edd8b11144fabb663a234e250752" member_type: VOTER last_known_addr { host: "127.1.233.62" port: 34257 } } peers { permanent_uuid: "713bf405208b46d1b4531152206a32c9" member_type: VOTER last_known_addr { host: "127.1.233.61" port: 33719 } } peers { permanent_uuid: "a82d97bf942c48f3bf41404b4efad20c" member_type: VOTER last_known_addr { host: "127.1.233.60" port: 43277 } }
I20260601 13:24:00.024895  2161 leader_election.cc:290] T 00000000000000000000000000000000 P a82d97bf942c48f3bf41404b4efad20c [CANDIDATE]: Term 1 election: Requested vote from peers 4c99edd8b11144fabb663a234e250752 (127.1.233.62:34257), 713bf405208b46d1b4531152206a32c9 (127.1.233.61:33719)
I20260601 13:24:00.025250  2062 tablet_service.cc:1917] Received RequestConsensusVote() RPC: tablet_id: "00000000000000000000000000000000" candidate_uuid: "a82d97bf942c48f3bf41404b4efad20c" candidate_term: 1 candidate_status { last_received { term: 0 index: 0 } } ignore_live_leader: false dest_uuid: "713bf405208b46d1b4531152206a32c9"
I20260601 13:24:00.025250  1996 tablet_service.cc:1917] Received RequestConsensusVote() RPC: tablet_id: "00000000000000000000000000000000" candidate_uuid: "a82d97bf942c48f3bf41404b4efad20c" candidate_term: 1 candidate_status { last_received { term: 0 index: 0 } } ignore_live_leader: false dest_uuid: "4c99edd8b11144fabb663a234e250752"
I20260601 13:24:00.025384  2062 raft_consensus.cc:3060] T 00000000000000000000000000000000 P 713bf405208b46d1b4531152206a32c9 [term 0 FOLLOWER]: Advancing to term 1
I20260601 13:24:00.025409  1996 raft_consensus.cc:3060] T 00000000000000000000000000000000 P 4c99edd8b11144fabb663a234e250752 [term 0 FOLLOWER]: Advancing to term 1
I20260601 13:24:00.026407  1996 raft_consensus.cc:2468] T 00000000000000000000000000000000 P 4c99edd8b11144fabb663a234e250752 [term 1 FOLLOWER]: Leader election vote request: Granting yes vote for candidate a82d97bf942c48f3bf41404b4efad20c in term 1.
I20260601 13:24:00.026407  2062 raft_consensus.cc:2468] T 00000000000000000000000000000000 P 713bf405208b46d1b4531152206a32c9 [term 1 FOLLOWER]: Leader election vote request: Granting yes vote for candidate a82d97bf942c48f3bf41404b4efad20c in term 1.
I20260601 13:24:00.026741  2103 leader_election.cc:304] T 00000000000000000000000000000000 P a82d97bf942c48f3bf41404b4efad20c [CANDIDATE]: Term 1 election: Election decided. Result: candidate won. Election summary: received 2 responses out of 3 voters: 2 yes votes; 0 no votes. yes voters: 4c99edd8b11144fabb663a234e250752, a82d97bf942c48f3bf41404b4efad20c; no voters: 
I20260601 13:24:00.026968  2161 raft_consensus.cc:2804] T 00000000000000000000000000000000 P a82d97bf942c48f3bf41404b4efad20c [term 1 FOLLOWER]: Leader election won for term 1
I20260601 13:24:00.027349  2161 raft_consensus.cc:697] T 00000000000000000000000000000000 P a82d97bf942c48f3bf41404b4efad20c [term 1 LEADER]: Becoming Leader. State: Replica: a82d97bf942c48f3bf41404b4efad20c, State: Running, Role: LEADER
I20260601 13:24:00.027803  2161 consensus_queue.cc:237] T 00000000000000000000000000000000 P a82d97bf942c48f3bf41404b4efad20c [LEADER]: Queue going to LEADER mode. State: All replicated index: 0, Majority replicated index: 0, Committed index: 0, Last appended: 0.0, Last appended by leader: 0, Current term: 1, Majority size: 2, State: 0, Mode: LEADER, active raft config: opid_index: -1 OBSOLETE_local: false peers { permanent_uuid: "4c99edd8b11144fabb663a234e250752" member_type: VOTER last_known_addr { host: "127.1.233.62" port: 34257 } } peers { permanent_uuid: "713bf405208b46d1b4531152206a32c9" member_type: VOTER last_known_addr { host: "127.1.233.61" port: 33719 } } peers { permanent_uuid: "a82d97bf942c48f3bf41404b4efad20c" member_type: VOTER last_known_addr { host: "127.1.233.60" port: 43277 } }
W20260601 13:24:00.028729  1975 tablet.cc:2404] T 00000000000000000000000000000000 P 4c99edd8b11144fabb663a234e250752: Can't schedule compaction. Clean time has not been advanced past its initial value.
I20260601 13:24:00.030220  2440 sys_catalog.cc:455] T 00000000000000000000000000000000 P a82d97bf942c48f3bf41404b4efad20c [sys.catalog]: SysCatalogTable state changed. Reason: New leader a82d97bf942c48f3bf41404b4efad20c. Latest consensus state: current_term: 1 leader_uuid: "a82d97bf942c48f3bf41404b4efad20c" committed_config { opid_index: -1 OBSOLETE_local: false peers { permanent_uuid: "4c99edd8b11144fabb663a234e250752" member_type: VOTER last_known_addr { host: "127.1.233.62" port: 34257 } } peers { permanent_uuid: "713bf405208b46d1b4531152206a32c9" member_type: VOTER last_known_addr { host: "127.1.233.61" port: 33719 } } peers { permanent_uuid: "a82d97bf942c48f3bf41404b4efad20c" member_type: VOTER last_known_addr { host: "127.1.233.60" port: 43277 } } }
I20260601 13:24:00.030361  2440 sys_catalog.cc:458] T 00000000000000000000000000000000 P a82d97bf942c48f3bf41404b4efad20c [sys.catalog]: This master's current role is: LEADER
I20260601 13:24:00.030807  2442 catalog_manager.cc:1510] Loading table and tablet metadata into memory...
I20260601 13:24:00.032256  2442 catalog_manager.cc:1519] Initializing Kudu cluster ID...
I20260601 13:24:00.038760  1996 raft_consensus.cc:1275] T 00000000000000000000000000000000 P 4c99edd8b11144fabb663a234e250752 [term 1 FOLLOWER]: Refusing update from remote peer a82d97bf942c48f3bf41404b4efad20c: Log matching property violated. Preceding OpId in replica: term: 0 index: 0. Preceding OpId from leader: term: 1 index: 2. (index mismatch)
I20260601 13:24:00.038836  2062 raft_consensus.cc:1275] T 00000000000000000000000000000000 P 713bf405208b46d1b4531152206a32c9 [term 1 FOLLOWER]: Refusing update from remote peer a82d97bf942c48f3bf41404b4efad20c: Log matching property violated. Preceding OpId in replica: term: 0 index: 0. Preceding OpId from leader: term: 1 index: 2. (index mismatch)
I20260601 13:24:00.039376  2440 consensus_queue.cc:1048] T 00000000000000000000000000000000 P a82d97bf942c48f3bf41404b4efad20c [LEADER]: Connected to new peer: Peer: permanent_uuid: "713bf405208b46d1b4531152206a32c9" member_type: VOTER last_known_addr { host: "127.1.233.61" port: 33719 }, Status: LMP_MISMATCH, Last received: 0.0, Next index: 1, Last known committed idx: 0, Time since last communication: 0.000s
I20260601 13:24:00.039706  2161 consensus_queue.cc:1048] T 00000000000000000000000000000000 P a82d97bf942c48f3bf41404b4efad20c [LEADER]: Connected to new peer: Peer: permanent_uuid: "4c99edd8b11144fabb663a234e250752" member_type: VOTER last_known_addr { host: "127.1.233.62" port: 34257 }, Status: LMP_MISMATCH, Last received: 0.0, Next index: 1, Last known committed idx: 0, Time since last communication: 0.000s
I20260601 13:24:00.041706  2188 sys_catalog.cc:455] T 00000000000000000000000000000000 P 713bf405208b46d1b4531152206a32c9 [sys.catalog]: SysCatalogTable state changed. Reason: New leader a82d97bf942c48f3bf41404b4efad20c. Latest consensus state: current_term: 1 leader_uuid: "a82d97bf942c48f3bf41404b4efad20c" committed_config { opid_index: -1 OBSOLETE_local: false peers { permanent_uuid: "4c99edd8b11144fabb663a234e250752" member_type: VOTER last_known_addr { host: "127.1.233.62" port: 34257 } } peers { permanent_uuid: "713bf405208b46d1b4531152206a32c9" member_type: VOTER last_known_addr { host: "127.1.233.61" port: 33719 } } peers { permanent_uuid: "a82d97bf942c48f3bf41404b4efad20c" member_type: VOTER last_known_addr { host: "127.1.233.60" port: 43277 } } }
I20260601 13:24:00.041749  2175 sys_catalog.cc:455] T 00000000000000000000000000000000 P 4c99edd8b11144fabb663a234e250752 [sys.catalog]: SysCatalogTable state changed. Reason: New leader a82d97bf942c48f3bf41404b4efad20c. Latest consensus state: current_term: 1 leader_uuid: "a82d97bf942c48f3bf41404b4efad20c" committed_config { opid_index: -1 OBSOLETE_local: false peers { permanent_uuid: "4c99edd8b11144fabb663a234e250752" member_type: VOTER last_known_addr { host: "127.1.233.62" port: 34257 } } peers { permanent_uuid: "713bf405208b46d1b4531152206a32c9" member_type: VOTER last_known_addr { host: "127.1.233.61" port: 33719 } } peers { permanent_uuid: "a82d97bf942c48f3bf41404b4efad20c" member_type: VOTER last_known_addr { host: "127.1.233.60" port: 43277 } } }
I20260601 13:24:00.041877  2175 sys_catalog.cc:458] T 00000000000000000000000000000000 P 4c99edd8b11144fabb663a234e250752 [sys.catalog]: This master's current role is: FOLLOWER
I20260601 13:24:00.041828  2188 sys_catalog.cc:458] T 00000000000000000000000000000000 P 713bf405208b46d1b4531152206a32c9 [sys.catalog]: This master's current role is: FOLLOWER
I20260601 13:24:00.044335  2161 sys_catalog.cc:455] T 00000000000000000000000000000000 P a82d97bf942c48f3bf41404b4efad20c [sys.catalog]: SysCatalogTable state changed. Reason: Peer health change. Latest consensus state: current_term: 1 leader_uuid: "a82d97bf942c48f3bf41404b4efad20c" committed_config { opid_index: -1 OBSOLETE_local: false peers { permanent_uuid: "4c99edd8b11144fabb663a234e250752" member_type: VOTER last_known_addr { host: "127.1.233.62" port: 34257 } } peers { permanent_uuid: "713bf405208b46d1b4531152206a32c9" member_type: VOTER last_known_addr { host: "127.1.233.61" port: 33719 } } peers { permanent_uuid: "a82d97bf942c48f3bf41404b4efad20c" member_type: VOTER last_known_addr { host: "127.1.233.60" port: 43277 } } }
I20260601 13:24:00.044397  2440 sys_catalog.cc:455] T 00000000000000000000000000000000 P a82d97bf942c48f3bf41404b4efad20c [sys.catalog]: SysCatalogTable state changed. Reason: Peer health change. Latest consensus state: current_term: 1 leader_uuid: "a82d97bf942c48f3bf41404b4efad20c" committed_config { opid_index: -1 OBSOLETE_local: false peers { permanent_uuid: "4c99edd8b11144fabb663a234e250752" member_type: VOTER last_known_addr { host: "127.1.233.62" port: 34257 } } peers { permanent_uuid: "713bf405208b46d1b4531152206a32c9" member_type: VOTER last_known_addr { host: "127.1.233.61" port: 33719 } } peers { permanent_uuid: "a82d97bf942c48f3bf41404b4efad20c" member_type: VOTER last_known_addr { host: "127.1.233.60" port: 43277 } } }
I20260601 13:24:00.044509  2440 sys_catalog.cc:458] T 00000000000000000000000000000000 P a82d97bf942c48f3bf41404b4efad20c [sys.catalog]: This master's current role is: LEADER
I20260601 13:24:00.044605  2443 mvcc.cc:204] Tried to move back new op lower bound from 7292191703191502848 to 7292191703158050816. Current Snapshot: MvccSnapshot[applied={T|T < 7292191703191502848}]
I20260601 13:24:00.044461  2161 sys_catalog.cc:458] T 00000000000000000000000000000000 P a82d97bf942c48f3bf41404b4efad20c [sys.catalog]: This master's current role is: LEADER
I20260601 13:24:00.044798  2175 sys_catalog.cc:455] T 00000000000000000000000000000000 P 4c99edd8b11144fabb663a234e250752 [sys.catalog]: SysCatalogTable state changed. Reason: Replicated consensus-only round. Latest consensus state: current_term: 1 leader_uuid: "a82d97bf942c48f3bf41404b4efad20c" committed_config { opid_index: -1 OBSOLETE_local: false peers { permanent_uuid: "4c99edd8b11144fabb663a234e250752" member_type: VOTER last_known_addr { host: "127.1.233.62" port: 34257 } } peers { permanent_uuid: "713bf405208b46d1b4531152206a32c9" member_type: VOTER last_known_addr { host: "127.1.233.61" port: 33719 } } peers { permanent_uuid: "a82d97bf942c48f3bf41404b4efad20c" member_type: VOTER last_known_addr { host: "127.1.233.60" port: 43277 } } }
I20260601 13:24:00.044896  2175 sys_catalog.cc:458] T 00000000000000000000000000000000 P 4c99edd8b11144fabb663a234e250752 [sys.catalog]: This master's current role is: FOLLOWER
I20260601 13:24:00.045989  2188 sys_catalog.cc:455] T 00000000000000000000000000000000 P 713bf405208b46d1b4531152206a32c9 [sys.catalog]: SysCatalogTable state changed. Reason: Replicated consensus-only round. Latest consensus state: current_term: 1 leader_uuid: "a82d97bf942c48f3bf41404b4efad20c" committed_config { opid_index: -1 OBSOLETE_local: false peers { permanent_uuid: "4c99edd8b11144fabb663a234e250752" member_type: VOTER last_known_addr { host: "127.1.233.62" port: 34257 } } peers { permanent_uuid: "713bf405208b46d1b4531152206a32c9" member_type: VOTER last_known_addr { host: "127.1.233.61" port: 33719 } } peers { permanent_uuid: "a82d97bf942c48f3bf41404b4efad20c" member_type: VOTER last_known_addr { host: "127.1.233.60" port: 43277 } } }
I20260601 13:24:00.046103  2188 sys_catalog.cc:458] T 00000000000000000000000000000000 P 713bf405208b46d1b4531152206a32c9 [sys.catalog]: This master's current role is: FOLLOWER
I20260601 13:24:00.047123  2442 catalog_manager.cc:1382] Generated new cluster ID: 89e64954dc1a487e835af4d5b1809269
I20260601 13:24:00.047277  2442 catalog_manager.cc:1530] Initializing Kudu internal certificate authority...
I20260601 13:24:00.062049  2442 catalog_manager.cc:1405] Generated new certificate authority record
I20260601 13:24:00.062976  2442 catalog_manager.cc:1539] Loading token signing keys...
I20260601 13:24:00.073048  2442 catalog_manager.cc:6069] T 00000000000000000000000000000000 P a82d97bf942c48f3bf41404b4efad20c: Generated new TSK 0
I20260601 13:24:00.073868  2442 catalog_manager.cc:1549] Initializing in-progress tserver states...
I20260601 13:24:00.873193  2186 catalog_manager.cc:1294] Loaded cluster ID: 89e64954dc1a487e835af4d5b1809269
I20260601 13:24:00.873284  2186 catalog_manager.cc:1587] T 00000000000000000000000000000000 P 4c99edd8b11144fabb663a234e250752: loading cluster ID for follower catalog manager: success
I20260601 13:24:00.874769  2186 catalog_manager.cc:1609] T 00000000000000000000000000000000 P 4c99edd8b11144fabb663a234e250752: acquiring CA information for follower catalog manager: success
I20260601 13:24:00.875764  2186 catalog_manager.cc:1637] T 00000000000000000000000000000000 P 4c99edd8b11144fabb663a234e250752: importing token verification keys for follower catalog manager: success; most recent TSK sequence number 0
I20260601 13:24:00.883520  2199 catalog_manager.cc:1294] Loaded cluster ID: 89e64954dc1a487e835af4d5b1809269
I20260601 13:24:00.883641  2199 catalog_manager.cc:1587] T 00000000000000000000000000000000 P 713bf405208b46d1b4531152206a32c9: loading cluster ID for follower catalog manager: success
I20260601 13:24:00.884882  2199 catalog_manager.cc:1609] T 00000000000000000000000000000000 P 713bf405208b46d1b4531152206a32c9: acquiring CA information for follower catalog manager: success
I20260601 13:24:00.885444  2199 catalog_manager.cc:1637] T 00000000000000000000000000000000 P 713bf405208b46d1b4531152206a32c9: importing token verification keys for follower catalog manager: success; most recent TSK sequence number 0
I20260601 13:24:00.937741  2119 master_service.cc:502] Signed X509 certificate for tserver {username='slave'} at 127.0.0.1:44258
I20260601 13:24:00.965842  2119 master_service.cc:502] Signed X509 certificate for tserver {username='slave'} at 127.0.0.1:44268
I20260601 13:24:01.007925  2119 master_service.cc:502] Signed X509 certificate for tserver {username='slave'} at 127.0.0.1:44272
I20260601 13:24:01.859109  2171 auto_leader_rebalancer.cc:451] All tables' leader rebalancing finished this round
I20260601 13:24:01.939248  2272 heartbeater.cc:499] Master 127.1.233.60:43277 was elected leader, sending a full tablet report...
I20260601 13:24:01.966785  2352 heartbeater.cc:499] Master 127.1.233.60:43277 was elected leader, sending a full tablet report...
I20260601 13:24:02.008880  2431 heartbeater.cc:499] Master 127.1.233.60:43277 was elected leader, sending a full tablet report...
I20260601 13:24:02.175001  2119 catalog_manager.cc:2282] Servicing CreateTable request from {username='slave'} at 127.0.0.1:44284:
name: "test-workload"
schema {
  columns {
    name: "key"
    type: INT32
    is_key: true
    is_nullable: false
    encoding: AUTO_ENCODING
    compression: DEFAULT_COMPRESSION
    cfile_block_size: 0
    immutable: false
  }
  columns {
    name: "int_val"
    type: INT32
    is_key: false
    is_nullable: false
    encoding: AUTO_ENCODING
    compression: DEFAULT_COMPRESSION
    cfile_block_size: 0
    immutable: false
  }
  columns {
    name: "string_val"
    type: STRING
    is_key: false
    is_nullable: true
    encoding: AUTO_ENCODING
    compression: DEFAULT_COMPRESSION
    cfile_block_size: 0
    immutable: false
  }
}
num_replicas: 1
split_rows_range_bounds {
  rows: "\004\001\000\377\377\377\037\004\001\000\376\377\377?\004\001\000\375\377\377_""\004\001\000\377\377\377\037\004\001\000\376\377\377?\004\001\000\375\377\377_"
  indirect_data: """"
}
partition_schema {
  range_schema {
    columns {
      name: "key"
    }
  }
}
I20260601 13:24:02.191365  2236 tablet_service.cc:1511] Processing CreateTablet for tablet 0f7ec9652519471b8a986af29631428e (DEFAULT_TABLE table=test-workload [id=d51c356c08fb467ba7a95b1c398f1f62]), partition=RANGE (key) PARTITION VALUES < 536870911
I20260601 13:24:02.191370  2234 tablet_service.cc:1511] Processing CreateTablet for tablet aefc18acfa3a4b5f8b462550f5d58d97 (DEFAULT_TABLE table=test-workload [id=d51c356c08fb467ba7a95b1c398f1f62]), partition=RANGE (key) PARTITION 1610612733 <= VALUES
I20260601 13:24:02.191890  2236 data_dirs.cc:400] Could only allocate 1 dirs of requested 3 for tablet 0f7ec9652519471b8a986af29631428e. 1 dirs total, 0 dirs full, 0 dirs failed
I20260601 13:24:02.192029  2234 data_dirs.cc:400] Could only allocate 1 dirs of requested 3 for tablet aefc18acfa3a4b5f8b462550f5d58d97. 1 dirs total, 0 dirs full, 0 dirs failed
I20260601 13:24:02.192339  2309 tablet_service.cc:1511] Processing CreateTablet for tablet 7b792003d1864408a7dfc31602e59f03 (DEFAULT_TABLE table=test-workload [id=d51c356c08fb467ba7a95b1c398f1f62]), partition=RANGE (key) PARTITION 536870911 <= VALUES < 1073741822
I20260601 13:24:02.192570  2309 data_dirs.cc:400] Could only allocate 1 dirs of requested 3 for tablet 7b792003d1864408a7dfc31602e59f03. 1 dirs total, 0 dirs full, 0 dirs failed
I20260601 13:24:02.194530  2481 tablet_bootstrap.cc:492] T 7b792003d1864408a7dfc31602e59f03 P 6d5970354fa0441f96a18367cfc95ad9: Bootstrap starting.
I20260601 13:24:02.194993  2395 tablet_service.cc:1511] Processing CreateTablet for tablet fcc144b96c764ce1a12fd8d0d393f54f (DEFAULT_TABLE table=test-workload [id=d51c356c08fb467ba7a95b1c398f1f62]), partition=RANGE (key) PARTITION 1073741822 <= VALUES < 1610612733
I20260601 13:24:02.195245  2395 data_dirs.cc:400] Could only allocate 1 dirs of requested 3 for tablet fcc144b96c764ce1a12fd8d0d393f54f. 1 dirs total, 0 dirs full, 0 dirs failed
I20260601 13:24:02.195433  2481 tablet_bootstrap.cc:654] T 7b792003d1864408a7dfc31602e59f03 P 6d5970354fa0441f96a18367cfc95ad9: Neither blocks nor log segments found. Creating new log.
I20260601 13:24:02.196034  2480 tablet_bootstrap.cc:492] T 0f7ec9652519471b8a986af29631428e P 0f9d18acd0ea4eba9bba4abf3121d57c: Bootstrap starting.
I20260601 13:24:02.196743  2480 tablet_bootstrap.cc:654] T 0f7ec9652519471b8a986af29631428e P 0f9d18acd0ea4eba9bba4abf3121d57c: Neither blocks nor log segments found. Creating new log.
I20260601 13:24:02.196949  2483 tablet_bootstrap.cc:492] T fcc144b96c764ce1a12fd8d0d393f54f P 1b7e9f46907f47dda05b6eac67c104ee: Bootstrap starting.
I20260601 13:24:02.197533  2481 tablet_bootstrap.cc:492] T 7b792003d1864408a7dfc31602e59f03 P 6d5970354fa0441f96a18367cfc95ad9: No bootstrap required, opened a new log
I20260601 13:24:02.197638  2481 ts_tablet_manager.cc:1403] T 7b792003d1864408a7dfc31602e59f03 P 6d5970354fa0441f96a18367cfc95ad9: Time spent bootstrapping tablet: real 0.003s	user 0.001s	sys 0.000s
I20260601 13:24:02.197664  2480 tablet_bootstrap.cc:492] T 0f7ec9652519471b8a986af29631428e P 0f9d18acd0ea4eba9bba4abf3121d57c: No bootstrap required, opened a new log
I20260601 13:24:02.197739  2480 ts_tablet_manager.cc:1403] T 0f7ec9652519471b8a986af29631428e P 0f9d18acd0ea4eba9bba4abf3121d57c: Time spent bootstrapping tablet: real 0.002s	user 0.001s	sys 0.000s
I20260601 13:24:02.197806  2483 tablet_bootstrap.cc:654] T fcc144b96c764ce1a12fd8d0d393f54f P 1b7e9f46907f47dda05b6eac67c104ee: Neither blocks nor log segments found. Creating new log.
I20260601 13:24:02.198060  2481 raft_consensus.cc:359] T 7b792003d1864408a7dfc31602e59f03 P 6d5970354fa0441f96a18367cfc95ad9 [term 0 FOLLOWER]: Replica starting. Triggering 0 pending ops. Active config: opid_index: -1 OBSOLETE_local: true peers { permanent_uuid: "6d5970354fa0441f96a18367cfc95ad9" member_type: VOTER last_known_addr { host: "127.1.233.2" port: 44829 } }
I20260601 13:24:02.198091  2480 raft_consensus.cc:359] T 0f7ec9652519471b8a986af29631428e P 0f9d18acd0ea4eba9bba4abf3121d57c [term 0 FOLLOWER]: Replica starting. Triggering 0 pending ops. Active config: opid_index: -1 OBSOLETE_local: true peers { permanent_uuid: "0f9d18acd0ea4eba9bba4abf3121d57c" member_type: VOTER last_known_addr { host: "127.1.233.1" port: 38887 } }
I20260601 13:24:02.198156  2481 raft_consensus.cc:385] T 7b792003d1864408a7dfc31602e59f03 P 6d5970354fa0441f96a18367cfc95ad9 [term 0 FOLLOWER]: Consensus starting up: Expiring failure detector timer to make a prompt election more likely
I20260601 13:24:02.198175  2480 raft_consensus.cc:385] T 0f7ec9652519471b8a986af29631428e P 0f9d18acd0ea4eba9bba4abf3121d57c [term 0 FOLLOWER]: Consensus starting up: Expiring failure detector timer to make a prompt election more likely
I20260601 13:24:02.198189  2481 raft_consensus.cc:740] T 7b792003d1864408a7dfc31602e59f03 P 6d5970354fa0441f96a18367cfc95ad9 [term 0 FOLLOWER]: Becoming Follower/Learner. State: Replica: 6d5970354fa0441f96a18367cfc95ad9, State: Initialized, Role: FOLLOWER
I20260601 13:24:02.198212  2480 raft_consensus.cc:740] T 0f7ec9652519471b8a986af29631428e P 0f9d18acd0ea4eba9bba4abf3121d57c [term 0 FOLLOWER]: Becoming Follower/Learner. State: Replica: 0f9d18acd0ea4eba9bba4abf3121d57c, State: Initialized, Role: FOLLOWER
I20260601 13:24:02.198335  2481 consensus_queue.cc:260] T 7b792003d1864408a7dfc31602e59f03 P 6d5970354fa0441f96a18367cfc95ad9 [NON_LEADER]: Queue going to NON_LEADER mode. State: All replicated index: 0, Majority replicated index: 0, Committed index: 0, Last appended: 0.0, Last appended by leader: 0, Current term: 0, Majority size: -1, State: 0, Mode: NON_LEADER, active raft config: opid_index: -1 OBSOLETE_local: true peers { permanent_uuid: "6d5970354fa0441f96a18367cfc95ad9" member_type: VOTER last_known_addr { host: "127.1.233.2" port: 44829 } }
I20260601 13:24:02.198334  2480 consensus_queue.cc:260] T 0f7ec9652519471b8a986af29631428e P 0f9d18acd0ea4eba9bba4abf3121d57c [NON_LEADER]: Queue going to NON_LEADER mode. State: All replicated index: 0, Majority replicated index: 0, Committed index: 0, Last appended: 0.0, Last appended by leader: 0, Current term: 0, Majority size: -1, State: 0, Mode: NON_LEADER, active raft config: opid_index: -1 OBSOLETE_local: true peers { permanent_uuid: "0f9d18acd0ea4eba9bba4abf3121d57c" member_type: VOTER last_known_addr { host: "127.1.233.1" port: 38887 } }
I20260601 13:24:02.198462  2481 raft_consensus.cc:399] T 7b792003d1864408a7dfc31602e59f03 P 6d5970354fa0441f96a18367cfc95ad9 [term 0 FOLLOWER]: Only one voter in the Raft config. Triggering election immediately
I20260601 13:24:02.198473  2480 raft_consensus.cc:399] T 0f7ec9652519471b8a986af29631428e P 0f9d18acd0ea4eba9bba4abf3121d57c [term 0 FOLLOWER]: Only one voter in the Raft config. Triggering election immediately
I20260601 13:24:02.198523  2481 raft_consensus.cc:493] T 7b792003d1864408a7dfc31602e59f03 P 6d5970354fa0441f96a18367cfc95ad9 [term 0 FOLLOWER]: Starting leader election (initial election of a single-replica configuration)
I20260601 13:24:02.198529  2480 raft_consensus.cc:493] T 0f7ec9652519471b8a986af29631428e P 0f9d18acd0ea4eba9bba4abf3121d57c [term 0 FOLLOWER]: Starting leader election (initial election of a single-replica configuration)
I20260601 13:24:02.198601  2481 raft_consensus.cc:3060] T 7b792003d1864408a7dfc31602e59f03 P 6d5970354fa0441f96a18367cfc95ad9 [term 0 FOLLOWER]: Advancing to term 1
I20260601 13:24:02.198621  2480 raft_consensus.cc:3060] T 0f7ec9652519471b8a986af29631428e P 0f9d18acd0ea4eba9bba4abf3121d57c [term 0 FOLLOWER]: Advancing to term 1
I20260601 13:24:02.199324  2480 raft_consensus.cc:515] T 0f7ec9652519471b8a986af29631428e P 0f9d18acd0ea4eba9bba4abf3121d57c [term 1 FOLLOWER]: Starting leader election with config: opid_index: -1 OBSOLETE_local: true peers { permanent_uuid: "0f9d18acd0ea4eba9bba4abf3121d57c" member_type: VOTER last_known_addr { host: "127.1.233.1" port: 38887 } }
I20260601 13:24:02.199362  2481 raft_consensus.cc:515] T 7b792003d1864408a7dfc31602e59f03 P 6d5970354fa0441f96a18367cfc95ad9 [term 1 FOLLOWER]: Starting leader election with config: opid_index: -1 OBSOLETE_local: true peers { permanent_uuid: "6d5970354fa0441f96a18367cfc95ad9" member_type: VOTER last_known_addr { host: "127.1.233.2" port: 44829 } }
I20260601 13:24:02.199427  2483 tablet_bootstrap.cc:492] T fcc144b96c764ce1a12fd8d0d393f54f P 1b7e9f46907f47dda05b6eac67c104ee: No bootstrap required, opened a new log
I20260601 13:24:02.199453  2480 leader_election.cc:304] T 0f7ec9652519471b8a986af29631428e P 0f9d18acd0ea4eba9bba4abf3121d57c [CANDIDATE]: Term 1 election: Election decided. Result: candidate won. Election summary: received 1 responses out of 1 voters: 1 yes votes; 0 no votes. yes voters: 0f9d18acd0ea4eba9bba4abf3121d57c; no voters: 
I20260601 13:24:02.199466  2481 leader_election.cc:304] T 7b792003d1864408a7dfc31602e59f03 P 6d5970354fa0441f96a18367cfc95ad9 [CANDIDATE]: Term 1 election: Election decided. Result: candidate won. Election summary: received 1 responses out of 1 voters: 1 yes votes; 0 no votes. yes voters: 6d5970354fa0441f96a18367cfc95ad9; no voters: 
I20260601 13:24:02.199493  2483 ts_tablet_manager.cc:1403] T fcc144b96c764ce1a12fd8d0d393f54f P 1b7e9f46907f47dda05b6eac67c104ee: Time spent bootstrapping tablet: real 0.003s	user 0.001s	sys 0.000s
I20260601 13:24:02.199654  2480 leader_election.cc:290] T 0f7ec9652519471b8a986af29631428e P 0f9d18acd0ea4eba9bba4abf3121d57c [CANDIDATE]: Term 1 election: Requested vote from peers 
I20260601 13:24:02.199663  2481 leader_election.cc:290] T 7b792003d1864408a7dfc31602e59f03 P 6d5970354fa0441f96a18367cfc95ad9 [CANDIDATE]: Term 1 election: Requested vote from peers 
I20260601 13:24:02.199785  2486 raft_consensus.cc:2804] T 0f7ec9652519471b8a986af29631428e P 0f9d18acd0ea4eba9bba4abf3121d57c [term 1 FOLLOWER]: Leader election won for term 1
I20260601 13:24:02.199975  2486 raft_consensus.cc:697] T 0f7ec9652519471b8a986af29631428e P 0f9d18acd0ea4eba9bba4abf3121d57c [term 1 LEADER]: Becoming Leader. State: Replica: 0f9d18acd0ea4eba9bba4abf3121d57c, State: Running, Role: LEADER
I20260601 13:24:02.200011  2481 ts_tablet_manager.cc:1434] T 7b792003d1864408a7dfc31602e59f03 P 6d5970354fa0441f96a18367cfc95ad9: Time spent starting tablet: real 0.002s	user 0.001s	sys 0.002s
I20260601 13:24:02.200006  2483 raft_consensus.cc:359] T fcc144b96c764ce1a12fd8d0d393f54f P 1b7e9f46907f47dda05b6eac67c104ee [term 0 FOLLOWER]: Replica starting. Triggering 0 pending ops. Active config: opid_index: -1 OBSOLETE_local: true peers { permanent_uuid: "1b7e9f46907f47dda05b6eac67c104ee" member_type: VOTER last_known_addr { host: "127.1.233.3" port: 40041 } }
I20260601 13:24:02.200030  2480 ts_tablet_manager.cc:1434] T 0f7ec9652519471b8a986af29631428e P 0f9d18acd0ea4eba9bba4abf3121d57c: Time spent starting tablet: real 0.002s	user 0.002s	sys 0.000s
I20260601 13:24:02.200131  2483 raft_consensus.cc:385] T fcc144b96c764ce1a12fd8d0d393f54f P 1b7e9f46907f47dda05b6eac67c104ee [term 0 FOLLOWER]: Consensus starting up: Expiring failure detector timer to make a prompt election more likely
I20260601 13:24:02.200201  2483 raft_consensus.cc:740] T fcc144b96c764ce1a12fd8d0d393f54f P 1b7e9f46907f47dda05b6eac67c104ee [term 0 FOLLOWER]: Becoming Follower/Learner. State: Replica: 1b7e9f46907f47dda05b6eac67c104ee, State: Initialized, Role: FOLLOWER
I20260601 13:24:02.200345  2483 consensus_queue.cc:260] T fcc144b96c764ce1a12fd8d0d393f54f P 1b7e9f46907f47dda05b6eac67c104ee [NON_LEADER]: Queue going to NON_LEADER mode. State: All replicated index: 0, Majority replicated index: 0, Committed index: 0, Last appended: 0.0, Last appended by leader: 0, Current term: 0, Majority size: -1, State: 0, Mode: NON_LEADER, active raft config: opid_index: -1 OBSOLETE_local: true peers { permanent_uuid: "1b7e9f46907f47dda05b6eac67c104ee" member_type: VOTER last_known_addr { host: "127.1.233.3" port: 40041 } }
I20260601 13:24:02.200425  2483 raft_consensus.cc:399] T fcc144b96c764ce1a12fd8d0d393f54f P 1b7e9f46907f47dda05b6eac67c104ee [term 0 FOLLOWER]: Only one voter in the Raft config. Triggering election immediately
I20260601 13:24:02.200455  2483 raft_consensus.cc:493] T fcc144b96c764ce1a12fd8d0d393f54f P 1b7e9f46907f47dda05b6eac67c104ee [term 0 FOLLOWER]: Starting leader election (initial election of a single-replica configuration)
I20260601 13:24:02.200488  2483 raft_consensus.cc:3060] T fcc144b96c764ce1a12fd8d0d393f54f P 1b7e9f46907f47dda05b6eac67c104ee [term 0 FOLLOWER]: Advancing to term 1
I20260601 13:24:02.200574  2486 consensus_queue.cc:237] T 0f7ec9652519471b8a986af29631428e P 0f9d18acd0ea4eba9bba4abf3121d57c [LEADER]: Queue going to LEADER mode. State: All replicated index: 0, Majority replicated index: 0, Committed index: 0, Last appended: 0.0, Last appended by leader: 0, Current term: 1, Majority size: 1, State: 0, Mode: LEADER, active raft config: opid_index: -1 OBSOLETE_local: true peers { permanent_uuid: "0f9d18acd0ea4eba9bba4abf3121d57c" member_type: VOTER last_known_addr { host: "127.1.233.1" port: 38887 } }
I20260601 13:24:02.200636  2480 tablet_bootstrap.cc:492] T aefc18acfa3a4b5f8b462550f5d58d97 P 0f9d18acd0ea4eba9bba4abf3121d57c: Bootstrap starting.
I20260601 13:24:02.201264  2483 raft_consensus.cc:515] T fcc144b96c764ce1a12fd8d0d393f54f P 1b7e9f46907f47dda05b6eac67c104ee [term 1 FOLLOWER]: Starting leader election with config: opid_index: -1 OBSOLETE_local: true peers { permanent_uuid: "1b7e9f46907f47dda05b6eac67c104ee" member_type: VOTER last_known_addr { host: "127.1.233.3" port: 40041 } }
I20260601 13:24:02.201377  2483 leader_election.cc:304] T fcc144b96c764ce1a12fd8d0d393f54f P 1b7e9f46907f47dda05b6eac67c104ee [CANDIDATE]: Term 1 election: Election decided. Result: candidate won. Election summary: received 1 responses out of 1 voters: 1 yes votes; 0 no votes. yes voters: 1b7e9f46907f47dda05b6eac67c104ee; no voters: 
I20260601 13:24:02.201503  2480 tablet_bootstrap.cc:654] T aefc18acfa3a4b5f8b462550f5d58d97 P 0f9d18acd0ea4eba9bba4abf3121d57c: Neither blocks nor log segments found. Creating new log.
I20260601 13:24:02.201545  2483 leader_election.cc:290] T fcc144b96c764ce1a12fd8d0d393f54f P 1b7e9f46907f47dda05b6eac67c104ee [CANDIDATE]: Term 1 election: Requested vote from peers 
I20260601 13:24:02.201789  2483 ts_tablet_manager.cc:1434] T fcc144b96c764ce1a12fd8d0d393f54f P 1b7e9f46907f47dda05b6eac67c104ee: Time spent starting tablet: real 0.002s	user 0.003s	sys 0.000s
I20260601 13:24:02.202508  2119 catalog_manager.cc:5696] T 0f7ec9652519471b8a986af29631428e P 0f9d18acd0ea4eba9bba4abf3121d57c reported cstate change: term changed from 0 to 1, leader changed from <none> to 0f9d18acd0ea4eba9bba4abf3121d57c (127.1.233.1). New cstate: current_term: 1 leader_uuid: "0f9d18acd0ea4eba9bba4abf3121d57c" committed_config { opid_index: -1 OBSOLETE_local: true peers { permanent_uuid: "0f9d18acd0ea4eba9bba4abf3121d57c" member_type: VOTER last_known_addr { host: "127.1.233.1" port: 38887 } health_report { overall_health: HEALTHY } } }
I20260601 13:24:02.204430  2487 raft_consensus.cc:2804] T 7b792003d1864408a7dfc31602e59f03 P 6d5970354fa0441f96a18367cfc95ad9 [term 1 FOLLOWER]: Leader election won for term 1
I20260601 13:24:02.204622  2487 raft_consensus.cc:697] T 7b792003d1864408a7dfc31602e59f03 P 6d5970354fa0441f96a18367cfc95ad9 [term 1 LEADER]: Becoming Leader. State: Replica: 6d5970354fa0441f96a18367cfc95ad9, State: Running, Role: LEADER
I20260601 13:24:02.205837  2487 consensus_queue.cc:237] T 7b792003d1864408a7dfc31602e59f03 P 6d5970354fa0441f96a18367cfc95ad9 [LEADER]: Queue going to LEADER mode. State: All replicated index: 0, Majority replicated index: 0, Committed index: 0, Last appended: 0.0, Last appended by leader: 0, Current term: 1, Majority size: 1, State: 0, Mode: LEADER, active raft config: opid_index: -1 OBSOLETE_local: true peers { permanent_uuid: "6d5970354fa0441f96a18367cfc95ad9" member_type: VOTER last_known_addr { host: "127.1.233.2" port: 44829 } }
I20260601 13:24:02.208031  2492 raft_consensus.cc:2804] T fcc144b96c764ce1a12fd8d0d393f54f P 1b7e9f46907f47dda05b6eac67c104ee [term 1 FOLLOWER]: Leader election won for term 1
I20260601 13:24:02.208202  2492 raft_consensus.cc:697] T fcc144b96c764ce1a12fd8d0d393f54f P 1b7e9f46907f47dda05b6eac67c104ee [term 1 LEADER]: Becoming Leader. State: Replica: 1b7e9f46907f47dda05b6eac67c104ee, State: Running, Role: LEADER
I20260601 13:24:02.208323  2492 consensus_queue.cc:237] T fcc144b96c764ce1a12fd8d0d393f54f P 1b7e9f46907f47dda05b6eac67c104ee [LEADER]: Queue going to LEADER mode. State: All replicated index: 0, Majority replicated index: 0, Committed index: 0, Last appended: 0.0, Last appended by leader: 0, Current term: 1, Majority size: 1, State: 0, Mode: LEADER, active raft config: opid_index: -1 OBSOLETE_local: true peers { permanent_uuid: "1b7e9f46907f47dda05b6eac67c104ee" member_type: VOTER last_known_addr { host: "127.1.233.3" port: 40041 } }
I20260601 13:24:02.209064  2118 catalog_manager.cc:5696] T 7b792003d1864408a7dfc31602e59f03 P 6d5970354fa0441f96a18367cfc95ad9 reported cstate change: term changed from 0 to 1, leader changed from <none> to 6d5970354fa0441f96a18367cfc95ad9 (127.1.233.2). New cstate: current_term: 1 leader_uuid: "6d5970354fa0441f96a18367cfc95ad9" committed_config { opid_index: -1 OBSOLETE_local: true peers { permanent_uuid: "6d5970354fa0441f96a18367cfc95ad9" member_type: VOTER last_known_addr { host: "127.1.233.2" port: 44829 } health_report { overall_health: HEALTHY } } }
I20260601 13:24:02.210891  2117 catalog_manager.cc:5696] T fcc144b96c764ce1a12fd8d0d393f54f P 1b7e9f46907f47dda05b6eac67c104ee reported cstate change: term changed from 0 to 1, leader changed from <none> to 1b7e9f46907f47dda05b6eac67c104ee (127.1.233.3). New cstate: current_term: 1 leader_uuid: "1b7e9f46907f47dda05b6eac67c104ee" committed_config { opid_index: -1 OBSOLETE_local: true peers { permanent_uuid: "1b7e9f46907f47dda05b6eac67c104ee" member_type: VOTER last_known_addr { host: "127.1.233.3" port: 40041 } health_report { overall_health: HEALTHY } } }
I20260601 13:24:02.236126  2480 tablet_bootstrap.cc:492] T aefc18acfa3a4b5f8b462550f5d58d97 P 0f9d18acd0ea4eba9bba4abf3121d57c: No bootstrap required, opened a new log
I20260601 13:24:02.236276  2480 ts_tablet_manager.cc:1403] T aefc18acfa3a4b5f8b462550f5d58d97 P 0f9d18acd0ea4eba9bba4abf3121d57c: Time spent bootstrapping tablet: real 0.036s	user 0.001s	sys 0.000s
I20260601 13:24:02.236778  2480 raft_consensus.cc:359] T aefc18acfa3a4b5f8b462550f5d58d97 P 0f9d18acd0ea4eba9bba4abf3121d57c [term 0 FOLLOWER]: Replica starting. Triggering 0 pending ops. Active config: opid_index: -1 OBSOLETE_local: true peers { permanent_uuid: "0f9d18acd0ea4eba9bba4abf3121d57c" member_type: VOTER last_known_addr { host: "127.1.233.1" port: 38887 } }
I20260601 13:24:02.236882  2480 raft_consensus.cc:385] T aefc18acfa3a4b5f8b462550f5d58d97 P 0f9d18acd0ea4eba9bba4abf3121d57c [term 0 FOLLOWER]: Consensus starting up: Expiring failure detector timer to make a prompt election more likely
I20260601 13:24:02.236913  2480 raft_consensus.cc:740] T aefc18acfa3a4b5f8b462550f5d58d97 P 0f9d18acd0ea4eba9bba4abf3121d57c [term 0 FOLLOWER]: Becoming Follower/Learner. State: Replica: 0f9d18acd0ea4eba9bba4abf3121d57c, State: Initialized, Role: FOLLOWER
I20260601 13:24:02.237041  2480 consensus_queue.cc:260] T aefc18acfa3a4b5f8b462550f5d58d97 P 0f9d18acd0ea4eba9bba4abf3121d57c [NON_LEADER]: Queue going to NON_LEADER mode. State: All replicated index: 0, Majority replicated index: 0, Committed index: 0, Last appended: 0.0, Last appended by leader: 0, Current term: 0, Majority size: -1, State: 0, Mode: NON_LEADER, active raft config: opid_index: -1 OBSOLETE_local: true peers { permanent_uuid: "0f9d18acd0ea4eba9bba4abf3121d57c" member_type: VOTER last_known_addr { host: "127.1.233.1" port: 38887 } }
I20260601 13:24:02.237107  2480 raft_consensus.cc:399] T aefc18acfa3a4b5f8b462550f5d58d97 P 0f9d18acd0ea4eba9bba4abf3121d57c [term 0 FOLLOWER]: Only one voter in the Raft config. Triggering election immediately
I20260601 13:24:02.237142  2480 raft_consensus.cc:493] T aefc18acfa3a4b5f8b462550f5d58d97 P 0f9d18acd0ea4eba9bba4abf3121d57c [term 0 FOLLOWER]: Starting leader election (initial election of a single-replica configuration)
I20260601 13:24:02.237190  2480 raft_consensus.cc:3060] T aefc18acfa3a4b5f8b462550f5d58d97 P 0f9d18acd0ea4eba9bba4abf3121d57c [term 0 FOLLOWER]: Advancing to term 1
I20260601 13:24:02.237938  2480 raft_consensus.cc:515] T aefc18acfa3a4b5f8b462550f5d58d97 P 0f9d18acd0ea4eba9bba4abf3121d57c [term 1 FOLLOWER]: Starting leader election with config: opid_index: -1 OBSOLETE_local: true peers { permanent_uuid: "0f9d18acd0ea4eba9bba4abf3121d57c" member_type: VOTER last_known_addr { host: "127.1.233.1" port: 38887 } }
I20260601 13:24:02.238059  2480 leader_election.cc:304] T aefc18acfa3a4b5f8b462550f5d58d97 P 0f9d18acd0ea4eba9bba4abf3121d57c [CANDIDATE]: Term 1 election: Election decided. Result: candidate won. Election summary: received 1 responses out of 1 voters: 1 yes votes; 0 no votes. yes voters: 0f9d18acd0ea4eba9bba4abf3121d57c; no voters: 
I20260601 13:24:02.238152  2480 leader_election.cc:290] T aefc18acfa3a4b5f8b462550f5d58d97 P 0f9d18acd0ea4eba9bba4abf3121d57c [CANDIDATE]: Term 1 election: Requested vote from peers 
I20260601 13:24:02.238212  2486 raft_consensus.cc:2804] T aefc18acfa3a4b5f8b462550f5d58d97 P 0f9d18acd0ea4eba9bba4abf3121d57c [term 1 FOLLOWER]: Leader election won for term 1
I20260601 13:24:02.238325  2486 raft_consensus.cc:697] T aefc18acfa3a4b5f8b462550f5d58d97 P 0f9d18acd0ea4eba9bba4abf3121d57c [term 1 LEADER]: Becoming Leader. State: Replica: 0f9d18acd0ea4eba9bba4abf3121d57c, State: Running, Role: LEADER
I20260601 13:24:02.238394  2480 ts_tablet_manager.cc:1434] T aefc18acfa3a4b5f8b462550f5d58d97 P 0f9d18acd0ea4eba9bba4abf3121d57c: Time spent starting tablet: real 0.002s	user 0.000s	sys 0.000s
I20260601 13:24:02.238440  2486 consensus_queue.cc:237] T aefc18acfa3a4b5f8b462550f5d58d97 P 0f9d18acd0ea4eba9bba4abf3121d57c [LEADER]: Queue going to LEADER mode. State: All replicated index: 0, Majority replicated index: 0, Committed index: 0, Last appended: 0.0, Last appended by leader: 0, Current term: 1, Majority size: 1, State: 0, Mode: LEADER, active raft config: opid_index: -1 OBSOLETE_local: true peers { permanent_uuid: "0f9d18acd0ea4eba9bba4abf3121d57c" member_type: VOTER last_known_addr { host: "127.1.233.1" port: 38887 } }
I20260601 13:24:02.239771  2117 catalog_manager.cc:5696] T aefc18acfa3a4b5f8b462550f5d58d97 P 0f9d18acd0ea4eba9bba4abf3121d57c reported cstate change: term changed from 0 to 1, leader changed from <none> to 0f9d18acd0ea4eba9bba4abf3121d57c (127.1.233.1). New cstate: current_term: 1 leader_uuid: "0f9d18acd0ea4eba9bba4abf3121d57c" committed_config { opid_index: -1 OBSOLETE_local: true peers { permanent_uuid: "0f9d18acd0ea4eba9bba4abf3121d57c" member_type: VOTER last_known_addr { host: "127.1.233.1" port: 38887 } health_report { overall_health: HEALTHY } } }
I20260601 13:24:02.252876  1956 tablet_server.cc:179] TabletServer@127.1.233.1:0 shutting down...
I20260601 13:24:02.257514  1956 ts_tablet_manager.cc:1507] Shutting down tablet manager...
I20260601 13:24:02.257858  1956 tablet_replica.cc:333] T aefc18acfa3a4b5f8b462550f5d58d97 P 0f9d18acd0ea4eba9bba4abf3121d57c: stopping tablet replica
I20260601 13:24:02.258109  1956 raft_consensus.cc:2243] T aefc18acfa3a4b5f8b462550f5d58d97 P 0f9d18acd0ea4eba9bba4abf3121d57c [term 1 LEADER]: Raft consensus shutting down.
I20260601 13:24:02.258263  1956 raft_consensus.cc:2272] T aefc18acfa3a4b5f8b462550f5d58d97 P 0f9d18acd0ea4eba9bba4abf3121d57c [term 1 FOLLOWER]: Raft consensus is shut down!
I20260601 13:24:02.259442  1956 tablet_replica.cc:333] T 0f7ec9652519471b8a986af29631428e P 0f9d18acd0ea4eba9bba4abf3121d57c: stopping tablet replica
I20260601 13:24:02.259528  1956 raft_consensus.cc:2243] T 0f7ec9652519471b8a986af29631428e P 0f9d18acd0ea4eba9bba4abf3121d57c [term 1 LEADER]: Raft consensus shutting down.
I20260601 13:24:02.259649  1956 raft_consensus.cc:2272] T 0f7ec9652519471b8a986af29631428e P 0f9d18acd0ea4eba9bba4abf3121d57c [term 1 FOLLOWER]: Raft consensus is shut down!
I20260601 13:24:02.273695  1956 tablet_server.cc:196] TabletServer@127.1.233.1:0 shutdown complete.
I20260601 13:24:02.277558  1956 tablet_server.cc:179] TabletServer@127.1.233.2:0 shutting down...
I20260601 13:24:02.280877  1956 ts_tablet_manager.cc:1507] Shutting down tablet manager...
I20260601 13:24:02.281124  1956 tablet_replica.cc:333] T 7b792003d1864408a7dfc31602e59f03 P 6d5970354fa0441f96a18367cfc95ad9: stopping tablet replica
I20260601 13:24:02.281270  1956 raft_consensus.cc:2243] T 7b792003d1864408a7dfc31602e59f03 P 6d5970354fa0441f96a18367cfc95ad9 [term 1 LEADER]: Raft consensus shutting down.
I20260601 13:24:02.281399  1956 raft_consensus.cc:2272] T 7b792003d1864408a7dfc31602e59f03 P 6d5970354fa0441f96a18367cfc95ad9 [term 1 FOLLOWER]: Raft consensus is shut down!
I20260601 13:24:02.294236  1956 tablet_server.cc:196] TabletServer@127.1.233.2:0 shutdown complete.
I20260601 13:24:02.296128  1956 tablet_server.cc:179] TabletServer@127.1.233.3:0 shutting down...
I20260601 13:24:02.299470  1956 ts_tablet_manager.cc:1507] Shutting down tablet manager...
I20260601 13:24:02.299787  1956 tablet_replica.cc:333] T fcc144b96c764ce1a12fd8d0d393f54f P 1b7e9f46907f47dda05b6eac67c104ee: stopping tablet replica
I20260601 13:24:02.299887  1956 raft_consensus.cc:2243] T fcc144b96c764ce1a12fd8d0d393f54f P 1b7e9f46907f47dda05b6eac67c104ee [term 1 LEADER]: Raft consensus shutting down.
I20260601 13:24:02.299985  1956 raft_consensus.cc:2272] T fcc144b96c764ce1a12fd8d0d393f54f P 1b7e9f46907f47dda05b6eac67c104ee [term 1 FOLLOWER]: Raft consensus is shut down!
I20260601 13:24:02.313269  1956 tablet_server.cc:196] TabletServer@127.1.233.3:0 shutdown complete.
I20260601 13:24:02.315102  1956 master.cc:562] Master@127.1.233.62:34257 shutting down...
I20260601 13:24:02.318378  1956 raft_consensus.cc:2243] T 00000000000000000000000000000000 P 4c99edd8b11144fabb663a234e250752 [term 1 FOLLOWER]: Raft consensus shutting down.
I20260601 13:24:02.318531  1956 raft_consensus.cc:2272] T 00000000000000000000000000000000 P 4c99edd8b11144fabb663a234e250752 [term 1 FOLLOWER]: Raft consensus is shut down!
I20260601 13:24:02.318614  1956 tablet_replica.cc:333] T 00000000000000000000000000000000 P 4c99edd8b11144fabb663a234e250752: stopping tablet replica
I20260601 13:24:02.331959  1956 master.cc:584] Master@127.1.233.62:34257 shutdown complete.
I20260601 13:24:02.334501  1956 master.cc:562] Master@127.1.233.61:33719 shutting down...
I20260601 13:24:02.337651  1956 raft_consensus.cc:2243] T 00000000000000000000000000000000 P 713bf405208b46d1b4531152206a32c9 [term 1 FOLLOWER]: Raft consensus shutting down.
I20260601 13:24:02.337949  1956 raft_consensus.cc:2272] T 00000000000000000000000000000000 P 713bf405208b46d1b4531152206a32c9 [term 1 FOLLOWER]: Raft consensus is shut down!
I20260601 13:24:02.338050  1956 tablet_replica.cc:333] T 00000000000000000000000000000000 P 713bf405208b46d1b4531152206a32c9: stopping tablet replica
I20260601 13:24:02.351236  1956 master.cc:584] Master@127.1.233.61:33719 shutdown complete.
I20260601 13:24:02.354043  1956 master.cc:562] Master@127.1.233.60:43277 shutting down...
I20260601 13:24:02.357620  1956 raft_consensus.cc:2243] T 00000000000000000000000000000000 P a82d97bf942c48f3bf41404b4efad20c [term 1 LEADER]: Raft consensus shutting down.
I20260601 13:24:02.357928  1956 raft_consensus.cc:2272] T 00000000000000000000000000000000 P a82d97bf942c48f3bf41404b4efad20c [term 1 FOLLOWER]: Raft consensus is shut down!
I20260601 13:24:02.357997  1956 tablet_replica.cc:333] T 00000000000000000000000000000000 P a82d97bf942c48f3bf41404b4efad20c: stopping tablet replica
I20260601 13:24:02.371991  1956 master.cc:584] Master@127.1.233.60:43277 shutdown complete.
[       OK ] AutoRebalancerTest.OnlyLeaderDoesAutoRebalancing (2637 ms)
[ RUN      ] AutoRebalancerTest.AutoRebalancingTurnOffAndOn
I20260601 13:24:02.379392  1956 internal_mini_cluster.cc:156] Creating distributed mini masters. Addrs: 127.1.233.62:45845
I20260601 13:24:02.379771  1956 file_cache.cc:492] Constructed file cache file cache with capacity 419430
W20260601 13:24:02.381702  2506 instance_detector.cc:116] could not retrieve OpenStack instance metadata: Network error: curl error: HTTP response code said error: The requested URL returned error: 404
W20260601 13:24:02.381702  2504 instance_detector.cc:116] could not retrieve Azure instance metadata: Network error: curl error: HTTP response code said error: The requested URL returned error: 404
I20260601 13:24:02.381879  1956 server_base.cc:1061] running on GCE node
W20260601 13:24:02.381767  2503 instance_detector.cc:116] could not retrieve AWS instance metadata: Network error: curl error: HTTP response code said error: The requested URL returned error: 404
I20260601 13:24:02.382097  1956 hybrid_clock.cc:584] initializing the hybrid clock with 'system_unsync' time source
W20260601 13:24:02.382143  1956 system_unsync_time.cc:38] NTP support is disabled. Clock error bounds will not be accurate. This configuration is not suitable for distributed clusters.
I20260601 13:24:02.382156  1956 hybrid_clock.cc:648] HybridClock initialized: now 1780320242382156 us; error 0 us; skew 500 ppm
I20260601 13:24:02.382941  1956 webserver.cc:533] Webserver started at http://127.1.233.62:38767/ using document root <none> and password file <none>
I20260601 13:24:02.383085  1956 fs_manager.cc:362] Metadata directory not provided
I20260601 13:24:02.383137  1956 fs_manager.cc:368] Using write-ahead log directory (fs_wal_dir) as metadata directory
I20260601 13:24:02.383191  1956 server_base.cc:909] This appears to be a new deployment of Kudu; creating new FS layout
I20260601 13:24:02.383539  1956 fs_manager.cc:1068] Generated new instance metadata in path /tmp/dist-test-taskg3juKL/test-tmp/auto_rebalancer-test.0.AutoRebalancerTest.AutoRebalancingTurnOffAndOn.1780320239732542-1956-0/minicluster-data/master-0-root/instance:
uuid: "2e2a72716d0449c0b30ea5cb9579c173"
format_stamp: "Formatted at 2026-06-01 13:24:02 on dist-test-slave-jklv"
I20260601 13:24:02.385092  1956 fs_manager.cc:696] Time spent creating directory manager: real 0.001s	user 0.001s	sys 0.000s
I20260601 13:24:02.385948  2511 log_block_manager.cc:4031] Time spent loading block containers with low live blocks: real 0.000s	user 0.000s	sys 0.000s
I20260601 13:24:02.386214  1956 fs_manager.cc:730] Time spent opening block manager: real 0.001s	user 0.001s	sys 0.000s
I20260601 13:24:02.386281  1956 fs_manager.cc:647] Opened local filesystem: /tmp/dist-test-taskg3juKL/test-tmp/auto_rebalancer-test.0.AutoRebalancerTest.AutoRebalancingTurnOffAndOn.1780320239732542-1956-0/minicluster-data/master-0-root
uuid: "2e2a72716d0449c0b30ea5cb9579c173"
format_stamp: "Formatted at 2026-06-01 13:24:02 on dist-test-slave-jklv"
I20260601 13:24:02.386340  1956 fs_report.cc:389] FS layout report
--------------------
wal directory: /tmp/dist-test-taskg3juKL/test-tmp/auto_rebalancer-test.0.AutoRebalancerTest.AutoRebalancingTurnOffAndOn.1780320239732542-1956-0/minicluster-data/master-0-root
metadata directory: /tmp/dist-test-taskg3juKL/test-tmp/auto_rebalancer-test.0.AutoRebalancerTest.AutoRebalancingTurnOffAndOn.1780320239732542-1956-0/minicluster-data/master-0-root
1 data directories: /tmp/dist-test-taskg3juKL/test-tmp/auto_rebalancer-test.0.AutoRebalancerTest.AutoRebalancingTurnOffAndOn.1780320239732542-1956-0/minicluster-data/master-0-root/data
Total live blocks: 0
Total live bytes: 0
Total live bytes (after alignment): 0
Total number of LBM containers: 0 (0 full)
Did not check for missing blocks
Did not check for orphaned blocks
Total full LBM containers with extra space: 0 (0 repaired)
Total full LBM container extra space in bytes: 0 (0 repaired)
Total incomplete LBM containers: 0 (0 repaired)
Total LBM partial records: 0 (0 repaired)
Total corrupted LBM metadata records in RocksDB: 0 (0 repaired)
I20260601 13:24:02.400303  1956 rpc_server.cc:225] running with OpenSSL 1.1.1  11 Sep 2018
