I20260601 13:24:09.819598 28532 log_block_manager.cc:4031] Time spent loading block containers with low live blocks: real 0.000s	user 0.000s	sys 0.000s
I20260601 13:24:09.819875 27338 fs_manager.cc:730] Time spent opening block manager: real 0.001s	user 0.001s	sys 0.000s
I20260601 13:24:09.819967 27338 fs_manager.cc:647] Opened local filesystem: /tmp/dist-test-taskEMZUyA/test-tmp/auto_rebalancer-test.0.AutoRebalancerTest.NextLeaderResumesAutoRebalancing.1780320239665904-27338-0/minicluster-data/master-2-root
uuid: "f738a5c09aa146beba1c6ee67e675d7e"
format_stamp: "Formatted at 2026-06-01 13:24:09 on dist-test-slave-vv33"
I20260601 13:24:09.820031 27338 fs_report.cc:389] FS layout report
--------------------
wal directory: /tmp/dist-test-taskEMZUyA/test-tmp/auto_rebalancer-test.0.AutoRebalancerTest.NextLeaderResumesAutoRebalancing.1780320239665904-27338-0/minicluster-data/master-2-root
metadata directory: /tmp/dist-test-taskEMZUyA/test-tmp/auto_rebalancer-test.0.AutoRebalancerTest.NextLeaderResumesAutoRebalancing.1780320239665904-27338-0/minicluster-data/master-2-root
1 data directories: /tmp/dist-test-taskEMZUyA/test-tmp/auto_rebalancer-test.0.AutoRebalancerTest.NextLeaderResumesAutoRebalancing.1780320239665904-27338-0/minicluster-data/master-2-root/data
Total live blocks: 0
Total live bytes: 0
Total live bytes (after alignment): 0
Total number of LBM containers: 0 (0 full)
Did not check for missing blocks
Did not check for orphaned blocks
Total full LBM containers with extra space: 0 (0 repaired)
Total full LBM container extra space in bytes: 0 (0 repaired)
Total incomplete LBM containers: 0 (0 repaired)
Total LBM partial records: 0 (0 repaired)
Total corrupted LBM metadata records in RocksDB: 0 (0 repaired)
I20260601 13:24:09.822777 28520 sys_catalog.cc:422] member_type: VOTER last_known_addr { host: "127.26.178.188" port: 45405 } has no permanent_uuid. Determining permanent_uuid...
W20260601 13:24:09.824018 28520 consensus_peers.cc:760] Error getting permanent uuid from config peer 127.26.178.188:45405: Network error: Client connection negotiation failed: client connection to 127.26.178.188:45405: connect: Connection refused (error 111)
I20260601 13:24:09.834965 27338 rpc_server.cc:225] running with OpenSSL 1.1.1  11 Sep 2018
I20260601 13:24:09.835366 27338 kserver.cc:163] Server-wide thread pool size limit: 3276
I20260601 13:24:09.838394 28454 consensus_peers.cc:770] Retrying to get permanent uuid for remote peer: member_type: VOTER last_known_addr { host: "127.26.178.189" port: 46021 } attempt: 1
I20260601 13:24:09.839658 27338 rpc_server.cc:307] RPC server started. Bound to: 127.26.178.188:45405
I20260601 13:24:09.839709 28585 acceptor_pool.cc:272] collecting diagnostics on the listening RPC socket 127.26.178.188:45405 every 8 connection(s)
I20260601 13:24:09.840161 27338 internal_mini_cluster.cc:184] Waiting to initialize catalog manager on master 0
I20260601 13:24:09.840634 28586 data_dirs.cc:400] Could only allocate 1 dirs of requested 3 for tablet 00000000000000000000000000000000. 1 dirs total, 0 dirs full, 0 dirs failed
I20260601 13:24:09.842023 28586 sys_catalog.cc:422] member_type: VOTER last_known_addr { host: "127.26.178.190" port: 46699 } has no permanent_uuid. Determining permanent_uuid...
I20260601 13:24:09.842675 28454 sys_catalog.cc:422] member_type: VOTER last_known_addr { host: "127.26.178.188" port: 45405 } has no permanent_uuid. Determining permanent_uuid...
I20260601 13:24:09.846369 28586 sys_catalog.cc:422] member_type: VOTER last_known_addr { host: "127.26.178.189" port: 46021 } has no permanent_uuid. Determining permanent_uuid...
I20260601 13:24:09.848047 28454 tablet_bootstrap.cc:492] T 00000000000000000000000000000000 P 921f9adf7e6441fe8f3b4efa74b98c51: Bootstrap starting.
I20260601 13:24:09.849102 28454 tablet_bootstrap.cc:654] T 00000000000000000000000000000000 P 921f9adf7e6441fe8f3b4efa74b98c51: Neither blocks nor log segments found. Creating new log.
I20260601 13:24:09.850005 28586 sys_catalog.cc:422] member_type: VOTER last_known_addr { host: "127.26.178.188" port: 45405 } has no permanent_uuid. Determining permanent_uuid...
I20260601 13:24:09.850420 28454 tablet_bootstrap.cc:492] T 00000000000000000000000000000000 P 921f9adf7e6441fe8f3b4efa74b98c51: No bootstrap required, opened a new log
I20260601 13:24:09.850940 28454 raft_consensus.cc:359] T 00000000000000000000000000000000 P 921f9adf7e6441fe8f3b4efa74b98c51 [term 0 FOLLOWER]: Replica starting. Triggering 0 pending ops. Active config: opid_index: -1 OBSOLETE_local: false peers { permanent_uuid: "921f9adf7e6441fe8f3b4efa74b98c51" member_type: VOTER last_known_addr { host: "127.26.178.190" port: 46699 } } peers { permanent_uuid: "eabc91db9cb74526b6747e46e610c904" member_type: VOTER last_known_addr { host: "127.26.178.189" port: 46021 } } peers { permanent_uuid: "f738a5c09aa146beba1c6ee67e675d7e" member_type: VOTER last_known_addr { host: "127.26.178.188" port: 45405 } }
I20260601 13:24:09.851046 28454 raft_consensus.cc:385] T 00000000000000000000000000000000 P 921f9adf7e6441fe8f3b4efa74b98c51 [term 0 FOLLOWER]: Consensus starting up: Expiring failure detector timer to make a prompt election more likely
I20260601 13:24:09.851070 28454 raft_consensus.cc:740] T 00000000000000000000000000000000 P 921f9adf7e6441fe8f3b4efa74b98c51 [term 0 FOLLOWER]: Becoming Follower/Learner. State: Replica: 921f9adf7e6441fe8f3b4efa74b98c51, State: Initialized, Role: FOLLOWER
I20260601 13:24:09.851223 28454 consensus_queue.cc:260] T 00000000000000000000000000000000 P 921f9adf7e6441fe8f3b4efa74b98c51 [NON_LEADER]: Queue going to NON_LEADER mode. State: All replicated index: 0, Majority replicated index: 0, Committed index: 0, Last appended: 0.0, Last appended by leader: 0, Current term: 0, Majority size: -1, State: 0, Mode: NON_LEADER, active raft config: opid_index: -1 OBSOLETE_local: false peers { permanent_uuid: "921f9adf7e6441fe8f3b4efa74b98c51" member_type: VOTER last_known_addr { host: "127.26.178.190" port: 46699 } } peers { permanent_uuid: "eabc91db9cb74526b6747e46e610c904" member_type: VOTER last_known_addr { host: "127.26.178.189" port: 46021 } } peers { permanent_uuid: "f738a5c09aa146beba1c6ee67e675d7e" member_type: VOTER last_known_addr { host: "127.26.178.188" port: 45405 } }
I20260601 13:24:09.851492 28591 sys_catalog.cc:455] T 00000000000000000000000000000000 P 921f9adf7e6441fe8f3b4efa74b98c51 [sys.catalog]: SysCatalogTable state changed. Reason: RaftConsensus started. Latest consensus state: current_term: 0 committed_config { opid_index: -1 OBSOLETE_local: false peers { permanent_uuid: "921f9adf7e6441fe8f3b4efa74b98c51" member_type: VOTER last_known_addr { host: "127.26.178.190" port: 46699 } } peers { permanent_uuid: "eabc91db9cb74526b6747e46e610c904" member_type: VOTER last_known_addr { host: "127.26.178.189" port: 46021 } } peers { permanent_uuid: "f738a5c09aa146beba1c6ee67e675d7e" member_type: VOTER last_known_addr { host: "127.26.178.188" port: 45405 } } }
I20260601 13:24:09.851583 28591 sys_catalog.cc:458] T 00000000000000000000000000000000 P 921f9adf7e6441fe8f3b4efa74b98c51 [sys.catalog]: This master's current role is: FOLLOWER
I20260601 13:24:09.851717 28454 sys_catalog.cc:565] T 00000000000000000000000000000000 P 921f9adf7e6441fe8f3b4efa74b98c51 [sys.catalog]: configured and running, proceeding with master startup.
I20260601 13:24:09.853433 27338 internal_mini_cluster.cc:184] Waiting to initialize catalog manager on master 1
W20260601 13:24:09.854081 28602 catalog_manager.cc:1593] T 00000000000000000000000000000000 P 921f9adf7e6441fe8f3b4efa74b98c51: loading cluster ID for follower catalog manager: Not found: cluster ID entry not found
W20260601 13:24:09.854462 28602 catalog_manager.cc:883] Not found: cluster ID entry not found: failed to prepare follower catalog manager, will retry
I20260601 13:24:09.854934 28586 tablet_bootstrap.cc:492] T 00000000000000000000000000000000 P f738a5c09aa146beba1c6ee67e675d7e: Bootstrap starting.
I20260601 13:24:09.855693 28586 tablet_bootstrap.cc:654] T 00000000000000000000000000000000 P f738a5c09aa146beba1c6ee67e675d7e: Neither blocks nor log segments found. Creating new log.
I20260601 13:24:09.856608 28586 tablet_bootstrap.cc:492] T 00000000000000000000000000000000 P f738a5c09aa146beba1c6ee67e675d7e: No bootstrap required, opened a new log
I20260601 13:24:09.856961 28586 raft_consensus.cc:359] T 00000000000000000000000000000000 P f738a5c09aa146beba1c6ee67e675d7e [term 0 FOLLOWER]: Replica starting. Triggering 0 pending ops. Active config: opid_index: -1 OBSOLETE_local: false peers { permanent_uuid: "921f9adf7e6441fe8f3b4efa74b98c51" member_type: VOTER last_known_addr { host: "127.26.178.190" port: 46699 } } peers { permanent_uuid: "eabc91db9cb74526b6747e46e610c904" member_type: VOTER last_known_addr { host: "127.26.178.189" port: 46021 } } peers { permanent_uuid: "f738a5c09aa146beba1c6ee67e675d7e" member_type: VOTER last_known_addr { host: "127.26.178.188" port: 45405 } }
I20260601 13:24:09.857036 28586 raft_consensus.cc:385] T 00000000000000000000000000000000 P f738a5c09aa146beba1c6ee67e675d7e [term 0 FOLLOWER]: Consensus starting up: Expiring failure detector timer to make a prompt election more likely
I20260601 13:24:09.857057 28586 raft_consensus.cc:740] T 00000000000000000000000000000000 P f738a5c09aa146beba1c6ee67e675d7e [term 0 FOLLOWER]: Becoming Follower/Learner. State: Replica: f738a5c09aa146beba1c6ee67e675d7e, State: Initialized, Role: FOLLOWER
I20260601 13:24:09.857185 28586 consensus_queue.cc:260] T 00000000000000000000000000000000 P f738a5c09aa146beba1c6ee67e675d7e [NON_LEADER]: Queue going to NON_LEADER mode. State: All replicated index: 0, Majority replicated index: 0, Committed index: 0, Last appended: 0.0, Last appended by leader: 0, Current term: 0, Majority size: -1, State: 0, Mode: NON_LEADER, active raft config: opid_index: -1 OBSOLETE_local: false peers { permanent_uuid: "921f9adf7e6441fe8f3b4efa74b98c51" member_type: VOTER last_known_addr { host: "127.26.178.190" port: 46699 } } peers { permanent_uuid: "eabc91db9cb74526b6747e46e610c904" member_type: VOTER last_known_addr { host: "127.26.178.189" port: 46021 } } peers { permanent_uuid: "f738a5c09aa146beba1c6ee67e675d7e" member_type: VOTER last_known_addr { host: "127.26.178.188" port: 45405 } }
I20260601 13:24:09.857472 28604 sys_catalog.cc:455] T 00000000000000000000000000000000 P f738a5c09aa146beba1c6ee67e675d7e [sys.catalog]: SysCatalogTable state changed. Reason: RaftConsensus started. Latest consensus state: current_term: 0 committed_config { opid_index: -1 OBSOLETE_local: false peers { permanent_uuid: "921f9adf7e6441fe8f3b4efa74b98c51" member_type: VOTER last_known_addr { host: "127.26.178.190" port: 46699 } } peers { permanent_uuid: "eabc91db9cb74526b6747e46e610c904" member_type: VOTER last_known_addr { host: "127.26.178.189" port: 46021 } } peers { permanent_uuid: "f738a5c09aa146beba1c6ee67e675d7e" member_type: VOTER last_known_addr { host: "127.26.178.188" port: 45405 } } }
I20260601 13:24:09.857563 28604 sys_catalog.cc:458] T 00000000000000000000000000000000 P f738a5c09aa146beba1c6ee67e675d7e [sys.catalog]: This master's current role is: FOLLOWER
I20260601 13:24:09.857661 28586 sys_catalog.cc:565] T 00000000000000000000000000000000 P f738a5c09aa146beba1c6ee67e675d7e [sys.catalog]: configured and running, proceeding with master startup.
W20260601 13:24:09.859489 28615 catalog_manager.cc:1593] T 00000000000000000000000000000000 P f738a5c09aa146beba1c6ee67e675d7e: loading cluster ID for follower catalog manager: Not found: cluster ID entry not found
W20260601 13:24:09.859565 28615 catalog_manager.cc:883] Not found: cluster ID entry not found: failed to prepare follower catalog manager, will retry
I20260601 13:24:09.870245 28520 consensus_peers.cc:770] Retrying to get permanent uuid for remote peer: member_type: VOTER last_known_addr { host: "127.26.178.188" port: 45405 } attempt: 1
I20260601 13:24:09.875036 28520 tablet_bootstrap.cc:492] T 00000000000000000000000000000000 P eabc91db9cb74526b6747e46e610c904: Bootstrap starting.
I20260601 13:24:09.876006 28520 tablet_bootstrap.cc:654] T 00000000000000000000000000000000 P eabc91db9cb74526b6747e46e610c904: Neither blocks nor log segments found. Creating new log.
I20260601 13:24:09.877156 28520 tablet_bootstrap.cc:492] T 00000000000000000000000000000000 P eabc91db9cb74526b6747e46e610c904: No bootstrap required, opened a new log
I20260601 13:24:09.877570 28520 raft_consensus.cc:359] T 00000000000000000000000000000000 P eabc91db9cb74526b6747e46e610c904 [term 0 FOLLOWER]: Replica starting. Triggering 0 pending ops. Active config: opid_index: -1 OBSOLETE_local: false peers { permanent_uuid: "921f9adf7e6441fe8f3b4efa74b98c51" member_type: VOTER last_known_addr { host: "127.26.178.190" port: 46699 } } peers { permanent_uuid: "eabc91db9cb74526b6747e46e610c904" member_type: VOTER last_known_addr { host: "127.26.178.189" port: 46021 } } peers { permanent_uuid: "f738a5c09aa146beba1c6ee67e675d7e" member_type: VOTER last_known_addr { host: "127.26.178.188" port: 45405 } }
I20260601 13:24:09.877655 28520 raft_consensus.cc:385] T 00000000000000000000000000000000 P eabc91db9cb74526b6747e46e610c904 [term 0 FOLLOWER]: Consensus starting up: Expiring failure detector timer to make a prompt election more likely
I20260601 13:24:09.877712 28520 raft_consensus.cc:740] T 00000000000000000000000000000000 P eabc91db9cb74526b6747e46e610c904 [term 0 FOLLOWER]: Becoming Follower/Learner. State: Replica: eabc91db9cb74526b6747e46e610c904, State: Initialized, Role: FOLLOWER
I20260601 13:24:09.877875 28520 consensus_queue.cc:260] T 00000000000000000000000000000000 P eabc91db9cb74526b6747e46e610c904 [NON_LEADER]: Queue going to NON_LEADER mode. State: All replicated index: 0, Majority replicated index: 0, Committed index: 0, Last appended: 0.0, Last appended by leader: 0, Current term: 0, Majority size: -1, State: 0, Mode: NON_LEADER, active raft config: opid_index: -1 OBSOLETE_local: false peers { permanent_uuid: "921f9adf7e6441fe8f3b4efa74b98c51" member_type: VOTER last_known_addr { host: "127.26.178.190" port: 46699 } } peers { permanent_uuid: "eabc91db9cb74526b6747e46e610c904" member_type: VOTER last_known_addr { host: "127.26.178.189" port: 46021 } } peers { permanent_uuid: "f738a5c09aa146beba1c6ee67e675d7e" member_type: VOTER last_known_addr { host: "127.26.178.188" port: 45405 } }
I20260601 13:24:09.878198 28617 sys_catalog.cc:455] T 00000000000000000000000000000000 P eabc91db9cb74526b6747e46e610c904 [sys.catalog]: SysCatalogTable state changed. Reason: RaftConsensus started. Latest consensus state: current_term: 0 committed_config { opid_index: -1 OBSOLETE_local: false peers { permanent_uuid: "921f9adf7e6441fe8f3b4efa74b98c51" member_type: VOTER last_known_addr { host: "127.26.178.190" port: 46699 } } peers { permanent_uuid: "eabc91db9cb74526b6747e46e610c904" member_type: VOTER last_known_addr { host: "127.26.178.189" port: 46021 } } peers { permanent_uuid: "f738a5c09aa146beba1c6ee67e675d7e" member_type: VOTER last_known_addr { host: "127.26.178.188" port: 45405 } } }
I20260601 13:24:09.878298 28617 sys_catalog.cc:458] T 00000000000000000000000000000000 P eabc91db9cb74526b6747e46e610c904 [sys.catalog]: This master's current role is: FOLLOWER
I20260601 13:24:09.878331 28520 sys_catalog.cc:565] T 00000000000000000000000000000000 P eabc91db9cb74526b6747e46e610c904 [sys.catalog]: configured and running, proceeding with master startup.
I20260601 13:24:09.879915 27338 internal_mini_cluster.cc:184] Waiting to initialize catalog manager on master 2
I20260601 13:24:09.880494 27338 file_cache.cc:492] Constructed file cache file cache with capacity 419430
W20260601 13:24:09.880509 28628 catalog_manager.cc:1593] T 00000000000000000000000000000000 P eabc91db9cb74526b6747e46e610c904: loading cluster ID for follower catalog manager: Not found: cluster ID entry not found
W20260601 13:24:09.880641 28628 catalog_manager.cc:883] Not found: cluster ID entry not found: failed to prepare follower catalog manager, will retry
W20260601 13:24:09.882633 28629 instance_detector.cc:116] could not retrieve AWS instance metadata: Network error: curl error: HTTP response code said error: The requested URL returned error: 404
W20260601 13:24:09.882766 28630 instance_detector.cc:116] could not retrieve Azure instance metadata: Network error: curl error: HTTP response code said error: The requested URL returned error: 404
I20260601 13:24:09.882983 27338 server_base.cc:1061] running on GCE node
W20260601 13:24:09.883221 28632 instance_detector.cc:116] could not retrieve OpenStack instance metadata: Network error: curl error: HTTP response code said error: The requested URL returned error: 404
I20260601 13:24:09.883460 27338 hybrid_clock.cc:584] initializing the hybrid clock with 'system_unsync' time source
W20260601 13:24:09.883522 27338 system_unsync_time.cc:38] NTP support is disabled. Clock error bounds will not be accurate. This configuration is not suitable for distributed clusters.
I20260601 13:24:09.883558 27338 hybrid_clock.cc:648] HybridClock initialized: now 1780320249883557 us; error 0 us; skew 500 ppm
I20260601 13:24:09.884549 27338 webserver.cc:533] Webserver started at http://127.26.178.129:33301/ using document root <none> and password file <none>
I20260601 13:24:09.884713 27338 fs_manager.cc:362] Metadata directory not provided
I20260601 13:24:09.884778 27338 fs_manager.cc:368] Using write-ahead log directory (fs_wal_dir) as metadata directory
I20260601 13:24:09.884850 27338 server_base.cc:909] This appears to be a new deployment of Kudu; creating new FS layout
I20260601 13:24:09.885186 27338 fs_manager.cc:1068] Generated new instance metadata in path /tmp/dist-test-taskEMZUyA/test-tmp/auto_rebalancer-test.0.AutoRebalancerTest.NextLeaderResumesAutoRebalancing.1780320239665904-27338-0/minicluster-data/ts-0-root/instance:
uuid: "d50b4db010584d0ea54ddd23cbc928a5"
format_stamp: "Formatted at 2026-06-01 13:24:09 on dist-test-slave-vv33"
I20260601 13:24:09.886576 27338 fs_manager.cc:696] Time spent creating directory manager: real 0.001s	user 0.000s	sys 0.002s
I20260601 13:24:09.887506 28637 log_block_manager.cc:4031] Time spent loading block containers with low live blocks: real 0.000s	user 0.000s	sys 0.000s
I20260601 13:24:09.887758 27338 fs_manager.cc:730] Time spent opening block manager: real 0.001s	user 0.000s	sys 0.001s
I20260601 13:24:09.887836 27338 fs_manager.cc:647] Opened local filesystem: /tmp/dist-test-taskEMZUyA/test-tmp/auto_rebalancer-test.0.AutoRebalancerTest.NextLeaderResumesAutoRebalancing.1780320239665904-27338-0/minicluster-data/ts-0-root
uuid: "d50b4db010584d0ea54ddd23cbc928a5"
format_stamp: "Formatted at 2026-06-01 13:24:09 on dist-test-slave-vv33"
I20260601 13:24:09.887916 27338 fs_report.cc:389] FS layout report
--------------------
wal directory: /tmp/dist-test-taskEMZUyA/test-tmp/auto_rebalancer-test.0.AutoRebalancerTest.NextLeaderResumesAutoRebalancing.1780320239665904-27338-0/minicluster-data/ts-0-root
metadata directory: /tmp/dist-test-taskEMZUyA/test-tmp/auto_rebalancer-test.0.AutoRebalancerTest.NextLeaderResumesAutoRebalancing.1780320239665904-27338-0/minicluster-data/ts-0-root
1 data directories: /tmp/dist-test-taskEMZUyA/test-tmp/auto_rebalancer-test.0.AutoRebalancerTest.NextLeaderResumesAutoRebalancing.1780320239665904-27338-0/minicluster-data/ts-0-root/data
Total live blocks: 0
Total live bytes: 0
Total live bytes (after alignment): 0
Total number of LBM containers: 0 (0 full)
Did not check for missing blocks
Did not check for orphaned blocks
Total full LBM containers with extra space: 0 (0 repaired)
Total full LBM container extra space in bytes: 0 (0 repaired)
Total incomplete LBM containers: 0 (0 repaired)
Total LBM partial records: 0 (0 repaired)
Total corrupted LBM metadata records in RocksDB: 0 (0 repaired)
I20260601 13:24:09.902345 27338 rpc_server.cc:225] running with OpenSSL 1.1.1  11 Sep 2018
I20260601 13:24:09.902774 27338 kserver.cc:163] Server-wide thread pool size limit: 3276
I20260601 13:24:09.903151 27338 txn_system_client.cc:432] TxnSystemClient initialization is disabled...
I20260601 13:24:09.903688 27338 ts_tablet_manager.cc:585] Loaded tablet metadata (0 total tablets, 0 live tablets)
I20260601 13:24:09.903762 27338 ts_tablet_manager.cc:531] Time spent load tablet metadata: real 0.000s	user 0.000s	sys 0.000s
I20260601 13:24:09.903821 27338 ts_tablet_manager.cc:616] Registered 0 tablets
I20260601 13:24:09.903857 27338 ts_tablet_manager.cc:595] Time spent register tablets: real 0.000s	user 0.000s	sys 0.000s
I20260601 13:24:09.908363 27338 rpc_server.cc:307] RPC server started. Bound to: 127.26.178.129:40261
I20260601 13:24:09.908396 28700 acceptor_pool.cc:272] collecting diagnostics on the listening RPC socket 127.26.178.129:40261 every 8 connection(s)
I20260601 13:24:09.909374 27338 file_cache.cc:492] Constructed file cache file cache with capacity 419430
W20260601 13:24:09.912963 28708 instance_detector.cc:116] could not retrieve AWS instance metadata: Network error: curl error: HTTP response code said error: The requested URL returned error: 404
I20260601 13:24:09.913722 28702 heartbeater.cc:344] Connected to a master server at 127.26.178.190:46699
I20260601 13:24:09.913936 28703 heartbeater.cc:344] Connected to a master server at 127.26.178.189:46021
I20260601 13:24:09.914088 28703 heartbeater.cc:461] Registering TS with master...
W20260601 13:24:09.914151 28709 instance_detector.cc:116] could not retrieve Azure instance metadata: Network error: curl error: HTTP response code said error: The requested URL returned error: 404
W20260601 13:24:09.914172 28711 instance_detector.cc:116] could not retrieve OpenStack instance metadata: Network error: curl error: HTTP response code said error: The requested URL returned error: 404
I20260601 13:24:09.914412 28703 heartbeater.cc:507] Master 127.26.178.189:46021 requested a full tablet report, sending...
I20260601 13:24:09.914842 28702 heartbeater.cc:461] Registering TS with master...
I20260601 13:24:09.914913 28701 heartbeater.cc:344] Connected to a master server at 127.26.178.188:45405
I20260601 13:24:09.915015 28701 heartbeater.cc:461] Registering TS with master...
I20260601 13:24:09.915041 28702 heartbeater.cc:507] Master 127.26.178.190:46699 requested a full tablet report, sending...
I20260601 13:24:09.915086 28484 ts_manager.cc:194] Registered new tserver with Master: d50b4db010584d0ea54ddd23cbc928a5 (127.26.178.129:40261)
I20260601 13:24:09.915215 28701 heartbeater.cc:507] Master 127.26.178.188:45405 requested a full tablet report, sending...
I20260601 13:24:09.915325 27338 server_base.cc:1061] running on GCE node
I20260601 13:24:09.915515 27338 hybrid_clock.cc:584] initializing the hybrid clock with 'system_unsync' time source
W20260601 13:24:09.915552 27338 system_unsync_time.cc:38] NTP support is disabled. Clock error bounds will not be accurate. This configuration is not suitable for distributed clusters.
I20260601 13:24:09.915568 27338 hybrid_clock.cc:648] HybridClock initialized: now 1780320249915568 us; error 0 us; skew 500 ppm
I20260601 13:24:09.915832 28418 ts_manager.cc:194] Registered new tserver with Master: d50b4db010584d0ea54ddd23cbc928a5 (127.26.178.129:40261)
I20260601 13:24:09.916136 28550 ts_manager.cc:194] Registered new tserver with Master: d50b4db010584d0ea54ddd23cbc928a5 (127.26.178.129:40261)
I20260601 13:24:09.916528 27338 webserver.cc:533] Webserver started at http://127.26.178.130:34267/ using document root <none> and password file <none>
I20260601 13:24:09.916702 27338 fs_manager.cc:362] Metadata directory not provided
I20260601 13:24:09.916765 27338 fs_manager.cc:368] Using write-ahead log directory (fs_wal_dir) as metadata directory
I20260601 13:24:09.916839 27338 server_base.cc:909] This appears to be a new deployment of Kudu; creating new FS layout
I20260601 13:24:09.917202 27338 fs_manager.cc:1068] Generated new instance metadata in path /tmp/dist-test-taskEMZUyA/test-tmp/auto_rebalancer-test.0.AutoRebalancerTest.NextLeaderResumesAutoRebalancing.1780320239665904-27338-0/minicluster-data/ts-1-root/instance:
uuid: "6371fe0232f948c2b6af1ed0f53c1a62"
format_stamp: "Formatted at 2026-06-01 13:24:09 on dist-test-slave-vv33"
I20260601 13:24:09.918577 27338 fs_manager.cc:696] Time spent creating directory manager: real 0.001s	user 0.002s	sys 0.000s
I20260601 13:24:09.919451 28716 log_block_manager.cc:4031] Time spent loading block containers with low live blocks: real 0.000s	user 0.000s	sys 0.000s
I20260601 13:24:09.919700 27338 fs_manager.cc:730] Time spent opening block manager: real 0.001s	user 0.001s	sys 0.000s
I20260601 13:24:09.919756 27338 fs_manager.cc:647] Opened local filesystem: /tmp/dist-test-taskEMZUyA/test-tmp/auto_rebalancer-test.0.AutoRebalancerTest.NextLeaderResumesAutoRebalancing.1780320239665904-27338-0/minicluster-data/ts-1-root
uuid: "6371fe0232f948c2b6af1ed0f53c1a62"
format_stamp: "Formatted at 2026-06-01 13:24:09 on dist-test-slave-vv33"
I20260601 13:24:09.919836 27338 fs_report.cc:389] FS layout report
--------------------
wal directory: /tmp/dist-test-taskEMZUyA/test-tmp/auto_rebalancer-test.0.AutoRebalancerTest.NextLeaderResumesAutoRebalancing.1780320239665904-27338-0/minicluster-data/ts-1-root
metadata directory: /tmp/dist-test-taskEMZUyA/test-tmp/auto_rebalancer-test.0.AutoRebalancerTest.NextLeaderResumesAutoRebalancing.1780320239665904-27338-0/minicluster-data/ts-1-root
1 data directories: /tmp/dist-test-taskEMZUyA/test-tmp/auto_rebalancer-test.0.AutoRebalancerTest.NextLeaderResumesAutoRebalancing.1780320239665904-27338-0/minicluster-data/ts-1-root/data
Total live blocks: 0
Total live bytes: 0
Total live bytes (after alignment): 0
Total number of LBM containers: 0 (0 full)
Did not check for missing blocks
Did not check for orphaned blocks
Total full LBM containers with extra space: 0 (0 repaired)
Total full LBM container extra space in bytes: 0 (0 repaired)
Total incomplete LBM containers: 0 (0 repaired)
Total LBM partial records: 0 (0 repaired)
Total corrupted LBM metadata records in RocksDB: 0 (0 repaired)
I20260601 13:24:09.930198 27338 rpc_server.cc:225] running with OpenSSL 1.1.1  11 Sep 2018
I20260601 13:24:09.930609 27338 kserver.cc:163] Server-wide thread pool size limit: 3276
I20260601 13:24:09.930912 27338 txn_system_client.cc:432] TxnSystemClient initialization is disabled...
I20260601 13:24:09.931358 27338 ts_tablet_manager.cc:585] Loaded tablet metadata (0 total tablets, 0 live tablets)
I20260601 13:24:09.931394 27338 ts_tablet_manager.cc:531] Time spent load tablet metadata: real 0.000s	user 0.000s	sys 0.000s
I20260601 13:24:09.931456 27338 ts_tablet_manager.cc:616] Registered 0 tablets
I20260601 13:24:09.931493 27338 ts_tablet_manager.cc:595] Time spent register tablets: real 0.000s	user 0.000s	sys 0.000s
I20260601 13:24:09.936175 27338 rpc_server.cc:307] RPC server started. Bound to: 127.26.178.130:45297
I20260601 13:24:09.936228 28779 acceptor_pool.cc:272] collecting diagnostics on the listening RPC socket 127.26.178.130:45297 every 8 connection(s)
I20260601 13:24:09.937163 27338 file_cache.cc:492] Constructed file cache file cache with capacity 419430
W20260601 13:24:09.939555 28788 instance_detector.cc:116] could not retrieve Azure instance metadata: Network error: curl error: HTTP response code said error: The requested URL returned error: 404
I20260601 13:24:09.939808 27338 server_base.cc:1061] running on GCE node
W20260601 13:24:09.940837 28787 instance_detector.cc:116] could not retrieve AWS instance metadata: Network error: curl error: HTTP response code said error: The requested URL returned error: 404
W20260601 13:24:09.941067 28790 instance_detector.cc:116] could not retrieve OpenStack instance metadata: Network error: curl error: HTTP response code said error: The requested URL returned error: 404
I20260601 13:24:09.941331 27338 hybrid_clock.cc:584] initializing the hybrid clock with 'system_unsync' time source
W20260601 13:24:09.941385 27338 system_unsync_time.cc:38] NTP support is disabled. Clock error bounds will not be accurate. This configuration is not suitable for distributed clusters.
I20260601 13:24:09.941428 27338 hybrid_clock.cc:648] HybridClock initialized: now 1780320249941426 us; error 0 us; skew 500 ppm
I20260601 13:24:09.941681 28780 heartbeater.cc:344] Connected to a master server at 127.26.178.188:45405
I20260601 13:24:09.941807 28780 heartbeater.cc:461] Registering TS with master...
I20260601 13:24:09.941674 28782 heartbeater.cc:344] Connected to a master server at 127.26.178.189:46021
I20260601 13:24:09.941933 28782 heartbeater.cc:461] Registering TS with master...
I20260601 13:24:09.942031 28780 heartbeater.cc:507] Master 127.26.178.188:45405 requested a full tablet report, sending...
I20260601 13:24:09.942153 28782 heartbeater.cc:507] Master 127.26.178.189:46021 requested a full tablet report, sending...
I20260601 13:24:09.942481 27338 webserver.cc:533] Webserver started at http://127.26.178.131:42749/ using document root <none> and password file <none>
I20260601 13:24:09.942620 27338 fs_manager.cc:362] Metadata directory not provided
I20260601 13:24:09.942684 27338 fs_manager.cc:368] Using write-ahead log directory (fs_wal_dir) as metadata directory
I20260601 13:24:09.942713 28550 ts_manager.cc:194] Registered new tserver with Master: 6371fe0232f948c2b6af1ed0f53c1a62 (127.26.178.130:45297)
I20260601 13:24:09.942742 28484 ts_manager.cc:194] Registered new tserver with Master: 6371fe0232f948c2b6af1ed0f53c1a62 (127.26.178.130:45297)
I20260601 13:24:09.942751 27338 server_base.cc:909] This appears to be a new deployment of Kudu; creating new FS layout
I20260601 13:24:09.942721 28781 heartbeater.cc:344] Connected to a master server at 127.26.178.190:46699
I20260601 13:24:09.942956 28781 heartbeater.cc:461] Registering TS with master...
I20260601 13:24:09.943140 28781 heartbeater.cc:507] Master 127.26.178.190:46699 requested a full tablet report, sending...
I20260601 13:24:09.943270 27338 fs_manager.cc:1068] Generated new instance metadata in path /tmp/dist-test-taskEMZUyA/test-tmp/auto_rebalancer-test.0.AutoRebalancerTest.NextLeaderResumesAutoRebalancing.1780320239665904-27338-0/minicluster-data/ts-2-root/instance:
uuid: "bcf8d5fce9014b838d3021c227086df2"
format_stamp: "Formatted at 2026-06-01 13:24:09 on dist-test-slave-vv33"
I20260601 13:24:09.943723 28418 ts_manager.cc:194] Registered new tserver with Master: 6371fe0232f948c2b6af1ed0f53c1a62 (127.26.178.130:45297)
I20260601 13:24:09.944870 27338 fs_manager.cc:696] Time spent creating directory manager: real 0.001s	user 0.000s	sys 0.002s
I20260601 13:24:09.945729 28795 log_block_manager.cc:4031] Time spent loading block containers with low live blocks: real 0.000s	user 0.000s	sys 0.000s
I20260601 13:24:09.945974 27338 fs_manager.cc:730] Time spent opening block manager: real 0.001s	user 0.000s	sys 0.001s
I20260601 13:24:09.946031 27338 fs_manager.cc:647] Opened local filesystem: /tmp/dist-test-taskEMZUyA/test-tmp/auto_rebalancer-test.0.AutoRebalancerTest.NextLeaderResumesAutoRebalancing.1780320239665904-27338-0/minicluster-data/ts-2-root
uuid: "bcf8d5fce9014b838d3021c227086df2"
format_stamp: "Formatted at 2026-06-01 13:24:09 on dist-test-slave-vv33"
I20260601 13:24:09.946112 27338 fs_report.cc:389] FS layout report
--------------------
wal directory: /tmp/dist-test-taskEMZUyA/test-tmp/auto_rebalancer-test.0.AutoRebalancerTest.NextLeaderResumesAutoRebalancing.1780320239665904-27338-0/minicluster-data/ts-2-root
metadata directory: /tmp/dist-test-taskEMZUyA/test-tmp/auto_rebalancer-test.0.AutoRebalancerTest.NextLeaderResumesAutoRebalancing.1780320239665904-27338-0/minicluster-data/ts-2-root
1 data directories: /tmp/dist-test-taskEMZUyA/test-tmp/auto_rebalancer-test.0.AutoRebalancerTest.NextLeaderResumesAutoRebalancing.1780320239665904-27338-0/minicluster-data/ts-2-root/data
Total live blocks: 0
Total live bytes: 0
Total live bytes (after alignment): 0
Total number of LBM containers: 0 (0 full)
Did not check for missing blocks
Did not check for orphaned blocks
Total full LBM containers with extra space: 0 (0 repaired)
Total full LBM container extra space in bytes: 0 (0 repaired)
Total incomplete LBM containers: 0 (0 repaired)
Total LBM partial records: 0 (0 repaired)
Total corrupted LBM metadata records in RocksDB: 0 (0 repaired)
I20260601 13:24:09.958223 27338 rpc_server.cc:225] running with OpenSSL 1.1.1  11 Sep 2018
I20260601 13:24:09.958698 27338 kserver.cc:163] Server-wide thread pool size limit: 3276
I20260601 13:24:09.959084 27338 txn_system_client.cc:432] TxnSystemClient initialization is disabled...
I20260601 13:24:09.959574 27338 ts_tablet_manager.cc:585] Loaded tablet metadata (0 total tablets, 0 live tablets)
I20260601 13:24:09.959611 27338 ts_tablet_manager.cc:531] Time spent load tablet metadata: real 0.000s	user 0.000s	sys 0.000s
I20260601 13:24:09.959666 27338 ts_tablet_manager.cc:616] Registered 0 tablets
I20260601 13:24:09.959707 27338 ts_tablet_manager.cc:595] Time spent register tablets: real 0.000s	user 0.000s	sys 0.000s
I20260601 13:24:09.964540 27338 rpc_server.cc:307] RPC server started. Bound to: 127.26.178.131:39775
I20260601 13:24:09.964605 28858 acceptor_pool.cc:272] collecting diagnostics on the listening RPC socket 127.26.178.131:39775 every 8 connection(s)
I20260601 13:24:09.969583 28861 heartbeater.cc:344] Connected to a master server at 127.26.178.189:46021
I20260601 13:24:09.969678 28861 heartbeater.cc:461] Registering TS with master...
I20260601 13:24:09.969797 28859 heartbeater.cc:344] Connected to a master server at 127.26.178.188:45405
I20260601 13:24:09.969889 28859 heartbeater.cc:461] Registering TS with master...
I20260601 13:24:09.969945 28861 heartbeater.cc:507] Master 127.26.178.189:46021 requested a full tablet report, sending...
I20260601 13:24:09.969950 28860 heartbeater.cc:344] Connected to a master server at 127.26.178.190:46699
I20260601 13:24:09.970048 28860 heartbeater.cc:461] Registering TS with master...
I20260601 13:24:09.970160 28859 heartbeater.cc:507] Master 127.26.178.188:45405 requested a full tablet report, sending...
I20260601 13:24:09.970191 28860 heartbeater.cc:507] Master 127.26.178.190:46699 requested a full tablet report, sending...
I20260601 13:24:09.970685 28484 ts_manager.cc:194] Registered new tserver with Master: bcf8d5fce9014b838d3021c227086df2 (127.26.178.131:39775)
I20260601 13:24:09.970734 28418 ts_manager.cc:194] Registered new tserver with Master: bcf8d5fce9014b838d3021c227086df2 (127.26.178.131:39775)
I20260601 13:24:09.971097 28550 ts_manager.cc:194] Registered new tserver with Master: bcf8d5fce9014b838d3021c227086df2 (127.26.178.131:39775)
I20260601 13:24:09.972024 27338 internal_mini_cluster.cc:371] 3 TS(s) registered with all masters after 0.006943628s
I20260601 13:24:10.114847 28604 raft_consensus.cc:493] T 00000000000000000000000000000000 P f738a5c09aa146beba1c6ee67e675d7e [term 0 FOLLOWER]: Starting pre-election (no leader contacted us within the election timeout)
I20260601 13:24:10.115018 28604 raft_consensus.cc:515] T 00000000000000000000000000000000 P f738a5c09aa146beba1c6ee67e675d7e [term 0 FOLLOWER]: Starting pre-election with config: opid_index: -1 OBSOLETE_local: false peers { permanent_uuid: "921f9adf7e6441fe8f3b4efa74b98c51" member_type: VOTER last_known_addr { host: "127.26.178.190" port: 46699 } } peers { permanent_uuid: "eabc91db9cb74526b6747e46e610c904" member_type: VOTER last_known_addr { host: "127.26.178.189" port: 46021 } } peers { permanent_uuid: "f738a5c09aa146beba1c6ee67e675d7e" member_type: VOTER last_known_addr { host: "127.26.178.188" port: 45405 } }
I20260601 13:24:10.115643 28604 leader_election.cc:290] T 00000000000000000000000000000000 P f738a5c09aa146beba1c6ee67e675d7e [CANDIDATE]: Term 1 pre-election: Requested pre-vote from peers 921f9adf7e6441fe8f3b4efa74b98c51 (127.26.178.190:46699), eabc91db9cb74526b6747e46e610c904 (127.26.178.189:46021)
I20260601 13:24:10.116091 28494 tablet_service.cc:1917] Received RequestConsensusVote() RPC: tablet_id: "00000000000000000000000000000000" candidate_uuid: "f738a5c09aa146beba1c6ee67e675d7e" candidate_term: 1 candidate_status { last_received { term: 0 index: 0 } } ignore_live_leader: false dest_uuid: "eabc91db9cb74526b6747e46e610c904" is_pre_election: true
I20260601 13:24:10.116107 28428 tablet_service.cc:1917] Received RequestConsensusVote() RPC: tablet_id: "00000000000000000000000000000000" candidate_uuid: "f738a5c09aa146beba1c6ee67e675d7e" candidate_term: 1 candidate_status { last_received { term: 0 index: 0 } } ignore_live_leader: false dest_uuid: "921f9adf7e6441fe8f3b4efa74b98c51" is_pre_election: true
I20260601 13:24:10.116269 28494 raft_consensus.cc:2468] T 00000000000000000000000000000000 P eabc91db9cb74526b6747e46e610c904 [term 0 FOLLOWER]: Leader pre-election vote request: Granting yes vote for candidate f738a5c09aa146beba1c6ee67e675d7e in term 0.
I20260601 13:24:10.116364 28428 raft_consensus.cc:2468] T 00000000000000000000000000000000 P 921f9adf7e6441fe8f3b4efa74b98c51 [term 0 FOLLOWER]: Leader pre-election vote request: Granting yes vote for candidate f738a5c09aa146beba1c6ee67e675d7e in term 0.
I20260601 13:24:10.116647 28535 leader_election.cc:304] T 00000000000000000000000000000000 P f738a5c09aa146beba1c6ee67e675d7e [CANDIDATE]: Term 1 pre-election: Election decided. Result: candidate won. Election summary: received 2 responses out of 3 voters: 2 yes votes; 0 no votes. yes voters: eabc91db9cb74526b6747e46e610c904, f738a5c09aa146beba1c6ee67e675d7e; no voters: 
I20260601 13:24:10.116884 28604 raft_consensus.cc:2804] T 00000000000000000000000000000000 P f738a5c09aa146beba1c6ee67e675d7e [term 0 FOLLOWER]: Leader pre-election won for term 1
I20260601 13:24:10.116945 28604 raft_consensus.cc:493] T 00000000000000000000000000000000 P f738a5c09aa146beba1c6ee67e675d7e [term 0 FOLLOWER]: Starting leader election (no leader contacted us within the election timeout)
I20260601 13:24:10.116976 28604 raft_consensus.cc:3060] T 00000000000000000000000000000000 P f738a5c09aa146beba1c6ee67e675d7e [term 0 FOLLOWER]: Advancing to term 1
I20260601 13:24:10.117955 28604 raft_consensus.cc:515] T 00000000000000000000000000000000 P f738a5c09aa146beba1c6ee67e675d7e [term 1 FOLLOWER]: Starting leader election with config: opid_index: -1 OBSOLETE_local: false peers { permanent_uuid: "921f9adf7e6441fe8f3b4efa74b98c51" member_type: VOTER last_known_addr { host: "127.26.178.190" port: 46699 } } peers { permanent_uuid: "eabc91db9cb74526b6747e46e610c904" member_type: VOTER last_known_addr { host: "127.26.178.189" port: 46021 } } peers { permanent_uuid: "f738a5c09aa146beba1c6ee67e675d7e" member_type: VOTER last_known_addr { host: "127.26.178.188" port: 45405 } }
I20260601 13:24:10.118350 28604 leader_election.cc:290] T 00000000000000000000000000000000 P f738a5c09aa146beba1c6ee67e675d7e [CANDIDATE]: Term 1 election: Requested vote from peers 921f9adf7e6441fe8f3b4efa74b98c51 (127.26.178.190:46699), eabc91db9cb74526b6747e46e610c904 (127.26.178.189:46021)
I20260601 13:24:10.118703 28428 tablet_service.cc:1917] Received RequestConsensusVote() RPC: tablet_id: "00000000000000000000000000000000" candidate_uuid: "f738a5c09aa146beba1c6ee67e675d7e" candidate_term: 1 candidate_status { last_received { term: 0 index: 0 } } ignore_live_leader: false dest_uuid: "921f9adf7e6441fe8f3b4efa74b98c51"
I20260601 13:24:10.118835 28428 raft_consensus.cc:3060] T 00000000000000000000000000000000 P 921f9adf7e6441fe8f3b4efa74b98c51 [term 0 FOLLOWER]: Advancing to term 1
I20260601 13:24:10.118703 28494 tablet_service.cc:1917] Received RequestConsensusVote() RPC: tablet_id: "00000000000000000000000000000000" candidate_uuid: "f738a5c09aa146beba1c6ee67e675d7e" candidate_term: 1 candidate_status { last_received { term: 0 index: 0 } } ignore_live_leader: false dest_uuid: "eabc91db9cb74526b6747e46e610c904"
I20260601 13:24:10.118937 28494 raft_consensus.cc:3060] T 00000000000000000000000000000000 P eabc91db9cb74526b6747e46e610c904 [term 0 FOLLOWER]: Advancing to term 1
I20260601 13:24:10.119940 28428 raft_consensus.cc:2468] T 00000000000000000000000000000000 P 921f9adf7e6441fe8f3b4efa74b98c51 [term 1 FOLLOWER]: Leader election vote request: Granting yes vote for candidate f738a5c09aa146beba1c6ee67e675d7e in term 1.
I20260601 13:24:10.119940 28494 raft_consensus.cc:2468] T 00000000000000000000000000000000 P eabc91db9cb74526b6747e46e610c904 [term 1 FOLLOWER]: Leader election vote request: Granting yes vote for candidate f738a5c09aa146beba1c6ee67e675d7e in term 1.
I20260601 13:24:10.120278 28535 leader_election.cc:304] T 00000000000000000000000000000000 P f738a5c09aa146beba1c6ee67e675d7e [CANDIDATE]: Term 1 election: Election decided. Result: candidate won. Election summary: received 2 responses out of 3 voters: 2 yes votes; 0 no votes. yes voters: eabc91db9cb74526b6747e46e610c904, f738a5c09aa146beba1c6ee67e675d7e; no voters: 
I20260601 13:24:10.120482 28604 raft_consensus.cc:2804] T 00000000000000000000000000000000 P f738a5c09aa146beba1c6ee67e675d7e [term 1 FOLLOWER]: Leader election won for term 1
I20260601 13:24:10.120703 28604 raft_consensus.cc:697] T 00000000000000000000000000000000 P f738a5c09aa146beba1c6ee67e675d7e [term 1 LEADER]: Becoming Leader. State: Replica: f738a5c09aa146beba1c6ee67e675d7e, State: Running, Role: LEADER
I20260601 13:24:10.120891 28604 consensus_queue.cc:237] T 00000000000000000000000000000000 P f738a5c09aa146beba1c6ee67e675d7e [LEADER]: Queue going to LEADER mode. State: All replicated index: 0, Majority replicated index: 0, Committed index: 0, Last appended: 0.0, Last appended by leader: 0, Current term: 1, Majority size: 2, State: 0, Mode: LEADER, active raft config: opid_index: -1 OBSOLETE_local: false peers { permanent_uuid: "921f9adf7e6441fe8f3b4efa74b98c51" member_type: VOTER last_known_addr { host: "127.26.178.190" port: 46699 } } peers { permanent_uuid: "eabc91db9cb74526b6747e46e610c904" member_type: VOTER last_known_addr { host: "127.26.178.189" port: 46021 } } peers { permanent_uuid: "f738a5c09aa146beba1c6ee67e675d7e" member_type: VOTER last_known_addr { host: "127.26.178.188" port: 45405 } }
I20260601 13:24:10.121703 28867 sys_catalog.cc:455] T 00000000000000000000000000000000 P f738a5c09aa146beba1c6ee67e675d7e [sys.catalog]: SysCatalogTable state changed. Reason: New leader f738a5c09aa146beba1c6ee67e675d7e. Latest consensus state: current_term: 1 leader_uuid: "f738a5c09aa146beba1c6ee67e675d7e" committed_config { opid_index: -1 OBSOLETE_local: false peers { permanent_uuid: "921f9adf7e6441fe8f3b4efa74b98c51" member_type: VOTER last_known_addr { host: "127.26.178.190" port: 46699 } } peers { permanent_uuid: "eabc91db9cb74526b6747e46e610c904" member_type: VOTER last_known_addr { host: "127.26.178.189" port: 46021 } } peers { permanent_uuid: "f738a5c09aa146beba1c6ee67e675d7e" member_type: VOTER last_known_addr { host: "127.26.178.188" port: 45405 } } }
I20260601 13:24:10.121824 28867 sys_catalog.cc:458] T 00000000000000000000000000000000 P f738a5c09aa146beba1c6ee67e675d7e [sys.catalog]: This master's current role is: LEADER
I20260601 13:24:10.122100 28869 catalog_manager.cc:1510] Loading table and tablet metadata into memory...
I20260601 13:24:10.122917 28869 catalog_manager.cc:1519] Initializing Kudu cluster ID...
I20260601 13:24:10.124857 28494 raft_consensus.cc:1275] T 00000000000000000000000000000000 P eabc91db9cb74526b6747e46e610c904 [term 1 FOLLOWER]: Refusing update from remote peer f738a5c09aa146beba1c6ee67e675d7e: Log matching property violated. Preceding OpId in replica: term: 0 index: 0. Preceding OpId from leader: term: 1 index: 2. (index mismatch)
I20260601 13:24:10.125128 28428 raft_consensus.cc:1275] T 00000000000000000000000000000000 P 921f9adf7e6441fe8f3b4efa74b98c51 [term 1 FOLLOWER]: Refusing update from remote peer f738a5c09aa146beba1c6ee67e675d7e: Log matching property violated. Preceding OpId in replica: term: 0 index: 0. Preceding OpId from leader: term: 1 index: 2. (index mismatch)
I20260601 13:24:10.125283 28604 consensus_queue.cc:1048] T 00000000000000000000000000000000 P f738a5c09aa146beba1c6ee67e675d7e [LEADER]: Connected to new peer: Peer: permanent_uuid: "eabc91db9cb74526b6747e46e610c904" member_type: VOTER last_known_addr { host: "127.26.178.189" port: 46021 }, Status: LMP_MISMATCH, Last received: 0.0, Next index: 1, Last known committed idx: 0, Time since last communication: 0.000s
I20260601 13:24:10.125602 28867 consensus_queue.cc:1048] T 00000000000000000000000000000000 P f738a5c09aa146beba1c6ee67e675d7e [LEADER]: Connected to new peer: Peer: permanent_uuid: "921f9adf7e6441fe8f3b4efa74b98c51" member_type: VOTER last_known_addr { host: "127.26.178.190" port: 46699 }, Status: LMP_MISMATCH, Last received: 0.0, Next index: 1, Last known committed idx: 0, Time since last communication: 0.000s
I20260601 13:24:10.126947 28617 sys_catalog.cc:455] T 00000000000000000000000000000000 P eabc91db9cb74526b6747e46e610c904 [sys.catalog]: SysCatalogTable state changed. Reason: New leader f738a5c09aa146beba1c6ee67e675d7e. Latest consensus state: current_term: 1 leader_uuid: "f738a5c09aa146beba1c6ee67e675d7e" committed_config { opid_index: -1 OBSOLETE_local: false peers { permanent_uuid: "921f9adf7e6441fe8f3b4efa74b98c51" member_type: VOTER last_known_addr { host: "127.26.178.190" port: 46699 } } peers { permanent_uuid: "eabc91db9cb74526b6747e46e610c904" member_type: VOTER last_known_addr { host: "127.26.178.189" port: 46021 } } peers { permanent_uuid: "f738a5c09aa146beba1c6ee67e675d7e" member_type: VOTER last_known_addr { host: "127.26.178.188" port: 45405 } } }
I20260601 13:24:10.127012 28591 sys_catalog.cc:455] T 00000000000000000000000000000000 P 921f9adf7e6441fe8f3b4efa74b98c51 [sys.catalog]: SysCatalogTable state changed. Reason: New leader f738a5c09aa146beba1c6ee67e675d7e. Latest consensus state: current_term: 1 leader_uuid: "f738a5c09aa146beba1c6ee67e675d7e" committed_config { opid_index: -1 OBSOLETE_local: false peers { permanent_uuid: "921f9adf7e6441fe8f3b4efa74b98c51" member_type: VOTER last_known_addr { host: "127.26.178.190" port: 46699 } } peers { permanent_uuid: "eabc91db9cb74526b6747e46e610c904" member_type: VOTER last_known_addr { host: "127.26.178.189" port: 46021 } } peers { permanent_uuid: "f738a5c09aa146beba1c6ee67e675d7e" member_type: VOTER last_known_addr { host: "127.26.178.188" port: 45405 } } }
I20260601 13:24:10.127085 28617 sys_catalog.cc:458] T 00000000000000000000000000000000 P eabc91db9cb74526b6747e46e610c904 [sys.catalog]: This master's current role is: FOLLOWER
I20260601 13:24:10.127110 28591 sys_catalog.cc:458] T 00000000000000000000000000000000 P 921f9adf7e6441fe8f3b4efa74b98c51 [sys.catalog]: This master's current role is: FOLLOWER
I20260601 13:24:10.128538 28875 sys_catalog.cc:455] T 00000000000000000000000000000000 P f738a5c09aa146beba1c6ee67e675d7e [sys.catalog]: SysCatalogTable state changed. Reason: Peer health change. Latest consensus state: current_term: 1 leader_uuid: "f738a5c09aa146beba1c6ee67e675d7e" committed_config { opid_index: -1 OBSOLETE_local: false peers { permanent_uuid: "921f9adf7e6441fe8f3b4efa74b98c51" member_type: VOTER last_known_addr { host: "127.26.178.190" port: 46699 } } peers { permanent_uuid: "eabc91db9cb74526b6747e46e610c904" member_type: VOTER last_known_addr { host: "127.26.178.189" port: 46021 } } peers { permanent_uuid: "f738a5c09aa146beba1c6ee67e675d7e" member_type: VOTER last_known_addr { host: "127.26.178.188" port: 45405 } } }
I20260601 13:24:10.128647 28875 sys_catalog.cc:458] T 00000000000000000000000000000000 P f738a5c09aa146beba1c6ee67e675d7e [sys.catalog]: This master's current role is: LEADER
I20260601 13:24:10.128716 28617 sys_catalog.cc:455] T 00000000000000000000000000000000 P eabc91db9cb74526b6747e46e610c904 [sys.catalog]: SysCatalogTable state changed. Reason: Replicated consensus-only round. Latest consensus state: current_term: 1 leader_uuid: "f738a5c09aa146beba1c6ee67e675d7e" committed_config { opid_index: -1 OBSOLETE_local: false peers { permanent_uuid: "921f9adf7e6441fe8f3b4efa74b98c51" member_type: VOTER last_known_addr { host: "127.26.178.190" port: 46699 } } peers { permanent_uuid: "eabc91db9cb74526b6747e46e610c904" member_type: VOTER last_known_addr { host: "127.26.178.189" port: 46021 } } peers { permanent_uuid: "f738a5c09aa146beba1c6ee67e675d7e" member_type: VOTER last_known_addr { host: "127.26.178.188" port: 45405 } } }
I20260601 13:24:10.128753 28591 sys_catalog.cc:455] T 00000000000000000000000000000000 P 921f9adf7e6441fe8f3b4efa74b98c51 [sys.catalog]: SysCatalogTable state changed. Reason: Replicated consensus-only round. Latest consensus state: current_term: 1 leader_uuid: "f738a5c09aa146beba1c6ee67e675d7e" committed_config { opid_index: -1 OBSOLETE_local: false peers { permanent_uuid: "921f9adf7e6441fe8f3b4efa74b98c51" member_type: VOTER last_known_addr { host: "127.26.178.190" port: 46699 } } peers { permanent_uuid: "eabc91db9cb74526b6747e46e610c904" member_type: VOTER last_known_addr { host: "127.26.178.189" port: 46021 } } peers { permanent_uuid: "f738a5c09aa146beba1c6ee67e675d7e" member_type: VOTER last_known_addr { host: "127.26.178.188" port: 45405 } } }
I20260601 13:24:10.128813 28617 sys_catalog.cc:458] T 00000000000000000000000000000000 P eabc91db9cb74526b6747e46e610c904 [sys.catalog]: This master's current role is: FOLLOWER
I20260601 13:24:10.128829 28591 sys_catalog.cc:458] T 00000000000000000000000000000000 P 921f9adf7e6441fe8f3b4efa74b98c51 [sys.catalog]: This master's current role is: FOLLOWER
