I20260601 13:23:59.425491 13854 fs_report.cc:389] FS layout report
--------------------
wal directory: /tmp/dist-test-taskcBR0Ug/test-tmp/auto_rebalancer-test.0.AutoRebalancerTest.AutoRebalancingTurnOffAndOn.1780320236824521-13854-0/minicluster-data/master-0-root
metadata directory: /tmp/dist-test-taskcBR0Ug/test-tmp/auto_rebalancer-test.0.AutoRebalancerTest.AutoRebalancingTurnOffAndOn.1780320236824521-13854-0/minicluster-data/master-0-root
1 data directories: /tmp/dist-test-taskcBR0Ug/test-tmp/auto_rebalancer-test.0.AutoRebalancerTest.AutoRebalancingTurnOffAndOn.1780320236824521-13854-0/minicluster-data/master-0-root/data
Total live blocks: 0
Total live bytes: 0
Total live bytes (after alignment): 0
Total number of LBM containers: 0 (0 full)
Did not check for missing blocks
Did not check for orphaned blocks
Total full LBM containers with extra space: 0 (0 repaired)
Total full LBM container extra space in bytes: 0 (0 repaired)
Total incomplete LBM containers: 0 (0 repaired)
Total LBM partial records: 0 (0 repaired)
Total corrupted LBM metadata records in RocksDB: 0 (0 repaired)
I20260601 13:23:59.440346 13854 rpc_server.cc:225] running with OpenSSL 1.1.1  11 Sep 2018
I20260601 13:23:59.440696 13854 kserver.cc:163] Server-wide thread pool size limit: 3276
I20260601 13:23:59.444397 13854 rpc_server.cc:307] RPC server started. Bound to: 127.13.135.190:46817
I20260601 13:23:59.446907 14455 acceptor_pool.cc:272] collecting diagnostics on the listening RPC socket 127.13.135.190:46817 every 8 connection(s)
I20260601 13:23:59.447361 14456 data_dirs.cc:400] Could only allocate 1 dirs of requested 3 for tablet 00000000000000000000000000000000. 1 dirs total, 0 dirs full, 0 dirs failed
I20260601 13:23:59.449016 14456 tablet_bootstrap.cc:492] T 00000000000000000000000000000000 P 173efa2f59d948e3a8902eb76ddfe862: Bootstrap starting.
I20260601 13:23:59.449753 14456 tablet_bootstrap.cc:654] T 00000000000000000000000000000000 P 173efa2f59d948e3a8902eb76ddfe862: Neither blocks nor log segments found. Creating new log.
I20260601 13:23:59.450645 14456 tablet_bootstrap.cc:492] T 00000000000000000000000000000000 P 173efa2f59d948e3a8902eb76ddfe862: No bootstrap required, opened a new log
I20260601 13:23:59.451027 14456 raft_consensus.cc:359] T 00000000000000000000000000000000 P 173efa2f59d948e3a8902eb76ddfe862 [term 0 FOLLOWER]: Replica starting. Triggering 0 pending ops. Active config: opid_index: -1 OBSOLETE_local: true peers { permanent_uuid: "173efa2f59d948e3a8902eb76ddfe862" member_type: VOTER }
I20260601 13:23:59.451112 14456 raft_consensus.cc:385] T 00000000000000000000000000000000 P 173efa2f59d948e3a8902eb76ddfe862 [term 0 FOLLOWER]: Consensus starting up: Expiring failure detector timer to make a prompt election more likely
I20260601 13:23:59.451143 14456 raft_consensus.cc:740] T 00000000000000000000000000000000 P 173efa2f59d948e3a8902eb76ddfe862 [term 0 FOLLOWER]: Becoming Follower/Learner. State: Replica: 173efa2f59d948e3a8902eb76ddfe862, State: Initialized, Role: FOLLOWER
I20260601 13:23:59.451264 14456 consensus_queue.cc:260] T 00000000000000000000000000000000 P 173efa2f59d948e3a8902eb76ddfe862 [NON_LEADER]: Queue going to NON_LEADER mode. State: All replicated index: 0, Majority replicated index: 0, Committed index: 0, Last appended: 0.0, Last appended by leader: 0, Current term: 0, Majority size: -1, State: 0, Mode: NON_LEADER, active raft config: opid_index: -1 OBSOLETE_local: true peers { permanent_uuid: "173efa2f59d948e3a8902eb76ddfe862" member_type: VOTER }
I20260601 13:23:59.451362 14456 raft_consensus.cc:399] T 00000000000000000000000000000000 P 173efa2f59d948e3a8902eb76ddfe862 [term 0 FOLLOWER]: Only one voter in the Raft config. Triggering election immediately
I20260601 13:23:59.451395 14456 raft_consensus.cc:493] T 00000000000000000000000000000000 P 173efa2f59d948e3a8902eb76ddfe862 [term 0 FOLLOWER]: Starting leader election (initial election of a single-replica configuration)
I20260601 13:23:59.451440 14456 raft_consensus.cc:3060] T 00000000000000000000000000000000 P 173efa2f59d948e3a8902eb76ddfe862 [term 0 FOLLOWER]: Advancing to term 1
I20260601 13:23:59.452057 14456 raft_consensus.cc:515] T 00000000000000000000000000000000 P 173efa2f59d948e3a8902eb76ddfe862 [term 1 FOLLOWER]: Starting leader election with config: opid_index: -1 OBSOLETE_local: true peers { permanent_uuid: "173efa2f59d948e3a8902eb76ddfe862" member_type: VOTER }
I20260601 13:23:59.452176 14456 leader_election.cc:304] T 00000000000000000000000000000000 P 173efa2f59d948e3a8902eb76ddfe862 [CANDIDATE]: Term 1 election: Election decided. Result: candidate won. Election summary: received 1 responses out of 1 voters: 1 yes votes; 0 no votes. yes voters: 173efa2f59d948e3a8902eb76ddfe862; no voters: 
I20260601 13:23:59.452350 14456 leader_election.cc:290] T 00000000000000000000000000000000 P 173efa2f59d948e3a8902eb76ddfe862 [CANDIDATE]: Term 1 election: Requested vote from peers 
I20260601 13:23:59.452432 14459 raft_consensus.cc:2804] T 00000000000000000000000000000000 P 173efa2f59d948e3a8902eb76ddfe862 [term 1 FOLLOWER]: Leader election won for term 1
I20260601 13:23:59.452628 14459 raft_consensus.cc:697] T 00000000000000000000000000000000 P 173efa2f59d948e3a8902eb76ddfe862 [term 1 LEADER]: Becoming Leader. State: Replica: 173efa2f59d948e3a8902eb76ddfe862, State: Running, Role: LEADER
I20260601 13:23:59.452744 14459 consensus_queue.cc:237] T 00000000000000000000000000000000 P 173efa2f59d948e3a8902eb76ddfe862 [LEADER]: Queue going to LEADER mode. State: All replicated index: 0, Majority replicated index: 0, Committed index: 0, Last appended: 0.0, Last appended by leader: 0, Current term: 1, Majority size: 1, State: 0, Mode: LEADER, active raft config: opid_index: -1 OBSOLETE_local: true peers { permanent_uuid: "173efa2f59d948e3a8902eb76ddfe862" member_type: VOTER }
I20260601 13:23:59.452752 14456 sys_catalog.cc:565] T 00000000000000000000000000000000 P 173efa2f59d948e3a8902eb76ddfe862 [sys.catalog]: configured and running, proceeding with master startup.
I20260601 13:23:59.453153 14460 sys_catalog.cc:455] T 00000000000000000000000000000000 P 173efa2f59d948e3a8902eb76ddfe862 [sys.catalog]: SysCatalogTable state changed. Reason: RaftConsensus started. Latest consensus state: current_term: 1 leader_uuid: "173efa2f59d948e3a8902eb76ddfe862" committed_config { opid_index: -1 OBSOLETE_local: true peers { permanent_uuid: "173efa2f59d948e3a8902eb76ddfe862" member_type: VOTER } }
I20260601 13:23:59.453188 14461 sys_catalog.cc:455] T 00000000000000000000000000000000 P 173efa2f59d948e3a8902eb76ddfe862 [sys.catalog]: SysCatalogTable state changed. Reason: New leader 173efa2f59d948e3a8902eb76ddfe862. Latest consensus state: current_term: 1 leader_uuid: "173efa2f59d948e3a8902eb76ddfe862" committed_config { opid_index: -1 OBSOLETE_local: true peers { permanent_uuid: "173efa2f59d948e3a8902eb76ddfe862" member_type: VOTER } }
I20260601 13:23:59.453239 14460 sys_catalog.cc:458] T 00000000000000000000000000000000 P 173efa2f59d948e3a8902eb76ddfe862 [sys.catalog]: This master's current role is: LEADER
I20260601 13:23:59.453266 14461 sys_catalog.cc:458] T 00000000000000000000000000000000 P 173efa2f59d948e3a8902eb76ddfe862 [sys.catalog]: This master's current role is: LEADER
I20260601 13:23:59.453477 14463 catalog_manager.cc:1510] Loading table and tablet metadata into memory...
I20260601 13:23:59.454313 14463 catalog_manager.cc:1519] Initializing Kudu cluster ID...
I20260601 13:23:59.454468 13854 internal_mini_cluster.cc:184] Waiting to initialize catalog manager on master 0
I20260601 13:23:59.456032 14463 catalog_manager.cc:1382] Generated new cluster ID: c0b23b6bb57f47128440cdebf0718271
I20260601 13:23:59.456089 14463 catalog_manager.cc:1530] Initializing Kudu internal certificate authority...
I20260601 13:23:59.467056 14463 catalog_manager.cc:1405] Generated new certificate authority record
I20260601 13:23:59.467635 14463 catalog_manager.cc:1539] Loading token signing keys...
I20260601 13:23:59.474522 14463 catalog_manager.cc:6069] T 00000000000000000000000000000000 P 173efa2f59d948e3a8902eb76ddfe862: Generated new TSK 0
I20260601 13:23:59.474686 14463 catalog_manager.cc:1549] Initializing in-progress tserver states...
I20260601 13:23:59.486824 13854 file_cache.cc:492] Constructed file cache file cache with capacity 419430
W20260601 13:23:59.488641 14477 instance_detector.cc:116] could not retrieve AWS instance metadata: Network error: curl error: HTTP response code said error: The requested URL returned error: 404
W20260601 13:23:59.488765 14478 instance_detector.cc:116] could not retrieve Azure instance metadata: Network error: curl error: HTTP response code said error: The requested URL returned error: 404
I20260601 13:23:59.488740 13854 server_base.cc:1061] running on GCE node
W20260601 13:23:59.488794 14480 instance_detector.cc:116] could not retrieve OpenStack instance metadata: Network error: curl error: HTTP response code said error: The requested URL returned error: 404
I20260601 13:23:59.489042 13854 hybrid_clock.cc:584] initializing the hybrid clock with 'system_unsync' time source
W20260601 13:23:59.489082 13854 system_unsync_time.cc:38] NTP support is disabled. Clock error bounds will not be accurate. This configuration is not suitable for distributed clusters.
I20260601 13:23:59.489102 13854 hybrid_clock.cc:648] HybridClock initialized: now 1780320239489101 us; error 0 us; skew 500 ppm
I20260601 13:23:59.489835 13854 webserver.cc:533] Webserver started at http://127.13.135.129:34829/ using document root <none> and password file <none>
I20260601 13:23:59.489970 13854 fs_manager.cc:362] Metadata directory not provided
I20260601 13:23:59.490018 13854 fs_manager.cc:368] Using write-ahead log directory (fs_wal_dir) as metadata directory
I20260601 13:23:59.490090 13854 server_base.cc:909] This appears to be a new deployment of Kudu; creating new FS layout
I20260601 13:23:59.490450 13854 fs_manager.cc:1068] Generated new instance metadata in path /tmp/dist-test-taskcBR0Ug/test-tmp/auto_rebalancer-test.0.AutoRebalancerTest.AutoRebalancingTurnOffAndOn.1780320236824521-13854-0/minicluster-data/ts-0-root/instance:
uuid: "5308882e4c234f7cae34560494f1ae5c"
format_stamp: "Formatted at 2026-06-01 13:23:59 on dist-test-slave-0sbx"
I20260601 13:23:59.491886 13854 fs_manager.cc:696] Time spent creating directory manager: real 0.001s	user 0.002s	sys 0.000s
I20260601 13:23:59.492715 14485 log_block_manager.cc:4031] Time spent loading block containers with low live blocks: real 0.000s	user 0.000s	sys 0.000s
I20260601 13:23:59.492944 13854 fs_manager.cc:730] Time spent opening block manager: real 0.001s	user 0.001s	sys 0.000s
I20260601 13:23:59.493002 13854 fs_manager.cc:647] Opened local filesystem: /tmp/dist-test-taskcBR0Ug/test-tmp/auto_rebalancer-test.0.AutoRebalancerTest.AutoRebalancingTurnOffAndOn.1780320236824521-13854-0/minicluster-data/ts-0-root
uuid: "5308882e4c234f7cae34560494f1ae5c"
format_stamp: "Formatted at 2026-06-01 13:23:59 on dist-test-slave-0sbx"
I20260601 13:23:59.493067 13854 fs_report.cc:389] FS layout report
--------------------
wal directory: /tmp/dist-test-taskcBR0Ug/test-tmp/auto_rebalancer-test.0.AutoRebalancerTest.AutoRebalancingTurnOffAndOn.1780320236824521-13854-0/minicluster-data/ts-0-root
metadata directory: /tmp/dist-test-taskcBR0Ug/test-tmp/auto_rebalancer-test.0.AutoRebalancerTest.AutoRebalancingTurnOffAndOn.1780320236824521-13854-0/minicluster-data/ts-0-root
1 data directories: /tmp/dist-test-taskcBR0Ug/test-tmp/auto_rebalancer-test.0.AutoRebalancerTest.AutoRebalancingTurnOffAndOn.1780320236824521-13854-0/minicluster-data/ts-0-root/data
Total live blocks: 0
Total live bytes: 0
Total live bytes (after alignment): 0
Total number of LBM containers: 0 (0 full)
Did not check for missing blocks
Did not check for orphaned blocks
Total full LBM containers with extra space: 0 (0 repaired)
Total full LBM container extra space in bytes: 0 (0 repaired)
Total incomplete LBM containers: 0 (0 repaired)
Total LBM partial records: 0 (0 repaired)
Total corrupted LBM metadata records in RocksDB: 0 (0 repaired)
I20260601 13:23:59.505059 13854 rpc_server.cc:225] running with OpenSSL 1.1.1  11 Sep 2018
I20260601 13:23:59.505414 13854 kserver.cc:163] Server-wide thread pool size limit: 3276
I20260601 13:23:59.505662 13854 txn_system_client.cc:432] TxnSystemClient initialization is disabled...
I20260601 13:23:59.506081 13854 ts_tablet_manager.cc:585] Loaded tablet metadata (0 total tablets, 0 live tablets)
I20260601 13:23:59.506119 13854 ts_tablet_manager.cc:531] Time spent load tablet metadata: real 0.000s	user 0.000s	sys 0.000s
I20260601 13:23:59.506158 13854 ts_tablet_manager.cc:616] Registered 0 tablets
I20260601 13:23:59.506192 13854 ts_tablet_manager.cc:595] Time spent register tablets: real 0.000s	user 0.000s	sys 0.000s
I20260601 13:23:59.509989 13854 rpc_server.cc:307] RPC server started. Bound to: 127.13.135.129:46005
I20260601 13:23:59.510026 14548 acceptor_pool.cc:272] collecting diagnostics on the listening RPC socket 127.13.135.129:46005 every 8 connection(s)
I20260601 13:23:59.510742 13854 file_cache.cc:492] Constructed file cache file cache with capacity 419430
W20260601 13:23:59.512442 14553 instance_detector.cc:116] could not retrieve AWS instance metadata: Network error: curl error: HTTP response code said error: The requested URL returned error: 404
W20260601 13:23:59.512585 14556 instance_detector.cc:116] could not retrieve OpenStack instance metadata: Network error: curl error: HTTP response code said error: The requested URL returned error: 404
I20260601 13:23:59.512699 13854 server_base.cc:1061] running on GCE node
W20260601 13:23:59.512763 14554 instance_detector.cc:116] could not retrieve Azure instance metadata: Network error: curl error: HTTP response code said error: The requested URL returned error: 404
I20260601 13:23:59.512974 13854 hybrid_clock.cc:584] initializing the hybrid clock with 'system_unsync' time source
W20260601 13:23:59.513015 13854 system_unsync_time.cc:38] NTP support is disabled. Clock error bounds will not be accurate. This configuration is not suitable for distributed clusters.
I20260601 13:23:59.513036 13854 hybrid_clock.cc:648] HybridClock initialized: now 1780320239513034 us; error 0 us; skew 500 ppm
I20260601 13:23:59.513844 13854 webserver.cc:533] Webserver started at http://127.13.135.130:43951/ using document root <none> and password file <none>
I20260601 13:23:59.513985 13854 fs_manager.cc:362] Metadata directory not provided
I20260601 13:23:59.514037 13854 fs_manager.cc:368] Using write-ahead log directory (fs_wal_dir) as metadata directory
I20260601 13:23:59.514113 13854 server_base.cc:909] This appears to be a new deployment of Kudu; creating new FS layout
I20260601 13:23:59.514460 13854 fs_manager.cc:1068] Generated new instance metadata in path /tmp/dist-test-taskcBR0Ug/test-tmp/auto_rebalancer-test.0.AutoRebalancerTest.AutoRebalancingTurnOffAndOn.1780320236824521-13854-0/minicluster-data/ts-1-root/instance:
uuid: "b874e14a377347619f05677732051317"
format_stamp: "Formatted at 2026-06-01 13:23:59 on dist-test-slave-0sbx"
I20260601 13:23:59.515074 14549 heartbeater.cc:344] Connected to a master server at 127.13.135.190:46817
I20260601 13:23:59.515166 14549 heartbeater.cc:461] Registering TS with master...
I20260601 13:23:59.515406 14549 heartbeater.cc:507] Master 127.13.135.190:46817 requested a full tablet report, sending...
I20260601 13:23:59.516026 14420 ts_manager.cc:194] Registered new tserver with Master: 5308882e4c234f7cae34560494f1ae5c (127.13.135.129:46005)
I20260601 13:23:59.516108 13854 fs_manager.cc:696] Time spent creating directory manager: real 0.001s	user 0.002s	sys 0.000s
I20260601 13:23:59.516732 14420 master_service.cc:502] Signed X509 certificate for tserver {username='slave'} at 127.0.0.1:33820
I20260601 13:23:59.516999 14561 log_block_manager.cc:4031] Time spent loading block containers with low live blocks: real 0.000s	user 0.000s	sys 0.000s
I20260601 13:23:59.517350 13854 fs_manager.cc:730] Time spent opening block manager: real 0.001s	user 0.001s	sys 0.000s
I20260601 13:23:59.517416 13854 fs_manager.cc:647] Opened local filesystem: /tmp/dist-test-taskcBR0Ug/test-tmp/auto_rebalancer-test.0.AutoRebalancerTest.AutoRebalancingTurnOffAndOn.1780320236824521-13854-0/minicluster-data/ts-1-root
uuid: "b874e14a377347619f05677732051317"
format_stamp: "Formatted at 2026-06-01 13:23:59 on dist-test-slave-0sbx"
I20260601 13:23:59.517480 13854 fs_report.cc:389] FS layout report
--------------------
wal directory: /tmp/dist-test-taskcBR0Ug/test-tmp/auto_rebalancer-test.0.AutoRebalancerTest.AutoRebalancingTurnOffAndOn.1780320236824521-13854-0/minicluster-data/ts-1-root
metadata directory: /tmp/dist-test-taskcBR0Ug/test-tmp/auto_rebalancer-test.0.AutoRebalancerTest.AutoRebalancingTurnOffAndOn.1780320236824521-13854-0/minicluster-data/ts-1-root
1 data directories: /tmp/dist-test-taskcBR0Ug/test-tmp/auto_rebalancer-test.0.AutoRebalancerTest.AutoRebalancingTurnOffAndOn.1780320236824521-13854-0/minicluster-data/ts-1-root/data
Total live blocks: 0
Total live bytes: 0
Total live bytes (after alignment): 0
Total number of LBM containers: 0 (0 full)
Did not check for missing blocks
Did not check for orphaned blocks
Total full LBM containers with extra space: 0 (0 repaired)
Total full LBM container extra space in bytes: 0 (0 repaired)
Total incomplete LBM containers: 0 (0 repaired)
Total LBM partial records: 0 (0 repaired)
Total corrupted LBM metadata records in RocksDB: 0 (0 repaired)
I20260601 13:23:59.535518 13854 rpc_server.cc:225] running with OpenSSL 1.1.1  11 Sep 2018
I20260601 13:23:59.535987 13854 kserver.cc:163] Server-wide thread pool size limit: 3276
I20260601 13:23:59.536295 13854 txn_system_client.cc:432] TxnSystemClient initialization is disabled...
I20260601 13:23:59.536792 13854 ts_tablet_manager.cc:585] Loaded tablet metadata (0 total tablets, 0 live tablets)
I20260601 13:23:59.536837 13854 ts_tablet_manager.cc:531] Time spent load tablet metadata: real 0.000s	user 0.000s	sys 0.000s
I20260601 13:23:59.536887 13854 ts_tablet_manager.cc:616] Registered 0 tablets
I20260601 13:23:59.536921 13854 ts_tablet_manager.cc:595] Time spent register tablets: real 0.000s	user 0.000s	sys 0.000s
I20260601 13:23:59.541436 13854 rpc_server.cc:307] RPC server started. Bound to: 127.13.135.130:37991
I20260601 13:23:59.541502 14624 acceptor_pool.cc:272] collecting diagnostics on the listening RPC socket 127.13.135.130:37991 every 8 connection(s)
I20260601 13:23:59.542315 13854 file_cache.cc:492] Constructed file cache file cache with capacity 419430
W20260601 13:23:59.544281 14628 instance_detector.cc:116] could not retrieve AWS instance metadata: Network error: curl error: HTTP response code said error: The requested URL returned error: 404
W20260601 13:23:59.544349 14629 instance_detector.cc:116] could not retrieve Azure instance metadata: Network error: curl error: HTTP response code said error: The requested URL returned error: 404
W20260601 13:23:59.544345 14631 instance_detector.cc:116] could not retrieve OpenStack instance metadata: Network error: curl error: HTTP response code said error: The requested URL returned error: 404
I20260601 13:23:59.544654 13854 server_base.cc:1061] running on GCE node
I20260601 13:23:59.544826 13854 hybrid_clock.cc:584] initializing the hybrid clock with 'system_unsync' time source
W20260601 13:23:59.544878 13854 system_unsync_time.cc:38] NTP support is disabled. Clock error bounds will not be accurate. This configuration is not suitable for distributed clusters.
I20260601 13:23:59.544906 13854 hybrid_clock.cc:648] HybridClock initialized: now 1780320239544905 us; error 0 us; skew 500 ppm
I20260601 13:23:59.545774 13854 webserver.cc:533] Webserver started at http://127.13.135.131:42565/ using document root <none> and password file <none>
I20260601 13:23:59.545939 13854 fs_manager.cc:362] Metadata directory not provided
I20260601 13:23:59.545987 13854 fs_manager.cc:368] Using write-ahead log directory (fs_wal_dir) as metadata directory
I20260601 13:23:59.546048 13854 server_base.cc:909] This appears to be a new deployment of Kudu; creating new FS layout
I20260601 13:23:59.546299 14625 heartbeater.cc:344] Connected to a master server at 127.13.135.190:46817
I20260601 13:23:59.546389 14625 heartbeater.cc:461] Registering TS with master...
I20260601 13:23:59.546440 13854 fs_manager.cc:1068] Generated new instance metadata in path /tmp/dist-test-taskcBR0Ug/test-tmp/auto_rebalancer-test.0.AutoRebalancerTest.AutoRebalancingTurnOffAndOn.1780320236824521-13854-0/minicluster-data/ts-2-root/instance:
uuid: "0cb9cb3eee28418eae068f833b5dc56b"
format_stamp: "Formatted at 2026-06-01 13:23:59 on dist-test-slave-0sbx"
I20260601 13:23:59.546561 14625 heartbeater.cc:507] Master 127.13.135.190:46817 requested a full tablet report, sending...
I20260601 13:23:59.547170 14420 ts_manager.cc:194] Registered new tserver with Master: b874e14a377347619f05677732051317 (127.13.135.130:37991)
I20260601 13:23:59.547719 14420 master_service.cc:502] Signed X509 certificate for tserver {username='slave'} at 127.0.0.1:33832
I20260601 13:23:59.548007 13854 fs_manager.cc:696] Time spent creating directory manager: real 0.001s	user 0.000s	sys 0.002s
I20260601 13:23:59.548818 14636 log_block_manager.cc:4031] Time spent loading block containers with low live blocks: real 0.000s	user 0.000s	sys 0.000s
I20260601 13:23:59.549005 13854 fs_manager.cc:730] Time spent opening block manager: real 0.001s	user 0.001s	sys 0.000s
I20260601 13:23:59.549060 13854 fs_manager.cc:647] Opened local filesystem: /tmp/dist-test-taskcBR0Ug/test-tmp/auto_rebalancer-test.0.AutoRebalancerTest.AutoRebalancingTurnOffAndOn.1780320236824521-13854-0/minicluster-data/ts-2-root
uuid: "0cb9cb3eee28418eae068f833b5dc56b"
format_stamp: "Formatted at 2026-06-01 13:23:59 on dist-test-slave-0sbx"
I20260601 13:23:59.549111 13854 fs_report.cc:389] FS layout report
--------------------
wal directory: /tmp/dist-test-taskcBR0Ug/test-tmp/auto_rebalancer-test.0.AutoRebalancerTest.AutoRebalancingTurnOffAndOn.1780320236824521-13854-0/minicluster-data/ts-2-root
metadata directory: /tmp/dist-test-taskcBR0Ug/test-tmp/auto_rebalancer-test.0.AutoRebalancerTest.AutoRebalancingTurnOffAndOn.1780320236824521-13854-0/minicluster-data/ts-2-root
1 data directories: /tmp/dist-test-taskcBR0Ug/test-tmp/auto_rebalancer-test.0.AutoRebalancerTest.AutoRebalancingTurnOffAndOn.1780320236824521-13854-0/minicluster-data/ts-2-root/data
Total live blocks: 0
Total live bytes: 0
Total live bytes (after alignment): 0
Total number of LBM containers: 0 (0 full)
Did not check for missing blocks
Did not check for orphaned blocks
Total full LBM containers with extra space: 0 (0 repaired)
Total full LBM container extra space in bytes: 0 (0 repaired)
Total incomplete LBM containers: 0 (0 repaired)
Total LBM partial records: 0 (0 repaired)
Total corrupted LBM metadata records in RocksDB: 0 (0 repaired)
I20260601 13:23:59.568737 13854 rpc_server.cc:225] running with OpenSSL 1.1.1  11 Sep 2018
I20260601 13:23:59.569175 13854 kserver.cc:163] Server-wide thread pool size limit: 3276
I20260601 13:23:59.569458 13854 txn_system_client.cc:432] TxnSystemClient initialization is disabled...
I20260601 13:23:59.569933 13854 ts_tablet_manager.cc:585] Loaded tablet metadata (0 total tablets, 0 live tablets)
I20260601 13:23:59.569974 13854 ts_tablet_manager.cc:531] Time spent load tablet metadata: real 0.000s	user 0.000s	sys 0.000s
I20260601 13:23:59.570007 13854 ts_tablet_manager.cc:616] Registered 0 tablets
I20260601 13:23:59.570034 13854 ts_tablet_manager.cc:595] Time spent register tablets: real 0.000s	user 0.000s	sys 0.000s
I20260601 13:23:59.574467 13854 rpc_server.cc:307] RPC server started. Bound to: 127.13.135.131:39001
I20260601 13:23:59.574548 14699 acceptor_pool.cc:272] collecting diagnostics on the listening RPC socket 127.13.135.131:39001 every 8 connection(s)
I20260601 13:23:59.578792 14700 heartbeater.cc:344] Connected to a master server at 127.13.135.190:46817
I20260601 13:23:59.578907 14700 heartbeater.cc:461] Registering TS with master...
I20260601 13:23:59.579111 14700 heartbeater.cc:507] Master 127.13.135.190:46817 requested a full tablet report, sending...
I20260601 13:23:59.579704 14420 ts_manager.cc:194] Registered new tserver with Master: 0cb9cb3eee28418eae068f833b5dc56b (127.13.135.131:39001)
I20260601 13:23:59.580201 14420 master_service.cc:502] Signed X509 certificate for tserver {username='slave'} at 127.0.0.1:54934
I20260601 13:23:59.580575 13854 internal_mini_cluster.cc:371] 3 TS(s) registered with all masters after 0.005694449s
I20260601 13:24:00.517884 14549 heartbeater.cc:499] Master 127.13.135.190:46817 was elected leader, sending a full tablet report...
I20260601 13:24:00.548602 14625 heartbeater.cc:499] Master 127.13.135.190:46817 was elected leader, sending a full tablet report...
I20260601 13:24:00.581106 14700 heartbeater.cc:499] Master 127.13.135.190:46817 was elected leader, sending a full tablet report...
I20260601 13:24:00.620103 14420 catalog_manager.cc:2282] Servicing CreateTable request from {username='slave'} at 127.0.0.1:54946:
name: "test-workload"
schema {
  columns {
    name: "key"
    type: INT32
    is_key: true
    is_nullable: false
    encoding: AUTO_ENCODING
    compression: DEFAULT_COMPRESSION
    cfile_block_size: 0
    immutable: false
  }
  columns {
    name: "int_val"
    type: INT32
    is_key: false
    is_nullable: false
    encoding: AUTO_ENCODING
    compression: DEFAULT_COMPRESSION
    cfile_block_size: 0
    immutable: false
  }
  columns {
    name: "string_val"
    type: STRING
    is_key: false
    is_nullable: true
    encoding: AUTO_ENCODING
    compression: DEFAULT_COMPRESSION
    cfile_block_size: 0
    immutable: false
  }
}
num_replicas: 3
split_rows_range_bounds {
  rows: "\004\001\000\377\377\377\017\004\001\000\376\377\377\037\004\001\000\375\377\377/\004\001\000\374\377\377?\004\001\000\373\377\377O\004\001\000\372\377\377_\004\001\000\371\377\377o""\004\001\000\377\377\377\017\004\001\000\376\377\377\037\004\001\000\375\377\377/\004\001\000\374\377\377?\004\001\000\373\377\377O\004\001\000\372\377\377_\004\001\000\371\377\377o"
  indirect_data: """"
}
partition_schema {
  range_schema {
    columns {
      name: "key"
    }
  }
}
W20260601 13:24:00.620666 14420 catalog_manager.cc:7076] The number of live tablet servers is not enough to re-replicate a tablet replica of the newly created table test-workload in case of a server failure: 4 tablet servers would be needed, 3 are available. Consider bringing up more tablet servers.
I20260601 13:24:00.633571 14513 tablet_service.cc:1511] Processing CreateTablet for tablet 30195eac704b414585cd9f9eed1a84f4 (DEFAULT_TABLE table=test-workload [id=886eac5ebc0449e4b576a609f50dd997]), partition=RANGE (key) PARTITION VALUES < 268435455
I20260601 13:24:00.633893 14513 data_dirs.cc:400] Could only allocate 1 dirs of requested 3 for tablet 30195eac704b414585cd9f9eed1a84f4. 1 dirs total, 0 dirs full, 0 dirs failed
I20260601 13:24:00.634063 14663 tablet_service.cc:1511] Processing CreateTablet for tablet 45cafb1928bb439b9eaf8926f6b5cc62 (DEFAULT_TABLE table=test-workload [id=886eac5ebc0449e4b576a609f50dd997]), partition=RANGE (key) PARTITION 268435455 <= VALUES < 536870910
I20260601 13:24:00.634279 14663 data_dirs.cc:400] Could only allocate 1 dirs of requested 3 for tablet 45cafb1928bb439b9eaf8926f6b5cc62. 1 dirs total, 0 dirs full, 0 dirs failed
I20260601 13:24:00.635778 14659 tablet_service.cc:1511] Processing CreateTablet for tablet 879909f3edc64e22a6901641dd98a53a (DEFAULT_TABLE table=test-workload [id=886eac5ebc0449e4b576a609f50dd997]), partition=RANGE (key) PARTITION 1342177275 <= VALUES < 1610612730
I20260601 13:24:00.636044 14659 data_dirs.cc:400] Could only allocate 1 dirs of requested 3 for tablet 879909f3edc64e22a6901641dd98a53a. 1 dirs total, 0 dirs full, 0 dirs failed
I20260601 13:24:00.636413 14512 tablet_service.cc:1511] Processing CreateTablet for tablet 45cafb1928bb439b9eaf8926f6b5cc62 (DEFAULT_TABLE table=test-workload [id=886eac5ebc0449e4b576a609f50dd997]), partition=RANGE (key) PARTITION 268435455 <= VALUES < 536870910
I20260601 13:24:00.636471 14721 tablet_bootstrap.cc:492] T 45cafb1928bb439b9eaf8926f6b5cc62 P 0cb9cb3eee28418eae068f833b5dc56b: Bootstrap starting.
I20260601 13:24:00.636662 14512 data_dirs.cc:400] Could only allocate 1 dirs of requested 3 for tablet 45cafb1928bb439b9eaf8926f6b5cc62. 1 dirs total, 0 dirs full, 0 dirs failed
I20260601 13:24:00.637496 14721 tablet_bootstrap.cc:654] T 45cafb1928bb439b9eaf8926f6b5cc62 P 0cb9cb3eee28418eae068f833b5dc56b: Neither blocks nor log segments found. Creating new log.
I20260601 13:24:00.637461 14589 tablet_service.cc:1511] Processing CreateTablet for tablet 30195eac704b414585cd9f9eed1a84f4 (DEFAULT_TABLE table=test-workload [id=886eac5ebc0449e4b576a609f50dd997]), partition=RANGE (key) PARTITION VALUES < 268435455
I20260601 13:24:00.637673 14589 data_dirs.cc:400] Could only allocate 1 dirs of requested 3 for tablet 30195eac704b414585cd9f9eed1a84f4. 1 dirs total, 0 dirs full, 0 dirs failed
I20260601 13:24:00.638151 14660 tablet_service.cc:1511] Processing CreateTablet for tablet d9a71bfaf43544e99109c3b6a6728ff3 (DEFAULT_TABLE table=test-workload [id=886eac5ebc0449e4b576a609f50dd997]), partition=RANGE (key) PARTITION 1073741820 <= VALUES < 1342177275
I20260601 13:24:00.638350 14660 data_dirs.cc:400] Could only allocate 1 dirs of requested 3 for tablet d9a71bfaf43544e99109c3b6a6728ff3. 1 dirs total, 0 dirs full, 0 dirs failed
I20260601 13:24:00.638620 14511 tablet_service.cc:1511] Processing CreateTablet for tablet 356112438b8642f08a4b85672a87f908 (DEFAULT_TABLE table=test-workload [id=886eac5ebc0449e4b576a609f50dd997]), partition=RANGE (key) PARTITION 536870910 <= VALUES < 805306365
I20260601 13:24:00.638821 14511 data_dirs.cc:400] Could only allocate 1 dirs of requested 3 for tablet 356112438b8642f08a4b85672a87f908. 1 dirs total, 0 dirs full, 0 dirs failed
I20260601 13:24:00.639590 14662 tablet_service.cc:1511] Processing CreateTablet for tablet 356112438b8642f08a4b85672a87f908 (DEFAULT_TABLE table=test-workload [id=886eac5ebc0449e4b576a609f50dd997]), partition=RANGE (key) PARTITION 536870910 <= VALUES < 805306365
I20260601 13:24:00.639796 14587 tablet_service.cc:1511] Processing CreateTablet for tablet 356112438b8642f08a4b85672a87f908 (DEFAULT_TABLE table=test-workload [id=886eac5ebc0449e4b576a609f50dd997]), partition=RANGE (key) PARTITION 536870910 <= VALUES < 805306365
I20260601 13:24:00.640017 14661 tablet_service.cc:1511] Processing CreateTablet for tablet f3ed0ee1e044453aa7cf1e0e80961113 (DEFAULT_TABLE table=test-workload [id=886eac5ebc0449e4b576a609f50dd997]), partition=RANGE (key) PARTITION 805306365 <= VALUES < 1073741820
I20260601 13:24:00.640004 14587 data_dirs.cc:400] Could only allocate 1 dirs of requested 3 for tablet 356112438b8642f08a4b85672a87f908. 1 dirs total, 0 dirs full, 0 dirs failed
I20260601 13:24:00.640407 14584 tablet_service.cc:1511] Processing CreateTablet for tablet 879909f3edc64e22a6901641dd98a53a (DEFAULT_TABLE table=test-workload [id=886eac5ebc0449e4b576a609f50dd997]), partition=RANGE (key) PARTITION 1342177275 <= VALUES < 1610612730
I20260601 13:24:00.640604 14584 data_dirs.cc:400] Could only allocate 1 dirs of requested 3 for tablet 879909f3edc64e22a6901641dd98a53a. 1 dirs total, 0 dirs full, 0 dirs failed
I20260601 13:24:00.640671 14660 tablet_service.cc:1511] Processing CreateTablet for tablet 1799a1fe108d4bb6ae3cf39f1efabf37 (DEFAULT_TABLE table=test-workload [id=886eac5ebc0449e4b576a609f50dd997]), partition=RANGE (key) PARTITION 1610612730 <= VALUES < 1879048185
I20260601 13:24:00.640776 14510 tablet_service.cc:1511] Processing CreateTablet for tablet f3ed0ee1e044453aa7cf1e0e80961113 (DEFAULT_TABLE table=test-workload [id=886eac5ebc0449e4b576a609f50dd997]), partition=RANGE (key) PARTITION 805306365 <= VALUES < 1073741820
I20260601 13:24:00.640973 14510 data_dirs.cc:400] Could only allocate 1 dirs of requested 3 for tablet f3ed0ee1e044453aa7cf1e0e80961113. 1 dirs total, 0 dirs full, 0 dirs failed
I20260601 13:24:00.641040 14659 tablet_service.cc:1511] Processing CreateTablet for tablet 2b6bd52211f74f90ab68871da5558555 (DEFAULT_TABLE table=test-workload [id=886eac5ebc0449e4b576a609f50dd997]), partition=RANGE (key) PARTITION 1879048185 <= VALUES
I20260601 13:24:00.640208 14586 tablet_service.cc:1511] Processing CreateTablet for tablet f3ed0ee1e044453aa7cf1e0e80961113 (DEFAULT_TABLE table=test-workload [id=886eac5ebc0449e4b576a609f50dd997]), partition=RANGE (key) PARTITION 805306365 <= VALUES < 1073741820
I20260601 13:24:00.641952 14586 data_dirs.cc:400] Could only allocate 1 dirs of requested 3 for tablet f3ed0ee1e044453aa7cf1e0e80961113. 1 dirs total, 0 dirs full, 0 dirs failed
I20260601 13:24:00.642455 14721 tablet_bootstrap.cc:492] T 45cafb1928bb439b9eaf8926f6b5cc62 P 0cb9cb3eee28418eae068f833b5dc56b: No bootstrap required, opened a new log
I20260601 13:24:00.642535 14583 tablet_service.cc:1511] Processing CreateTablet for tablet 1799a1fe108d4bb6ae3cf39f1efabf37 (DEFAULT_TABLE table=test-workload [id=886eac5ebc0449e4b576a609f50dd997]), partition=RANGE (key) PARTITION 1610612730 <= VALUES < 1879048185
I20260601 13:24:00.642535 14721 ts_tablet_manager.cc:1403] T 45cafb1928bb439b9eaf8926f6b5cc62 P 0cb9cb3eee28418eae068f833b5dc56b: Time spent bootstrapping tablet: real 0.006s	user 0.002s	sys 0.000s
I20260601 13:24:00.642776 14509 tablet_service.cc:1511] Processing CreateTablet for tablet d9a71bfaf43544e99109c3b6a6728ff3 (DEFAULT_TABLE table=test-workload [id=886eac5ebc0449e4b576a609f50dd997]), partition=RANGE (key) PARTITION 1073741820 <= VALUES < 1342177275
I20260601 13:24:00.642989 14509 data_dirs.cc:400] Could only allocate 1 dirs of requested 3 for tablet d9a71bfaf43544e99109c3b6a6728ff3. 1 dirs total, 0 dirs full, 0 dirs failed
I20260601 13:24:00.642962 14582 tablet_service.cc:1511] Processing CreateTablet for tablet 2b6bd52211f74f90ab68871da5558555 (DEFAULT_TABLE table=test-workload [id=886eac5ebc0449e4b576a609f50dd997]), partition=RANGE (key) PARTITION 1879048185 <= VALUES
I20260601 13:24:00.639802 14662 data_dirs.cc:400] Could only allocate 1 dirs of requested 3 for tablet 356112438b8642f08a4b85672a87f908. 1 dirs total, 0 dirs full, 0 dirs failed
I20260601 13:24:00.643407 14659 data_dirs.cc:400] Could only allocate 1 dirs of requested 3 for tablet 2b6bd52211f74f90ab68871da5558555. 1 dirs total, 0 dirs full, 0 dirs failed
I20260601 13:24:00.644019 14508 tablet_service.cc:1511] Processing CreateTablet for tablet 879909f3edc64e22a6901641dd98a53a (DEFAULT_TABLE table=test-workload [id=886eac5ebc0449e4b576a609f50dd997]), partition=RANGE (key) PARTITION 1342177275 <= VALUES < 1610612730
I20260601 13:24:00.644112 14660 data_dirs.cc:400] Could only allocate 1 dirs of requested 3 for tablet 1799a1fe108d4bb6ae3cf39f1efabf37. 1 dirs total, 0 dirs full, 0 dirs failed
I20260601 13:24:00.644238 14508 data_dirs.cc:400] Could only allocate 1 dirs of requested 3 for tablet 879909f3edc64e22a6901641dd98a53a. 1 dirs total, 0 dirs full, 0 dirs failed
I20260601 13:24:00.644455 14661 data_dirs.cc:400] Could only allocate 1 dirs of requested 3 for tablet f3ed0ee1e044453aa7cf1e0e80961113. 1 dirs total, 0 dirs full, 0 dirs failed
I20260601 13:24:00.645113 14721 raft_consensus.cc:359] T 45cafb1928bb439b9eaf8926f6b5cc62 P 0cb9cb3eee28418eae068f833b5dc56b [term 0 FOLLOWER]: Replica starting. Triggering 0 pending ops. Active config: opid_index: -1 OBSOLETE_local: false peers { permanent_uuid: "5308882e4c234f7cae34560494f1ae5c" member_type: VOTER last_known_addr { host: "127.13.135.129" port: 46005 } } peers { permanent_uuid: "b874e14a377347619f05677732051317" member_type: VOTER last_known_addr { host: "127.13.135.130" port: 37991 } } peers { permanent_uuid: "0cb9cb3eee28418eae068f833b5dc56b" member_type: VOTER last_known_addr { host: "127.13.135.131" port: 39001 } }
I20260601 13:24:00.645228 14721 raft_consensus.cc:385] T 45cafb1928bb439b9eaf8926f6b5cc62 P 0cb9cb3eee28418eae068f833b5dc56b [term 0 FOLLOWER]: Consensus starting up: Expiring failure detector timer to make a prompt election more likely
I20260601 13:24:00.645259 14721 raft_consensus.cc:740] T 45cafb1928bb439b9eaf8926f6b5cc62 P 0cb9cb3eee28418eae068f833b5dc56b [term 0 FOLLOWER]: Becoming Follower/Learner. State: Replica: 0cb9cb3eee28418eae068f833b5dc56b, State: Initialized, Role: FOLLOWER
I20260601 13:24:00.645423 14721 consensus_queue.cc:260] T 45cafb1928bb439b9eaf8926f6b5cc62 P 0cb9cb3eee28418eae068f833b5dc56b [NON_LEADER]: Queue going to NON_LEADER mode. State: All replicated index: 0, Majority replicated index: 0, Committed index: 0, Last appended: 0.0, Last appended by leader: 0, Current term: 0, Majority size: -1, State: 0, Mode: NON_LEADER, active raft config: opid_index: -1 OBSOLETE_local: false peers { permanent_uuid: "5308882e4c234f7cae34560494f1ae5c" member_type: VOTER last_known_addr { host: "127.13.135.129" port: 46005 } } peers { permanent_uuid: "b874e14a377347619f05677732051317" member_type: VOTER last_known_addr { host: "127.13.135.130" port: 37991 } } peers { permanent_uuid: "0cb9cb3eee28418eae068f833b5dc56b" member_type: VOTER last_known_addr { host: "127.13.135.131" port: 39001 } }
I20260601 13:24:00.645793 14721 ts_tablet_manager.cc:1434] T 45cafb1928bb439b9eaf8926f6b5cc62 P 0cb9cb3eee28418eae068f833b5dc56b: Time spent starting tablet: real 0.003s	user 0.001s	sys 0.000s
I20260601 13:24:00.645987 14721 tablet_bootstrap.cc:492] T 879909f3edc64e22a6901641dd98a53a P 0cb9cb3eee28418eae068f833b5dc56b: Bootstrap starting.
I20260601 13:24:00.646291 14588 tablet_service.cc:1511] Processing CreateTablet for tablet 45cafb1928bb439b9eaf8926f6b5cc62 (DEFAULT_TABLE table=test-workload [id=886eac5ebc0449e4b576a609f50dd997]), partition=RANGE (key) PARTITION 268435455 <= VALUES < 536870910
I20260601 13:24:00.646727 14585 tablet_service.cc:1511] Processing CreateTablet for tablet d9a71bfaf43544e99109c3b6a6728ff3 (DEFAULT_TABLE table=test-workload [id=886eac5ebc0449e4b576a609f50dd997]), partition=RANGE (key) PARTITION 1073741820 <= VALUES < 1342177275
I20260601 13:24:00.646962 14721 tablet_bootstrap.cc:654] T 879909f3edc64e22a6901641dd98a53a P 0cb9cb3eee28418eae068f833b5dc56b: Neither blocks nor log segments found. Creating new log.
I20260601 13:24:00.633903 14664 tablet_service.cc:1511] Processing CreateTablet for tablet 30195eac704b414585cd9f9eed1a84f4 (DEFAULT_TABLE table=test-workload [id=886eac5ebc0449e4b576a609f50dd997]), partition=RANGE (key) PARTITION VALUES < 268435455
I20260601 13:24:00.647485 14664 data_dirs.cc:400] Could only allocate 1 dirs of requested 3 for tablet 30195eac704b414585cd9f9eed1a84f4. 1 dirs total, 0 dirs full, 0 dirs failed
I20260601 13:24:00.642782 14583 data_dirs.cc:400] Could only allocate 1 dirs of requested 3 for tablet 1799a1fe108d4bb6ae3cf39f1efabf37. 1 dirs total, 0 dirs full, 0 dirs failed
I20260601 13:24:00.649130 14582 data_dirs.cc:400] Could only allocate 1 dirs of requested 3 for tablet 2b6bd52211f74f90ab68871da5558555. 1 dirs total, 0 dirs full, 0 dirs failed
I20260601 13:24:00.649247 14508 tablet_service.cc:1511] Processing CreateTablet for tablet 1799a1fe108d4bb6ae3cf39f1efabf37 (DEFAULT_TABLE table=test-workload [id=886eac5ebc0449e4b576a609f50dd997]), partition=RANGE (key) PARTITION 1610612730 <= VALUES < 1879048185
I20260601 13:24:00.649497 14508 data_dirs.cc:400] Could only allocate 1 dirs of requested 3 for tablet 1799a1fe108d4bb6ae3cf39f1efabf37. 1 dirs total, 0 dirs full, 0 dirs failed
I20260601 13:24:00.650460 14588 data_dirs.cc:400] Could only allocate 1 dirs of requested 3 for tablet 45cafb1928bb439b9eaf8926f6b5cc62. 1 dirs total, 0 dirs full, 0 dirs failed
I20260601 13:24:00.651473 14509 tablet_service.cc:1511] Processing CreateTablet for tablet 2b6bd52211f74f90ab68871da5558555 (DEFAULT_TABLE table=test-workload [id=886eac5ebc0449e4b576a609f50dd997]), partition=RANGE (key) PARTITION 1879048185 <= VALUES
I20260601 13:24:00.651683 14509 data_dirs.cc:400] Could only allocate 1 dirs of requested 3 for tablet 2b6bd52211f74f90ab68871da5558555. 1 dirs total, 0 dirs full, 0 dirs failed
I20260601 13:24:00.652370 14585 data_dirs.cc:400] Could only allocate 1 dirs of requested 3 for tablet d9a71bfaf43544e99109c3b6a6728ff3. 1 dirs total, 0 dirs full, 0 dirs failed
I20260601 13:24:00.653592 14723 tablet_bootstrap.cc:492] T 30195eac704b414585cd9f9eed1a84f4 P b874e14a377347619f05677732051317: Bootstrap starting.
I20260601 13:24:00.654321 14720 tablet_bootstrap.cc:492] T 30195eac704b414585cd9f9eed1a84f4 P 5308882e4c234f7cae34560494f1ae5c: Bootstrap starting.
I20260601 13:24:00.654683 14723 tablet_bootstrap.cc:654] T 30195eac704b414585cd9f9eed1a84f4 P b874e14a377347619f05677732051317: Neither blocks nor log segments found. Creating new log.
I20260601 13:24:00.655273 14720 tablet_bootstrap.cc:654] T 30195eac704b414585cd9f9eed1a84f4 P 5308882e4c234f7cae34560494f1ae5c: Neither blocks nor log segments found. Creating new log.
I20260601 13:24:00.655999 14721 tablet_bootstrap.cc:492] T 879909f3edc64e22a6901641dd98a53a P 0cb9cb3eee28418eae068f833b5dc56b: No bootstrap required, opened a new log
I20260601 13:24:00.656060 14723 tablet_bootstrap.cc:492] T 30195eac704b414585cd9f9eed1a84f4 P b874e14a377347619f05677732051317: No bootstrap required, opened a new log
I20260601 13:24:00.656083 14721 ts_tablet_manager.cc:1403] T 879909f3edc64e22a6901641dd98a53a P 0cb9cb3eee28418eae068f833b5dc56b: Time spent bootstrapping tablet: real 0.010s	user 0.000s	sys 0.002s
I20260601 13:24:00.656205 14723 ts_tablet_manager.cc:1403] T 30195eac704b414585cd9f9eed1a84f4 P b874e14a377347619f05677732051317: Time spent bootstrapping tablet: real 0.003s	user 0.002s	sys 0.000s
I20260601 13:24:00.656656 14720 tablet_bootstrap.cc:492] T 30195eac704b414585cd9f9eed1a84f4 P 5308882e4c234f7cae34560494f1ae5c: No bootstrap required, opened a new log
I20260601 13:24:00.656740 14720 ts_tablet_manager.cc:1403] T 30195eac704b414585cd9f9eed1a84f4 P 5308882e4c234f7cae34560494f1ae5c: Time spent bootstrapping tablet: real 0.002s	user 0.000s	sys 0.002s
I20260601 13:24:00.656723 14721 raft_consensus.cc:359] T 879909f3edc64e22a6901641dd98a53a P 0cb9cb3eee28418eae068f833b5dc56b [term 0 FOLLOWER]: Replica starting. Triggering 0 pending ops. Active config: opid_index: -1 OBSOLETE_local: false peers { permanent_uuid: "5308882e4c234f7cae34560494f1ae5c" member_type: VOTER last_known_addr { host: "127.13.135.129" port: 46005 } } peers { permanent_uuid: "b874e14a377347619f05677732051317" member_type: VOTER last_known_addr { host: "127.13.135.130" port: 37991 } } peers { permanent_uuid: "0cb9cb3eee28418eae068f833b5dc56b" member_type: VOTER last_known_addr { host: "127.13.135.131" port: 39001 } }
I20260601 13:24:00.656733 14723 raft_consensus.cc:359] T 30195eac704b414585cd9f9eed1a84f4 P b874e14a377347619f05677732051317 [term 0 FOLLOWER]: Replica starting. Triggering 0 pending ops. Active config: opid_index: -1 OBSOLETE_local: false peers { permanent_uuid: "5308882e4c234f7cae34560494f1ae5c" member_type: VOTER last_known_addr { host: "127.13.135.129" port: 46005 } } peers { permanent_uuid: "0cb9cb3eee28418eae068f833b5dc56b" member_type: VOTER last_known_addr { host: "127.13.135.131" port: 39001 } } peers { permanent_uuid: "b874e14a377347619f05677732051317" member_type: VOTER last_known_addr { host: "127.13.135.130" port: 37991 } }
I20260601 13:24:00.657280 14723 raft_consensus.cc:385] T 30195eac704b414585cd9f9eed1a84f4 P b874e14a377347619f05677732051317 [term 0 FOLLOWER]: Consensus starting up: Expiring failure detector timer to make a prompt election more likely
I20260601 13:24:00.656842 14721 raft_consensus.cc:385] T 879909f3edc64e22a6901641dd98a53a P 0cb9cb3eee28418eae068f833b5dc56b [term 0 FOLLOWER]: Consensus starting up: Expiring failure detector timer to make a prompt election more likely
I20260601 13:24:00.657325 14723 raft_consensus.cc:740] T 30195eac704b414585cd9f9eed1a84f4 P b874e14a377347619f05677732051317 [term 0 FOLLOWER]: Becoming Follower/Learner. State: Replica: b874e14a377347619f05677732051317, State: Initialized, Role: FOLLOWER
I20260601 13:24:00.657366 14721 raft_consensus.cc:740] T 879909f3edc64e22a6901641dd98a53a P 0cb9cb3eee28418eae068f833b5dc56b [term 0 FOLLOWER]: Becoming Follower/Learner. State: Replica: 0cb9cb3eee28418eae068f833b5dc56b, State: Initialized, Role: FOLLOWER
I20260601 13:24:00.657112 14720 raft_consensus.cc:359] T 30195eac704b414585cd9f9eed1a84f4 P 5308882e4c234f7cae34560494f1ae5c [term 0 FOLLOWER]: Replica starting. Triggering 0 pending ops. Active config: opid_index: -1 OBSOLETE_local: false peers { permanent_uuid: "5308882e4c234f7cae34560494f1ae5c" member_type: VOTER last_known_addr { host: "127.13.135.129" port: 46005 } } peers { permanent_uuid: "0cb9cb3eee28418eae068f833b5dc56b" member_type: VOTER last_known_addr { host: "127.13.135.131" port: 39001 } } peers { permanent_uuid: "b874e14a377347619f05677732051317" member_type: VOTER last_known_addr { host: "127.13.135.130" port: 37991 } }
I20260601 13:24:00.657475 14720 raft_consensus.cc:385] T 30195eac704b414585cd9f9eed1a84f4 P 5308882e4c234f7cae34560494f1ae5c [term 0 FOLLOWER]: Consensus starting up: Expiring failure detector timer to make a prompt election more likely
I20260601 13:24:00.657513 14720 raft_consensus.cc:740] T 30195eac704b414585cd9f9eed1a84f4 P 5308882e4c234f7cae34560494f1ae5c [term 0 FOLLOWER]: Becoming Follower/Learner. State: Replica: 5308882e4c234f7cae34560494f1ae5c, State: Initialized, Role: FOLLOWER
I20260601 13:24:00.657547 14721 consensus_queue.cc:260] T 879909f3edc64e22a6901641dd98a53a P 0cb9cb3eee28418eae068f833b5dc56b [NON_LEADER]: Queue going to NON_LEADER mode. State: All replicated index: 0, Majority replicated index: 0, Committed index: 0, Last appended: 0.0, Last appended by leader: 0, Current term: 0, Majority size: -1, State: 0, Mode: NON_LEADER, active raft config: opid_index: -1 OBSOLETE_local: false peers { permanent_uuid: "5308882e4c234f7cae34560494f1ae5c" member_type: VOTER last_known_addr { host: "127.13.135.129" port: 46005 } } peers { permanent_uuid: "b874e14a377347619f05677732051317" member_type: VOTER last_known_addr { host: "127.13.135.130" port: 37991 } } peers { permanent_uuid: "0cb9cb3eee28418eae068f833b5dc56b" member_type: VOTER last_known_addr { host: "127.13.135.131" port: 39001 } }
I20260601 13:24:00.657563 14723 consensus_queue.cc:260] T 30195eac704b414585cd9f9eed1a84f4 P b874e14a377347619f05677732051317 [NON_LEADER]: Queue going to NON_LEADER mode. State: All replicated index: 0, Majority replicated index: 0, Committed index: 0, Last appended: 0.0, Last appended by leader: 0, Current term: 0, Majority size: -1, State: 0, Mode: NON_LEADER, active raft config: opid_index: -1 OBSOLETE_local: false peers { permanent_uuid: "5308882e4c234f7cae34560494f1ae5c" member_type: VOTER last_known_addr { host: "127.13.135.129" port: 46005 } } peers { permanent_uuid: "0cb9cb3eee28418eae068f833b5dc56b" member_type: VOTER last_known_addr { host: "127.13.135.131" port: 39001 } } peers { permanent_uuid: "b874e14a377347619f05677732051317" member_type: VOTER last_known_addr { host: "127.13.135.130" port: 37991 } }
I20260601 13:24:00.657612 14720 consensus_queue.cc:260] T 30195eac704b414585cd9f9eed1a84f4 P 5308882e4c234f7cae34560494f1ae5c [NON_LEADER]: Queue going to NON_LEADER mode. State: All replicated index: 0, Majority replicated index: 0, Committed index: 0, Last appended: 0.0, Last appended by leader: 0, Current term: 0, Majority size: -1, State: 0, Mode: NON_LEADER, active raft config: opid_index: -1 OBSOLETE_local: false peers { permanent_uuid: "5308882e4c234f7cae34560494f1ae5c" member_type: VOTER last_known_addr { host: "127.13.135.129" port: 46005 } } peers { permanent_uuid: "0cb9cb3eee28418eae068f833b5dc56b" member_type: VOTER last_known_addr { host: "127.13.135.131" port: 39001 } } peers { permanent_uuid: "b874e14a377347619f05677732051317" member_type: VOTER last_known_addr { host: "127.13.135.130" port: 37991 } }
I20260601 13:24:00.657815 14721 ts_tablet_manager.cc:1434] T 879909f3edc64e22a6901641dd98a53a P 0cb9cb3eee28418eae068f833b5dc56b: Time spent starting tablet: real 0.002s	user 0.000s	sys 0.001s
I20260601 13:24:00.657938 14720 ts_tablet_manager.cc:1434] T 30195eac704b414585cd9f9eed1a84f4 P 5308882e4c234f7cae34560494f1ae5c: Time spent starting tablet: real 0.001s	user 0.000s	sys 0.001s
I20260601 13:24:00.657954 14723 ts_tablet_manager.cc:1434] T 30195eac704b414585cd9f9eed1a84f4 P b874e14a377347619f05677732051317: Time spent starting tablet: real 0.002s	user 0.001s	sys 0.000s
I20260601 13:24:00.657986 14721 tablet_bootstrap.cc:492] T d9a71bfaf43544e99109c3b6a6728ff3 P 0cb9cb3eee28418eae068f833b5dc56b: Bootstrap starting.
I20260601 13:24:00.658080 14720 tablet_bootstrap.cc:492] T 45cafb1928bb439b9eaf8926f6b5cc62 P 5308882e4c234f7cae34560494f1ae5c: Bootstrap starting.
I20260601 13:24:00.658962 14721 tablet_bootstrap.cc:654] T d9a71bfaf43544e99109c3b6a6728ff3 P 0cb9cb3eee28418eae068f833b5dc56b: Neither blocks nor log segments found. Creating new log.
I20260601 13:24:00.658962 14720 tablet_bootstrap.cc:654] T 45cafb1928bb439b9eaf8926f6b5cc62 P 5308882e4c234f7cae34560494f1ae5c: Neither blocks nor log segments found. Creating new log.
I20260601 13:24:00.659775 14723 tablet_bootstrap.cc:492] T 356112438b8642f08a4b85672a87f908 P b874e14a377347619f05677732051317: Bootstrap starting.
I20260601 13:24:00.660544 14720 tablet_bootstrap.cc:492] T 45cafb1928bb439b9eaf8926f6b5cc62 P 5308882e4c234f7cae34560494f1ae5c: No bootstrap required, opened a new log
I20260601 13:24:00.660635 14720 ts_tablet_manager.cc:1403] T 45cafb1928bb439b9eaf8926f6b5cc62 P 5308882e4c234f7cae34560494f1ae5c: Time spent bootstrapping tablet: real 0.003s	user 0.000s	sys 0.001s
I20260601 13:24:00.660670 14721 tablet_bootstrap.cc:492] T d9a71bfaf43544e99109c3b6a6728ff3 P 0cb9cb3eee28418eae068f833b5dc56b: No bootstrap required, opened a new log
