I20260601 13:24:08.412223 19241 ts_tablet_manager.cc:1403] T 1cc3e0afb73f45518afe7cdc135895ec P 6c5cdce97c834e469196e5aba15e2a93: Time spent bootstrapping tablet: real 0.004s	user 0.002s	sys 0.000s
I20260601 13:24:08.412367 19243 tablet_bootstrap.cc:492] T c8942effac2645a1a717eee4df21102a P a74c1f0a2a0e463581abee10992491a4: No bootstrap required, opened a new log
I20260601 13:24:08.412483 19243 ts_tablet_manager.cc:1403] T c8942effac2645a1a717eee4df21102a P a74c1f0a2a0e463581abee10992491a4: Time spent bootstrapping tablet: real 0.002s	user 0.002s	sys 0.000s
I20260601 13:24:08.412786 19241 raft_consensus.cc:359] T 1cc3e0afb73f45518afe7cdc135895ec P 6c5cdce97c834e469196e5aba15e2a93 [term 0 FOLLOWER]: Replica starting. Triggering 0 pending ops. Active config: opid_index: -1 OBSOLETE_local: true peers { permanent_uuid: "6c5cdce97c834e469196e5aba15e2a93" member_type: VOTER last_known_addr { host: "127.17.69.129" port: 41731 } }
I20260601 13:24:08.412914 19243 raft_consensus.cc:359] T c8942effac2645a1a717eee4df21102a P a74c1f0a2a0e463581abee10992491a4 [term 0 FOLLOWER]: Replica starting. Triggering 0 pending ops. Active config: opid_index: -1 OBSOLETE_local: true peers { permanent_uuid: "a74c1f0a2a0e463581abee10992491a4" member_type: VOTER last_known_addr { host: "127.17.69.130" port: 39227 } }
I20260601 13:24:08.413054 19243 raft_consensus.cc:385] T c8942effac2645a1a717eee4df21102a P a74c1f0a2a0e463581abee10992491a4 [term 0 FOLLOWER]: Consensus starting up: Expiring failure detector timer to make a prompt election more likely
I20260601 13:24:08.413120 19243 raft_consensus.cc:740] T c8942effac2645a1a717eee4df21102a P a74c1f0a2a0e463581abee10992491a4 [term 0 FOLLOWER]: Becoming Follower/Learner. State: Replica: a74c1f0a2a0e463581abee10992491a4, State: Initialized, Role: FOLLOWER
I20260601 13:24:08.412955 19241 raft_consensus.cc:385] T 1cc3e0afb73f45518afe7cdc135895ec P 6c5cdce97c834e469196e5aba15e2a93 [term 0 FOLLOWER]: Consensus starting up: Expiring failure detector timer to make a prompt election more likely
I20260601 13:24:08.413265 19242 raft_consensus.cc:515] T be8d36edd1d946a7af1229f4aa632bd7 P 4747badcd38d40bba8b933e530116c50 [term 1 FOLLOWER]: Starting leader election with config: opid_index: -1 OBSOLETE_local: true peers { permanent_uuid: "4747badcd38d40bba8b933e530116c50" member_type: VOTER last_known_addr { host: "127.17.69.131" port: 40213 } }
I20260601 13:24:08.413328 19241 raft_consensus.cc:740] T 1cc3e0afb73f45518afe7cdc135895ec P 6c5cdce97c834e469196e5aba15e2a93 [term 0 FOLLOWER]: Becoming Follower/Learner. State: Replica: 6c5cdce97c834e469196e5aba15e2a93, State: Initialized, Role: FOLLOWER
I20260601 13:24:08.413300 19243 consensus_queue.cc:260] T c8942effac2645a1a717eee4df21102a P a74c1f0a2a0e463581abee10992491a4 [NON_LEADER]: Queue going to NON_LEADER mode. State: All replicated index: 0, Majority replicated index: 0, Committed index: 0, Last appended: 0.0, Last appended by leader: 0, Current term: 0, Majority size: -1, State: 0, Mode: NON_LEADER, active raft config: opid_index: -1 OBSOLETE_local: true peers { permanent_uuid: "a74c1f0a2a0e463581abee10992491a4" member_type: VOTER last_known_addr { host: "127.17.69.130" port: 39227 } }
I20260601 13:24:08.413448 19242 leader_election.cc:304] T be8d36edd1d946a7af1229f4aa632bd7 P 4747badcd38d40bba8b933e530116c50 [CANDIDATE]: Term 1 election: Election decided. Result: candidate won. Election summary: received 1 responses out of 1 voters: 1 yes votes; 0 no votes. yes voters: 4747badcd38d40bba8b933e530116c50; no voters: 
I20260601 13:24:08.413506 19243 raft_consensus.cc:399] T c8942effac2645a1a717eee4df21102a P a74c1f0a2a0e463581abee10992491a4 [term 0 FOLLOWER]: Only one voter in the Raft config. Triggering election immediately
I20260601 13:24:08.413568 19243 raft_consensus.cc:493] T c8942effac2645a1a717eee4df21102a P a74c1f0a2a0e463581abee10992491a4 [term 0 FOLLOWER]: Starting leader election (initial election of a single-replica configuration)
I20260601 13:24:08.413574 19241 consensus_queue.cc:260] T 1cc3e0afb73f45518afe7cdc135895ec P 6c5cdce97c834e469196e5aba15e2a93 [NON_LEADER]: Queue going to NON_LEADER mode. State: All replicated index: 0, Majority replicated index: 0, Committed index: 0, Last appended: 0.0, Last appended by leader: 0, Current term: 0, Majority size: -1, State: 0, Mode: NON_LEADER, active raft config: opid_index: -1 OBSOLETE_local: true peers { permanent_uuid: "6c5cdce97c834e469196e5aba15e2a93" member_type: VOTER last_known_addr { host: "127.17.69.129" port: 41731 } }
I20260601 13:24:08.413753 19247 raft_consensus.cc:2804] T be8d36edd1d946a7af1229f4aa632bd7 P 4747badcd38d40bba8b933e530116c50 [term 1 FOLLOWER]: Leader election won for term 1
I20260601 13:24:08.413784 19241 raft_consensus.cc:399] T 1cc3e0afb73f45518afe7cdc135895ec P 6c5cdce97c834e469196e5aba15e2a93 [term 0 FOLLOWER]: Only one voter in the Raft config. Triggering election immediately
I20260601 13:24:08.413710 19243 raft_consensus.cc:3060] T c8942effac2645a1a717eee4df21102a P a74c1f0a2a0e463581abee10992491a4 [term 0 FOLLOWER]: Advancing to term 1
I20260601 13:24:08.413661 19242 leader_election.cc:290] T be8d36edd1d946a7af1229f4aa632bd7 P 4747badcd38d40bba8b933e530116c50 [CANDIDATE]: Term 1 election: Requested vote from peers 
I20260601 13:24:08.413960 19247 raft_consensus.cc:697] T be8d36edd1d946a7af1229f4aa632bd7 P 4747badcd38d40bba8b933e530116c50 [term 1 LEADER]: Becoming Leader. State: Replica: 4747badcd38d40bba8b933e530116c50, State: Running, Role: LEADER
I20260601 13:24:08.413834 19241 raft_consensus.cc:493] T 1cc3e0afb73f45518afe7cdc135895ec P 6c5cdce97c834e469196e5aba15e2a93 [term 0 FOLLOWER]: Starting leader election (initial election of a single-replica configuration)
I20260601 13:24:08.414170 19247 consensus_queue.cc:237] T be8d36edd1d946a7af1229f4aa632bd7 P 4747badcd38d40bba8b933e530116c50 [LEADER]: Queue going to LEADER mode. State: All replicated index: 0, Majority replicated index: 0, Committed index: 0, Last appended: 0.0, Last appended by leader: 0, Current term: 1, Majority size: 1, State: 0, Mode: LEADER, active raft config: opid_index: -1 OBSOLETE_local: true peers { permanent_uuid: "4747badcd38d40bba8b933e530116c50" member_type: VOTER last_known_addr { host: "127.17.69.131" port: 40213 } }
I20260601 13:24:08.414434 19241 raft_consensus.cc:3060] T 1cc3e0afb73f45518afe7cdc135895ec P 6c5cdce97c834e469196e5aba15e2a93 [term 0 FOLLOWER]: Advancing to term 1
I20260601 13:24:08.415350 19243 raft_consensus.cc:515] T c8942effac2645a1a717eee4df21102a P a74c1f0a2a0e463581abee10992491a4 [term 1 FOLLOWER]: Starting leader election with config: opid_index: -1 OBSOLETE_local: true peers { permanent_uuid: "a74c1f0a2a0e463581abee10992491a4" member_type: VOTER last_known_addr { host: "127.17.69.130" port: 39227 } }
I20260601 13:24:08.415539 19243 leader_election.cc:304] T c8942effac2645a1a717eee4df21102a P a74c1f0a2a0e463581abee10992491a4 [CANDIDATE]: Term 1 election: Election decided. Result: candidate won. Election summary: received 1 responses out of 1 voters: 1 yes votes; 0 no votes. yes voters: a74c1f0a2a0e463581abee10992491a4; no voters: 
I20260601 13:24:08.415561 19241 raft_consensus.cc:515] T 1cc3e0afb73f45518afe7cdc135895ec P 6c5cdce97c834e469196e5aba15e2a93 [term 1 FOLLOWER]: Starting leader election with config: opid_index: -1 OBSOLETE_local: true peers { permanent_uuid: "6c5cdce97c834e469196e5aba15e2a93" member_type: VOTER last_known_addr { host: "127.17.69.129" port: 41731 } }
I20260601 13:24:08.415786 19243 leader_election.cc:290] T c8942effac2645a1a717eee4df21102a P a74c1f0a2a0e463581abee10992491a4 [CANDIDATE]: Term 1 election: Requested vote from peers 
I20260601 13:24:08.415836 19241 leader_election.cc:304] T 1cc3e0afb73f45518afe7cdc135895ec P 6c5cdce97c834e469196e5aba15e2a93 [CANDIDATE]: Term 1 election: Election decided. Result: candidate won. Election summary: received 1 responses out of 1 voters: 1 yes votes; 0 no votes. yes voters: 6c5cdce97c834e469196e5aba15e2a93; no voters: 
I20260601 13:24:08.416205 19243 ts_tablet_manager.cc:1434] T c8942effac2645a1a717eee4df21102a P a74c1f0a2a0e463581abee10992491a4: Time spent starting tablet: real 0.004s	user 0.001s	sys 0.002s
I20260601 13:24:08.416287 19241 leader_election.cc:290] T 1cc3e0afb73f45518afe7cdc135895ec P 6c5cdce97c834e469196e5aba15e2a93 [CANDIDATE]: Term 1 election: Requested vote from peers 
I20260601 13:24:08.416734 19241 ts_tablet_manager.cc:1434] T 1cc3e0afb73f45518afe7cdc135895ec P 6c5cdce97c834e469196e5aba15e2a93: Time spent starting tablet: real 0.004s	user 0.003s	sys 0.000s
I20260601 13:24:08.415869 19252 raft_consensus.cc:2804] T c8942effac2645a1a717eee4df21102a P a74c1f0a2a0e463581abee10992491a4 [term 1 FOLLOWER]: Leader election won for term 1
I20260601 13:24:08.414362 19242 ts_tablet_manager.cc:1434] T be8d36edd1d946a7af1229f4aa632bd7 P 4747badcd38d40bba8b933e530116c50: Time spent starting tablet: real 0.003s	user 0.003s	sys 0.000s
I20260601 13:24:08.416980 19252 raft_consensus.cc:697] T c8942effac2645a1a717eee4df21102a P a74c1f0a2a0e463581abee10992491a4 [term 1 LEADER]: Becoming Leader. State: Replica: a74c1f0a2a0e463581abee10992491a4, State: Running, Role: LEADER
I20260601 13:24:08.417423 18885 catalog_manager.cc:5696] T be8d36edd1d946a7af1229f4aa632bd7 P 4747badcd38d40bba8b933e530116c50 reported cstate change: term changed from 0 to 1, leader changed from <none> to 4747badcd38d40bba8b933e530116c50 (127.17.69.131). New cstate: current_term: 1 leader_uuid: "4747badcd38d40bba8b933e530116c50" committed_config { opid_index: -1 OBSOLETE_local: true peers { permanent_uuid: "4747badcd38d40bba8b933e530116c50" member_type: VOTER last_known_addr { host: "127.17.69.131" port: 40213 } health_report { overall_health: HEALTHY } } }
I20260601 13:24:08.417164 19252 consensus_queue.cc:237] T c8942effac2645a1a717eee4df21102a P a74c1f0a2a0e463581abee10992491a4 [LEADER]: Queue going to LEADER mode. State: All replicated index: 0, Majority replicated index: 0, Committed index: 0, Last appended: 0.0, Last appended by leader: 0, Current term: 1, Majority size: 1, State: 0, Mode: LEADER, active raft config: opid_index: -1 OBSOLETE_local: true peers { permanent_uuid: "a74c1f0a2a0e463581abee10992491a4" member_type: VOTER last_known_addr { host: "127.17.69.130" port: 39227 } }
I20260601 13:24:08.419373 19254 raft_consensus.cc:2804] T 1cc3e0afb73f45518afe7cdc135895ec P 6c5cdce97c834e469196e5aba15e2a93 [term 1 FOLLOWER]: Leader election won for term 1
I20260601 13:24:08.419596 19254 raft_consensus.cc:697] T 1cc3e0afb73f45518afe7cdc135895ec P 6c5cdce97c834e469196e5aba15e2a93 [term 1 LEADER]: Becoming Leader. State: Replica: 6c5cdce97c834e469196e5aba15e2a93, State: Running, Role: LEADER
I20260601 13:24:08.419725 19254 consensus_queue.cc:237] T 1cc3e0afb73f45518afe7cdc135895ec P 6c5cdce97c834e469196e5aba15e2a93 [LEADER]: Queue going to LEADER mode. State: All replicated index: 0, Majority replicated index: 0, Committed index: 0, Last appended: 0.0, Last appended by leader: 0, Current term: 1, Majority size: 1, State: 0, Mode: LEADER, active raft config: opid_index: -1 OBSOLETE_local: true peers { permanent_uuid: "6c5cdce97c834e469196e5aba15e2a93" member_type: VOTER last_known_addr { host: "127.17.69.129" port: 41731 } }
I20260601 13:24:08.420342 18883 catalog_manager.cc:5696] T c8942effac2645a1a717eee4df21102a P a74c1f0a2a0e463581abee10992491a4 reported cstate change: term changed from 0 to 1, leader changed from <none> to a74c1f0a2a0e463581abee10992491a4 (127.17.69.130). New cstate: current_term: 1 leader_uuid: "a74c1f0a2a0e463581abee10992491a4" committed_config { opid_index: -1 OBSOLETE_local: true peers { permanent_uuid: "a74c1f0a2a0e463581abee10992491a4" member_type: VOTER last_known_addr { host: "127.17.69.130" port: 39227 } health_report { overall_health: HEALTHY } } }
I20260601 13:24:08.421995 18884 catalog_manager.cc:5696] T 1cc3e0afb73f45518afe7cdc135895ec P 6c5cdce97c834e469196e5aba15e2a93 reported cstate change: term changed from 0 to 1, leader changed from <none> to 6c5cdce97c834e469196e5aba15e2a93 (127.17.69.129). New cstate: current_term: 1 leader_uuid: "6c5cdce97c834e469196e5aba15e2a93" committed_config { opid_index: -1 OBSOLETE_local: true peers { permanent_uuid: "6c5cdce97c834e469196e5aba15e2a93" member_type: VOTER last_known_addr { host: "127.17.69.129" port: 41731 } health_report { overall_health: HEALTHY } } }
I20260601 13:24:08.433030 17686 master.cc:562] Master@127.17.69.188:39699 shutting down...
I20260601 13:24:08.436899 17686 raft_consensus.cc:2243] T 00000000000000000000000000000000 P b749df1f174e4f9e90ccc94f079e46e5 [term 1 LEADER]: Raft consensus shutting down.
I20260601 13:24:08.437157 17686 raft_consensus.cc:2272] T 00000000000000000000000000000000 P b749df1f174e4f9e90ccc94f079e46e5 [term 1 FOLLOWER]: Raft consensus is shut down!
I20260601 13:24:08.437222 17686 tablet_replica.cc:333] T 00000000000000000000000000000000 P b749df1f174e4f9e90ccc94f079e46e5: stopping tablet replica
I20260601 13:24:08.451800 17686 master.cc:584] Master@127.17.69.188:39699 shutdown complete.
W20260601 13:24:09.429080 19206 heartbeater.cc:646] Failed to heartbeat to 127.17.69.188:39699 (0 consecutive failures): Network error: Failed to send heartbeat to master: Client connection negotiation failed: client connection to 127.17.69.188:39699: connect: Connection refused (error 111)
I20260601 13:24:09.929814 19267 raft_consensus.cc:493] T 00000000000000000000000000000000 P 60450d14cc0949f89f394cfb9a14d45f [term 1 FOLLOWER]: Starting pre-election (detected failure of leader b749df1f174e4f9e90ccc94f079e46e5)
I20260601 13:24:09.929925 19268 raft_consensus.cc:493] T 00000000000000000000000000000000 P ba8ef7216a884432b30aef830232bfa1 [term 1 FOLLOWER]: Starting pre-election (detected failure of leader b749df1f174e4f9e90ccc94f079e46e5)
I20260601 13:24:09.930003 19267 raft_consensus.cc:515] T 00000000000000000000000000000000 P 60450d14cc0949f89f394cfb9a14d45f [term 1 FOLLOWER]: Starting pre-election with config: opid_index: -1 OBSOLETE_local: false peers { permanent_uuid: "ba8ef7216a884432b30aef830232bfa1" member_type: VOTER last_known_addr { host: "127.17.69.190" port: 44509 } } peers { permanent_uuid: "60450d14cc0949f89f394cfb9a14d45f" member_type: VOTER last_known_addr { host: "127.17.69.189" port: 45627 } } peers { permanent_uuid: "b749df1f174e4f9e90ccc94f079e46e5" member_type: VOTER last_known_addr { host: "127.17.69.188" port: 39699 } }
I20260601 13:24:09.930160 19268 raft_consensus.cc:515] T 00000000000000000000000000000000 P ba8ef7216a884432b30aef830232bfa1 [term 1 FOLLOWER]: Starting pre-election with config: opid_index: -1 OBSOLETE_local: false peers { permanent_uuid: "ba8ef7216a884432b30aef830232bfa1" member_type: VOTER last_known_addr { host: "127.17.69.190" port: 44509 } } peers { permanent_uuid: "60450d14cc0949f89f394cfb9a14d45f" member_type: VOTER last_known_addr { host: "127.17.69.189" port: 45627 } } peers { permanent_uuid: "b749df1f174e4f9e90ccc94f079e46e5" member_type: VOTER last_known_addr { host: "127.17.69.188" port: 39699 } }
I20260601 13:24:09.930608 19268 leader_election.cc:290] T 00000000000000000000000000000000 P ba8ef7216a884432b30aef830232bfa1 [CANDIDATE]: Term 2 pre-election: Requested pre-vote from peers 60450d14cc0949f89f394cfb9a14d45f (127.17.69.189:45627), b749df1f174e4f9e90ccc94f079e46e5 (127.17.69.188:39699)
I20260601 13:24:09.931089 19267 leader_election.cc:290] T 00000000000000000000000000000000 P 60450d14cc0949f89f394cfb9a14d45f [CANDIDATE]: Term 2 pre-election: Requested pre-vote from peers ba8ef7216a884432b30aef830232bfa1 (127.17.69.190:44509), b749df1f174e4f9e90ccc94f079e46e5 (127.17.69.188:39699)
I20260601 13:24:09.931419 18829 tablet_service.cc:1917] Received RequestConsensusVote() RPC: tablet_id: "00000000000000000000000000000000" candidate_uuid: "ba8ef7216a884432b30aef830232bfa1" candidate_term: 2 candidate_status { last_received { term: 1 index: 9 } } ignore_live_leader: false dest_uuid: "60450d14cc0949f89f394cfb9a14d45f" is_pre_election: true
I20260601 13:24:09.931490 18763 tablet_service.cc:1917] Received RequestConsensusVote() RPC: tablet_id: "00000000000000000000000000000000" candidate_uuid: "60450d14cc0949f89f394cfb9a14d45f" candidate_term: 2 candidate_status { last_received { term: 1 index: 9 } } ignore_live_leader: false dest_uuid: "ba8ef7216a884432b30aef830232bfa1" is_pre_election: true
I20260601 13:24:09.931568 18829 raft_consensus.cc:2468] T 00000000000000000000000000000000 P 60450d14cc0949f89f394cfb9a14d45f [term 1 FOLLOWER]: Leader pre-election vote request: Granting yes vote for candidate ba8ef7216a884432b30aef830232bfa1 in term 1.
I20260601 13:24:09.931974 18738 leader_election.cc:304] T 00000000000000000000000000000000 P ba8ef7216a884432b30aef830232bfa1 [CANDIDATE]: Term 2 pre-election: Election decided. Result: candidate won. Election summary: received 2 responses out of 3 voters: 2 yes votes; 0 no votes. yes voters: 60450d14cc0949f89f394cfb9a14d45f, ba8ef7216a884432b30aef830232bfa1; no voters: 
I20260601 13:24:09.932242 18763 raft_consensus.cc:2468] T 00000000000000000000000000000000 P ba8ef7216a884432b30aef830232bfa1 [term 1 FOLLOWER]: Leader pre-election vote request: Granting yes vote for candidate 60450d14cc0949f89f394cfb9a14d45f in term 1.
W20260601 13:24:09.932459 18738 leader_election.cc:336] T 00000000000000000000000000000000 P ba8ef7216a884432b30aef830232bfa1 [CANDIDATE]: Term 2 pre-election: RPC error from VoteRequest() call to peer b749df1f174e4f9e90ccc94f079e46e5 (127.17.69.188:39699): Network error: Client connection negotiation failed: client connection to 127.17.69.188:39699: connect: Connection refused (error 111)
I20260601 13:24:09.932469 19268 raft_consensus.cc:2804] T 00000000000000000000000000000000 P ba8ef7216a884432b30aef830232bfa1 [term 1 FOLLOWER]: Leader pre-election won for term 2
I20260601 13:24:09.932636 19268 raft_consensus.cc:493] T 00000000000000000000000000000000 P ba8ef7216a884432b30aef830232bfa1 [term 1 FOLLOWER]: Starting leader election (detected failure of leader b749df1f174e4f9e90ccc94f079e46e5)
I20260601 13:24:09.932682 19268 raft_consensus.cc:3060] T 00000000000000000000000000000000 P ba8ef7216a884432b30aef830232bfa1 [term 1 FOLLOWER]: Advancing to term 2
I20260601 13:24:09.932650 18802 leader_election.cc:304] T 00000000000000000000000000000000 P 60450d14cc0949f89f394cfb9a14d45f [CANDIDATE]: Term 2 pre-election: Election decided. Result: candidate won. Election summary: received 2 responses out of 3 voters: 2 yes votes; 0 no votes. yes voters: 60450d14cc0949f89f394cfb9a14d45f, ba8ef7216a884432b30aef830232bfa1; no voters: 
I20260601 13:24:09.932825 19267 raft_consensus.cc:2804] T 00000000000000000000000000000000 P 60450d14cc0949f89f394cfb9a14d45f [term 1 FOLLOWER]: Leader pre-election won for term 2
I20260601 13:24:09.932873 19267 raft_consensus.cc:493] T 00000000000000000000000000000000 P 60450d14cc0949f89f394cfb9a14d45f [term 1 FOLLOWER]: Starting leader election (detected failure of leader b749df1f174e4f9e90ccc94f079e46e5)
W20260601 13:24:09.932840 18803 leader_election.cc:336] T 00000000000000000000000000000000 P 60450d14cc0949f89f394cfb9a14d45f [CANDIDATE]: Term 2 pre-election: RPC error from VoteRequest() call to peer b749df1f174e4f9e90ccc94f079e46e5 (127.17.69.188:39699): Network error: Client connection negotiation failed: client connection to 127.17.69.188:39699: connect: Connection refused (error 111)
I20260601 13:24:09.932927 19267 raft_consensus.cc:3060] T 00000000000000000000000000000000 P 60450d14cc0949f89f394cfb9a14d45f [term 1 FOLLOWER]: Advancing to term 2
I20260601 13:24:09.933881 19267 raft_consensus.cc:515] T 00000000000000000000000000000000 P 60450d14cc0949f89f394cfb9a14d45f [term 2 FOLLOWER]: Starting leader election with config: opid_index: -1 OBSOLETE_local: false peers { permanent_uuid: "ba8ef7216a884432b30aef830232bfa1" member_type: VOTER last_known_addr { host: "127.17.69.190" port: 44509 } } peers { permanent_uuid: "60450d14cc0949f89f394cfb9a14d45f" member_type: VOTER last_known_addr { host: "127.17.69.189" port: 45627 } } peers { permanent_uuid: "b749df1f174e4f9e90ccc94f079e46e5" member_type: VOTER last_known_addr { host: "127.17.69.188" port: 39699 } }
I20260601 13:24:09.933881 19268 raft_consensus.cc:515] T 00000000000000000000000000000000 P ba8ef7216a884432b30aef830232bfa1 [term 2 FOLLOWER]: Starting leader election with config: opid_index: -1 OBSOLETE_local: false peers { permanent_uuid: "ba8ef7216a884432b30aef830232bfa1" member_type: VOTER last_known_addr { host: "127.17.69.190" port: 44509 } } peers { permanent_uuid: "60450d14cc0949f89f394cfb9a14d45f" member_type: VOTER last_known_addr { host: "127.17.69.189" port: 45627 } } peers { permanent_uuid: "b749df1f174e4f9e90ccc94f079e46e5" member_type: VOTER last_known_addr { host: "127.17.69.188" port: 39699 } }
I20260601 13:24:09.934324 19268 leader_election.cc:290] T 00000000000000000000000000000000 P ba8ef7216a884432b30aef830232bfa1 [CANDIDATE]: Term 2 election: Requested vote from peers 60450d14cc0949f89f394cfb9a14d45f (127.17.69.189:45627), b749df1f174e4f9e90ccc94f079e46e5 (127.17.69.188:39699)
I20260601 13:24:09.934682 18829 tablet_service.cc:1917] Received RequestConsensusVote() RPC: tablet_id: "00000000000000000000000000000000" candidate_uuid: "ba8ef7216a884432b30aef830232bfa1" candidate_term: 2 candidate_status { last_received { term: 1 index: 9 } } ignore_live_leader: false dest_uuid: "60450d14cc0949f89f394cfb9a14d45f"
I20260601 13:24:09.934868 18829 raft_consensus.cc:2393] T 00000000000000000000000000000000 P 60450d14cc0949f89f394cfb9a14d45f [term 2 FOLLOWER]: Leader election vote request: Denying vote to candidate ba8ef7216a884432b30aef830232bfa1 in current term 2: Already voted for candidate 60450d14cc0949f89f394cfb9a14d45f in this term.
I20260601 13:24:09.934849 18763 tablet_service.cc:1917] Received RequestConsensusVote() RPC: tablet_id: "00000000000000000000000000000000" candidate_uuid: "60450d14cc0949f89f394cfb9a14d45f" candidate_term: 2 candidate_status { last_received { term: 1 index: 9 } } ignore_live_leader: false dest_uuid: "ba8ef7216a884432b30aef830232bfa1"
I20260601 13:24:09.934952 18763 raft_consensus.cc:2393] T 00000000000000000000000000000000 P ba8ef7216a884432b30aef830232bfa1 [term 2 FOLLOWER]: Leader election vote request: Denying vote to candidate 60450d14cc0949f89f394cfb9a14d45f in current term 2: Already voted for candidate ba8ef7216a884432b30aef830232bfa1 in this term.
I20260601 13:24:09.934338 19267 leader_election.cc:290] T 00000000000000000000000000000000 P 60450d14cc0949f89f394cfb9a14d45f [CANDIDATE]: Term 2 election: Requested vote from peers ba8ef7216a884432b30aef830232bfa1 (127.17.69.190:44509), b749df1f174e4f9e90ccc94f079e46e5 (127.17.69.188:39699)
W20260601 13:24:09.935534 18738 leader_election.cc:336] T 00000000000000000000000000000000 P ba8ef7216a884432b30aef830232bfa1 [CANDIDATE]: Term 2 election: RPC error from VoteRequest() call to peer b749df1f174e4f9e90ccc94f079e46e5 (127.17.69.188:39699): Network error: Client connection negotiation failed: client connection to 127.17.69.188:39699: connect: Connection refused (error 111)
I20260601 13:24:09.935611 18738 leader_election.cc:304] T 00000000000000000000000000000000 P ba8ef7216a884432b30aef830232bfa1 [CANDIDATE]: Term 2 election: Election decided. Result: candidate lost. Election summary: received 3 responses out of 3 voters: 1 yes votes; 2 no votes. yes voters: ba8ef7216a884432b30aef830232bfa1; no voters: 60450d14cc0949f89f394cfb9a14d45f, b749df1f174e4f9e90ccc94f079e46e5
W20260601 13:24:09.935693 18803 leader_election.cc:336] T 00000000000000000000000000000000 P 60450d14cc0949f89f394cfb9a14d45f [CANDIDATE]: Term 2 election: RPC error from VoteRequest() call to peer b749df1f174e4f9e90ccc94f079e46e5 (127.17.69.188:39699): Network error: Client connection negotiation failed: client connection to 127.17.69.188:39699: connect: Connection refused (error 111)
I20260601 13:24:09.935745 19268 raft_consensus.cc:2749] T 00000000000000000000000000000000 P ba8ef7216a884432b30aef830232bfa1 [term 2 FOLLOWER]: Leader election lost for term 2. Reason: could not achieve majority
I20260601 13:24:09.935761 18803 leader_election.cc:304] T 00000000000000000000000000000000 P 60450d14cc0949f89f394cfb9a14d45f [CANDIDATE]: Term 2 election: Election decided. Result: candidate lost. Election summary: received 3 responses out of 3 voters: 1 yes votes; 2 no votes. yes voters: 60450d14cc0949f89f394cfb9a14d45f; no voters: b749df1f174e4f9e90ccc94f079e46e5, ba8ef7216a884432b30aef830232bfa1
I20260601 13:24:09.935881 19267 raft_consensus.cc:2749] T 00000000000000000000000000000000 P 60450d14cc0949f89f394cfb9a14d45f [term 2 FOLLOWER]: Leader election lost for term 2. Reason: could not achieve majority
I20260601 13:24:11.877017 19279 raft_consensus.cc:493] T 00000000000000000000000000000000 P ba8ef7216a884432b30aef830232bfa1 [term 2 FOLLOWER]: Starting pre-election (no leader contacted us within the election timeout)
I20260601 13:24:11.877169 19279 raft_consensus.cc:515] T 00000000000000000000000000000000 P ba8ef7216a884432b30aef830232bfa1 [term 2 FOLLOWER]: Starting pre-election with config: opid_index: -1 OBSOLETE_local: false peers { permanent_uuid: "ba8ef7216a884432b30aef830232bfa1" member_type: VOTER last_known_addr { host: "127.17.69.190" port: 44509 } } peers { permanent_uuid: "60450d14cc0949f89f394cfb9a14d45f" member_type: VOTER last_known_addr { host: "127.17.69.189" port: 45627 } } peers { permanent_uuid: "b749df1f174e4f9e90ccc94f079e46e5" member_type: VOTER last_known_addr { host: "127.17.69.188" port: 39699 } }
I20260601 13:24:11.877681 19279 leader_election.cc:290] T 00000000000000000000000000000000 P ba8ef7216a884432b30aef830232bfa1 [CANDIDATE]: Term 3 pre-election: Requested pre-vote from peers 60450d14cc0949f89f394cfb9a14d45f (127.17.69.189:45627), b749df1f174e4f9e90ccc94f079e46e5 (127.17.69.188:39699)
I20260601 13:24:11.878203 18829 tablet_service.cc:1917] Received RequestConsensusVote() RPC: tablet_id: "00000000000000000000000000000000" candidate_uuid: "ba8ef7216a884432b30aef830232bfa1" candidate_term: 3 candidate_status { last_received { term: 1 index: 9 } } ignore_live_leader: false dest_uuid: "60450d14cc0949f89f394cfb9a14d45f" is_pre_election: true
I20260601 13:24:11.878427 18829 raft_consensus.cc:2468] T 00000000000000000000000000000000 P 60450d14cc0949f89f394cfb9a14d45f [term 2 FOLLOWER]: Leader pre-election vote request: Granting yes vote for candidate ba8ef7216a884432b30aef830232bfa1 in term 2.
W20260601 13:24:11.878582 18738 proxy.cc:239] Call had error, refreshing address and retrying: Network error: Client connection negotiation failed: client connection to 127.17.69.188:39699: connect: Connection refused (error 111) [suppressed 5 similar messages]
I20260601 13:24:11.878930 18738 leader_election.cc:304] T 00000000000000000000000000000000 P ba8ef7216a884432b30aef830232bfa1 [CANDIDATE]: Term 3 pre-election: Election decided. Result: candidate won. Election summary: received 2 responses out of 3 voters: 2 yes votes; 0 no votes. yes voters: 60450d14cc0949f89f394cfb9a14d45f, ba8ef7216a884432b30aef830232bfa1; no voters: 
I20260601 13:24:11.879184 19279 raft_consensus.cc:2804] T 00000000000000000000000000000000 P ba8ef7216a884432b30aef830232bfa1 [term 2 FOLLOWER]: Leader pre-election won for term 3
I20260601 13:24:11.879400 19279 raft_consensus.cc:493] T 00000000000000000000000000000000 P ba8ef7216a884432b30aef830232bfa1 [term 2 FOLLOWER]: Starting leader election (no leader contacted us within the election timeout)
I20260601 13:24:11.879488 19279 raft_consensus.cc:3060] T 00000000000000000000000000000000 P ba8ef7216a884432b30aef830232bfa1 [term 2 FOLLOWER]: Advancing to term 3
W20260601 13:24:11.879838 18738 leader_election.cc:336] T 00000000000000000000000000000000 P ba8ef7216a884432b30aef830232bfa1 [CANDIDATE]: Term 3 pre-election: RPC error from VoteRequest() call to peer b749df1f174e4f9e90ccc94f079e46e5 (127.17.69.188:39699): Network error: Client connection negotiation failed: client connection to 127.17.69.188:39699: connect: Connection refused (error 111)
I20260601 13:24:11.880568 19279 raft_consensus.cc:515] T 00000000000000000000000000000000 P ba8ef7216a884432b30aef830232bfa1 [term 3 FOLLOWER]: Starting leader election with config: opid_index: -1 OBSOLETE_local: false peers { permanent_uuid: "ba8ef7216a884432b30aef830232bfa1" member_type: VOTER last_known_addr { host: "127.17.69.190" port: 44509 } } peers { permanent_uuid: "60450d14cc0949f89f394cfb9a14d45f" member_type: VOTER last_known_addr { host: "127.17.69.189" port: 45627 } } peers { permanent_uuid: "b749df1f174e4f9e90ccc94f079e46e5" member_type: VOTER last_known_addr { host: "127.17.69.188" port: 39699 } }
I20260601 13:24:11.881013 19279 leader_election.cc:290] T 00000000000000000000000000000000 P ba8ef7216a884432b30aef830232bfa1 [CANDIDATE]: Term 3 election: Requested vote from peers 60450d14cc0949f89f394cfb9a14d45f (127.17.69.189:45627), b749df1f174e4f9e90ccc94f079e46e5 (127.17.69.188:39699)
I20260601 13:24:11.881736 18829 tablet_service.cc:1917] Received RequestConsensusVote() RPC: tablet_id: "00000000000000000000000000000000" candidate_uuid: "ba8ef7216a884432b30aef830232bfa1" candidate_term: 3 candidate_status { last_received { term: 1 index: 9 } } ignore_live_leader: false dest_uuid: "60450d14cc0949f89f394cfb9a14d45f"
I20260601 13:24:11.881882 18829 raft_consensus.cc:3060] T 00000000000000000000000000000000 P 60450d14cc0949f89f394cfb9a14d45f [term 2 FOLLOWER]: Advancing to term 3
W20260601 13:24:11.882704 18738 leader_election.cc:336] T 00000000000000000000000000000000 P ba8ef7216a884432b30aef830232bfa1 [CANDIDATE]: Term 3 election: RPC error from VoteRequest() call to peer b749df1f174e4f9e90ccc94f079e46e5 (127.17.69.188:39699): Network error: Client connection negotiation failed: client connection to 127.17.69.188:39699: connect: Connection refused (error 111)
I20260601 13:24:11.882928 18829 raft_consensus.cc:2468] T 00000000000000000000000000000000 P 60450d14cc0949f89f394cfb9a14d45f [term 3 FOLLOWER]: Leader election vote request: Granting yes vote for candidate ba8ef7216a884432b30aef830232bfa1 in term 3.
I20260601 13:24:11.883410 18738 leader_election.cc:304] T 00000000000000000000000000000000 P ba8ef7216a884432b30aef830232bfa1 [CANDIDATE]: Term 3 election: Election decided. Result: candidate won. Election summary: received 3 responses out of 3 voters: 2 yes votes; 1 no votes. yes voters: 60450d14cc0949f89f394cfb9a14d45f, ba8ef7216a884432b30aef830232bfa1; no voters: b749df1f174e4f9e90ccc94f079e46e5
I20260601 13:24:11.883761 19279 raft_consensus.cc:2804] T 00000000000000000000000000000000 P ba8ef7216a884432b30aef830232bfa1 [term 3 FOLLOWER]: Leader election won for term 3
I20260601 13:24:11.884135 19279 raft_consensus.cc:697] T 00000000000000000000000000000000 P ba8ef7216a884432b30aef830232bfa1 [term 3 LEADER]: Becoming Leader. State: Replica: ba8ef7216a884432b30aef830232bfa1, State: Running, Role: LEADER
I20260601 13:24:11.884361 19279 consensus_queue.cc:237] T 00000000000000000000000000000000 P ba8ef7216a884432b30aef830232bfa1 [LEADER]: Queue going to LEADER mode. State: All replicated index: 0, Majority replicated index: 9, Committed index: 9, Last appended: 1.9, Last appended by leader: 9, Current term: 3, Majority size: 2, State: 0, Mode: LEADER, active raft config: opid_index: -1 OBSOLETE_local: false peers { permanent_uuid: "ba8ef7216a884432b30aef830232bfa1" member_type: VOTER last_known_addr { host: "127.17.69.190" port: 44509 } } peers { permanent_uuid: "60450d14cc0949f89f394cfb9a14d45f" member_type: VOTER last_known_addr { host: "127.17.69.189" port: 45627 } } peers { permanent_uuid: "b749df1f174e4f9e90ccc94f079e46e5" member_type: VOTER last_known_addr { host: "127.17.69.188" port: 39699 } }
I20260601 13:24:11.885586 19282 sys_catalog.cc:455] T 00000000000000000000000000000000 P ba8ef7216a884432b30aef830232bfa1 [sys.catalog]: SysCatalogTable state changed. Reason: New leader ba8ef7216a884432b30aef830232bfa1. Latest consensus state: current_term: 3 leader_uuid: "ba8ef7216a884432b30aef830232bfa1" committed_config { opid_index: -1 OBSOLETE_local: false peers { permanent_uuid: "ba8ef7216a884432b30aef830232bfa1" member_type: VOTER last_known_addr { host: "127.17.69.190" port: 44509 } } peers { permanent_uuid: "60450d14cc0949f89f394cfb9a14d45f" member_type: VOTER last_known_addr { host: "127.17.69.189" port: 45627 } } peers { permanent_uuid: "b749df1f174e4f9e90ccc94f079e46e5" member_type: VOTER last_known_addr { host: "127.17.69.188" port: 39699 } } }
I20260601 13:24:11.885759 19282 sys_catalog.cc:458] T 00000000000000000000000000000000 P ba8ef7216a884432b30aef830232bfa1 [sys.catalog]: This master's current role is: LEADER
I20260601 13:24:11.886313 19284 catalog_manager.cc:1510] Loading table and tablet metadata into memory...
I20260601 13:24:11.887410 19284 catalog_manager.cc:679] Loaded metadata for table test-workload [id=dc494d4fd8c14a0d909787d2254fd993]
I20260601 13:24:11.888084 19284 tablet_loader.cc:96] loaded metadata for tablet 1cc3e0afb73f45518afe7cdc135895ec (table test-workload [id=dc494d4fd8c14a0d909787d2254fd993])
I20260601 13:24:11.888253 19284 tablet_loader.cc:96] loaded metadata for tablet be8d36edd1d946a7af1229f4aa632bd7 (table test-workload [id=dc494d4fd8c14a0d909787d2254fd993])
I20260601 13:24:11.888387 19284 tablet_loader.cc:96] loaded metadata for tablet c8942effac2645a1a717eee4df21102a (table test-workload [id=dc494d4fd8c14a0d909787d2254fd993])
I20260601 13:24:11.888465 19284 catalog_manager.cc:1519] Initializing Kudu cluster ID...
I20260601 13:24:11.888804 19284 catalog_manager.cc:1294] Loaded cluster ID: 307564dd20c9499a90371e72a0d30ee0
I20260601 13:24:11.888849 19284 catalog_manager.cc:1530] Initializing Kudu internal certificate authority...
I20260601 13:24:11.889362 19284 catalog_manager.cc:1539] Loading token signing keys...
I20260601 13:24:11.889725 19284 catalog_manager.cc:6080] T 00000000000000000000000000000000 P ba8ef7216a884432b30aef830232bfa1: Loaded TSK: 0
I20260601 13:24:11.890233 19284 catalog_manager.cc:1549] Initializing in-progress tserver states...
I20260601 13:24:12.174435 18949 auto_leader_rebalancer.cc:140] leader rebalance for table test-workload
I20260601 13:24:12.174628 18949 auto_leader_rebalancer.cc:451] All tables' leader rebalancing finished this round
I20260601 13:24:12.227519 17686 tablet_server.cc:179] TabletServer@127.17.69.129:0 shutting down...
I20260601 13:24:12.232563 17686 ts_tablet_manager.cc:1507] Shutting down tablet manager...
I20260601 13:24:12.232874 17686 tablet_replica.cc:333] T 1cc3e0afb73f45518afe7cdc135895ec P 6c5cdce97c834e469196e5aba15e2a93: stopping tablet replica
I20260601 13:24:12.233006 17686 raft_consensus.cc:2243] T 1cc3e0afb73f45518afe7cdc135895ec P 6c5cdce97c834e469196e5aba15e2a93 [term 1 LEADER]: Raft consensus shutting down.
I20260601 13:24:12.233171 17686 raft_consensus.cc:2272] T 1cc3e0afb73f45518afe7cdc135895ec P 6c5cdce97c834e469196e5aba15e2a93 [term 1 FOLLOWER]: Raft consensus is shut down!
I20260601 13:24:12.246773 17686 tablet_server.cc:196] TabletServer@127.17.69.129:0 shutdown complete.
I20260601 13:24:12.249243 17686 tablet_server.cc:179] TabletServer@127.17.69.130:0 shutting down...
I20260601 13:24:12.254617 17686 ts_tablet_manager.cc:1507] Shutting down tablet manager...
I20260601 13:24:12.254884 17686 tablet_replica.cc:333] T c8942effac2645a1a717eee4df21102a P a74c1f0a2a0e463581abee10992491a4: stopping tablet replica
I20260601 13:24:12.255056 17686 raft_consensus.cc:2243] T c8942effac2645a1a717eee4df21102a P a74c1f0a2a0e463581abee10992491a4 [term 1 LEADER]: Raft consensus shutting down.
I20260601 13:24:12.255247 17686 raft_consensus.cc:2272] T c8942effac2645a1a717eee4df21102a P a74c1f0a2a0e463581abee10992491a4 [term 1 FOLLOWER]: Raft consensus is shut down!
I20260601 13:24:12.268476 17686 tablet_server.cc:196] TabletServer@127.17.69.130:0 shutdown complete.
I20260601 13:24:12.270859 17686 tablet_server.cc:179] TabletServer@127.17.69.131:0 shutting down...
I20260601 13:24:12.275943 17686 ts_tablet_manager.cc:1507] Shutting down tablet manager...
I20260601 13:24:12.276505 17686 tablet_replica.cc:333] T be8d36edd1d946a7af1229f4aa632bd7 P 4747badcd38d40bba8b933e530116c50: stopping tablet replica
I20260601 13:24:12.276706 17686 raft_consensus.cc:2243] T be8d36edd1d946a7af1229f4aa632bd7 P 4747badcd38d40bba8b933e530116c50 [term 1 LEADER]: Raft consensus shutting down.
I20260601 13:24:12.276873 17686 raft_consensus.cc:2272] T be8d36edd1d946a7af1229f4aa632bd7 P 4747badcd38d40bba8b933e530116c50 [term 1 FOLLOWER]: Raft consensus is shut down!
I20260601 13:24:12.289891 17686 tablet_server.cc:196] TabletServer@127.17.69.131:0 shutdown complete.
I20260601 13:24:12.292256 17686 master.cc:562] Master@127.17.69.190:44509 shutting down...
I20260601 13:24:12.297001 17686 raft_consensus.cc:2243] T 00000000000000000000000000000000 P ba8ef7216a884432b30aef830232bfa1 [term 3 LEADER]: Raft consensus shutting down.
I20260601 13:24:12.297300 17686 pending_rounds.cc:70] T 00000000000000000000000000000000 P ba8ef7216a884432b30aef830232bfa1: Trying to abort 1 pending ops.
I20260601 13:24:12.297356 17686 pending_rounds.cc:77] T 00000000000000000000000000000000 P ba8ef7216a884432b30aef830232bfa1: Aborting op as it isn't in flight: id { term: 3 index: 10 } timestamp: 7292191751720607744 op_type: NO_OP noop_request { }
I20260601 13:24:12.297470 17686 raft_consensus.cc:2889] T 00000000000000000000000000000000 P ba8ef7216a884432b30aef830232bfa1 [term 3 LEADER]: NO_OP replication failed: Aborted: Op aborted
I20260601 13:24:12.297538 17686 raft_consensus.cc:2272] T 00000000000000000000000000000000 P ba8ef7216a884432b30aef830232bfa1 [term 3 FOLLOWER]: Raft consensus is shut down!
I20260601 13:24:12.297688 17686 tablet_replica.cc:333] T 00000000000000000000000000000000 P ba8ef7216a884432b30aef830232bfa1: stopping tablet replica
I20260601 13:24:12.312223 17686 master.cc:584] Master@127.17.69.190:44509 shutdown complete.
I20260601 13:24:12.315277 17686 master.cc:562] Master@127.17.69.189:45627 shutting down...
I20260601 13:24:12.319558 17686 raft_consensus.cc:2243] T 00000000000000000000000000000000 P 60450d14cc0949f89f394cfb9a14d45f [term 3 FOLLOWER]: Raft consensus shutting down.
I20260601 13:24:12.319789 17686 raft_consensus.cc:2272] T 00000000000000000000000000000000 P 60450d14cc0949f89f394cfb9a14d45f [term 3 FOLLOWER]: Raft consensus is shut down!
I20260601 13:24:12.319875 17686 tablet_replica.cc:333] T 00000000000000000000000000000000 P 60450d14cc0949f89f394cfb9a14d45f: stopping tablet replica
I20260601 13:24:12.333166 17686 master.cc:584] Master@127.17.69.189:45627 shutdown complete.
[       OK ] AutoRebalancerTest.NextLeaderResumesAutoRebalancing (6283 ms)
[ RUN      ] AutoRebalancerTest.MovesScheduledIfAddTserver
I20260601 13:24:12.341616 17686 internal_mini_cluster.cc:156] Creating distributed mini masters. Addrs: 127.17.69.190:39411
I20260601 13:24:12.342124 17686 file_cache.cc:492] Constructed file cache file cache with capacity 419430
W20260601 13:24:12.344771 19285 instance_detector.cc:116] could not retrieve AWS instance metadata: Network error: curl error: HTTP response code said error: The requested URL returned error: 404
W20260601 13:24:12.344843 19288 instance_detector.cc:116] could not retrieve OpenStack instance metadata: Network error: curl error: HTTP response code said error: The requested URL returned error: 404
W20260601 13:24:12.344811 19286 instance_detector.cc:116] could not retrieve Azure instance metadata: Network error: curl error: HTTP response code said error: The requested URL returned error: 404
I20260601 13:24:12.344823 17686 server_base.cc:1061] running on GCE node
I20260601 13:24:12.345222 17686 hybrid_clock.cc:584] initializing the hybrid clock with 'system_unsync' time source
W20260601 13:24:12.345292 17686 system_unsync_time.cc:38] NTP support is disabled. Clock error bounds will not be accurate. This configuration is not suitable for distributed clusters.
I20260601 13:24:12.345335 17686 hybrid_clock.cc:648] HybridClock initialized: now 1780320252345330 us; error 0 us; skew 500 ppm
I20260601 13:24:12.346309 17686 webserver.cc:533] Webserver started at http://127.17.69.190:33563/ using document root <none> and password file <none>
I20260601 13:24:12.346496 17686 fs_manager.cc:362] Metadata directory not provided
I20260601 13:24:12.346570 17686 fs_manager.cc:368] Using write-ahead log directory (fs_wal_dir) as metadata directory
I20260601 13:24:12.346649 17686 server_base.cc:909] This appears to be a new deployment of Kudu; creating new FS layout
I20260601 13:24:12.347074 17686 fs_manager.cc:1068] Generated new instance metadata in path /tmp/dist-test-taskYUvzDg/test-tmp/auto_rebalancer-test.0.AutoRebalancerTest.MovesScheduledIfAddTserver.1780320235992190-17686-0/minicluster-data/master-0-root/instance:
uuid: "3b781cffddb04ac9aa165b30c71dffc4"
format_stamp: "Formatted at 2026-06-01 13:24:12 on dist-test-slave-xntx"
I20260601 13:24:12.348896 17686 fs_manager.cc:696] Time spent creating directory manager: real 0.001s	user 0.002s	sys 0.000s
I20260601 13:24:12.350209 19293 log_block_manager.cc:4031] Time spent loading block containers with low live blocks: real 0.000s	user 0.000s	sys 0.000s
I20260601 13:24:12.350548 17686 fs_manager.cc:730] Time spent opening block manager: real 0.001s	user 0.001s	sys 0.000s
I20260601 13:24:12.350639 17686 fs_manager.cc:647] Opened local filesystem: /tmp/dist-test-taskYUvzDg/test-tmp/auto_rebalancer-test.0.AutoRebalancerTest.MovesScheduledIfAddTserver.1780320235992190-17686-0/minicluster-data/master-0-root
uuid: "3b781cffddb04ac9aa165b30c71dffc4"
format_stamp: "Formatted at 2026-06-01 13:24:12 on dist-test-slave-xntx"
I20260601 13:24:12.350776 17686 fs_report.cc:389] FS layout report
--------------------
wal directory: /tmp/dist-test-taskYUvzDg/test-tmp/auto_rebalancer-test.0.AutoRebalancerTest.MovesScheduledIfAddTserver.1780320235992190-17686-0/minicluster-data/master-0-root
metadata directory: /tmp/dist-test-taskYUvzDg/test-tmp/auto_rebalancer-test.0.AutoRebalancerTest.MovesScheduledIfAddTserver.1780320235992190-17686-0/minicluster-data/master-0-root
1 data directories: /tmp/dist-test-taskYUvzDg/test-tmp/auto_rebalancer-test.0.AutoRebalancerTest.MovesScheduledIfAddTserver.1780320235992190-17686-0/minicluster-data/master-0-root/data
Total live blocks: 0
Total live bytes: 0
Total live bytes (after alignment): 0
Total number of LBM containers: 0 (0 full)
Did not check for missing blocks
Did not check for orphaned blocks
Total full LBM containers with extra space: 0 (0 repaired)
Total full LBM container extra space in bytes: 0 (0 repaired)
Total incomplete LBM containers: 0 (0 repaired)
Total LBM partial records: 0 (0 repaired)
Total corrupted LBM metadata records in RocksDB: 0 (0 repaired)
I20260601 13:24:12.372396 17686 rpc_server.cc:225] running with OpenSSL 1.1.1  11 Sep 2018
I20260601 13:24:12.372864 17686 kserver.cc:163] Server-wide thread pool size limit: 3276
I20260601 13:24:12.377563 17686 rpc_server.cc:307] RPC server started. Bound to: 127.17.69.190:39411
I20260601 13:24:12.380893 19345 acceptor_pool.cc:272] collecting diagnostics on the listening RPC socket 127.17.69.190:39411 every 8 connection(s)
I20260601 13:24:12.381768 19346 data_dirs.cc:400] Could only allocate 1 dirs of requested 3 for tablet 00000000000000000000000000000000. 1 dirs total, 0 dirs full, 0 dirs failed
I20260601 13:24:12.384433 19346 tablet_bootstrap.cc:492] T 00000000000000000000000000000000 P 3b781cffddb04ac9aa165b30c71dffc4: Bootstrap starting.
I20260601 13:24:12.385383 19346 tablet_bootstrap.cc:654] T 00000000000000000000000000000000 P 3b781cffddb04ac9aa165b30c71dffc4: Neither blocks nor log segments found. Creating new log.
I20260601 13:24:12.386739 19346 tablet_bootstrap.cc:492] T 00000000000000000000000000000000 P 3b781cffddb04ac9aa165b30c71dffc4: No bootstrap required, opened a new log
I20260601 13:24:12.387264 19346 raft_consensus.cc:359] T 00000000000000000000000000000000 P 3b781cffddb04ac9aa165b30c71dffc4 [term 0 FOLLOWER]: Replica starting. Triggering 0 pending ops. Active config: opid_index: -1 OBSOLETE_local: true peers { permanent_uuid: "3b781cffddb04ac9aa165b30c71dffc4" member_type: VOTER }
I20260601 13:24:12.387363 19346 raft_consensus.cc:385] T 00000000000000000000000000000000 P 3b781cffddb04ac9aa165b30c71dffc4 [term 0 FOLLOWER]: Consensus starting up: Expiring failure detector timer to make a prompt election more likely
I20260601 13:24:12.387387 19346 raft_consensus.cc:740] T 00000000000000000000000000000000 P 3b781cffddb04ac9aa165b30c71dffc4 [term 0 FOLLOWER]: Becoming Follower/Learner. State: Replica: 3b781cffddb04ac9aa165b30c71dffc4, State: Initialized, Role: FOLLOWER
I20260601 13:24:12.387539 19346 consensus_queue.cc:260] T 00000000000000000000000000000000 P 3b781cffddb04ac9aa165b30c71dffc4 [NON_LEADER]: Queue going to NON_LEADER mode. State: All replicated index: 0, Majority replicated index: 0, Committed index: 0, Last appended: 0.0, Last appended by leader: 0, Current term: 0, Majority size: -1, State: 0, Mode: NON_LEADER, active raft config: opid_index: -1 OBSOLETE_local: true peers { permanent_uuid: "3b781cffddb04ac9aa165b30c71dffc4" member_type: VOTER }
I20260601 13:24:12.387611 19346 raft_consensus.cc:399] T 00000000000000000000000000000000 P 3b781cffddb04ac9aa165b30c71dffc4 [term 0 FOLLOWER]: Only one voter in the Raft config. Triggering election immediately
I20260601 13:24:12.387633 19346 raft_consensus.cc:493] T 00000000000000000000000000000000 P 3b781cffddb04ac9aa165b30c71dffc4 [term 0 FOLLOWER]: Starting leader election (initial election of a single-replica configuration)
I20260601 13:24:12.387689 19346 raft_consensus.cc:3060] T 00000000000000000000000000000000 P 3b781cffddb04ac9aa165b30c71dffc4 [term 0 FOLLOWER]: Advancing to term 1
I20260601 13:24:12.388473 19346 raft_consensus.cc:515] T 00000000000000000000000000000000 P 3b781cffddb04ac9aa165b30c71dffc4 [term 1 FOLLOWER]: Starting leader election with config: opid_index: -1 OBSOLETE_local: true peers { permanent_uuid: "3b781cffddb04ac9aa165b30c71dffc4" member_type: VOTER }
I20260601 13:24:12.388610 19346 leader_election.cc:304] T 00000000000000000000000000000000 P 3b781cffddb04ac9aa165b30c71dffc4 [CANDIDATE]: Term 1 election: Election decided. Result: candidate won. Election summary: received 1 responses out of 1 voters: 1 yes votes; 0 no votes. yes voters: 3b781cffddb04ac9aa165b30c71dffc4; no voters: 
I20260601 13:24:12.388836 19346 leader_election.cc:290] T 00000000000000000000000000000000 P 3b781cffddb04ac9aa165b30c71dffc4 [CANDIDATE]: Term 1 election: Requested vote from peers 
I20260601 13:24:12.389001 19349 raft_consensus.cc:2804] T 00000000000000000000000000000000 P 3b781cffddb04ac9aa165b30c71dffc4 [term 1 FOLLOWER]: Leader election won for term 1
I20260601 13:24:12.389267 19349 raft_consensus.cc:697] T 00000000000000000000000000000000 P 3b781cffddb04ac9aa165b30c71dffc4 [term 1 LEADER]: Becoming Leader. State: Replica: 3b781cffddb04ac9aa165b30c71dffc4, State: Running, Role: LEADER
I20260601 13:24:12.389334 19346 sys_catalog.cc:565] T 00000000000000000000000000000000 P 3b781cffddb04ac9aa165b30c71dffc4 [sys.catalog]: configured and running, proceeding with master startup.
I20260601 13:24:12.389437 19349 consensus_queue.cc:237] T 00000000000000000000000000000000 P 3b781cffddb04ac9aa165b30c71dffc4 [LEADER]: Queue going to LEADER mode. State: All replicated index: 0, Majority replicated index: 0, Committed index: 0, Last appended: 0.0, Last appended by leader: 0, Current term: 1, Majority size: 1, State: 0, Mode: LEADER, active raft config: opid_index: -1 OBSOLETE_local: true peers { permanent_uuid: "3b781cffddb04ac9aa165b30c71dffc4" member_type: VOTER }
I20260601 13:24:12.389935 19350 sys_catalog.cc:455] T 00000000000000000000000000000000 P 3b781cffddb04ac9aa165b30c71dffc4 [sys.catalog]: SysCatalogTable state changed. Reason: RaftConsensus started. Latest consensus state: current_term: 1 leader_uuid: "3b781cffddb04ac9aa165b30c71dffc4" committed_config { opid_index: -1 OBSOLETE_local: true peers { permanent_uuid: "3b781cffddb04ac9aa165b30c71dffc4" member_type: VOTER } }
I20260601 13:24:12.389986 19351 sys_catalog.cc:455] T 00000000000000000000000000000000 P 3b781cffddb04ac9aa165b30c71dffc4 [sys.catalog]: SysCatalogTable state changed. Reason: New leader 3b781cffddb04ac9aa165b30c71dffc4. Latest consensus state: current_term: 1 leader_uuid: "3b781cffddb04ac9aa165b30c71dffc4" committed_config { opid_index: -1 OBSOLETE_local: true peers { permanent_uuid: "3b781cffddb04ac9aa165b30c71dffc4" member_type: VOTER } }
I20260601 13:24:12.390071 19350 sys_catalog.cc:458] T 00000000000000000000000000000000 P 3b781cffddb04ac9aa165b30c71dffc4 [sys.catalog]: This master's current role is: LEADER
I20260601 13:24:12.390105 19351 sys_catalog.cc:458] T 00000000000000000000000000000000 P 3b781cffddb04ac9aa165b30c71dffc4 [sys.catalog]: This master's current role is: LEADER
I20260601 13:24:12.390473 19356 catalog_manager.cc:1510] Loading table and tablet metadata into memory...
I20260601 13:24:12.391359 19356 catalog_manager.cc:1519] Initializing Kudu cluster ID...
I20260601 13:24:12.391667 17686 internal_mini_cluster.cc:184] Waiting to initialize catalog manager on master 0
I20260601 13:24:12.393786 19356 catalog_manager.cc:1382] Generated new cluster ID: bee850d423b1468db566adeefd4befc1
I20260601 13:24:12.393862 19356 catalog_manager.cc:1530] Initializing Kudu internal certificate authority...
I20260601 13:24:12.422966 19356 catalog_manager.cc:1405] Generated new certificate authority record
I20260601 13:24:12.423707 19356 catalog_manager.cc:1539] Loading token signing keys...
I20260601 13:24:12.432014 19356 catalog_manager.cc:6069] T 00000000000000000000000000000000 P 3b781cffddb04ac9aa165b30c71dffc4: Generated new TSK 0
I20260601 13:24:12.432330 19356 catalog_manager.cc:1549] Initializing in-progress tserver states...
I20260601 13:24:12.456722 17686 file_cache.cc:492] Constructed file cache file cache with capacity 419430
