W20260601 13:25:04.819904 19716 consensus_peers.cc:597] T 7c84882f3f624f12b3cdf866ceca83fb P 35dbd0c9de424faa89c3878ee4437823 -> Peer cab3349849654cb09aa194b29a193aca (127.16.95.132:44385): Couldn't send request to peer cab3349849654cb09aa194b29a193aca. Error code: TABLET_NOT_FOUND (6). Status: Not found: Tablet not found: 7c84882f3f624f12b3cdf866ceca83fb. This is attempt 1: this message will repeat every 5th retry.
I20260601 13:25:04.820075 20113 consensus_queue.cc:1048] T 7c84882f3f624f12b3cdf866ceca83fb P 35dbd0c9de424faa89c3878ee4437823 [LEADER]: Connected to new peer: Peer: permanent_uuid: "082cc7223c984aad82dfcd14050805be" member_type: VOTER last_known_addr { host: "127.16.95.130" port: 45855 } attrs { replace: true }, Status: LMP_MISMATCH, Last received: 0.0, Next index: 2, Last known committed idx: 1, Time since last communication: 0.000s
I20260601 13:25:04.820111 19903 raft_consensus.cc:1275] T 7c84882f3f624f12b3cdf866ceca83fb P f0985b0b48aa412da66d6015b34e7e20 [term 1 FOLLOWER]: Refusing update from remote peer 35dbd0c9de424faa89c3878ee4437823: Log matching property violated. Preceding OpId in replica: term: 1 index: 1. Preceding OpId from leader: term: 1 index: 2. (index mismatch)
I20260601 13:25:04.821532 19956 raft_consensus.cc:2955] T 7c84882f3f624f12b3cdf866ceca83fb P 35dbd0c9de424faa89c3878ee4437823 [term 1 LEADER]: Committing config change with OpId 1.2: config changed from index -1 to 2, NON_VOTER cab3349849654cb09aa194b29a193aca (127.16.95.132) added. New config: { opid_index: 2 OBSOLETE_local: false peers { permanent_uuid: "35dbd0c9de424faa89c3878ee4437823" member_type: VOTER last_known_addr { host: "127.16.95.129" port: 36943 } } peers { permanent_uuid: "082cc7223c984aad82dfcd14050805be" member_type: VOTER last_known_addr { host: "127.16.95.130" port: 45855 } attrs { replace: true } } peers { permanent_uuid: "f0985b0b48aa412da66d6015b34e7e20" member_type: VOTER last_known_addr { host: "127.16.95.131" port: 37085 } } peers { permanent_uuid: "cab3349849654cb09aa194b29a193aca" member_type: NON_VOTER last_known_addr { host: "127.16.95.132" port: 44385 } attrs { promote: true } } }
I20260601 13:25:04.821795 19989 consensus_queue.cc:1048] T 7c84882f3f624f12b3cdf866ceca83fb P 35dbd0c9de424faa89c3878ee4437823 [LEADER]: Connected to new peer: Peer: permanent_uuid: "f0985b0b48aa412da66d6015b34e7e20" member_type: VOTER last_known_addr { host: "127.16.95.131" port: 37085 }, Status: LMP_MISMATCH, Last received: 0.0, Next index: 2, Last known committed idx: 1, Time since last communication: 0.000s
I20260601 13:25:04.822194 19827 raft_consensus.cc:2955] T 7c84882f3f624f12b3cdf866ceca83fb P 082cc7223c984aad82dfcd14050805be [term 1 FOLLOWER]: Committing config change with OpId 1.2: config changed from index -1 to 2, NON_VOTER cab3349849654cb09aa194b29a193aca (127.16.95.132) added. New config: { opid_index: 2 OBSOLETE_local: false peers { permanent_uuid: "35dbd0c9de424faa89c3878ee4437823" member_type: VOTER last_known_addr { host: "127.16.95.129" port: 36943 } } peers { permanent_uuid: "082cc7223c984aad82dfcd14050805be" member_type: VOTER last_known_addr { host: "127.16.95.130" port: 45855 } attrs { replace: true } } peers { permanent_uuid: "f0985b0b48aa412da66d6015b34e7e20" member_type: VOTER last_known_addr { host: "127.16.95.131" port: 37085 } } peers { permanent_uuid: "cab3349849654cb09aa194b29a193aca" member_type: NON_VOTER last_known_addr { host: "127.16.95.132" port: 44385 } attrs { promote: true } } }
I20260601 13:25:04.822887 19902 raft_consensus.cc:2955] T 7c84882f3f624f12b3cdf866ceca83fb P f0985b0b48aa412da66d6015b34e7e20 [term 1 FOLLOWER]: Committing config change with OpId 1.2: config changed from index -1 to 2, NON_VOTER cab3349849654cb09aa194b29a193aca (127.16.95.132) added. New config: { opid_index: 2 OBSOLETE_local: false peers { permanent_uuid: "35dbd0c9de424faa89c3878ee4437823" member_type: VOTER last_known_addr { host: "127.16.95.129" port: 36943 } } peers { permanent_uuid: "082cc7223c984aad82dfcd14050805be" member_type: VOTER last_known_addr { host: "127.16.95.130" port: 45855 } attrs { replace: true } } peers { permanent_uuid: "f0985b0b48aa412da66d6015b34e7e20" member_type: VOTER last_known_addr { host: "127.16.95.131" port: 37085 } } peers { permanent_uuid: "cab3349849654cb09aa194b29a193aca" member_type: NON_VOTER last_known_addr { host: "127.16.95.132" port: 44385 } attrs { promote: true } } }
I20260601 13:25:04.824116 19648 catalog_manager.cc:5696] T 7c84882f3f624f12b3cdf866ceca83fb P 35dbd0c9de424faa89c3878ee4437823 reported cstate change: config changed from index -1 to 2, NON_VOTER cab3349849654cb09aa194b29a193aca (127.16.95.132) added. New cstate: current_term: 1 leader_uuid: "35dbd0c9de424faa89c3878ee4437823" committed_config { opid_index: 2 OBSOLETE_local: false peers { permanent_uuid: "35dbd0c9de424faa89c3878ee4437823" member_type: VOTER last_known_addr { host: "127.16.95.129" port: 36943 } health_report { overall_health: HEALTHY } } peers { permanent_uuid: "082cc7223c984aad82dfcd14050805be" member_type: VOTER last_known_addr { host: "127.16.95.130" port: 45855 } attrs { replace: true } health_report { overall_health: HEALTHY } } peers { permanent_uuid: "f0985b0b48aa412da66d6015b34e7e20" member_type: VOTER last_known_addr { host: "127.16.95.131" port: 37085 } health_report { overall_health: UNKNOWN } } peers { permanent_uuid: "cab3349849654cb09aa194b29a193aca" member_type: NON_VOTER last_known_addr { host: "127.16.95.132" port: 44385 } attrs { promote: true } health_report { overall_health: UNKNOWN } } }
I20260601 13:25:04.829178 19902 consensus_queue.cc:237] T 3f02e629e93047f8839895a089ff6d15 P f0985b0b48aa412da66d6015b34e7e20 [LEADER]: Queue going to LEADER mode. State: All replicated index: 0, Majority replicated index: 1, Committed index: 1, Last appended: 1.1, Last appended by leader: 0, Current term: 1, Majority size: 2, State: 0, Mode: LEADER, active raft config: opid_index: 2 OBSOLETE_local: false peers { permanent_uuid: "35dbd0c9de424faa89c3878ee4437823" member_type: VOTER last_known_addr { host: "127.16.95.129" port: 36943 } attrs { replace: true } } peers { permanent_uuid: "082cc7223c984aad82dfcd14050805be" member_type: VOTER last_known_addr { host: "127.16.95.130" port: 45855 } } peers { permanent_uuid: "f0985b0b48aa412da66d6015b34e7e20" member_type: VOTER last_known_addr { host: "127.16.95.131" port: 37085 } } peers { permanent_uuid: "cab3349849654cb09aa194b29a193aca" member_type: NON_VOTER last_known_addr { host: "127.16.95.132" port: 44385 } attrs { promote: true } }
I20260601 13:25:04.830246 19827 raft_consensus.cc:1275] T 3f02e629e93047f8839895a089ff6d15 P 082cc7223c984aad82dfcd14050805be [term 1 FOLLOWER]: Refusing update from remote peer f0985b0b48aa412da66d6015b34e7e20: Log matching property violated. Preceding OpId in replica: term: 1 index: 1. Preceding OpId from leader: term: 1 index: 2. (index mismatch)
I20260601 13:25:04.830253 19752 raft_consensus.cc:1275] T 3f02e629e93047f8839895a089ff6d15 P 35dbd0c9de424faa89c3878ee4437823 [term 1 FOLLOWER]: Refusing update from remote peer f0985b0b48aa412da66d6015b34e7e20: Log matching property violated. Preceding OpId in replica: term: 1 index: 1. Preceding OpId from leader: term: 1 index: 2. (index mismatch)
W20260601 13:25:04.830379 19867 consensus_peers.cc:597] T 3f02e629e93047f8839895a089ff6d15 P f0985b0b48aa412da66d6015b34e7e20 -> Peer cab3349849654cb09aa194b29a193aca (127.16.95.132:44385): Couldn't send request to peer cab3349849654cb09aa194b29a193aca. Error code: TABLET_NOT_FOUND (6). Status: Not found: Tablet not found: 3f02e629e93047f8839895a089ff6d15. This is attempt 1: this message will repeat every 5th retry.
I20260601 13:25:04.830576 20109 consensus_queue.cc:1048] T 3f02e629e93047f8839895a089ff6d15 P f0985b0b48aa412da66d6015b34e7e20 [LEADER]: Connected to new peer: Peer: permanent_uuid: "082cc7223c984aad82dfcd14050805be" member_type: VOTER last_known_addr { host: "127.16.95.130" port: 45855 }, Status: LMP_MISMATCH, Last received: 0.0, Next index: 2, Last known committed idx: 1, Time since last communication: 0.000s
I20260601 13:25:04.830698 19954 consensus_queue.cc:1048] T 3f02e629e93047f8839895a089ff6d15 P f0985b0b48aa412da66d6015b34e7e20 [LEADER]: Connected to new peer: Peer: permanent_uuid: "35dbd0c9de424faa89c3878ee4437823" member_type: VOTER last_known_addr { host: "127.16.95.129" port: 36943 } attrs { replace: true }, Status: LMP_MISMATCH, Last received: 0.0, Next index: 2, Last known committed idx: 1, Time since last communication: 0.000s
I20260601 13:25:04.832058 19954 raft_consensus.cc:2955] T 3f02e629e93047f8839895a089ff6d15 P f0985b0b48aa412da66d6015b34e7e20 [term 1 LEADER]: Committing config change with OpId 1.2: config changed from index -1 to 2, NON_VOTER cab3349849654cb09aa194b29a193aca (127.16.95.132) added. New config: { opid_index: 2 OBSOLETE_local: false peers { permanent_uuid: "35dbd0c9de424faa89c3878ee4437823" member_type: VOTER last_known_addr { host: "127.16.95.129" port: 36943 } attrs { replace: true } } peers { permanent_uuid: "082cc7223c984aad82dfcd14050805be" member_type: VOTER last_known_addr { host: "127.16.95.130" port: 45855 } } peers { permanent_uuid: "f0985b0b48aa412da66d6015b34e7e20" member_type: VOTER last_known_addr { host: "127.16.95.131" port: 37085 } } peers { permanent_uuid: "cab3349849654cb09aa194b29a193aca" member_type: NON_VOTER last_known_addr { host: "127.16.95.132" port: 44385 } attrs { promote: true } } }
I20260601 13:25:04.832389 19752 raft_consensus.cc:2955] T 3f02e629e93047f8839895a089ff6d15 P 35dbd0c9de424faa89c3878ee4437823 [term 1 FOLLOWER]: Committing config change with OpId 1.2: config changed from index -1 to 2, NON_VOTER cab3349849654cb09aa194b29a193aca (127.16.95.132) added. New config: { opid_index: 2 OBSOLETE_local: false peers { permanent_uuid: "35dbd0c9de424faa89c3878ee4437823" member_type: VOTER last_known_addr { host: "127.16.95.129" port: 36943 } attrs { replace: true } } peers { permanent_uuid: "082cc7223c984aad82dfcd14050805be" member_type: VOTER last_known_addr { host: "127.16.95.130" port: 45855 } } peers { permanent_uuid: "f0985b0b48aa412da66d6015b34e7e20" member_type: VOTER last_known_addr { host: "127.16.95.131" port: 37085 } } peers { permanent_uuid: "cab3349849654cb09aa194b29a193aca" member_type: NON_VOTER last_known_addr { host: "127.16.95.132" port: 44385 } attrs { promote: true } } }
I20260601 13:25:04.832494 19827 raft_consensus.cc:2955] T 3f02e629e93047f8839895a089ff6d15 P 082cc7223c984aad82dfcd14050805be [term 1 FOLLOWER]: Committing config change with OpId 1.2: config changed from index -1 to 2, NON_VOTER cab3349849654cb09aa194b29a193aca (127.16.95.132) added. New config: { opid_index: 2 OBSOLETE_local: false peers { permanent_uuid: "35dbd0c9de424faa89c3878ee4437823" member_type: VOTER last_known_addr { host: "127.16.95.129" port: 36943 } attrs { replace: true } } peers { permanent_uuid: "082cc7223c984aad82dfcd14050805be" member_type: VOTER last_known_addr { host: "127.16.95.130" port: 45855 } } peers { permanent_uuid: "f0985b0b48aa412da66d6015b34e7e20" member_type: VOTER last_known_addr { host: "127.16.95.131" port: 37085 } } peers { permanent_uuid: "cab3349849654cb09aa194b29a193aca" member_type: NON_VOTER last_known_addr { host: "127.16.95.132" port: 44385 } attrs { promote: true } } }
I20260601 13:25:04.834227 19647 catalog_manager.cc:5696] T 3f02e629e93047f8839895a089ff6d15 P f0985b0b48aa412da66d6015b34e7e20 reported cstate change: config changed from index -1 to 2, NON_VOTER cab3349849654cb09aa194b29a193aca (127.16.95.132) added. New cstate: current_term: 1 leader_uuid: "f0985b0b48aa412da66d6015b34e7e20" committed_config { opid_index: 2 OBSOLETE_local: false peers { permanent_uuid: "35dbd0c9de424faa89c3878ee4437823" member_type: VOTER last_known_addr { host: "127.16.95.129" port: 36943 } attrs { replace: true } health_report { overall_health: HEALTHY } } peers { permanent_uuid: "082cc7223c984aad82dfcd14050805be" member_type: VOTER last_known_addr { host: "127.16.95.130" port: 45855 } health_report { overall_health: HEALTHY } } peers { permanent_uuid: "f0985b0b48aa412da66d6015b34e7e20" member_type: VOTER last_known_addr { host: "127.16.95.131" port: 37085 } health_report { overall_health: HEALTHY } } peers { permanent_uuid: "cab3349849654cb09aa194b29a193aca" member_type: NON_VOTER last_known_addr { host: "127.16.95.132" port: 44385 } attrs { promote: true } health_report { overall_health: UNKNOWN } } }
I20260601 13:25:04.896111 19983 consensus_queue.cc:1048] T 3a8b1567b83743cd82b2d48044e303fc P f0985b0b48aa412da66d6015b34e7e20 [LEADER]: Connected to new peer: Peer: permanent_uuid: "35dbd0c9de424faa89c3878ee4437823" member_type: VOTER last_known_addr { host: "127.16.95.129" port: 36943 }, Status: LMP_MISMATCH, Last received: 0.0, Next index: 1, Last known committed idx: 0, Time since last communication: 0.000s
I20260601 13:25:04.899937 20086 consensus_queue.cc:1048] T 728a1120dc3148ac88b990815da5a53b P cab3349849654cb09aa194b29a193aca [LEADER]: Connected to new peer: Peer: permanent_uuid: "35dbd0c9de424faa89c3878ee4437823" member_type: VOTER last_known_addr { host: "127.16.95.129" port: 36943 }, Status: LMP_MISMATCH, Last received: 0.0, Next index: 1, Last known committed idx: 0, Time since last communication: 0.000s
I20260601 13:25:04.900135 19983 consensus_queue.cc:1048] T 3a8b1567b83743cd82b2d48044e303fc P f0985b0b48aa412da66d6015b34e7e20 [LEADER]: Connected to new peer: Peer: permanent_uuid: "cab3349849654cb09aa194b29a193aca" member_type: VOTER last_known_addr { host: "127.16.95.132" port: 44385 }, Status: LMP_MISMATCH, Last received: 0.0, Next index: 1, Last known committed idx: 0, Time since last communication: 0.000s
I20260601 13:25:04.902374 20109 consensus_queue.cc:1048] T 8db17cce426647238462e66c8e6b1851 P f0985b0b48aa412da66d6015b34e7e20 [LEADER]: Connected to new peer: Peer: permanent_uuid: "cab3349849654cb09aa194b29a193aca" member_type: VOTER last_known_addr { host: "127.16.95.132" port: 44385 }, Status: LMP_MISMATCH, Last received: 0.0, Next index: 1, Last known committed idx: 0, Time since last communication: 0.000s
I20260601 13:25:04.905092 20105 consensus_queue.cc:1048] T 728a1120dc3148ac88b990815da5a53b P cab3349849654cb09aa194b29a193aca [LEADER]: Connected to new peer: Peer: permanent_uuid: "082cc7223c984aad82dfcd14050805be" member_type: VOTER last_known_addr { host: "127.16.95.130" port: 45855 }, Status: LMP_MISMATCH, Last received: 0.0, Next index: 1, Last known committed idx: 0, Time since last communication: 0.000s
I20260601 13:25:04.907452 19954 consensus_queue.cc:1048] T 8db17cce426647238462e66c8e6b1851 P f0985b0b48aa412da66d6015b34e7e20 [LEADER]: Connected to new peer: Peer: permanent_uuid: "35dbd0c9de424faa89c3878ee4437823" member_type: VOTER last_known_addr { host: "127.16.95.129" port: 36943 }, Status: LMP_MISMATCH, Last received: 0.0, Next index: 1, Last known committed idx: 0, Time since last communication: 0.000s
I20260601 13:25:05.043298 20105 consensus_queue.cc:1048] T eb77b80f3fbb4ab98ff78ea8b838cd53 P cab3349849654cb09aa194b29a193aca [LEADER]: Connected to new peer: Peer: permanent_uuid: "082cc7223c984aad82dfcd14050805be" member_type: VOTER last_known_addr { host: "127.16.95.130" port: 45855 }, Status: LMP_MISMATCH, Last received: 0.0, Next index: 1, Last known committed idx: 0, Time since last communication: 0.000s
I20260601 13:25:05.046396 20144 consensus_queue.cc:1048] T eb77b80f3fbb4ab98ff78ea8b838cd53 P cab3349849654cb09aa194b29a193aca [LEADER]: Connected to new peer: Peer: permanent_uuid: "f0985b0b48aa412da66d6015b34e7e20" member_type: VOTER last_known_addr { host: "127.16.95.131" port: 37085 }, Status: LMP_MISMATCH, Last received: 0.0, Next index: 1, Last known committed idx: 0, Time since last communication: 0.000s
I20260601 13:25:05.057479 20113 consensus_queue.cc:1048] T f1b5c1847fdc43a786e2834d02df34d6 P 35dbd0c9de424faa89c3878ee4437823 [LEADER]: Connected to new peer: Peer: permanent_uuid: "cab3349849654cb09aa194b29a193aca" member_type: VOTER last_known_addr { host: "127.16.95.132" port: 44385 }, Status: LMP_MISMATCH, Last received: 0.0, Next index: 1, Last known committed idx: 0, Time since last communication: 0.000s
I20260601 13:25:05.060467 19956 consensus_queue.cc:1048] T f1b5c1847fdc43a786e2834d02df34d6 P 35dbd0c9de424faa89c3878ee4437823 [LEADER]: Connected to new peer: Peer: permanent_uuid: "082cc7223c984aad82dfcd14050805be" member_type: VOTER last_known_addr { host: "127.16.95.130" port: 45855 }, Status: LMP_MISMATCH, Last received: 0.0, Next index: 1, Last known committed idx: 0, Time since last communication: 0.000s
I20260601 13:25:05.070547 19985 consensus_queue.cc:1048] T c0864ec495c94f758980c911306f7f58 P 082cc7223c984aad82dfcd14050805be [LEADER]: Connected to new peer: Peer: permanent_uuid: "cab3349849654cb09aa194b29a193aca" member_type: VOTER last_known_addr { host: "127.16.95.132" port: 44385 }, Status: LMP_MISMATCH, Last received: 0.0, Next index: 1, Last known committed idx: 0, Time since last communication: 0.000s
I20260601 13:25:05.073251 19955 consensus_queue.cc:1048] T c0864ec495c94f758980c911306f7f58 P 082cc7223c984aad82dfcd14050805be [LEADER]: Connected to new peer: Peer: permanent_uuid: "f0985b0b48aa412da66d6015b34e7e20" member_type: VOTER last_known_addr { host: "127.16.95.131" port: 37085 }, Status: LMP_MISMATCH, Last received: 0.0, Next index: 1, Last known committed idx: 0, Time since last communication: 0.000s
I20260601 13:25:05.075083 19956 consensus_queue.cc:1048] T 1e8b7d02a4404d3ab133f00c57204736 P 35dbd0c9de424faa89c3878ee4437823 [LEADER]: Connected to new peer: Peer: permanent_uuid: "f0985b0b48aa412da66d6015b34e7e20" member_type: VOTER last_known_addr { host: "127.16.95.131" port: 37085 }, Status: LMP_MISMATCH, Last received: 0.0, Next index: 1, Last known committed idx: 0, Time since last communication: 0.000s
I20260601 13:25:05.077034 19989 raft_consensus.cc:993] T 1e8b7d02a4404d3ab133f00c57204736 P 35dbd0c9de424faa89c3878ee4437823: : Instructing follower f0985b0b48aa412da66d6015b34e7e20 to start an election
I20260601 13:25:05.077111 19989 raft_consensus.cc:1081] T 1e8b7d02a4404d3ab133f00c57204736 P 35dbd0c9de424faa89c3878ee4437823 [term 1 LEADER]: Signalling peer f0985b0b48aa412da66d6015b34e7e20 to start an election
I20260601 13:25:05.078293 19903 tablet_service.cc:2044] Received Run Leader Election RPC: tablet_id: "1e8b7d02a4404d3ab133f00c57204736"
dest_uuid: "f0985b0b48aa412da66d6015b34e7e20"
 from {username='slave'} at 127.0.0.1:53328
I20260601 13:25:05.078317 19956 consensus_queue.cc:1048] T 1e8b7d02a4404d3ab133f00c57204736 P 35dbd0c9de424faa89c3878ee4437823 [LEADER]: Connected to new peer: Peer: permanent_uuid: "cab3349849654cb09aa194b29a193aca" member_type: VOTER last_known_addr { host: "127.16.95.132" port: 44385 }, Status: LMP_MISMATCH, Last received: 0.0, Next index: 1, Last known committed idx: 0, Time since last communication: 0.000s
I20260601 13:25:05.078408 19903 raft_consensus.cc:493] T 1e8b7d02a4404d3ab133f00c57204736 P f0985b0b48aa412da66d6015b34e7e20 [term 1 FOLLOWER]: Starting forced leader election (received explicit request)
I20260601 13:25:05.078464 19903 raft_consensus.cc:3060] T 1e8b7d02a4404d3ab133f00c57204736 P f0985b0b48aa412da66d6015b34e7e20 [term 1 FOLLOWER]: Advancing to term 2
I20260601 13:25:05.079501 19903 raft_consensus.cc:515] T 1e8b7d02a4404d3ab133f00c57204736 P f0985b0b48aa412da66d6015b34e7e20 [term 2 FOLLOWER]: Starting forced leader election with config: opid_index: -1 OBSOLETE_local: false peers { permanent_uuid: "cab3349849654cb09aa194b29a193aca" member_type: VOTER last_known_addr { host: "127.16.95.132" port: 44385 } } peers { permanent_uuid: "f0985b0b48aa412da66d6015b34e7e20" member_type: VOTER last_known_addr { host: "127.16.95.131" port: 37085 } } peers { permanent_uuid: "35dbd0c9de424faa89c3878ee4437823" member_type: VOTER last_known_addr { host: "127.16.95.129" port: 36943 } }
I20260601 13:25:05.079896 19903 leader_election.cc:290] T 1e8b7d02a4404d3ab133f00c57204736 P f0985b0b48aa412da66d6015b34e7e20 [CANDIDATE]: Term 2 election: Requested vote from peers cab3349849654cb09aa194b29a193aca (127.16.95.132:44385), 35dbd0c9de424faa89c3878ee4437823 (127.16.95.129:36943)
I20260601 13:25:05.080137 20042 tablet_service.cc:1917] Received RequestConsensusVote() RPC: tablet_id: "1e8b7d02a4404d3ab133f00c57204736" candidate_uuid: "f0985b0b48aa412da66d6015b34e7e20" candidate_term: 2 candidate_status { last_received { term: 1 index: 1 } } ignore_live_leader: true dest_uuid: "cab3349849654cb09aa194b29a193aca"
I20260601 13:25:05.080291 19752 tablet_service.cc:1917] Received RequestConsensusVote() RPC: tablet_id: "1e8b7d02a4404d3ab133f00c57204736" candidate_uuid: "f0985b0b48aa412da66d6015b34e7e20" candidate_term: 2 candidate_status { last_received { term: 1 index: 1 } } ignore_live_leader: true dest_uuid: "35dbd0c9de424faa89c3878ee4437823"
I20260601 13:25:05.080386 19752 raft_consensus.cc:3055] T 1e8b7d02a4404d3ab133f00c57204736 P 35dbd0c9de424faa89c3878ee4437823 [term 1 LEADER]: Stepping down as leader of term 1
I20260601 13:25:05.080423 19752 raft_consensus.cc:740] T 1e8b7d02a4404d3ab133f00c57204736 P 35dbd0c9de424faa89c3878ee4437823 [term 1 LEADER]: Becoming Follower/Learner. State: Replica: 35dbd0c9de424faa89c3878ee4437823, State: Running, Role: LEADER
I20260601 13:25:05.080544 19752 consensus_queue.cc:260] T 1e8b7d02a4404d3ab133f00c57204736 P 35dbd0c9de424faa89c3878ee4437823 [NON_LEADER]: Queue going to NON_LEADER mode. State: All replicated index: 0, Majority replicated index: 1, Committed index: 1, Last appended: 1.1, Last appended by leader: 1, Current term: 1, Majority size: -1, State: 0, Mode: NON_LEADER, active raft config: opid_index: -1 OBSOLETE_local: false peers { permanent_uuid: "cab3349849654cb09aa194b29a193aca" member_type: VOTER last_known_addr { host: "127.16.95.132" port: 44385 } } peers { permanent_uuid: "f0985b0b48aa412da66d6015b34e7e20" member_type: VOTER last_known_addr { host: "127.16.95.131" port: 37085 } } peers { permanent_uuid: "35dbd0c9de424faa89c3878ee4437823" member_type: VOTER last_known_addr { host: "127.16.95.129" port: 36943 } }
I20260601 13:25:05.080680 19752 raft_consensus.cc:3060] T 1e8b7d02a4404d3ab133f00c57204736 P 35dbd0c9de424faa89c3878ee4437823 [term 1 FOLLOWER]: Advancing to term 2
I20260601 13:25:05.081557 19752 raft_consensus.cc:2468] T 1e8b7d02a4404d3ab133f00c57204736 P 35dbd0c9de424faa89c3878ee4437823 [term 2 FOLLOWER]: Leader election vote request: Granting yes vote for candidate f0985b0b48aa412da66d6015b34e7e20 in term 2.
I20260601 13:25:05.081859 19866 leader_election.cc:304] T 1e8b7d02a4404d3ab133f00c57204736 P f0985b0b48aa412da66d6015b34e7e20 [CANDIDATE]: Term 2 election: Election decided. Result: candidate won. Election summary: received 3 responses out of 3 voters: 2 yes votes; 1 no votes. yes voters: 35dbd0c9de424faa89c3878ee4437823, f0985b0b48aa412da66d6015b34e7e20; no voters: cab3349849654cb09aa194b29a193aca
I20260601 13:25:05.082100 20109 raft_consensus.cc:2804] T 1e8b7d02a4404d3ab133f00c57204736 P f0985b0b48aa412da66d6015b34e7e20 [term 2 FOLLOWER]: Leader election won for term 2
I20260601 13:25:05.082183 20109 raft_consensus.cc:697] T 1e8b7d02a4404d3ab133f00c57204736 P f0985b0b48aa412da66d6015b34e7e20 [term 2 LEADER]: Becoming Leader. State: Replica: f0985b0b48aa412da66d6015b34e7e20, State: Running, Role: LEADER
I20260601 13:25:05.082312 20109 consensus_queue.cc:237] T 1e8b7d02a4404d3ab133f00c57204736 P f0985b0b48aa412da66d6015b34e7e20 [LEADER]: Queue going to LEADER mode. State: All replicated index: 0, Majority replicated index: 0, Committed index: 0, Last appended: 1.1, Last appended by leader: 1, Current term: 2, Majority size: 2, State: 0, Mode: LEADER, active raft config: opid_index: -1 OBSOLETE_local: false peers { permanent_uuid: "cab3349849654cb09aa194b29a193aca" member_type: VOTER last_known_addr { host: "127.16.95.132" port: 44385 } } peers { permanent_uuid: "f0985b0b48aa412da66d6015b34e7e20" member_type: VOTER last_known_addr { host: "127.16.95.131" port: 37085 } } peers { permanent_uuid: "35dbd0c9de424faa89c3878ee4437823" member_type: VOTER last_known_addr { host: "127.16.95.129" port: 36943 } }
I20260601 13:25:05.083076 19902 raft_consensus.cc:1240] T 1e8b7d02a4404d3ab133f00c57204736 P f0985b0b48aa412da66d6015b34e7e20 [term 2 LEADER]: Rejecting Update request from peer 35dbd0c9de424faa89c3878ee4437823 for earlier term 1. Current term is 2. Ops: []
I20260601 13:25:05.083571 19646 catalog_manager.cc:5696] T 1e8b7d02a4404d3ab133f00c57204736 P f0985b0b48aa412da66d6015b34e7e20 reported cstate change: term changed from 1 to 2, leader changed from 35dbd0c9de424faa89c3878ee4437823 (127.16.95.129) to f0985b0b48aa412da66d6015b34e7e20 (127.16.95.131). New cstate: current_term: 2 leader_uuid: "f0985b0b48aa412da66d6015b34e7e20" committed_config { opid_index: -1 OBSOLETE_local: false peers { permanent_uuid: "cab3349849654cb09aa194b29a193aca" member_type: VOTER last_known_addr { host: "127.16.95.132" port: 44385 } health_report { overall_health: UNKNOWN } } peers { permanent_uuid: "f0985b0b48aa412da66d6015b34e7e20" member_type: VOTER last_known_addr { host: "127.16.95.131" port: 37085 } health_report { overall_health: HEALTHY } } peers { permanent_uuid: "35dbd0c9de424faa89c3878ee4437823" member_type: VOTER last_known_addr { host: "127.16.95.129" port: 36943 } health_report { overall_health: UNKNOWN } } }
I20260601 13:25:05.203999 20041 raft_consensus.cc:3060] T e89624e6dfab42d789aeddba566435e1 P cab3349849654cb09aa194b29a193aca [term 0 FOLLOWER]: Advancing to term 1
I20260601 13:25:05.205510 19955 consensus_queue.cc:1048] T e89624e6dfab42d789aeddba566435e1 P 082cc7223c984aad82dfcd14050805be [LEADER]: Connected to new peer: Peer: permanent_uuid: "cab3349849654cb09aa194b29a193aca" member_type: VOTER last_known_addr { host: "127.16.95.132" port: 44385 }, Status: LMP_MISMATCH, Last received: 0.0, Next index: 1, Last known committed idx: 0, Time since last communication: 0.000s
I20260601 13:25:05.205641 19985 consensus_queue.cc:1048] T e89624e6dfab42d789aeddba566435e1 P 082cc7223c984aad82dfcd14050805be [LEADER]: Connected to new peer: Peer: permanent_uuid: "35dbd0c9de424faa89c3878ee4437823" member_type: VOTER last_known_addr { host: "127.16.95.129" port: 36943 }, Status: LMP_MISMATCH, Last received: 0.0, Next index: 1, Last known committed idx: 0, Time since last communication: 0.000s
I20260601 13:25:05.207648 19985 raft_consensus.cc:993] T e89624e6dfab42d789aeddba566435e1 P 082cc7223c984aad82dfcd14050805be: : Instructing follower cab3349849654cb09aa194b29a193aca to start an election
I20260601 13:25:05.207736 19985 raft_consensus.cc:1081] T e89624e6dfab42d789aeddba566435e1 P 082cc7223c984aad82dfcd14050805be [term 1 LEADER]: Signalling peer cab3349849654cb09aa194b29a193aca to start an election
I20260601 13:25:05.209071 20042 tablet_service.cc:2044] Received Run Leader Election RPC: tablet_id: "e89624e6dfab42d789aeddba566435e1"
dest_uuid: "cab3349849654cb09aa194b29a193aca"
 from {username='slave'} at 127.0.0.1:33456
I20260601 13:25:05.209190 20042 raft_consensus.cc:493] T e89624e6dfab42d789aeddba566435e1 P cab3349849654cb09aa194b29a193aca [term 1 FOLLOWER]: Starting forced leader election (received explicit request)
I20260601 13:25:05.209272 20042 raft_consensus.cc:3060] T e89624e6dfab42d789aeddba566435e1 P cab3349849654cb09aa194b29a193aca [term 1 FOLLOWER]: Advancing to term 2
I20260601 13:25:05.210208 20042 raft_consensus.cc:515] T e89624e6dfab42d789aeddba566435e1 P cab3349849654cb09aa194b29a193aca [term 2 FOLLOWER]: Starting forced leader election with config: opid_index: -1 OBSOLETE_local: false peers { permanent_uuid: "cab3349849654cb09aa194b29a193aca" member_type: VOTER last_known_addr { host: "127.16.95.132" port: 44385 } } peers { permanent_uuid: "35dbd0c9de424faa89c3878ee4437823" member_type: VOTER last_known_addr { host: "127.16.95.129" port: 36943 } } peers { permanent_uuid: "082cc7223c984aad82dfcd14050805be" member_type: VOTER last_known_addr { host: "127.16.95.130" port: 45855 } }
I20260601 13:25:05.210582 20042 leader_election.cc:290] T e89624e6dfab42d789aeddba566435e1 P cab3349849654cb09aa194b29a193aca [CANDIDATE]: Term 2 election: Requested vote from peers 35dbd0c9de424faa89c3878ee4437823 (127.16.95.129:36943), 082cc7223c984aad82dfcd14050805be (127.16.95.130:45855)
I20260601 13:25:05.211643 19827 tablet_service.cc:1917] Received RequestConsensusVote() RPC: tablet_id: "e89624e6dfab42d789aeddba566435e1" candidate_uuid: "cab3349849654cb09aa194b29a193aca" candidate_term: 2 candidate_status { last_received { term: 1 index: 1 } } ignore_live_leader: true dest_uuid: "082cc7223c984aad82dfcd14050805be"
I20260601 13:25:05.211756 19827 raft_consensus.cc:3055] T e89624e6dfab42d789aeddba566435e1 P 082cc7223c984aad82dfcd14050805be [term 1 LEADER]: Stepping down as leader of term 1
I20260601 13:25:05.211800 19827 raft_consensus.cc:740] T e89624e6dfab42d789aeddba566435e1 P 082cc7223c984aad82dfcd14050805be [term 1 LEADER]: Becoming Follower/Learner. State: Replica: 082cc7223c984aad82dfcd14050805be, State: Running, Role: LEADER
I20260601 13:25:05.211925 19827 consensus_queue.cc:260] T e89624e6dfab42d789aeddba566435e1 P 082cc7223c984aad82dfcd14050805be [NON_LEADER]: Queue going to NON_LEADER mode. State: All replicated index: 0, Majority replicated index: 1, Committed index: 1, Last appended: 1.1, Last appended by leader: 1, Current term: 1, Majority size: -1, State: 0, Mode: NON_LEADER, active raft config: opid_index: -1 OBSOLETE_local: false peers { permanent_uuid: "cab3349849654cb09aa194b29a193aca" member_type: VOTER last_known_addr { host: "127.16.95.132" port: 44385 } } peers { permanent_uuid: "35dbd0c9de424faa89c3878ee4437823" member_type: VOTER last_known_addr { host: "127.16.95.129" port: 36943 } } peers { permanent_uuid: "082cc7223c984aad82dfcd14050805be" member_type: VOTER last_known_addr { host: "127.16.95.130" port: 45855 } }
I20260601 13:25:05.212076 19827 raft_consensus.cc:3060] T e89624e6dfab42d789aeddba566435e1 P 082cc7223c984aad82dfcd14050805be [term 1 FOLLOWER]: Advancing to term 2
I20260601 13:25:05.212483 19752 tablet_service.cc:1917] Received RequestConsensusVote() RPC: tablet_id: "e89624e6dfab42d789aeddba566435e1" candidate_uuid: "cab3349849654cb09aa194b29a193aca" candidate_term: 2 candidate_status { last_received { term: 1 index: 1 } } ignore_live_leader: true dest_uuid: "35dbd0c9de424faa89c3878ee4437823"
I20260601 13:25:05.212567 19752 raft_consensus.cc:3060] T e89624e6dfab42d789aeddba566435e1 P 35dbd0c9de424faa89c3878ee4437823 [term 1 FOLLOWER]: Advancing to term 2
I20260601 13:25:05.212991 19827 raft_consensus.cc:2468] T e89624e6dfab42d789aeddba566435e1 P 082cc7223c984aad82dfcd14050805be [term 2 FOLLOWER]: Leader election vote request: Granting yes vote for candidate cab3349849654cb09aa194b29a193aca in term 2.
I20260601 13:25:05.213497 19752 raft_consensus.cc:2468] T e89624e6dfab42d789aeddba566435e1 P 35dbd0c9de424faa89c3878ee4437823 [term 2 FOLLOWER]: Leader election vote request: Granting yes vote for candidate cab3349849654cb09aa194b29a193aca in term 2.
I20260601 13:25:05.213762 20005 leader_election.cc:304] T e89624e6dfab42d789aeddba566435e1 P cab3349849654cb09aa194b29a193aca [CANDIDATE]: Term 2 election: Election decided. Result: candidate won. Election summary: received 2 responses out of 3 voters: 2 yes votes; 0 no votes. yes voters: 35dbd0c9de424faa89c3878ee4437823, cab3349849654cb09aa194b29a193aca; no voters: 
I20260601 13:25:05.213929 20144 raft_consensus.cc:2804] T e89624e6dfab42d789aeddba566435e1 P cab3349849654cb09aa194b29a193aca [term 2 FOLLOWER]: Leader election won for term 2
I20260601 13:25:05.214005 20144 raft_consensus.cc:697] T e89624e6dfab42d789aeddba566435e1 P cab3349849654cb09aa194b29a193aca [term 2 LEADER]: Becoming Leader. State: Replica: cab3349849654cb09aa194b29a193aca, State: Running, Role: LEADER
I20260601 13:25:05.214125 20144 consensus_queue.cc:237] T e89624e6dfab42d789aeddba566435e1 P cab3349849654cb09aa194b29a193aca [LEADER]: Queue going to LEADER mode. State: All replicated index: 0, Majority replicated index: 1, Committed index: 1, Last appended: 1.1, Last appended by leader: 1, Current term: 2, Majority size: 2, State: 0, Mode: LEADER, active raft config: opid_index: -1 OBSOLETE_local: false peers { permanent_uuid: "cab3349849654cb09aa194b29a193aca" member_type: VOTER last_known_addr { host: "127.16.95.132" port: 44385 } } peers { permanent_uuid: "35dbd0c9de424faa89c3878ee4437823" member_type: VOTER last_known_addr { host: "127.16.95.129" port: 36943 } } peers { permanent_uuid: "082cc7223c984aad82dfcd14050805be" member_type: VOTER last_known_addr { host: "127.16.95.130" port: 45855 } }
I20260601 13:25:05.216006 19647 catalog_manager.cc:5696] T e89624e6dfab42d789aeddba566435e1 P cab3349849654cb09aa194b29a193aca reported cstate change: term changed from 1 to 2, leader changed from 082cc7223c984aad82dfcd14050805be (127.16.95.130) to cab3349849654cb09aa194b29a193aca (127.16.95.132). New cstate: current_term: 2 leader_uuid: "cab3349849654cb09aa194b29a193aca" committed_config { opid_index: -1 OBSOLETE_local: false peers { permanent_uuid: "cab3349849654cb09aa194b29a193aca" member_type: VOTER last_known_addr { host: "127.16.95.132" port: 44385 } health_report { overall_health: HEALTHY } } peers { permanent_uuid: "35dbd0c9de424faa89c3878ee4437823" member_type: VOTER last_known_addr { host: "127.16.95.129" port: 36943 } health_report { overall_health: UNKNOWN } } peers { permanent_uuid: "082cc7223c984aad82dfcd14050805be" member_type: VOTER last_known_addr { host: "127.16.95.130" port: 45855 } health_report { overall_health: UNKNOWN } } }
I20260601 13:25:05.296753 20154 ts_tablet_manager.cc:933] T 3f02e629e93047f8839895a089ff6d15 P cab3349849654cb09aa194b29a193aca: Initiating tablet copy from peer f0985b0b48aa412da66d6015b34e7e20 (127.16.95.131:37085)
I20260601 13:25:05.297228 20154 tablet_copy_client.cc:323] T 3f02e629e93047f8839895a089ff6d15 P cab3349849654cb09aa194b29a193aca: tablet copy: Beginning tablet copy session from remote peer at address 127.16.95.131:37085
I20260601 13:25:05.297662 19913 tablet_copy_service.cc:140] P f0985b0b48aa412da66d6015b34e7e20: Received BeginTabletCopySession request for tablet 3f02e629e93047f8839895a089ff6d15 from peer cab3349849654cb09aa194b29a193aca ({username='slave'} at 127.0.0.1:50308)
I20260601 13:25:05.297763 19913 tablet_copy_service.cc:161] P f0985b0b48aa412da66d6015b34e7e20: Beginning new tablet copy session on tablet 3f02e629e93047f8839895a089ff6d15 from peer cab3349849654cb09aa194b29a193aca at {username='slave'} at 127.0.0.1:50308: session id = cab3349849654cb09aa194b29a193aca-3f02e629e93047f8839895a089ff6d15
I20260601 13:25:05.298617 19913 tablet_copy_source_session.cc:215] T 3f02e629e93047f8839895a089ff6d15 P f0985b0b48aa412da66d6015b34e7e20: Tablet Copy: opened 0 blocks and 1 log segments
I20260601 13:25:05.299497 20154 data_dirs.cc:400] Could only allocate 1 dirs of requested 3 for tablet 3f02e629e93047f8839895a089ff6d15. 1 dirs total, 0 dirs full, 0 dirs failed
I20260601 13:25:05.301656 20154 tablet_copy_client.cc:806] T 3f02e629e93047f8839895a089ff6d15 P cab3349849654cb09aa194b29a193aca: tablet copy: Starting download of 0 data blocks...
I20260601 13:25:05.301820 20154 tablet_copy_client.cc:670] T 3f02e629e93047f8839895a089ff6d15 P cab3349849654cb09aa194b29a193aca: tablet copy: Starting download of 1 WAL segments...
I20260601 13:25:05.302886 20154 tablet_copy_client.cc:538] T 3f02e629e93047f8839895a089ff6d15 P cab3349849654cb09aa194b29a193aca: tablet copy: Tablet Copy complete. Replacing tablet superblock.
I20260601 13:25:05.304088 20154 tablet_bootstrap.cc:492] T 3f02e629e93047f8839895a089ff6d15 P cab3349849654cb09aa194b29a193aca: Bootstrap starting.
I20260601 13:25:05.307727 20154 tablet_bootstrap.cc:492] T 3f02e629e93047f8839895a089ff6d15 P cab3349849654cb09aa194b29a193aca: Bootstrap replayed 1/1 log segments. Stats: ops{read=2 overwritten=0 applied=2 ignored=0} inserts{seen=0 ignored=0} mutations{seen=0 ignored=0} orphaned_commits=0. Pending: 0 replicates
I20260601 13:25:05.307999 20154 tablet_bootstrap.cc:492] T 3f02e629e93047f8839895a089ff6d15 P cab3349849654cb09aa194b29a193aca: Bootstrap complete.
I20260601 13:25:05.308151 20154 ts_tablet_manager.cc:1403] T 3f02e629e93047f8839895a089ff6d15 P cab3349849654cb09aa194b29a193aca: Time spent bootstrapping tablet: real 0.004s	user 0.004s	sys 0.000s
I20260601 13:25:05.308574 20154 raft_consensus.cc:359] T 3f02e629e93047f8839895a089ff6d15 P cab3349849654cb09aa194b29a193aca [term 1 LEARNER]: Replica starting. Triggering 0 pending ops. Active config: opid_index: 2 OBSOLETE_local: false peers { permanent_uuid: "35dbd0c9de424faa89c3878ee4437823" member_type: VOTER last_known_addr { host: "127.16.95.129" port: 36943 } attrs { replace: true } } peers { permanent_uuid: "082cc7223c984aad82dfcd14050805be" member_type: VOTER last_known_addr { host: "127.16.95.130" port: 45855 } } peers { permanent_uuid: "f0985b0b48aa412da66d6015b34e7e20" member_type: VOTER last_known_addr { host: "127.16.95.131" port: 37085 } } peers { permanent_uuid: "cab3349849654cb09aa194b29a193aca" member_type: NON_VOTER last_known_addr { host: "127.16.95.132" port: 44385 } attrs { promote: true } }
I20260601 13:25:05.308701 20154 raft_consensus.cc:740] T 3f02e629e93047f8839895a089ff6d15 P cab3349849654cb09aa194b29a193aca [term 1 LEARNER]: Becoming Follower/Learner. State: Replica: cab3349849654cb09aa194b29a193aca, State: Initialized, Role: LEARNER
I20260601 13:25:05.308805 20154 consensus_queue.cc:260] T 3f02e629e93047f8839895a089ff6d15 P cab3349849654cb09aa194b29a193aca [NON_LEADER]: Queue going to NON_LEADER mode. State: All replicated index: 0, Majority replicated index: 0, Committed index: 2, Last appended: 1.2, Last appended by leader: 2, Current term: 0, Majority size: -1, State: 0, Mode: NON_LEADER, active raft config: opid_index: 2 OBSOLETE_local: false peers { permanent_uuid: "35dbd0c9de424faa89c3878ee4437823" member_type: VOTER last_known_addr { host: "127.16.95.129" port: 36943 } attrs { replace: true } } peers { permanent_uuid: "082cc7223c984aad82dfcd14050805be" member_type: VOTER last_known_addr { host: "127.16.95.130" port: 45855 } } peers { permanent_uuid: "f0985b0b48aa412da66d6015b34e7e20" member_type: VOTER last_known_addr { host: "127.16.95.131" port: 37085 } } peers { permanent_uuid: "cab3349849654cb09aa194b29a193aca" member_type: NON_VOTER last_known_addr { host: "127.16.95.132" port: 44385 } attrs { promote: true } }
I20260601 13:25:05.309105 20154 ts_tablet_manager.cc:1434] T 3f02e629e93047f8839895a089ff6d15 P cab3349849654cb09aa194b29a193aca: Time spent starting tablet: real 0.001s	user 0.000s	sys 0.000s
I20260601 13:25:05.309612 19913 tablet_copy_service.cc:342] P f0985b0b48aa412da66d6015b34e7e20: Request end of tablet copy session cab3349849654cb09aa194b29a193aca-3f02e629e93047f8839895a089ff6d15 received from {username='slave'} at 127.0.0.1:50308
I20260601 13:25:05.309701 19913 tablet_copy_service.cc:434] P f0985b0b48aa412da66d6015b34e7e20: ending tablet copy session cab3349849654cb09aa194b29a193aca-3f02e629e93047f8839895a089ff6d15 on tablet 3f02e629e93047f8839895a089ff6d15 with peer cab3349849654cb09aa194b29a193aca
I20260601 13:25:05.319538 20154 ts_tablet_manager.cc:933] T cff9a502d1d64121a1114cf1a3984c3e P cab3349849654cb09aa194b29a193aca: Initiating tablet copy from peer 35dbd0c9de424faa89c3878ee4437823 (127.16.95.129:36943)
I20260601 13:25:05.319864 20154 tablet_copy_client.cc:323] T cff9a502d1d64121a1114cf1a3984c3e P cab3349849654cb09aa194b29a193aca: tablet copy: Beginning tablet copy session from remote peer at address 127.16.95.129:36943
I20260601 13:25:05.320329 19762 tablet_copy_service.cc:140] P 35dbd0c9de424faa89c3878ee4437823: Received BeginTabletCopySession request for tablet cff9a502d1d64121a1114cf1a3984c3e from peer cab3349849654cb09aa194b29a193aca ({username='slave'} at 127.0.0.1:59010)
I20260601 13:25:05.320436 19762 tablet_copy_service.cc:161] P 35dbd0c9de424faa89c3878ee4437823: Beginning new tablet copy session on tablet cff9a502d1d64121a1114cf1a3984c3e from peer cab3349849654cb09aa194b29a193aca at {username='slave'} at 127.0.0.1:59010: session id = cab3349849654cb09aa194b29a193aca-cff9a502d1d64121a1114cf1a3984c3e
I20260601 13:25:05.321095 19762 tablet_copy_source_session.cc:215] T cff9a502d1d64121a1114cf1a3984c3e P 35dbd0c9de424faa89c3878ee4437823: Tablet Copy: opened 0 blocks and 1 log segments
I20260601 13:25:05.321938 20154 data_dirs.cc:400] Could only allocate 1 dirs of requested 3 for tablet cff9a502d1d64121a1114cf1a3984c3e. 1 dirs total, 0 dirs full, 0 dirs failed
I20260601 13:25:05.323678 20154 tablet_copy_client.cc:806] T cff9a502d1d64121a1114cf1a3984c3e P cab3349849654cb09aa194b29a193aca: tablet copy: Starting download of 0 data blocks...
I20260601 13:25:05.323854 20154 tablet_copy_client.cc:670] T cff9a502d1d64121a1114cf1a3984c3e P cab3349849654cb09aa194b29a193aca: tablet copy: Starting download of 1 WAL segments...
I20260601 13:25:05.325057 20154 tablet_copy_client.cc:538] T cff9a502d1d64121a1114cf1a3984c3e P cab3349849654cb09aa194b29a193aca: tablet copy: Tablet Copy complete. Replacing tablet superblock.
I20260601 13:25:05.326339 20154 tablet_bootstrap.cc:492] T cff9a502d1d64121a1114cf1a3984c3e P cab3349849654cb09aa194b29a193aca: Bootstrap starting.
I20260601 13:25:05.329547 20154 tablet_bootstrap.cc:492] T cff9a502d1d64121a1114cf1a3984c3e P cab3349849654cb09aa194b29a193aca: Bootstrap replayed 1/1 log segments. Stats: ops{read=2 overwritten=0 applied=2 ignored=0} inserts{seen=0 ignored=0} mutations{seen=0 ignored=0} orphaned_commits=0. Pending: 0 replicates
I20260601 13:25:05.329797 20154 tablet_bootstrap.cc:492] T cff9a502d1d64121a1114cf1a3984c3e P cab3349849654cb09aa194b29a193aca: Bootstrap complete.
I20260601 13:25:05.329972 20154 ts_tablet_manager.cc:1403] T cff9a502d1d64121a1114cf1a3984c3e P cab3349849654cb09aa194b29a193aca: Time spent bootstrapping tablet: real 0.004s	user 0.003s	sys 0.000s
I20260601 13:25:05.330350 20154 raft_consensus.cc:359] T cff9a502d1d64121a1114cf1a3984c3e P cab3349849654cb09aa194b29a193aca [term 1 LEARNER]: Replica starting. Triggering 0 pending ops. Active config: opid_index: 2 OBSOLETE_local: false peers { permanent_uuid: "35dbd0c9de424faa89c3878ee4437823" member_type: VOTER last_known_addr { host: "127.16.95.129" port: 36943 } } peers { permanent_uuid: "082cc7223c984aad82dfcd14050805be" member_type: VOTER last_known_addr { host: "127.16.95.130" port: 45855 } } peers { permanent_uuid: "f0985b0b48aa412da66d6015b34e7e20" member_type: VOTER last_known_addr { host: "127.16.95.131" port: 37085 } attrs { replace: true } } peers { permanent_uuid: "cab3349849654cb09aa194b29a193aca" member_type: NON_VOTER last_known_addr { host: "127.16.95.132" port: 44385 } attrs { promote: true } }
I20260601 13:25:05.330482 20154 raft_consensus.cc:740] T cff9a502d1d64121a1114cf1a3984c3e P cab3349849654cb09aa194b29a193aca [term 1 LEARNER]: Becoming Follower/Learner. State: Replica: cab3349849654cb09aa194b29a193aca, State: Initialized, Role: LEARNER
I20260601 13:25:05.330585 20154 consensus_queue.cc:260] T cff9a502d1d64121a1114cf1a3984c3e P cab3349849654cb09aa194b29a193aca [NON_LEADER]: Queue going to NON_LEADER mode. State: All replicated index: 0, Majority replicated index: 0, Committed index: 2, Last appended: 1.2, Last appended by leader: 2, Current term: 0, Majority size: -1, State: 0, Mode: NON_LEADER, active raft config: opid_index: 2 OBSOLETE_local: false peers { permanent_uuid: "35dbd0c9de424faa89c3878ee4437823" member_type: VOTER last_known_addr { host: "127.16.95.129" port: 36943 } } peers { permanent_uuid: "082cc7223c984aad82dfcd14050805be" member_type: VOTER last_known_addr { host: "127.16.95.130" port: 45855 } } peers { permanent_uuid: "f0985b0b48aa412da66d6015b34e7e20" member_type: VOTER last_known_addr { host: "127.16.95.131" port: 37085 } attrs { replace: true } } peers { permanent_uuid: "cab3349849654cb09aa194b29a193aca" member_type: NON_VOTER last_known_addr { host: "127.16.95.132" port: 44385 } attrs { promote: true } }
I20260601 13:25:05.330905 20154 ts_tablet_manager.cc:1434] T cff9a502d1d64121a1114cf1a3984c3e P cab3349849654cb09aa194b29a193aca: Time spent starting tablet: real 0.001s	user 0.002s	sys 0.000s
I20260601 13:25:05.331310 19762 tablet_copy_service.cc:342] P 35dbd0c9de424faa89c3878ee4437823: Request end of tablet copy session cab3349849654cb09aa194b29a193aca-cff9a502d1d64121a1114cf1a3984c3e received from {username='slave'} at 127.0.0.1:59010
I20260601 13:25:05.331414 19762 tablet_copy_service.cc:434] P 35dbd0c9de424faa89c3878ee4437823: ending tablet copy session cab3349849654cb09aa194b29a193aca-cff9a502d1d64121a1114cf1a3984c3e on tablet cff9a502d1d64121a1114cf1a3984c3e with peer cab3349849654cb09aa194b29a193aca
I20260601 13:25:05.337381 20154 ts_tablet_manager.cc:933] T 7c84882f3f624f12b3cdf866ceca83fb P cab3349849654cb09aa194b29a193aca: Initiating tablet copy from peer 35dbd0c9de424faa89c3878ee4437823 (127.16.95.129:36943)
I20260601 13:25:05.337662 20154 tablet_copy_client.cc:323] T 7c84882f3f624f12b3cdf866ceca83fb P cab3349849654cb09aa194b29a193aca: tablet copy: Beginning tablet copy session from remote peer at address 127.16.95.129:36943
I20260601 13:25:05.338088 19762 tablet_copy_service.cc:140] P 35dbd0c9de424faa89c3878ee4437823: Received BeginTabletCopySession request for tablet 7c84882f3f624f12b3cdf866ceca83fb from peer cab3349849654cb09aa194b29a193aca ({username='slave'} at 127.0.0.1:59010)
I20260601 13:25:05.338207 19762 tablet_copy_service.cc:161] P 35dbd0c9de424faa89c3878ee4437823: Beginning new tablet copy session on tablet 7c84882f3f624f12b3cdf866ceca83fb from peer cab3349849654cb09aa194b29a193aca at {username='slave'} at 127.0.0.1:59010: session id = cab3349849654cb09aa194b29a193aca-7c84882f3f624f12b3cdf866ceca83fb
I20260601 13:25:05.338958 19762 tablet_copy_source_session.cc:215] T 7c84882f3f624f12b3cdf866ceca83fb P 35dbd0c9de424faa89c3878ee4437823: Tablet Copy: opened 0 blocks and 1 log segments
I20260601 13:25:05.339680 20154 data_dirs.cc:400] Could only allocate 1 dirs of requested 3 for tablet 7c84882f3f624f12b3cdf866ceca83fb. 1 dirs total, 0 dirs full, 0 dirs failed
I20260601 13:25:05.341639 20154 tablet_copy_client.cc:806] T 7c84882f3f624f12b3cdf866ceca83fb P cab3349849654cb09aa194b29a193aca: tablet copy: Starting download of 0 data blocks...
I20260601 13:25:05.341796 20154 tablet_copy_client.cc:670] T 7c84882f3f624f12b3cdf866ceca83fb P cab3349849654cb09aa194b29a193aca: tablet copy: Starting download of 1 WAL segments...
I20260601 13:25:05.342757 20154 tablet_copy_client.cc:538] T 7c84882f3f624f12b3cdf866ceca83fb P cab3349849654cb09aa194b29a193aca: tablet copy: Tablet Copy complete. Replacing tablet superblock.
I20260601 13:25:05.343855 20154 tablet_bootstrap.cc:492] T 7c84882f3f624f12b3cdf866ceca83fb P cab3349849654cb09aa194b29a193aca: Bootstrap starting.
I20260601 13:25:05.345363 20160 ts_tablet_manager.cc:933] T 07c26655c4b047e78711dbb33e467b79 P cab3349849654cb09aa194b29a193aca: Initiating tablet copy from peer 082cc7223c984aad82dfcd14050805be (127.16.95.130:45855)
I20260601 13:25:05.345657 20160 tablet_copy_client.cc:323] T 07c26655c4b047e78711dbb33e467b79 P cab3349849654cb09aa194b29a193aca: tablet copy: Beginning tablet copy session from remote peer at address 127.16.95.130:45855
I20260601 13:25:05.346067 19838 tablet_copy_service.cc:140] P 082cc7223c984aad82dfcd14050805be: Received BeginTabletCopySession request for tablet 07c26655c4b047e78711dbb33e467b79 from peer cab3349849654cb09aa194b29a193aca ({username='slave'} at 127.0.0.1:34334)
I20260601 13:25:05.346154 19838 tablet_copy_service.cc:161] P 082cc7223c984aad82dfcd14050805be: Beginning new tablet copy session on tablet 07c26655c4b047e78711dbb33e467b79 from peer cab3349849654cb09aa194b29a193aca at {username='slave'} at 127.0.0.1:34334: session id = cab3349849654cb09aa194b29a193aca-07c26655c4b047e78711dbb33e467b79
I20260601 13:25:05.347030 19838 tablet_copy_source_session.cc:215] T 07c26655c4b047e78711dbb33e467b79 P 082cc7223c984aad82dfcd14050805be: Tablet Copy: opened 0 blocks and 1 log segments
I20260601 13:25:05.347620 20154 tablet_bootstrap.cc:492] T 7c84882f3f624f12b3cdf866ceca83fb P cab3349849654cb09aa194b29a193aca: Bootstrap replayed 1/1 log segments. Stats: ops{read=2 overwritten=0 applied=2 ignored=0} inserts{seen=0 ignored=0} mutations{seen=0 ignored=0} orphaned_commits=0. Pending: 0 replicates
I20260601 13:25:05.347724 20160 data_dirs.cc:400] Could only allocate 1 dirs of requested 3 for tablet 07c26655c4b047e78711dbb33e467b79. 1 dirs total, 0 dirs full, 0 dirs failed
I20260601 13:25:05.347904 20154 tablet_bootstrap.cc:492] T 7c84882f3f624f12b3cdf866ceca83fb P cab3349849654cb09aa194b29a193aca: Bootstrap complete.
I20260601 13:25:05.348089 20154 ts_tablet_manager.cc:1403] T 7c84882f3f624f12b3cdf866ceca83fb P cab3349849654cb09aa194b29a193aca: Time spent bootstrapping tablet: real 0.004s	user 0.001s	sys 0.003s
I20260601 13:25:05.348495 20154 raft_consensus.cc:359] T 7c84882f3f624f12b3cdf866ceca83fb P cab3349849654cb09aa194b29a193aca [term 1 LEARNER]: Replica starting. Triggering 0 pending ops. Active config: opid_index: 2 OBSOLETE_local: false peers { permanent_uuid: "35dbd0c9de424faa89c3878ee4437823" member_type: VOTER last_known_addr { host: "127.16.95.129" port: 36943 } } peers { permanent_uuid: "082cc7223c984aad82dfcd14050805be" member_type: VOTER last_known_addr { host: "127.16.95.130" port: 45855 } attrs { replace: true } } peers { permanent_uuid: "f0985b0b48aa412da66d6015b34e7e20" member_type: VOTER last_known_addr { host: "127.16.95.131" port: 37085 } } peers { permanent_uuid: "cab3349849654cb09aa194b29a193aca" member_type: NON_VOTER last_known_addr { host: "127.16.95.132" port: 44385 } attrs { promote: true } }
I20260601 13:25:05.348616 20154 raft_consensus.cc:740] T 7c84882f3f624f12b3cdf866ceca83fb P cab3349849654cb09aa194b29a193aca [term 1 LEARNER]: Becoming Follower/Learner. State: Replica: cab3349849654cb09aa194b29a193aca, State: Initialized, Role: LEARNER
