I20260601 13:25:02.363379 10688 raft_consensus.cc:515] T 7f07f879d8694f1a9203a3c01b4a84b7 P 4904713c10374250aa567dbd8d861292 [term 1 FOLLOWER]: Starting leader election with config: opid_index: -1 OBSOLETE_local: false peers { permanent_uuid: "4904713c10374250aa567dbd8d861292" member_type: VOTER last_known_addr { host: "127.7.84.130" port: 35873 } } peers { permanent_uuid: "70b18826cf0f4ab1b1114f1ade5ff348" member_type: VOTER last_known_addr { host: "127.7.84.131" port: 34797 } } peers { permanent_uuid: "6ffc292f49104415bcf2ee933cd3d186" member_type: VOTER last_known_addr { host: "127.7.84.132" port: 38055 } }
I20260601 13:25:02.363600 10680 tablet_bootstrap.cc:492] T 3fd72c00bf6b4a46a5f41fe30e20c735 P bf5a034fc91848dabed3054490d2ff8f: No bootstrap required, opened a new log
I20260601 13:25:02.363682 10680 ts_tablet_manager.cc:1403] T 3fd72c00bf6b4a46a5f41fe30e20c735 P bf5a034fc91848dabed3054490d2ff8f: Time spent bootstrapping tablet: real 0.005s	user 0.002s	sys 0.000s
I20260601 13:25:02.363727 10688 leader_election.cc:290] T 7f07f879d8694f1a9203a3c01b4a84b7 P 4904713c10374250aa567dbd8d861292 [CANDIDATE]: Term 1 election: Requested vote from peers 70b18826cf0f4ab1b1114f1ade5ff348 (127.7.84.131:34797), 6ffc292f49104415bcf2ee933cd3d186 (127.7.84.132:38055)
I20260601 13:25:02.364167 10632 tablet_service.cc:1917] Received RequestConsensusVote() RPC: tablet_id: "7f07f879d8694f1a9203a3c01b4a84b7" candidate_uuid: "4904713c10374250aa567dbd8d861292" candidate_term: 1 candidate_status { last_received { term: 0 index: 0 } } ignore_live_leader: false dest_uuid: "70b18826cf0f4ab1b1114f1ade5ff348"
I20260601 13:25:02.364270 10632 raft_consensus.cc:3060] T 7f07f879d8694f1a9203a3c01b4a84b7 P 70b18826cf0f4ab1b1114f1ade5ff348 [term 0 FOLLOWER]: Advancing to term 1
I20260601 13:25:02.365227 10632 raft_consensus.cc:2468] T 7f07f879d8694f1a9203a3c01b4a84b7 P 70b18826cf0f4ab1b1114f1ade5ff348 [term 1 FOLLOWER]: Leader election vote request: Granting yes vote for candidate 4904713c10374250aa567dbd8d861292 in term 1.
I20260601 13:25:02.364148 10680 raft_consensus.cc:359] T 3fd72c00bf6b4a46a5f41fe30e20c735 P bf5a034fc91848dabed3054490d2ff8f [term 0 FOLLOWER]: Replica starting. Triggering 0 pending ops. Active config: opid_index: -1 OBSOLETE_local: false peers { permanent_uuid: "bf5a034fc91848dabed3054490d2ff8f" member_type: VOTER last_known_addr { host: "127.7.84.129" port: 42381 } } peers { permanent_uuid: "70b18826cf0f4ab1b1114f1ade5ff348" member_type: VOTER last_known_addr { host: "127.7.84.131" port: 34797 } } peers { permanent_uuid: "6ffc292f49104415bcf2ee933cd3d186" member_type: VOTER last_known_addr { host: "127.7.84.132" port: 38055 } }
I20260601 13:25:02.365504 10680 raft_consensus.cc:385] T 3fd72c00bf6b4a46a5f41fe30e20c735 P bf5a034fc91848dabed3054490d2ff8f [term 0 FOLLOWER]: Consensus starting up: Expiring failure detector timer to make a prompt election more likely
I20260601 13:25:02.365552 10680 raft_consensus.cc:740] T 3fd72c00bf6b4a46a5f41fe30e20c735 P bf5a034fc91848dabed3054490d2ff8f [term 0 FOLLOWER]: Becoming Follower/Learner. State: Replica: bf5a034fc91848dabed3054490d2ff8f, State: Initialized, Role: FOLLOWER
I20260601 13:25:02.365559 10523 leader_election.cc:304] T 7f07f879d8694f1a9203a3c01b4a84b7 P 4904713c10374250aa567dbd8d861292 [CANDIDATE]: Term 1 election: Election decided. Result: candidate won. Election summary: received 2 responses out of 3 voters: 2 yes votes; 0 no votes. yes voters: 4904713c10374250aa567dbd8d861292, 70b18826cf0f4ab1b1114f1ade5ff348; no voters: 
I20260601 13:25:02.365717 10688 raft_consensus.cc:2804] T 7f07f879d8694f1a9203a3c01b4a84b7 P 4904713c10374250aa567dbd8d861292 [term 1 FOLLOWER]: Leader election won for term 1
I20260601 13:25:02.365688 10680 consensus_queue.cc:260] T 3fd72c00bf6b4a46a5f41fe30e20c735 P bf5a034fc91848dabed3054490d2ff8f [NON_LEADER]: Queue going to NON_LEADER mode. State: All replicated index: 0, Majority replicated index: 0, Committed index: 0, Last appended: 0.0, Last appended by leader: 0, Current term: 0, Majority size: -1, State: 0, Mode: NON_LEADER, active raft config: opid_index: -1 OBSOLETE_local: false peers { permanent_uuid: "bf5a034fc91848dabed3054490d2ff8f" member_type: VOTER last_known_addr { host: "127.7.84.129" port: 42381 } } peers { permanent_uuid: "70b18826cf0f4ab1b1114f1ade5ff348" member_type: VOTER last_known_addr { host: "127.7.84.131" port: 34797 } } peers { permanent_uuid: "6ffc292f49104415bcf2ee933cd3d186" member_type: VOTER last_known_addr { host: "127.7.84.132" port: 38055 } }
I20260601 13:25:02.365780 10688 raft_consensus.cc:697] T 7f07f879d8694f1a9203a3c01b4a84b7 P 4904713c10374250aa567dbd8d861292 [term 1 LEADER]: Becoming Leader. State: Replica: 4904713c10374250aa567dbd8d861292, State: Running, Role: LEADER
I20260601 13:25:02.365896 10688 consensus_queue.cc:237] T 7f07f879d8694f1a9203a3c01b4a84b7 P 4904713c10374250aa567dbd8d861292 [LEADER]: Queue going to LEADER mode. State: All replicated index: 0, Majority replicated index: 0, Committed index: 0, Last appended: 0.0, Last appended by leader: 0, Current term: 1, Majority size: 2, State: 0, Mode: LEADER, active raft config: opid_index: -1 OBSOLETE_local: false peers { permanent_uuid: "4904713c10374250aa567dbd8d861292" member_type: VOTER last_known_addr { host: "127.7.84.130" port: 35873 } } peers { permanent_uuid: "70b18826cf0f4ab1b1114f1ade5ff348" member_type: VOTER last_known_addr { host: "127.7.84.131" port: 34797 } } peers { permanent_uuid: "6ffc292f49104415bcf2ee933cd3d186" member_type: VOTER last_known_addr { host: "127.7.84.132" port: 38055 } }
I20260601 13:25:02.366011 10680 ts_tablet_manager.cc:1434] T 3fd72c00bf6b4a46a5f41fe30e20c735 P bf5a034fc91848dabed3054490d2ff8f: Time spent starting tablet: real 0.002s	user 0.001s	sys 0.001s
I20260601 13:25:02.365597 10771 tablet_service.cc:1917] Received RequestConsensusVote() RPC: tablet_id: "7f07f879d8694f1a9203a3c01b4a84b7" candidate_uuid: "4904713c10374250aa567dbd8d861292" candidate_term: 1 candidate_status { last_received { term: 0 index: 0 } } ignore_live_leader: false dest_uuid: "6ffc292f49104415bcf2ee933cd3d186"
I20260601 13:25:02.366185 10680 tablet_bootstrap.cc:492] T 74ad788533ff45e1afe32277eefd3f85 P bf5a034fc91848dabed3054490d2ff8f: Bootstrap starting.
I20260601 13:25:02.365515 10772 tablet_service.cc:1917] Received RequestConsensusVote() RPC: tablet_id: "7f07f879d8694f1a9203a3c01b4a84b7" candidate_uuid: "4904713c10374250aa567dbd8d861292" candidate_term: 1 candidate_status { last_received { term: 0 index: 0 } } ignore_live_leader: false dest_uuid: "6ffc292f49104415bcf2ee933cd3d186" is_pre_election: true
I20260601 13:25:02.366299 10804 tablet_bootstrap.cc:492] T 3fd72c00bf6b4a46a5f41fe30e20c735 P 6ffc292f49104415bcf2ee933cd3d186: No bootstrap required, opened a new log
I20260601 13:25:02.366379 10804 ts_tablet_manager.cc:1403] T 3fd72c00bf6b4a46a5f41fe30e20c735 P 6ffc292f49104415bcf2ee933cd3d186: Time spent bootstrapping tablet: real 0.006s	user 0.002s	sys 0.000s
I20260601 13:25:02.366161 10771 raft_consensus.cc:3060] T 7f07f879d8694f1a9203a3c01b4a84b7 P 6ffc292f49104415bcf2ee933cd3d186 [term 0 FOLLOWER]: Advancing to term 1
I20260601 13:25:02.366886 10804 raft_consensus.cc:359] T 3fd72c00bf6b4a46a5f41fe30e20c735 P 6ffc292f49104415bcf2ee933cd3d186 [term 0 FOLLOWER]: Replica starting. Triggering 0 pending ops. Active config: opid_index: -1 OBSOLETE_local: false peers { permanent_uuid: "bf5a034fc91848dabed3054490d2ff8f" member_type: VOTER last_known_addr { host: "127.7.84.129" port: 42381 } } peers { permanent_uuid: "70b18826cf0f4ab1b1114f1ade5ff348" member_type: VOTER last_known_addr { host: "127.7.84.131" port: 34797 } } peers { permanent_uuid: "6ffc292f49104415bcf2ee933cd3d186" member_type: VOTER last_known_addr { host: "127.7.84.132" port: 38055 } }
I20260601 13:25:02.366991 10804 raft_consensus.cc:385] T 3fd72c00bf6b4a46a5f41fe30e20c735 P 6ffc292f49104415bcf2ee933cd3d186 [term 0 FOLLOWER]: Consensus starting up: Expiring failure detector timer to make a prompt election more likely
I20260601 13:25:02.367028 10804 raft_consensus.cc:740] T 3fd72c00bf6b4a46a5f41fe30e20c735 P 6ffc292f49104415bcf2ee933cd3d186 [term 0 FOLLOWER]: Becoming Follower/Learner. State: Replica: 6ffc292f49104415bcf2ee933cd3d186, State: Initialized, Role: FOLLOWER
I20260601 13:25:02.367151 10804 consensus_queue.cc:260] T 3fd72c00bf6b4a46a5f41fe30e20c735 P 6ffc292f49104415bcf2ee933cd3d186 [NON_LEADER]: Queue going to NON_LEADER mode. State: All replicated index: 0, Majority replicated index: 0, Committed index: 0, Last appended: 0.0, Last appended by leader: 0, Current term: 0, Majority size: -1, State: 0, Mode: NON_LEADER, active raft config: opid_index: -1 OBSOLETE_local: false peers { permanent_uuid: "bf5a034fc91848dabed3054490d2ff8f" member_type: VOTER last_known_addr { host: "127.7.84.129" port: 42381 } } peers { permanent_uuid: "70b18826cf0f4ab1b1114f1ade5ff348" member_type: VOTER last_known_addr { host: "127.7.84.131" port: 34797 } } peers { permanent_uuid: "6ffc292f49104415bcf2ee933cd3d186" member_type: VOTER last_known_addr { host: "127.7.84.132" port: 38055 } }
I20260601 13:25:02.367245 10680 tablet_bootstrap.cc:654] T 74ad788533ff45e1afe32277eefd3f85 P bf5a034fc91848dabed3054490d2ff8f: Neither blocks nor log segments found. Creating new log.
I20260601 13:25:02.367446 10804 ts_tablet_manager.cc:1434] T 3fd72c00bf6b4a46a5f41fe30e20c735 P 6ffc292f49104415bcf2ee933cd3d186: Time spent starting tablet: real 0.001s	user 0.001s	sys 0.000s
I20260601 13:25:02.367580 10771 raft_consensus.cc:2468] T 7f07f879d8694f1a9203a3c01b4a84b7 P 6ffc292f49104415bcf2ee933cd3d186 [term 1 FOLLOWER]: Leader election vote request: Granting yes vote for candidate 4904713c10374250aa567dbd8d861292 in term 1.
I20260601 13:25:02.367658 10804 tablet_bootstrap.cc:492] T 18900122ae8944948f021f323e63b584 P 6ffc292f49104415bcf2ee933cd3d186: Bootstrap starting.
I20260601 13:25:02.368572 10680 tablet_bootstrap.cc:492] T 74ad788533ff45e1afe32277eefd3f85 P bf5a034fc91848dabed3054490d2ff8f: No bootstrap required, opened a new log
I20260601 13:25:02.368456 10378 catalog_manager.cc:5696] T 7f07f879d8694f1a9203a3c01b4a84b7 P 4904713c10374250aa567dbd8d861292 reported cstate change: term changed from 0 to 1, leader changed from <none> to 4904713c10374250aa567dbd8d861292 (127.7.84.130). New cstate: current_term: 1 leader_uuid: "4904713c10374250aa567dbd8d861292" committed_config { opid_index: -1 OBSOLETE_local: false peers { permanent_uuid: "4904713c10374250aa567dbd8d861292" member_type: VOTER last_known_addr { host: "127.7.84.130" port: 35873 } health_report { overall_health: HEALTHY } } peers { permanent_uuid: "70b18826cf0f4ab1b1114f1ade5ff348" member_type: VOTER last_known_addr { host: "127.7.84.131" port: 34797 } health_report { overall_health: UNKNOWN } } peers { permanent_uuid: "6ffc292f49104415bcf2ee933cd3d186" member_type: VOTER last_known_addr { host: "127.7.84.132" port: 38055 } health_report { overall_health: UNKNOWN } } }
I20260601 13:25:02.368696 10680 ts_tablet_manager.cc:1403] T 74ad788533ff45e1afe32277eefd3f85 P bf5a034fc91848dabed3054490d2ff8f: Time spent bootstrapping tablet: real 0.003s	user 0.001s	sys 0.001s
I20260601 13:25:02.368798 10804 tablet_bootstrap.cc:654] T 18900122ae8944948f021f323e63b584 P 6ffc292f49104415bcf2ee933cd3d186: Neither blocks nor log segments found. Creating new log.
I20260601 13:25:02.369098 10680 raft_consensus.cc:359] T 74ad788533ff45e1afe32277eefd3f85 P bf5a034fc91848dabed3054490d2ff8f [term 0 FOLLOWER]: Replica starting. Triggering 0 pending ops. Active config: opid_index: -1 OBSOLETE_local: false peers { permanent_uuid: "6ffc292f49104415bcf2ee933cd3d186" member_type: VOTER last_known_addr { host: "127.7.84.132" port: 38055 } } peers { permanent_uuid: "bf5a034fc91848dabed3054490d2ff8f" member_type: VOTER last_known_addr { host: "127.7.84.129" port: 42381 } } peers { permanent_uuid: "4904713c10374250aa567dbd8d861292" member_type: VOTER last_known_addr { host: "127.7.84.130" port: 35873 } }
I20260601 13:25:02.369444 10680 raft_consensus.cc:385] T 74ad788533ff45e1afe32277eefd3f85 P bf5a034fc91848dabed3054490d2ff8f [term 0 FOLLOWER]: Consensus starting up: Expiring failure detector timer to make a prompt election more likely
I20260601 13:25:02.369486 10680 raft_consensus.cc:740] T 74ad788533ff45e1afe32277eefd3f85 P bf5a034fc91848dabed3054490d2ff8f [term 0 FOLLOWER]: Becoming Follower/Learner. State: Replica: bf5a034fc91848dabed3054490d2ff8f, State: Initialized, Role: FOLLOWER
I20260601 13:25:02.370070 10680 consensus_queue.cc:260] T 74ad788533ff45e1afe32277eefd3f85 P bf5a034fc91848dabed3054490d2ff8f [NON_LEADER]: Queue going to NON_LEADER mode. State: All replicated index: 0, Majority replicated index: 0, Committed index: 0, Last appended: 0.0, Last appended by leader: 0, Current term: 0, Majority size: -1, State: 0, Mode: NON_LEADER, active raft config: opid_index: -1 OBSOLETE_local: false peers { permanent_uuid: "6ffc292f49104415bcf2ee933cd3d186" member_type: VOTER last_known_addr { host: "127.7.84.132" port: 38055 } } peers { permanent_uuid: "bf5a034fc91848dabed3054490d2ff8f" member_type: VOTER last_known_addr { host: "127.7.84.129" port: 42381 } } peers { permanent_uuid: "4904713c10374250aa567dbd8d861292" member_type: VOTER last_known_addr { host: "127.7.84.130" port: 35873 } }
I20260601 13:25:02.370465 10804 tablet_bootstrap.cc:492] T 18900122ae8944948f021f323e63b584 P 6ffc292f49104415bcf2ee933cd3d186: No bootstrap required, opened a new log
I20260601 13:25:02.370568 10804 ts_tablet_manager.cc:1403] T 18900122ae8944948f021f323e63b584 P 6ffc292f49104415bcf2ee933cd3d186: Time spent bootstrapping tablet: real 0.003s	user 0.000s	sys 0.002s
I20260601 13:25:02.370860 10680 ts_tablet_manager.cc:1434] T 74ad788533ff45e1afe32277eefd3f85 P bf5a034fc91848dabed3054490d2ff8f: Time spent starting tablet: real 0.002s	user 0.001s	sys 0.000s
I20260601 13:25:02.371093 10804 raft_consensus.cc:359] T 18900122ae8944948f021f323e63b584 P 6ffc292f49104415bcf2ee933cd3d186 [term 0 FOLLOWER]: Replica starting. Triggering 0 pending ops. Active config: opid_index: -1 OBSOLETE_local: false peers { permanent_uuid: "bf5a034fc91848dabed3054490d2ff8f" member_type: VOTER last_known_addr { host: "127.7.84.129" port: 42381 } } peers { permanent_uuid: "4904713c10374250aa567dbd8d861292" member_type: VOTER last_known_addr { host: "127.7.84.130" port: 35873 } } peers { permanent_uuid: "6ffc292f49104415bcf2ee933cd3d186" member_type: VOTER last_known_addr { host: "127.7.84.132" port: 38055 } }
I20260601 13:25:02.371201 10804 raft_consensus.cc:385] T 18900122ae8944948f021f323e63b584 P 6ffc292f49104415bcf2ee933cd3d186 [term 0 FOLLOWER]: Consensus starting up: Expiring failure detector timer to make a prompt election more likely
I20260601 13:25:02.371239 10804 raft_consensus.cc:740] T 18900122ae8944948f021f323e63b584 P 6ffc292f49104415bcf2ee933cd3d186 [term 0 FOLLOWER]: Becoming Follower/Learner. State: Replica: 6ffc292f49104415bcf2ee933cd3d186, State: Initialized, Role: FOLLOWER
I20260601 13:25:02.371372 10804 consensus_queue.cc:260] T 18900122ae8944948f021f323e63b584 P 6ffc292f49104415bcf2ee933cd3d186 [NON_LEADER]: Queue going to NON_LEADER mode. State: All replicated index: 0, Majority replicated index: 0, Committed index: 0, Last appended: 0.0, Last appended by leader: 0, Current term: 0, Majority size: -1, State: 0, Mode: NON_LEADER, active raft config: opid_index: -1 OBSOLETE_local: false peers { permanent_uuid: "bf5a034fc91848dabed3054490d2ff8f" member_type: VOTER last_known_addr { host: "127.7.84.129" port: 42381 } } peers { permanent_uuid: "4904713c10374250aa567dbd8d861292" member_type: VOTER last_known_addr { host: "127.7.84.130" port: 35873 } } peers { permanent_uuid: "6ffc292f49104415bcf2ee933cd3d186" member_type: VOTER last_known_addr { host: "127.7.84.132" port: 38055 } }
I20260601 13:25:02.371696 10804 ts_tablet_manager.cc:1434] T 18900122ae8944948f021f323e63b584 P 6ffc292f49104415bcf2ee933cd3d186: Time spent starting tablet: real 0.001s	user 0.000s	sys 0.001s
I20260601 13:25:02.371905 10804 tablet_bootstrap.cc:492] T e6b4df15dd624a3286bcbc2293fd9d81 P 6ffc292f49104415bcf2ee933cd3d186: Bootstrap starting.
I20260601 13:25:02.373311 10804 tablet_bootstrap.cc:654] T e6b4df15dd624a3286bcbc2293fd9d81 P 6ffc292f49104415bcf2ee933cd3d186: Neither blocks nor log segments found. Creating new log.
I20260601 13:25:02.374620 10804 tablet_bootstrap.cc:492] T e6b4df15dd624a3286bcbc2293fd9d81 P 6ffc292f49104415bcf2ee933cd3d186: No bootstrap required, opened a new log
I20260601 13:25:02.374737 10804 ts_tablet_manager.cc:1403] T e6b4df15dd624a3286bcbc2293fd9d81 P 6ffc292f49104415bcf2ee933cd3d186: Time spent bootstrapping tablet: real 0.003s	user 0.001s	sys 0.001s
I20260601 13:25:02.375216 10804 raft_consensus.cc:359] T e6b4df15dd624a3286bcbc2293fd9d81 P 6ffc292f49104415bcf2ee933cd3d186 [term 0 FOLLOWER]: Replica starting. Triggering 0 pending ops. Active config: opid_index: -1 OBSOLETE_local: false peers { permanent_uuid: "6ffc292f49104415bcf2ee933cd3d186" member_type: VOTER last_known_addr { host: "127.7.84.132" port: 38055 } } peers { permanent_uuid: "4904713c10374250aa567dbd8d861292" member_type: VOTER last_known_addr { host: "127.7.84.130" port: 35873 } } peers { permanent_uuid: "70b18826cf0f4ab1b1114f1ade5ff348" member_type: VOTER last_known_addr { host: "127.7.84.131" port: 34797 } }
I20260601 13:25:02.375334 10804 raft_consensus.cc:385] T e6b4df15dd624a3286bcbc2293fd9d81 P 6ffc292f49104415bcf2ee933cd3d186 [term 0 FOLLOWER]: Consensus starting up: Expiring failure detector timer to make a prompt election more likely
I20260601 13:25:02.375384 10804 raft_consensus.cc:740] T e6b4df15dd624a3286bcbc2293fd9d81 P 6ffc292f49104415bcf2ee933cd3d186 [term 0 FOLLOWER]: Becoming Follower/Learner. State: Replica: 6ffc292f49104415bcf2ee933cd3d186, State: Initialized, Role: FOLLOWER
I20260601 13:25:02.375535 10804 consensus_queue.cc:260] T e6b4df15dd624a3286bcbc2293fd9d81 P 6ffc292f49104415bcf2ee933cd3d186 [NON_LEADER]: Queue going to NON_LEADER mode. State: All replicated index: 0, Majority replicated index: 0, Committed index: 0, Last appended: 0.0, Last appended by leader: 0, Current term: 0, Majority size: -1, State: 0, Mode: NON_LEADER, active raft config: opid_index: -1 OBSOLETE_local: false peers { permanent_uuid: "6ffc292f49104415bcf2ee933cd3d186" member_type: VOTER last_known_addr { host: "127.7.84.132" port: 38055 } } peers { permanent_uuid: "4904713c10374250aa567dbd8d861292" member_type: VOTER last_known_addr { host: "127.7.84.130" port: 35873 } } peers { permanent_uuid: "70b18826cf0f4ab1b1114f1ade5ff348" member_type: VOTER last_known_addr { host: "127.7.84.131" port: 34797 } }
I20260601 13:25:02.375805 10804 ts_tablet_manager.cc:1434] T e6b4df15dd624a3286bcbc2293fd9d81 P 6ffc292f49104415bcf2ee933cd3d186: Time spent starting tablet: real 0.001s	user 0.000s	sys 0.000s
I20260601 13:25:02.376008 10804 tablet_bootstrap.cc:492] T 56993a2e99ca499e8019da97c3531857 P 6ffc292f49104415bcf2ee933cd3d186: Bootstrap starting.
I20260601 13:25:02.376972 10804 tablet_bootstrap.cc:654] T 56993a2e99ca499e8019da97c3531857 P 6ffc292f49104415bcf2ee933cd3d186: Neither blocks nor log segments found. Creating new log.
I20260601 13:25:02.378249 10804 tablet_bootstrap.cc:492] T 56993a2e99ca499e8019da97c3531857 P 6ffc292f49104415bcf2ee933cd3d186: No bootstrap required, opened a new log
I20260601 13:25:02.378336 10804 ts_tablet_manager.cc:1403] T 56993a2e99ca499e8019da97c3531857 P 6ffc292f49104415bcf2ee933cd3d186: Time spent bootstrapping tablet: real 0.002s	user 0.002s	sys 0.000s
I20260601 13:25:02.378713 10804 raft_consensus.cc:359] T 56993a2e99ca499e8019da97c3531857 P 6ffc292f49104415bcf2ee933cd3d186 [term 0 FOLLOWER]: Replica starting. Triggering 0 pending ops. Active config: opid_index: -1 OBSOLETE_local: false peers { permanent_uuid: "6ffc292f49104415bcf2ee933cd3d186" member_type: VOTER last_known_addr { host: "127.7.84.132" port: 38055 } } peers { permanent_uuid: "70b18826cf0f4ab1b1114f1ade5ff348" member_type: VOTER last_known_addr { host: "127.7.84.131" port: 34797 } } peers { permanent_uuid: "bf5a034fc91848dabed3054490d2ff8f" member_type: VOTER last_known_addr { host: "127.7.84.129" port: 42381 } }
I20260601 13:25:02.378804 10804 raft_consensus.cc:385] T 56993a2e99ca499e8019da97c3531857 P 6ffc292f49104415bcf2ee933cd3d186 [term 0 FOLLOWER]: Consensus starting up: Expiring failure detector timer to make a prompt election more likely
I20260601 13:25:02.378827 10804 raft_consensus.cc:740] T 56993a2e99ca499e8019da97c3531857 P 6ffc292f49104415bcf2ee933cd3d186 [term 0 FOLLOWER]: Becoming Follower/Learner. State: Replica: 6ffc292f49104415bcf2ee933cd3d186, State: Initialized, Role: FOLLOWER
I20260601 13:25:02.378906 10804 consensus_queue.cc:260] T 56993a2e99ca499e8019da97c3531857 P 6ffc292f49104415bcf2ee933cd3d186 [NON_LEADER]: Queue going to NON_LEADER mode. State: All replicated index: 0, Majority replicated index: 0, Committed index: 0, Last appended: 0.0, Last appended by leader: 0, Current term: 0, Majority size: -1, State: 0, Mode: NON_LEADER, active raft config: opid_index: -1 OBSOLETE_local: false peers { permanent_uuid: "6ffc292f49104415bcf2ee933cd3d186" member_type: VOTER last_known_addr { host: "127.7.84.132" port: 38055 } } peers { permanent_uuid: "70b18826cf0f4ab1b1114f1ade5ff348" member_type: VOTER last_known_addr { host: "127.7.84.131" port: 34797 } } peers { permanent_uuid: "bf5a034fc91848dabed3054490d2ff8f" member_type: VOTER last_known_addr { host: "127.7.84.129" port: 42381 } }
I20260601 13:25:02.379150 10804 ts_tablet_manager.cc:1434] T 56993a2e99ca499e8019da97c3531857 P 6ffc292f49104415bcf2ee933cd3d186: Time spent starting tablet: real 0.001s	user 0.000s	sys 0.000s
I20260601 13:25:02.396449 10695 raft_consensus.cc:493] T 9f12fce499c84041ba9e2e86efc07e83 P 70b18826cf0f4ab1b1114f1ade5ff348 [term 0 FOLLOWER]: Starting pre-election (no leader contacted us within the election timeout)
I20260601 13:25:02.396605 10695 raft_consensus.cc:515] T 9f12fce499c84041ba9e2e86efc07e83 P 70b18826cf0f4ab1b1114f1ade5ff348 [term 0 FOLLOWER]: Starting pre-election with config: opid_index: -1 OBSOLETE_local: false peers { permanent_uuid: "70b18826cf0f4ab1b1114f1ade5ff348" member_type: VOTER last_known_addr { host: "127.7.84.131" port: 34797 } } peers { permanent_uuid: "6ffc292f49104415bcf2ee933cd3d186" member_type: VOTER last_known_addr { host: "127.7.84.132" port: 38055 } } peers { permanent_uuid: "bf5a034fc91848dabed3054490d2ff8f" member_type: VOTER last_known_addr { host: "127.7.84.129" port: 42381 } }
I20260601 13:25:02.397253 10695 leader_election.cc:290] T 9f12fce499c84041ba9e2e86efc07e83 P 70b18826cf0f4ab1b1114f1ade5ff348 [CANDIDATE]: Term 1 pre-election: Requested pre-vote from peers 6ffc292f49104415bcf2ee933cd3d186 (127.7.84.132:38055), bf5a034fc91848dabed3054490d2ff8f (127.7.84.129:42381)
I20260601 13:25:02.397719 10481 tablet_service.cc:1917] Received RequestConsensusVote() RPC: tablet_id: "9f12fce499c84041ba9e2e86efc07e83" candidate_uuid: "70b18826cf0f4ab1b1114f1ade5ff348" candidate_term: 1 candidate_status { last_received { term: 0 index: 0 } } ignore_live_leader: false dest_uuid: "bf5a034fc91848dabed3054490d2ff8f" is_pre_election: true
I20260601 13:25:02.397876 10481 raft_consensus.cc:2468] T 9f12fce499c84041ba9e2e86efc07e83 P bf5a034fc91848dabed3054490d2ff8f [term 0 FOLLOWER]: Leader pre-election vote request: Granting yes vote for candidate 70b18826cf0f4ab1b1114f1ade5ff348 in term 0.
I20260601 13:25:02.398180 10595 leader_election.cc:304] T 9f12fce499c84041ba9e2e86efc07e83 P 70b18826cf0f4ab1b1114f1ade5ff348 [CANDIDATE]: Term 1 pre-election: Election decided. Result: candidate won. Election summary: received 2 responses out of 3 voters: 2 yes votes; 0 no votes. yes voters: 70b18826cf0f4ab1b1114f1ade5ff348, bf5a034fc91848dabed3054490d2ff8f; no voters: 
I20260601 13:25:02.398382 10695 raft_consensus.cc:2804] T 9f12fce499c84041ba9e2e86efc07e83 P 70b18826cf0f4ab1b1114f1ade5ff348 [term 0 FOLLOWER]: Leader pre-election won for term 1
I20260601 13:25:02.398504 10695 raft_consensus.cc:493] T 9f12fce499c84041ba9e2e86efc07e83 P 70b18826cf0f4ab1b1114f1ade5ff348 [term 0 FOLLOWER]: Starting leader election (no leader contacted us within the election timeout)
I20260601 13:25:02.398535 10695 raft_consensus.cc:3060] T 9f12fce499c84041ba9e2e86efc07e83 P 70b18826cf0f4ab1b1114f1ade5ff348 [term 0 FOLLOWER]: Advancing to term 1
I20260601 13:25:02.399403 10695 raft_consensus.cc:515] T 9f12fce499c84041ba9e2e86efc07e83 P 70b18826cf0f4ab1b1114f1ade5ff348 [term 1 FOLLOWER]: Starting leader election with config: opid_index: -1 OBSOLETE_local: false peers { permanent_uuid: "70b18826cf0f4ab1b1114f1ade5ff348" member_type: VOTER last_known_addr { host: "127.7.84.131" port: 34797 } } peers { permanent_uuid: "6ffc292f49104415bcf2ee933cd3d186" member_type: VOTER last_known_addr { host: "127.7.84.132" port: 38055 } } peers { permanent_uuid: "bf5a034fc91848dabed3054490d2ff8f" member_type: VOTER last_known_addr { host: "127.7.84.129" port: 42381 } }
I20260601 13:25:02.399827 10695 leader_election.cc:290] T 9f12fce499c84041ba9e2e86efc07e83 P 70b18826cf0f4ab1b1114f1ade5ff348 [CANDIDATE]: Term 1 election: Requested vote from peers 6ffc292f49104415bcf2ee933cd3d186 (127.7.84.132:38055), bf5a034fc91848dabed3054490d2ff8f (127.7.84.129:42381)
I20260601 13:25:02.400162 10481 tablet_service.cc:1917] Received RequestConsensusVote() RPC: tablet_id: "9f12fce499c84041ba9e2e86efc07e83" candidate_uuid: "70b18826cf0f4ab1b1114f1ade5ff348" candidate_term: 1 candidate_status { last_received { term: 0 index: 0 } } ignore_live_leader: false dest_uuid: "bf5a034fc91848dabed3054490d2ff8f"
I20260601 13:25:02.400274 10481 raft_consensus.cc:3060] T 9f12fce499c84041ba9e2e86efc07e83 P bf5a034fc91848dabed3054490d2ff8f [term 0 FOLLOWER]: Advancing to term 1
I20260601 13:25:02.400799 10682 consensus_queue.cc:1048] T 4cec086e1721493c93ec15a6b4eb572b P bf5a034fc91848dabed3054490d2ff8f [LEADER]: Connected to new peer: Peer: permanent_uuid: "4904713c10374250aa567dbd8d861292" member_type: VOTER last_known_addr { host: "127.7.84.130" port: 35873 }, Status: LMP_MISMATCH, Last received: 0.0, Next index: 1, Last known committed idx: 0, Time since last communication: 0.000s
I20260601 13:25:02.401276 10771 tablet_service.cc:1917] Received RequestConsensusVote() RPC: tablet_id: "9f12fce499c84041ba9e2e86efc07e83" candidate_uuid: "70b18826cf0f4ab1b1114f1ade5ff348" candidate_term: 1 candidate_status { last_received { term: 0 index: 0 } } ignore_live_leader: false dest_uuid: "6ffc292f49104415bcf2ee933cd3d186" is_pre_election: true
I20260601 13:25:02.401301 10481 raft_consensus.cc:2468] T 9f12fce499c84041ba9e2e86efc07e83 P bf5a034fc91848dabed3054490d2ff8f [term 1 FOLLOWER]: Leader election vote request: Granting yes vote for candidate 70b18826cf0f4ab1b1114f1ade5ff348 in term 1.
I20260601 13:25:02.401388 10772 tablet_service.cc:1917] Received RequestConsensusVote() RPC: tablet_id: "9f12fce499c84041ba9e2e86efc07e83" candidate_uuid: "70b18826cf0f4ab1b1114f1ade5ff348" candidate_term: 1 candidate_status { last_received { term: 0 index: 0 } } ignore_live_leader: false dest_uuid: "6ffc292f49104415bcf2ee933cd3d186"
I20260601 13:25:02.401397 10771 raft_consensus.cc:2468] T 9f12fce499c84041ba9e2e86efc07e83 P 6ffc292f49104415bcf2ee933cd3d186 [term 0 FOLLOWER]: Leader pre-election vote request: Granting yes vote for candidate 70b18826cf0f4ab1b1114f1ade5ff348 in term 0.
I20260601 13:25:02.401618 10595 leader_election.cc:304] T 9f12fce499c84041ba9e2e86efc07e83 P 70b18826cf0f4ab1b1114f1ade5ff348 [CANDIDATE]: Term 1 election: Election decided. Result: candidate won. Election summary: received 2 responses out of 3 voters: 2 yes votes; 0 no votes. yes voters: 70b18826cf0f4ab1b1114f1ade5ff348, bf5a034fc91848dabed3054490d2ff8f; no voters: 
I20260601 13:25:02.401808 10695 raft_consensus.cc:2804] T 9f12fce499c84041ba9e2e86efc07e83 P 70b18826cf0f4ab1b1114f1ade5ff348 [term 1 FOLLOWER]: Leader election won for term 1
I20260601 13:25:02.401885 10695 raft_consensus.cc:697] T 9f12fce499c84041ba9e2e86efc07e83 P 70b18826cf0f4ab1b1114f1ade5ff348 [term 1 LEADER]: Becoming Leader. State: Replica: 70b18826cf0f4ab1b1114f1ade5ff348, State: Running, Role: LEADER
I20260601 13:25:02.402019 10695 consensus_queue.cc:237] T 9f12fce499c84041ba9e2e86efc07e83 P 70b18826cf0f4ab1b1114f1ade5ff348 [LEADER]: Queue going to LEADER mode. State: All replicated index: 0, Majority replicated index: 0, Committed index: 0, Last appended: 0.0, Last appended by leader: 0, Current term: 1, Majority size: 2, State: 0, Mode: LEADER, active raft config: opid_index: -1 OBSOLETE_local: false peers { permanent_uuid: "70b18826cf0f4ab1b1114f1ade5ff348" member_type: VOTER last_known_addr { host: "127.7.84.131" port: 34797 } } peers { permanent_uuid: "6ffc292f49104415bcf2ee933cd3d186" member_type: VOTER last_known_addr { host: "127.7.84.132" port: 38055 } } peers { permanent_uuid: "bf5a034fc91848dabed3054490d2ff8f" member_type: VOTER last_known_addr { host: "127.7.84.129" port: 42381 } }
I20260601 13:25:02.404484 10682 consensus_queue.cc:1048] T 4cec086e1721493c93ec15a6b4eb572b P bf5a034fc91848dabed3054490d2ff8f [LEADER]: Connected to new peer: Peer: permanent_uuid: "70b18826cf0f4ab1b1114f1ade5ff348" member_type: VOTER last_known_addr { host: "127.7.84.131" port: 34797 }, Status: LMP_MISMATCH, Last received: 0.0, Next index: 1, Last known committed idx: 0, Time since last communication: 0.000s
I20260601 13:25:02.404407 10378 catalog_manager.cc:5696] T 9f12fce499c84041ba9e2e86efc07e83 P 70b18826cf0f4ab1b1114f1ade5ff348 reported cstate change: term changed from 0 to 1, leader changed from <none> to 70b18826cf0f4ab1b1114f1ade5ff348 (127.7.84.131). New cstate: current_term: 1 leader_uuid: "70b18826cf0f4ab1b1114f1ade5ff348" committed_config { opid_index: -1 OBSOLETE_local: false peers { permanent_uuid: "70b18826cf0f4ab1b1114f1ade5ff348" member_type: VOTER last_known_addr { host: "127.7.84.131" port: 34797 } health_report { overall_health: HEALTHY } } peers { permanent_uuid: "6ffc292f49104415bcf2ee933cd3d186" member_type: VOTER last_known_addr { host: "127.7.84.132" port: 38055 } health_report { overall_health: UNKNOWN } } peers { permanent_uuid: "bf5a034fc91848dabed3054490d2ff8f" member_type: VOTER last_known_addr { host: "127.7.84.129" port: 42381 } health_report { overall_health: UNKNOWN } } }
I20260601 13:25:02.406167 10682 consensus_queue.cc:1048] T cd8fcc0cbf6e42c19d05f8f3730c154e P bf5a034fc91848dabed3054490d2ff8f [LEADER]: Connected to new peer: Peer: permanent_uuid: "4904713c10374250aa567dbd8d861292" member_type: VOTER last_known_addr { host: "127.7.84.130" port: 35873 }, Status: LMP_MISMATCH, Last received: 0.0, Next index: 1, Last known committed idx: 0, Time since last communication: 0.000s
I20260601 13:25:02.409483 10682 consensus_queue.cc:1048] T cd8fcc0cbf6e42c19d05f8f3730c154e P bf5a034fc91848dabed3054490d2ff8f [LEADER]: Connected to new peer: Peer: permanent_uuid: "70b18826cf0f4ab1b1114f1ade5ff348" member_type: VOTER last_known_addr { host: "127.7.84.131" port: 34797 }, Status: LMP_MISMATCH, Last received: 0.0, Next index: 1, Last known committed idx: 0, Time since last communication: 0.000s
I20260601 13:25:02.414801 10682 consensus_queue.cc:1048] T f5fb8a550ce144a5aa92133ba6c26514 P bf5a034fc91848dabed3054490d2ff8f [LEADER]: Connected to new peer: Peer: permanent_uuid: "70b18826cf0f4ab1b1114f1ade5ff348" member_type: VOTER last_known_addr { host: "127.7.84.131" port: 34797 }, Status: LMP_MISMATCH, Last received: 0.0, Next index: 1, Last known committed idx: 0, Time since last communication: 0.000s
I20260601 13:25:02.417225 10836 consensus_queue.cc:1048] T b52f934377ff4c88856bd82be7d3259f P bf5a034fc91848dabed3054490d2ff8f [LEADER]: Connected to new peer: Peer: permanent_uuid: "4904713c10374250aa567dbd8d861292" member_type: VOTER last_known_addr { host: "127.7.84.130" port: 35873 }, Status: LMP_MISMATCH, Last received: 0.0, Next index: 1, Last known committed idx: 0, Time since last communication: 0.000s
I20260601 13:25:02.417580 10836 consensus_queue.cc:1048] T f5fb8a550ce144a5aa92133ba6c26514 P bf5a034fc91848dabed3054490d2ff8f [LEADER]: Connected to new peer: Peer: permanent_uuid: "4904713c10374250aa567dbd8d861292" member_type: VOTER last_known_addr { host: "127.7.84.130" port: 35873 }, Status: LMP_MISMATCH, Last received: 0.0, Next index: 1, Last known committed idx: 0, Time since last communication: 0.000s
I20260601 13:25:02.421020 10716 consensus_queue.cc:1048] T b52f934377ff4c88856bd82be7d3259f P bf5a034fc91848dabed3054490d2ff8f [LEADER]: Connected to new peer: Peer: permanent_uuid: "70b18826cf0f4ab1b1114f1ade5ff348" member_type: VOTER last_known_addr { host: "127.7.84.131" port: 34797 }, Status: LMP_MISMATCH, Last received: 0.0, Next index: 1, Last known committed idx: 0, Time since last communication: 0.000s
I20260601 13:25:02.442651 10695 consensus_queue.cc:1048] T 1dca8502136744f6b723b32c82d12342 P 70b18826cf0f4ab1b1114f1ade5ff348 [LEADER]: Connected to new peer: Peer: permanent_uuid: "bf5a034fc91848dabed3054490d2ff8f" member_type: VOTER last_known_addr { host: "127.7.84.129" port: 42381 }, Status: LMP_MISMATCH, Last received: 0.0, Next index: 1, Last known committed idx: 0, Time since last communication: 0.000s
I20260601 13:25:02.445613 10843 consensus_queue.cc:1048] T 1dca8502136744f6b723b32c82d12342 P 70b18826cf0f4ab1b1114f1ade5ff348 [LEADER]: Connected to new peer: Peer: permanent_uuid: "4904713c10374250aa567dbd8d861292" member_type: VOTER last_known_addr { host: "127.7.84.130" port: 35873 }, Status: LMP_MISMATCH, Last received: 0.0, Next index: 1, Last known committed idx: 0, Time since last communication: 0.000s
I20260601 13:25:02.460170 10811 raft_consensus.cc:493] T 74ad788533ff45e1afe32277eefd3f85 P 6ffc292f49104415bcf2ee933cd3d186 [term 0 FOLLOWER]: Starting pre-election (no leader contacted us within the election timeout)
I20260601 13:25:02.460350 10811 raft_consensus.cc:515] T 74ad788533ff45e1afe32277eefd3f85 P 6ffc292f49104415bcf2ee933cd3d186 [term 0 FOLLOWER]: Starting pre-election with config: opid_index: -1 OBSOLETE_local: false peers { permanent_uuid: "6ffc292f49104415bcf2ee933cd3d186" member_type: VOTER last_known_addr { host: "127.7.84.132" port: 38055 } } peers { permanent_uuid: "bf5a034fc91848dabed3054490d2ff8f" member_type: VOTER last_known_addr { host: "127.7.84.129" port: 42381 } } peers { permanent_uuid: "4904713c10374250aa567dbd8d861292" member_type: VOTER last_known_addr { host: "127.7.84.130" port: 35873 } }
I20260601 13:25:02.460994 10811 leader_election.cc:290] T 74ad788533ff45e1afe32277eefd3f85 P 6ffc292f49104415bcf2ee933cd3d186 [CANDIDATE]: Term 1 pre-election: Requested pre-vote from peers bf5a034fc91848dabed3054490d2ff8f (127.7.84.129:42381), 4904713c10374250aa567dbd8d861292 (127.7.84.130:35873)
I20260601 13:25:02.464541 10481 tablet_service.cc:1917] Received RequestConsensusVote() RPC: tablet_id: "74ad788533ff45e1afe32277eefd3f85" candidate_uuid: "6ffc292f49104415bcf2ee933cd3d186" candidate_term: 1 candidate_status { last_received { term: 0 index: 0 } } ignore_live_leader: false dest_uuid: "bf5a034fc91848dabed3054490d2ff8f" is_pre_election: true
I20260601 13:25:02.464700 10556 tablet_service.cc:1917] Received RequestConsensusVote() RPC: tablet_id: "74ad788533ff45e1afe32277eefd3f85" candidate_uuid: "6ffc292f49104415bcf2ee933cd3d186" candidate_term: 1 candidate_status { last_received { term: 0 index: 0 } } ignore_live_leader: false dest_uuid: "4904713c10374250aa567dbd8d861292" is_pre_election: true
I20260601 13:25:02.464746 10481 raft_consensus.cc:2468] T 74ad788533ff45e1afe32277eefd3f85 P bf5a034fc91848dabed3054490d2ff8f [term 0 FOLLOWER]: Leader pre-election vote request: Granting yes vote for candidate 6ffc292f49104415bcf2ee933cd3d186 in term 0.
I20260601 13:25:02.464802 10556 raft_consensus.cc:2468] T 74ad788533ff45e1afe32277eefd3f85 P 4904713c10374250aa567dbd8d861292 [term 0 FOLLOWER]: Leader pre-election vote request: Granting yes vote for candidate 6ffc292f49104415bcf2ee933cd3d186 in term 0.
I20260601 13:25:02.465068 10735 leader_election.cc:304] T 74ad788533ff45e1afe32277eefd3f85 P 6ffc292f49104415bcf2ee933cd3d186 [CANDIDATE]: Term 1 pre-election: Election decided. Result: candidate won. Election summary: received 2 responses out of 3 voters: 2 yes votes; 0 no votes. yes voters: 6ffc292f49104415bcf2ee933cd3d186, bf5a034fc91848dabed3054490d2ff8f; no voters: 
I20260601 13:25:02.465274 10811 raft_consensus.cc:2804] T 74ad788533ff45e1afe32277eefd3f85 P 6ffc292f49104415bcf2ee933cd3d186 [term 0 FOLLOWER]: Leader pre-election won for term 1
I20260601 13:25:02.465344 10811 raft_consensus.cc:493] T 74ad788533ff45e1afe32277eefd3f85 P 6ffc292f49104415bcf2ee933cd3d186 [term 0 FOLLOWER]: Starting leader election (no leader contacted us within the election timeout)
I20260601 13:25:02.465404 10811 raft_consensus.cc:3060] T 74ad788533ff45e1afe32277eefd3f85 P 6ffc292f49104415bcf2ee933cd3d186 [term 0 FOLLOWER]: Advancing to term 1
I20260601 13:25:02.466240 10811 raft_consensus.cc:515] T 74ad788533ff45e1afe32277eefd3f85 P 6ffc292f49104415bcf2ee933cd3d186 [term 1 FOLLOWER]: Starting leader election with config: opid_index: -1 OBSOLETE_local: false peers { permanent_uuid: "6ffc292f49104415bcf2ee933cd3d186" member_type: VOTER last_known_addr { host: "127.7.84.132" port: 38055 } } peers { permanent_uuid: "bf5a034fc91848dabed3054490d2ff8f" member_type: VOTER last_known_addr { host: "127.7.84.129" port: 42381 } } peers { permanent_uuid: "4904713c10374250aa567dbd8d861292" member_type: VOTER last_known_addr { host: "127.7.84.130" port: 35873 } }
I20260601 13:25:02.466625 10811 leader_election.cc:290] T 74ad788533ff45e1afe32277eefd3f85 P 6ffc292f49104415bcf2ee933cd3d186 [CANDIDATE]: Term 1 election: Requested vote from peers bf5a034fc91848dabed3054490d2ff8f (127.7.84.129:42381), 4904713c10374250aa567dbd8d861292 (127.7.84.130:35873)
I20260601 13:25:02.466933 10481 tablet_service.cc:1917] Received RequestConsensusVote() RPC: tablet_id: "74ad788533ff45e1afe32277eefd3f85" candidate_uuid: "6ffc292f49104415bcf2ee933cd3d186" candidate_term: 1 candidate_status { last_received { term: 0 index: 0 } } ignore_live_leader: false dest_uuid: "bf5a034fc91848dabed3054490d2ff8f"
I20260601 13:25:02.467048 10481 raft_consensus.cc:3060] T 74ad788533ff45e1afe32277eefd3f85 P bf5a034fc91848dabed3054490d2ff8f [term 0 FOLLOWER]: Advancing to term 1
I20260601 13:25:02.467098 10556 tablet_service.cc:1917] Received RequestConsensusVote() RPC: tablet_id: "74ad788533ff45e1afe32277eefd3f85" candidate_uuid: "6ffc292f49104415bcf2ee933cd3d186" candidate_term: 1 candidate_status { last_received { term: 0 index: 0 } } ignore_live_leader: false dest_uuid: "4904713c10374250aa567dbd8d861292"
I20260601 13:25:02.467217 10556 raft_consensus.cc:3060] T 74ad788533ff45e1afe32277eefd3f85 P 4904713c10374250aa567dbd8d861292 [term 0 FOLLOWER]: Advancing to term 1
I20260601 13:25:02.467814 10481 raft_consensus.cc:2468] T 74ad788533ff45e1afe32277eefd3f85 P bf5a034fc91848dabed3054490d2ff8f [term 1 FOLLOWER]: Leader election vote request: Granting yes vote for candidate 6ffc292f49104415bcf2ee933cd3d186 in term 1.
I20260601 13:25:02.467996 10556 raft_consensus.cc:2468] T 74ad788533ff45e1afe32277eefd3f85 P 4904713c10374250aa567dbd8d861292 [term 1 FOLLOWER]: Leader election vote request: Granting yes vote for candidate 6ffc292f49104415bcf2ee933cd3d186 in term 1.
I20260601 13:25:02.468099 10735 leader_election.cc:304] T 74ad788533ff45e1afe32277eefd3f85 P 6ffc292f49104415bcf2ee933cd3d186 [CANDIDATE]: Term 1 election: Election decided. Result: candidate won. Election summary: received 2 responses out of 3 voters: 2 yes votes; 0 no votes. yes voters: 6ffc292f49104415bcf2ee933cd3d186, bf5a034fc91848dabed3054490d2ff8f; no voters: 
I20260601 13:25:02.468250 10811 raft_consensus.cc:2804] T 74ad788533ff45e1afe32277eefd3f85 P 6ffc292f49104415bcf2ee933cd3d186 [term 1 FOLLOWER]: Leader election won for term 1
I20260601 13:25:02.468429 10811 raft_consensus.cc:697] T 74ad788533ff45e1afe32277eefd3f85 P 6ffc292f49104415bcf2ee933cd3d186 [term 1 LEADER]: Becoming Leader. State: Replica: 6ffc292f49104415bcf2ee933cd3d186, State: Running, Role: LEADER
I20260601 13:25:02.468581 10811 consensus_queue.cc:237] T 74ad788533ff45e1afe32277eefd3f85 P 6ffc292f49104415bcf2ee933cd3d186 [LEADER]: Queue going to LEADER mode. State: All replicated index: 0, Majority replicated index: 0, Committed index: 0, Last appended: 0.0, Last appended by leader: 0, Current term: 1, Majority size: 2, State: 0, Mode: LEADER, active raft config: opid_index: -1 OBSOLETE_local: false peers { permanent_uuid: "6ffc292f49104415bcf2ee933cd3d186" member_type: VOTER last_known_addr { host: "127.7.84.132" port: 38055 } } peers { permanent_uuid: "bf5a034fc91848dabed3054490d2ff8f" member_type: VOTER last_known_addr { host: "127.7.84.129" port: 42381 } } peers { permanent_uuid: "4904713c10374250aa567dbd8d861292" member_type: VOTER last_known_addr { host: "127.7.84.130" port: 35873 } }
I20260601 13:25:02.469650 10688 raft_consensus.cc:493] T 18900122ae8944948f021f323e63b584 P 4904713c10374250aa567dbd8d861292 [term 0 FOLLOWER]: Starting pre-election (no leader contacted us within the election timeout)
I20260601 13:25:02.469745 10688 raft_consensus.cc:515] T 18900122ae8944948f021f323e63b584 P 4904713c10374250aa567dbd8d861292 [term 0 FOLLOWER]: Starting pre-election with config: opid_index: -1 OBSOLETE_local: false peers { permanent_uuid: "bf5a034fc91848dabed3054490d2ff8f" member_type: VOTER last_known_addr { host: "127.7.84.129" port: 42381 } } peers { permanent_uuid: "4904713c10374250aa567dbd8d861292" member_type: VOTER last_known_addr { host: "127.7.84.130" port: 35873 } } peers { permanent_uuid: "6ffc292f49104415bcf2ee933cd3d186" member_type: VOTER last_known_addr { host: "127.7.84.132" port: 38055 } }
I20260601 13:25:02.470099 10688 leader_election.cc:290] T 18900122ae8944948f021f323e63b584 P 4904713c10374250aa567dbd8d861292 [CANDIDATE]: Term 1 pre-election: Requested pre-vote from peers bf5a034fc91848dabed3054490d2ff8f (127.7.84.129:42381), 6ffc292f49104415bcf2ee933cd3d186 (127.7.84.132:38055)
I20260601 13:25:02.470255 10378 catalog_manager.cc:5696] T 74ad788533ff45e1afe32277eefd3f85 P 6ffc292f49104415bcf2ee933cd3d186 reported cstate change: term changed from 0 to 1, leader changed from <none> to 6ffc292f49104415bcf2ee933cd3d186 (127.7.84.132). New cstate: current_term: 1 leader_uuid: "6ffc292f49104415bcf2ee933cd3d186" committed_config { opid_index: -1 OBSOLETE_local: false peers { permanent_uuid: "6ffc292f49104415bcf2ee933cd3d186" member_type: VOTER last_known_addr { host: "127.7.84.132" port: 38055 } health_report { overall_health: HEALTHY } } peers { permanent_uuid: "bf5a034fc91848dabed3054490d2ff8f" member_type: VOTER last_known_addr { host: "127.7.84.129" port: 42381 } health_report { overall_health: UNKNOWN } } peers { permanent_uuid: "4904713c10374250aa567dbd8d861292" member_type: VOTER last_known_addr { host: "127.7.84.130" port: 35873 } health_report { overall_health: UNKNOWN } } }
I20260601 13:25:02.470340 10481 tablet_service.cc:1917] Received RequestConsensusVote() RPC: tablet_id: "18900122ae8944948f021f323e63b584" candidate_uuid: "4904713c10374250aa567dbd8d861292" candidate_term: 1 candidate_status { last_received { term: 0 index: 0 } } ignore_live_leader: false dest_uuid: "bf5a034fc91848dabed3054490d2ff8f" is_pre_election: true
I20260601 13:25:02.470456 10772 tablet_service.cc:1917] Received RequestConsensusVote() RPC: tablet_id: "18900122ae8944948f021f323e63b584" candidate_uuid: "4904713c10374250aa567dbd8d861292" candidate_term: 1 candidate_status { last_received { term: 0 index: 0 } } ignore_live_leader: false dest_uuid: "6ffc292f49104415bcf2ee933cd3d186" is_pre_election: true
I20260601 13:25:02.470455 10481 raft_consensus.cc:2468] T 18900122ae8944948f021f323e63b584 P bf5a034fc91848dabed3054490d2ff8f [term 0 FOLLOWER]: Leader pre-election vote request: Granting yes vote for candidate 4904713c10374250aa567dbd8d861292 in term 0.
I20260601 13:25:02.470583 10772 raft_consensus.cc:2468] T 18900122ae8944948f021f323e63b584 P 6ffc292f49104415bcf2ee933cd3d186 [term 0 FOLLOWER]: Leader pre-election vote request: Granting yes vote for candidate 4904713c10374250aa567dbd8d861292 in term 0.
I20260601 13:25:02.470785 10523 leader_election.cc:304] T 18900122ae8944948f021f323e63b584 P 4904713c10374250aa567dbd8d861292 [CANDIDATE]: Term 1 pre-election: Election decided. Result: candidate won. Election summary: received 2 responses out of 3 voters: 2 yes votes; 0 no votes. yes voters: 4904713c10374250aa567dbd8d861292, 6ffc292f49104415bcf2ee933cd3d186; no voters: 
I20260601 13:25:02.470994 10688 raft_consensus.cc:2804] T 18900122ae8944948f021f323e63b584 P 4904713c10374250aa567dbd8d861292 [term 0 FOLLOWER]: Leader pre-election won for term 1
I20260601 13:25:02.471042 10688 raft_consensus.cc:493] T 18900122ae8944948f021f323e63b584 P 4904713c10374250aa567dbd8d861292 [term 0 FOLLOWER]: Starting leader election (no leader contacted us within the election timeout)
I20260601 13:25:02.471068 10688 raft_consensus.cc:3060] T 18900122ae8944948f021f323e63b584 P 4904713c10374250aa567dbd8d861292 [term 0 FOLLOWER]: Advancing to term 1
I20260601 13:25:02.472007 10688 raft_consensus.cc:515] T 18900122ae8944948f021f323e63b584 P 4904713c10374250aa567dbd8d861292 [term 1 FOLLOWER]: Starting leader election with config: opid_index: -1 OBSOLETE_local: false peers { permanent_uuid: "bf5a034fc91848dabed3054490d2ff8f" member_type: VOTER last_known_addr { host: "127.7.84.129" port: 42381 } } peers { permanent_uuid: "4904713c10374250aa567dbd8d861292" member_type: VOTER last_known_addr { host: "127.7.84.130" port: 35873 } } peers { permanent_uuid: "6ffc292f49104415bcf2ee933cd3d186" member_type: VOTER last_known_addr { host: "127.7.84.132" port: 38055 } }
I20260601 13:25:02.472378 10688 leader_election.cc:290] T 18900122ae8944948f021f323e63b584 P 4904713c10374250aa567dbd8d861292 [CANDIDATE]: Term 1 election: Requested vote from peers bf5a034fc91848dabed3054490d2ff8f (127.7.84.129:42381), 6ffc292f49104415bcf2ee933cd3d186 (127.7.84.132:38055)
I20260601 13:25:02.472615 10481 tablet_service.cc:1917] Received RequestConsensusVote() RPC: tablet_id: "18900122ae8944948f021f323e63b584" candidate_uuid: "4904713c10374250aa567dbd8d861292" candidate_term: 1 candidate_status { last_received { term: 0 index: 0 } } ignore_live_leader: false dest_uuid: "bf5a034fc91848dabed3054490d2ff8f"
I20260601 13:25:02.472759 10481 raft_consensus.cc:3060] T 18900122ae8944948f021f323e63b584 P bf5a034fc91848dabed3054490d2ff8f [term 0 FOLLOWER]: Advancing to term 1
I20260601 13:25:02.472826 10772 tablet_service.cc:1917] Received RequestConsensusVote() RPC: tablet_id: "18900122ae8944948f021f323e63b584" candidate_uuid: "4904713c10374250aa567dbd8d861292" candidate_term: 1 candidate_status { last_received { term: 0 index: 0 } } ignore_live_leader: false dest_uuid: "6ffc292f49104415bcf2ee933cd3d186"
I20260601 13:25:02.472927 10772 raft_consensus.cc:3060] T 18900122ae8944948f021f323e63b584 P 6ffc292f49104415bcf2ee933cd3d186 [term 0 FOLLOWER]: Advancing to term 1
I20260601 13:25:02.473702 10481 raft_consensus.cc:2468] T 18900122ae8944948f021f323e63b584 P bf5a034fc91848dabed3054490d2ff8f [term 1 FOLLOWER]: Leader election vote request: Granting yes vote for candidate 4904713c10374250aa567dbd8d861292 in term 1.
I20260601 13:25:02.473784 10772 raft_consensus.cc:2468] T 18900122ae8944948f021f323e63b584 P 6ffc292f49104415bcf2ee933cd3d186 [term 1 FOLLOWER]: Leader election vote request: Granting yes vote for candidate 4904713c10374250aa567dbd8d861292 in term 1.
I20260601 13:25:02.473985 10523 leader_election.cc:304] T 18900122ae8944948f021f323e63b584 P 4904713c10374250aa567dbd8d861292 [CANDIDATE]: Term 1 election: Election decided. Result: candidate won. Election summary: received 2 responses out of 3 voters: 2 yes votes; 0 no votes. yes voters: 4904713c10374250aa567dbd8d861292, 6ffc292f49104415bcf2ee933cd3d186; no voters: 
I20260601 13:25:02.474202 10688 raft_consensus.cc:2804] T 18900122ae8944948f021f323e63b584 P 4904713c10374250aa567dbd8d861292 [term 1 FOLLOWER]: Leader election won for term 1
I20260601 13:25:02.474334 10688 raft_consensus.cc:697] T 18900122ae8944948f021f323e63b584 P 4904713c10374250aa567dbd8d861292 [term 1 LEADER]: Becoming Leader. State: Replica: 4904713c10374250aa567dbd8d861292, State: Running, Role: LEADER
I20260601 13:25:02.474475 10688 consensus_queue.cc:237] T 18900122ae8944948f021f323e63b584 P 4904713c10374250aa567dbd8d861292 [LEADER]: Queue going to LEADER mode. State: All replicated index: 0, Majority replicated index: 0, Committed index: 0, Last appended: 0.0, Last appended by leader: 0, Current term: 1, Majority size: 2, State: 0, Mode: LEADER, active raft config: opid_index: -1 OBSOLETE_local: false peers { permanent_uuid: "bf5a034fc91848dabed3054490d2ff8f" member_type: VOTER last_known_addr { host: "127.7.84.129" port: 42381 } } peers { permanent_uuid: "4904713c10374250aa567dbd8d861292" member_type: VOTER last_known_addr { host: "127.7.84.130" port: 35873 } } peers { permanent_uuid: "6ffc292f49104415bcf2ee933cd3d186" member_type: VOTER last_known_addr { host: "127.7.84.132" port: 38055 } }
