I20260601 13:25:00.680791 19325 raft_consensus.cc:359] T 398cd807d43f4669b8a61aa8f5ba322d P e2a37a93899544d490176539b88220e4 [term 0 FOLLOWER]: Replica starting. Triggering 0 pending ops. Active config: opid_index: -1 OBSOLETE_local: false peers { permanent_uuid: "fc2f18160b064e95a28d516c3d31daa9" member_type: VOTER last_known_addr { host: "127.15.202.131" port: 42167 } } peers { permanent_uuid: "e2a37a93899544d490176539b88220e4" member_type: VOTER last_known_addr { host: "127.15.202.130" port: 44645 } } peers { permanent_uuid: "439e0afbf6e04434b254974515a794d7" member_type: VOTER last_known_addr { host: "127.15.202.132" port: 45107 } }
I20260601 13:25:00.680891 19446 raft_consensus.cc:385] T a2441891da1c42d5a12ba1b1354b5c60 P 439e0afbf6e04434b254974515a794d7 [term 0 FOLLOWER]: Consensus starting up: Expiring failure detector timer to make a prompt election more likely
I20260601 13:25:00.680241 19328 tablet_bootstrap.cc:492] T 051ef6922940476d8936e9742608f00b P 53a1eeb5a3654613a70d49eafc65e89c: Bootstrap starting.
I20260601 13:25:00.680902 19325 raft_consensus.cc:385] T 398cd807d43f4669b8a61aa8f5ba322d P e2a37a93899544d490176539b88220e4 [term 0 FOLLOWER]: Consensus starting up: Expiring failure detector timer to make a prompt election more likely
I20260601 13:25:00.681010 19325 raft_consensus.cc:740] T 398cd807d43f4669b8a61aa8f5ba322d P e2a37a93899544d490176539b88220e4 [term 0 FOLLOWER]: Becoming Follower/Learner. State: Replica: e2a37a93899544d490176539b88220e4, State: Initialized, Role: FOLLOWER
I20260601 13:25:00.680951 19446 raft_consensus.cc:740] T a2441891da1c42d5a12ba1b1354b5c60 P 439e0afbf6e04434b254974515a794d7 [term 0 FOLLOWER]: Becoming Follower/Learner. State: Replica: 439e0afbf6e04434b254974515a794d7, State: Initialized, Role: FOLLOWER
I20260601 13:25:00.681160 19325 consensus_queue.cc:260] T 398cd807d43f4669b8a61aa8f5ba322d P e2a37a93899544d490176539b88220e4 [NON_LEADER]: Queue going to NON_LEADER mode. State: All replicated index: 0, Majority replicated index: 0, Committed index: 0, Last appended: 0.0, Last appended by leader: 0, Current term: 0, Majority size: -1, State: 0, Mode: NON_LEADER, active raft config: opid_index: -1 OBSOLETE_local: false peers { permanent_uuid: "fc2f18160b064e95a28d516c3d31daa9" member_type: VOTER last_known_addr { host: "127.15.202.131" port: 42167 } } peers { permanent_uuid: "e2a37a93899544d490176539b88220e4" member_type: VOTER last_known_addr { host: "127.15.202.130" port: 44645 } } peers { permanent_uuid: "439e0afbf6e04434b254974515a794d7" member_type: VOTER last_known_addr { host: "127.15.202.132" port: 45107 } }
I20260601 13:25:00.681221 19446 consensus_queue.cc:260] T a2441891da1c42d5a12ba1b1354b5c60 P 439e0afbf6e04434b254974515a794d7 [NON_LEADER]: Queue going to NON_LEADER mode. State: All replicated index: 0, Majority replicated index: 0, Committed index: 0, Last appended: 0.0, Last appended by leader: 0, Current term: 0, Majority size: -1, State: 0, Mode: NON_LEADER, active raft config: opid_index: -1 OBSOLETE_local: false peers { permanent_uuid: "439e0afbf6e04434b254974515a794d7" member_type: VOTER last_known_addr { host: "127.15.202.132" port: 45107 } } peers { permanent_uuid: "53a1eeb5a3654613a70d49eafc65e89c" member_type: VOTER last_known_addr { host: "127.15.202.129" port: 41501 } } peers { permanent_uuid: "fc2f18160b064e95a28d516c3d31daa9" member_type: VOTER last_known_addr { host: "127.15.202.131" port: 42167 } }
I20260601 13:25:00.681480 19446 ts_tablet_manager.cc:1434] T a2441891da1c42d5a12ba1b1354b5c60 P 439e0afbf6e04434b254974515a794d7: Time spent starting tablet: real 0.001s	user 0.001s	sys 0.000s
I20260601 13:25:00.681558 19325 ts_tablet_manager.cc:1434] T 398cd807d43f4669b8a61aa8f5ba322d P e2a37a93899544d490176539b88220e4: Time spent starting tablet: real 0.001s	user 0.001s	sys 0.000s
I20260601 13:25:00.681628 19446 tablet_bootstrap.cc:492] T 23d873cad3a44b3a805065b44c7be103 P 439e0afbf6e04434b254974515a794d7: Bootstrap starting.
I20260601 13:25:00.681790 19325 tablet_bootstrap.cc:492] T 0bdc4f3bd92f4c9587f27e54407b0e0f P e2a37a93899544d490176539b88220e4: Bootstrap starting.
I20260601 13:25:00.682188 19328 tablet_bootstrap.cc:654] T 051ef6922940476d8936e9742608f00b P 53a1eeb5a3654613a70d49eafc65e89c: Neither blocks nor log segments found. Creating new log.
I20260601 13:25:00.682657 19446 tablet_bootstrap.cc:654] T 23d873cad3a44b3a805065b44c7be103 P 439e0afbf6e04434b254974515a794d7: Neither blocks nor log segments found. Creating new log.
I20260601 13:25:00.682902 19325 tablet_bootstrap.cc:654] T 0bdc4f3bd92f4c9587f27e54407b0e0f P e2a37a93899544d490176539b88220e4: Neither blocks nor log segments found. Creating new log.
I20260601 13:25:00.684053 19338 tablet_bootstrap.cc:492] T 051ef6922940476d8936e9742608f00b P fc2f18160b064e95a28d516c3d31daa9: No bootstrap required, opened a new log
I20260601 13:25:00.684188 19338 ts_tablet_manager.cc:1403] T 051ef6922940476d8936e9742608f00b P fc2f18160b064e95a28d516c3d31daa9: Time spent bootstrapping tablet: real 0.006s	user 0.002s	sys 0.000s
I20260601 13:25:00.684739 19328 tablet_bootstrap.cc:492] T 051ef6922940476d8936e9742608f00b P 53a1eeb5a3654613a70d49eafc65e89c: No bootstrap required, opened a new log
I20260601 13:25:00.684828 19328 ts_tablet_manager.cc:1403] T 051ef6922940476d8936e9742608f00b P 53a1eeb5a3654613a70d49eafc65e89c: Time spent bootstrapping tablet: real 0.005s	user 0.002s	sys 0.000s
I20260601 13:25:00.684911 19325 tablet_bootstrap.cc:492] T 0bdc4f3bd92f4c9587f27e54407b0e0f P e2a37a93899544d490176539b88220e4: No bootstrap required, opened a new log
I20260601 13:25:00.684998 19325 ts_tablet_manager.cc:1403] T 0bdc4f3bd92f4c9587f27e54407b0e0f P e2a37a93899544d490176539b88220e4: Time spent bootstrapping tablet: real 0.003s	user 0.002s	sys 0.000s
I20260601 13:25:00.685316 19328 raft_consensus.cc:359] T 051ef6922940476d8936e9742608f00b P 53a1eeb5a3654613a70d49eafc65e89c [term 0 FOLLOWER]: Replica starting. Triggering 0 pending ops. Active config: opid_index: -1 OBSOLETE_local: false peers { permanent_uuid: "439e0afbf6e04434b254974515a794d7" member_type: VOTER last_known_addr { host: "127.15.202.132" port: 45107 } } peers { permanent_uuid: "fc2f18160b064e95a28d516c3d31daa9" member_type: VOTER last_known_addr { host: "127.15.202.131" port: 42167 } } peers { permanent_uuid: "53a1eeb5a3654613a70d49eafc65e89c" member_type: VOTER last_known_addr { host: "127.15.202.129" port: 41501 } }
I20260601 13:25:00.685439 19328 raft_consensus.cc:385] T 051ef6922940476d8936e9742608f00b P 53a1eeb5a3654613a70d49eafc65e89c [term 0 FOLLOWER]: Consensus starting up: Expiring failure detector timer to make a prompt election more likely
I20260601 13:25:00.685513 19328 raft_consensus.cc:740] T 051ef6922940476d8936e9742608f00b P 53a1eeb5a3654613a70d49eafc65e89c [term 0 FOLLOWER]: Becoming Follower/Learner. State: Replica: 53a1eeb5a3654613a70d49eafc65e89c, State: Initialized, Role: FOLLOWER
I20260601 13:25:00.685456 19325 raft_consensus.cc:359] T 0bdc4f3bd92f4c9587f27e54407b0e0f P e2a37a93899544d490176539b88220e4 [term 0 FOLLOWER]: Replica starting. Triggering 0 pending ops. Active config: opid_index: -1 OBSOLETE_local: false peers { permanent_uuid: "439e0afbf6e04434b254974515a794d7" member_type: VOTER last_known_addr { host: "127.15.202.132" port: 45107 } } peers { permanent_uuid: "53a1eeb5a3654613a70d49eafc65e89c" member_type: VOTER last_known_addr { host: "127.15.202.129" port: 41501 } } peers { permanent_uuid: "e2a37a93899544d490176539b88220e4" member_type: VOTER last_known_addr { host: "127.15.202.130" port: 44645 } }
I20260601 13:25:00.685631 19325 raft_consensus.cc:385] T 0bdc4f3bd92f4c9587f27e54407b0e0f P e2a37a93899544d490176539b88220e4 [term 0 FOLLOWER]: Consensus starting up: Expiring failure detector timer to make a prompt election more likely
I20260601 13:25:00.685681 19325 raft_consensus.cc:740] T 0bdc4f3bd92f4c9587f27e54407b0e0f P e2a37a93899544d490176539b88220e4 [term 0 FOLLOWER]: Becoming Follower/Learner. State: Replica: e2a37a93899544d490176539b88220e4, State: Initialized, Role: FOLLOWER
I20260601 13:25:00.685798 19325 consensus_queue.cc:260] T 0bdc4f3bd92f4c9587f27e54407b0e0f P e2a37a93899544d490176539b88220e4 [NON_LEADER]: Queue going to NON_LEADER mode. State: All replicated index: 0, Majority replicated index: 0, Committed index: 0, Last appended: 0.0, Last appended by leader: 0, Current term: 0, Majority size: -1, State: 0, Mode: NON_LEADER, active raft config: opid_index: -1 OBSOLETE_local: false peers { permanent_uuid: "439e0afbf6e04434b254974515a794d7" member_type: VOTER last_known_addr { host: "127.15.202.132" port: 45107 } } peers { permanent_uuid: "53a1eeb5a3654613a70d49eafc65e89c" member_type: VOTER last_known_addr { host: "127.15.202.129" port: 41501 } } peers { permanent_uuid: "e2a37a93899544d490176539b88220e4" member_type: VOTER last_known_addr { host: "127.15.202.130" port: 44645 } }
I20260601 13:25:00.684827 19338 raft_consensus.cc:359] T 051ef6922940476d8936e9742608f00b P fc2f18160b064e95a28d516c3d31daa9 [term 0 FOLLOWER]: Replica starting. Triggering 0 pending ops. Active config: opid_index: -1 OBSOLETE_local: false peers { permanent_uuid: "439e0afbf6e04434b254974515a794d7" member_type: VOTER last_known_addr { host: "127.15.202.132" port: 45107 } } peers { permanent_uuid: "fc2f18160b064e95a28d516c3d31daa9" member_type: VOTER last_known_addr { host: "127.15.202.131" port: 42167 } } peers { permanent_uuid: "53a1eeb5a3654613a70d49eafc65e89c" member_type: VOTER last_known_addr { host: "127.15.202.129" port: 41501 } }
I20260601 13:25:00.685798 19328 consensus_queue.cc:260] T 051ef6922940476d8936e9742608f00b P 53a1eeb5a3654613a70d49eafc65e89c [NON_LEADER]: Queue going to NON_LEADER mode. State: All replicated index: 0, Majority replicated index: 0, Committed index: 0, Last appended: 0.0, Last appended by leader: 0, Current term: 0, Majority size: -1, State: 0, Mode: NON_LEADER, active raft config: opid_index: -1 OBSOLETE_local: false peers { permanent_uuid: "439e0afbf6e04434b254974515a794d7" member_type: VOTER last_known_addr { host: "127.15.202.132" port: 45107 } } peers { permanent_uuid: "fc2f18160b064e95a28d516c3d31daa9" member_type: VOTER last_known_addr { host: "127.15.202.131" port: 42167 } } peers { permanent_uuid: "53a1eeb5a3654613a70d49eafc65e89c" member_type: VOTER last_known_addr { host: "127.15.202.129" port: 41501 } }
I20260601 13:25:00.686721 19328 ts_tablet_manager.cc:1434] T 051ef6922940476d8936e9742608f00b P 53a1eeb5a3654613a70d49eafc65e89c: Time spent starting tablet: real 0.002s	user 0.001s	sys 0.000s
I20260601 13:25:00.686904 19328 tablet_bootstrap.cc:492] T 0bdc4f3bd92f4c9587f27e54407b0e0f P 53a1eeb5a3654613a70d49eafc65e89c: Bootstrap starting.
I20260601 13:25:00.687526 19024 catalog_manager.cc:6241] T 00000000000000000000000000000000 P 9ad8d9da54fe43c7b7d5e6ba28233b97: range_aware_rebalance_new_range [id=152cd48120504d63932edef24ff215fa] alter complete (version 0)
I20260601 13:25:00.688336 19328 tablet_bootstrap.cc:654] T 0bdc4f3bd92f4c9587f27e54407b0e0f P 53a1eeb5a3654613a70d49eafc65e89c: Neither blocks nor log segments found. Creating new log.
I20260601 13:25:00.689072 19338 raft_consensus.cc:385] T 051ef6922940476d8936e9742608f00b P fc2f18160b064e95a28d516c3d31daa9 [term 0 FOLLOWER]: Consensus starting up: Expiring failure detector timer to make a prompt election more likely
I20260601 13:25:00.689186 19338 raft_consensus.cc:740] T 051ef6922940476d8936e9742608f00b P fc2f18160b064e95a28d516c3d31daa9 [term 0 FOLLOWER]: Becoming Follower/Learner. State: Replica: fc2f18160b064e95a28d516c3d31daa9, State: Initialized, Role: FOLLOWER
I20260601 13:25:00.689400 19338 consensus_queue.cc:260] T 051ef6922940476d8936e9742608f00b P fc2f18160b064e95a28d516c3d31daa9 [NON_LEADER]: Queue going to NON_LEADER mode. State: All replicated index: 0, Majority replicated index: 0, Committed index: 0, Last appended: 0.0, Last appended by leader: 0, Current term: 0, Majority size: -1, State: 0, Mode: NON_LEADER, active raft config: opid_index: -1 OBSOLETE_local: false peers { permanent_uuid: "439e0afbf6e04434b254974515a794d7" member_type: VOTER last_known_addr { host: "127.15.202.132" port: 45107 } } peers { permanent_uuid: "fc2f18160b064e95a28d516c3d31daa9" member_type: VOTER last_known_addr { host: "127.15.202.131" port: 42167 } } peers { permanent_uuid: "53a1eeb5a3654613a70d49eafc65e89c" member_type: VOTER last_known_addr { host: "127.15.202.129" port: 41501 } }
I20260601 13:25:00.689801 19338 ts_tablet_manager.cc:1434] T 051ef6922940476d8936e9742608f00b P fc2f18160b064e95a28d516c3d31daa9: Time spent starting tablet: real 0.006s	user 0.001s	sys 0.000s
I20260601 13:25:00.689991 19338 tablet_bootstrap.cc:492] T a2441891da1c42d5a12ba1b1354b5c60 P fc2f18160b064e95a28d516c3d31daa9: Bootstrap starting.
I20260601 13:25:00.690207 19328 tablet_bootstrap.cc:492] T 0bdc4f3bd92f4c9587f27e54407b0e0f P 53a1eeb5a3654613a70d49eafc65e89c: No bootstrap required, opened a new log
I20260601 13:25:00.690306 19328 ts_tablet_manager.cc:1403] T 0bdc4f3bd92f4c9587f27e54407b0e0f P 53a1eeb5a3654613a70d49eafc65e89c: Time spent bootstrapping tablet: real 0.003s	user 0.002s	sys 0.000s
I20260601 13:25:00.690774 19328 raft_consensus.cc:359] T 0bdc4f3bd92f4c9587f27e54407b0e0f P 53a1eeb5a3654613a70d49eafc65e89c [term 0 FOLLOWER]: Replica starting. Triggering 0 pending ops. Active config: opid_index: -1 OBSOLETE_local: false peers { permanent_uuid: "439e0afbf6e04434b254974515a794d7" member_type: VOTER last_known_addr { host: "127.15.202.132" port: 45107 } } peers { permanent_uuid: "53a1eeb5a3654613a70d49eafc65e89c" member_type: VOTER last_known_addr { host: "127.15.202.129" port: 41501 } } peers { permanent_uuid: "e2a37a93899544d490176539b88220e4" member_type: VOTER last_known_addr { host: "127.15.202.130" port: 44645 } }
I20260601 13:25:00.691016 19328 raft_consensus.cc:385] T 0bdc4f3bd92f4c9587f27e54407b0e0f P 53a1eeb5a3654613a70d49eafc65e89c [term 0 FOLLOWER]: Consensus starting up: Expiring failure detector timer to make a prompt election more likely
I20260601 13:25:00.691088 19338 tablet_bootstrap.cc:654] T a2441891da1c42d5a12ba1b1354b5c60 P fc2f18160b064e95a28d516c3d31daa9: Neither blocks nor log segments found. Creating new log.
I20260601 13:25:00.691110 19328 raft_consensus.cc:740] T 0bdc4f3bd92f4c9587f27e54407b0e0f P 53a1eeb5a3654613a70d49eafc65e89c [term 0 FOLLOWER]: Becoming Follower/Learner. State: Replica: 53a1eeb5a3654613a70d49eafc65e89c, State: Initialized, Role: FOLLOWER
I20260601 13:25:00.691277 19328 consensus_queue.cc:260] T 0bdc4f3bd92f4c9587f27e54407b0e0f P 53a1eeb5a3654613a70d49eafc65e89c [NON_LEADER]: Queue going to NON_LEADER mode. State: All replicated index: 0, Majority replicated index: 0, Committed index: 0, Last appended: 0.0, Last appended by leader: 0, Current term: 0, Majority size: -1, State: 0, Mode: NON_LEADER, active raft config: opid_index: -1 OBSOLETE_local: false peers { permanent_uuid: "439e0afbf6e04434b254974515a794d7" member_type: VOTER last_known_addr { host: "127.15.202.132" port: 45107 } } peers { permanent_uuid: "53a1eeb5a3654613a70d49eafc65e89c" member_type: VOTER last_known_addr { host: "127.15.202.129" port: 41501 } } peers { permanent_uuid: "e2a37a93899544d490176539b88220e4" member_type: VOTER last_known_addr { host: "127.15.202.130" port: 44645 } }
I20260601 13:25:00.686247 19325 ts_tablet_manager.cc:1434] T 0bdc4f3bd92f4c9587f27e54407b0e0f P e2a37a93899544d490176539b88220e4: Time spent starting tablet: real 0.001s	user 0.001s	sys 0.000s
I20260601 13:25:00.686429 19446 tablet_bootstrap.cc:492] T 23d873cad3a44b3a805065b44c7be103 P 439e0afbf6e04434b254974515a794d7: No bootstrap required, opened a new log
I20260601 13:25:00.691764 19328 ts_tablet_manager.cc:1434] T 0bdc4f3bd92f4c9587f27e54407b0e0f P 53a1eeb5a3654613a70d49eafc65e89c: Time spent starting tablet: real 0.001s	user 0.001s	sys 0.000s
I20260601 13:25:00.691816 19446 ts_tablet_manager.cc:1403] T 23d873cad3a44b3a805065b44c7be103 P 439e0afbf6e04434b254974515a794d7: Time spent bootstrapping tablet: real 0.010s	user 0.002s	sys 0.000s
I20260601 13:25:00.691931 19328 tablet_bootstrap.cc:492] T 23d873cad3a44b3a805065b44c7be103 P 53a1eeb5a3654613a70d49eafc65e89c: Bootstrap starting.
I20260601 13:25:00.692277 19446 raft_consensus.cc:359] T 23d873cad3a44b3a805065b44c7be103 P 439e0afbf6e04434b254974515a794d7 [term 0 FOLLOWER]: Replica starting. Triggering 0 pending ops. Active config: opid_index: -1 OBSOLETE_local: false peers { permanent_uuid: "fc2f18160b064e95a28d516c3d31daa9" member_type: VOTER last_known_addr { host: "127.15.202.131" port: 42167 } } peers { permanent_uuid: "439e0afbf6e04434b254974515a794d7" member_type: VOTER last_known_addr { host: "127.15.202.132" port: 45107 } } peers { permanent_uuid: "53a1eeb5a3654613a70d49eafc65e89c" member_type: VOTER last_known_addr { host: "127.15.202.129" port: 41501 } }
I20260601 13:25:00.692380 19446 raft_consensus.cc:385] T 23d873cad3a44b3a805065b44c7be103 P 439e0afbf6e04434b254974515a794d7 [term 0 FOLLOWER]: Consensus starting up: Expiring failure detector timer to make a prompt election more likely
I20260601 13:25:00.692409 19446 raft_consensus.cc:740] T 23d873cad3a44b3a805065b44c7be103 P 439e0afbf6e04434b254974515a794d7 [term 0 FOLLOWER]: Becoming Follower/Learner. State: Replica: 439e0afbf6e04434b254974515a794d7, State: Initialized, Role: FOLLOWER
I20260601 13:25:00.692533 19446 consensus_queue.cc:260] T 23d873cad3a44b3a805065b44c7be103 P 439e0afbf6e04434b254974515a794d7 [NON_LEADER]: Queue going to NON_LEADER mode. State: All replicated index: 0, Majority replicated index: 0, Committed index: 0, Last appended: 0.0, Last appended by leader: 0, Current term: 0, Majority size: -1, State: 0, Mode: NON_LEADER, active raft config: opid_index: -1 OBSOLETE_local: false peers { permanent_uuid: "fc2f18160b064e95a28d516c3d31daa9" member_type: VOTER last_known_addr { host: "127.15.202.131" port: 42167 } } peers { permanent_uuid: "439e0afbf6e04434b254974515a794d7" member_type: VOTER last_known_addr { host: "127.15.202.132" port: 45107 } } peers { permanent_uuid: "53a1eeb5a3654613a70d49eafc65e89c" member_type: VOTER last_known_addr { host: "127.15.202.129" port: 41501 } }
I20260601 13:25:00.692814 19446 ts_tablet_manager.cc:1434] T 23d873cad3a44b3a805065b44c7be103 P 439e0afbf6e04434b254974515a794d7: Time spent starting tablet: real 0.001s	user 0.001s	sys 0.000s
I20260601 13:25:00.692971 19446 tablet_bootstrap.cc:492] T fc37f8db86c54eadbdcc17192c4469a8 P 439e0afbf6e04434b254974515a794d7: Bootstrap starting.
I20260601 13:25:00.693296 19328 tablet_bootstrap.cc:654] T 23d873cad3a44b3a805065b44c7be103 P 53a1eeb5a3654613a70d49eafc65e89c: Neither blocks nor log segments found. Creating new log.
I20260601 13:25:00.693873 19446 tablet_bootstrap.cc:654] T fc37f8db86c54eadbdcc17192c4469a8 P 439e0afbf6e04434b254974515a794d7: Neither blocks nor log segments found. Creating new log.
I20260601 13:25:00.694509 19328 tablet_bootstrap.cc:492] T 23d873cad3a44b3a805065b44c7be103 P 53a1eeb5a3654613a70d49eafc65e89c: No bootstrap required, opened a new log
I20260601 13:25:00.694571 19328 ts_tablet_manager.cc:1403] T 23d873cad3a44b3a805065b44c7be103 P 53a1eeb5a3654613a70d49eafc65e89c: Time spent bootstrapping tablet: real 0.003s	user 0.000s	sys 0.002s
I20260601 13:25:00.694896 19328 raft_consensus.cc:359] T 23d873cad3a44b3a805065b44c7be103 P 53a1eeb5a3654613a70d49eafc65e89c [term 0 FOLLOWER]: Replica starting. Triggering 0 pending ops. Active config: opid_index: -1 OBSOLETE_local: false peers { permanent_uuid: "fc2f18160b064e95a28d516c3d31daa9" member_type: VOTER last_known_addr { host: "127.15.202.131" port: 42167 } } peers { permanent_uuid: "439e0afbf6e04434b254974515a794d7" member_type: VOTER last_known_addr { host: "127.15.202.132" port: 45107 } } peers { permanent_uuid: "53a1eeb5a3654613a70d49eafc65e89c" member_type: VOTER last_known_addr { host: "127.15.202.129" port: 41501 } }
I20260601 13:25:00.695045 19328 raft_consensus.cc:385] T 23d873cad3a44b3a805065b44c7be103 P 53a1eeb5a3654613a70d49eafc65e89c [term 0 FOLLOWER]: Consensus starting up: Expiring failure detector timer to make a prompt election more likely
I20260601 13:25:00.695102 19328 raft_consensus.cc:740] T 23d873cad3a44b3a805065b44c7be103 P 53a1eeb5a3654613a70d49eafc65e89c [term 0 FOLLOWER]: Becoming Follower/Learner. State: Replica: 53a1eeb5a3654613a70d49eafc65e89c, State: Initialized, Role: FOLLOWER
I20260601 13:25:00.695281 19446 tablet_bootstrap.cc:492] T fc37f8db86c54eadbdcc17192c4469a8 P 439e0afbf6e04434b254974515a794d7: No bootstrap required, opened a new log
I20260601 13:25:00.695256 19328 consensus_queue.cc:260] T 23d873cad3a44b3a805065b44c7be103 P 53a1eeb5a3654613a70d49eafc65e89c [NON_LEADER]: Queue going to NON_LEADER mode. State: All replicated index: 0, Majority replicated index: 0, Committed index: 0, Last appended: 0.0, Last appended by leader: 0, Current term: 0, Majority size: -1, State: 0, Mode: NON_LEADER, active raft config: opid_index: -1 OBSOLETE_local: false peers { permanent_uuid: "fc2f18160b064e95a28d516c3d31daa9" member_type: VOTER last_known_addr { host: "127.15.202.131" port: 42167 } } peers { permanent_uuid: "439e0afbf6e04434b254974515a794d7" member_type: VOTER last_known_addr { host: "127.15.202.132" port: 45107 } } peers { permanent_uuid: "53a1eeb5a3654613a70d49eafc65e89c" member_type: VOTER last_known_addr { host: "127.15.202.129" port: 41501 } }
I20260601 13:25:00.695397 19446 ts_tablet_manager.cc:1403] T fc37f8db86c54eadbdcc17192c4469a8 P 439e0afbf6e04434b254974515a794d7: Time spent bootstrapping tablet: real 0.002s	user 0.001s	sys 0.000s
I20260601 13:25:00.695631 19328 ts_tablet_manager.cc:1434] T 23d873cad3a44b3a805065b44c7be103 P 53a1eeb5a3654613a70d49eafc65e89c: Time spent starting tablet: real 0.001s	user 0.000s	sys 0.001s
I20260601 13:25:00.695748 19446 raft_consensus.cc:359] T fc37f8db86c54eadbdcc17192c4469a8 P 439e0afbf6e04434b254974515a794d7 [term 0 FOLLOWER]: Replica starting. Triggering 0 pending ops. Active config: opid_index: -1 OBSOLETE_local: false peers { permanent_uuid: "e2a37a93899544d490176539b88220e4" member_type: VOTER last_known_addr { host: "127.15.202.130" port: 44645 } } peers { permanent_uuid: "439e0afbf6e04434b254974515a794d7" member_type: VOTER last_known_addr { host: "127.15.202.132" port: 45107 } } peers { permanent_uuid: "fc2f18160b064e95a28d516c3d31daa9" member_type: VOTER last_known_addr { host: "127.15.202.131" port: 42167 } }
I20260601 13:25:00.695824 19446 raft_consensus.cc:385] T fc37f8db86c54eadbdcc17192c4469a8 P 439e0afbf6e04434b254974515a794d7 [term 0 FOLLOWER]: Consensus starting up: Expiring failure detector timer to make a prompt election more likely
I20260601 13:25:00.695845 19446 raft_consensus.cc:740] T fc37f8db86c54eadbdcc17192c4469a8 P 439e0afbf6e04434b254974515a794d7 [term 0 FOLLOWER]: Becoming Follower/Learner. State: Replica: 439e0afbf6e04434b254974515a794d7, State: Initialized, Role: FOLLOWER
I20260601 13:25:00.695961 19446 consensus_queue.cc:260] T fc37f8db86c54eadbdcc17192c4469a8 P 439e0afbf6e04434b254974515a794d7 [NON_LEADER]: Queue going to NON_LEADER mode. State: All replicated index: 0, Majority replicated index: 0, Committed index: 0, Last appended: 0.0, Last appended by leader: 0, Current term: 0, Majority size: -1, State: 0, Mode: NON_LEADER, active raft config: opid_index: -1 OBSOLETE_local: false peers { permanent_uuid: "e2a37a93899544d490176539b88220e4" member_type: VOTER last_known_addr { host: "127.15.202.130" port: 44645 } } peers { permanent_uuid: "439e0afbf6e04434b254974515a794d7" member_type: VOTER last_known_addr { host: "127.15.202.132" port: 45107 } } peers { permanent_uuid: "fc2f18160b064e95a28d516c3d31daa9" member_type: VOTER last_known_addr { host: "127.15.202.131" port: 42167 } }
I20260601 13:25:00.696274 19446 ts_tablet_manager.cc:1434] T fc37f8db86c54eadbdcc17192c4469a8 P 439e0afbf6e04434b254974515a794d7: Time spent starting tablet: real 0.001s	user 0.001s	sys 0.000s
I20260601 13:25:00.696408 19446 tablet_bootstrap.cc:492] T 0bdc4f3bd92f4c9587f27e54407b0e0f P 439e0afbf6e04434b254974515a794d7: Bootstrap starting.
I20260601 13:25:00.697485 19446 tablet_bootstrap.cc:654] T 0bdc4f3bd92f4c9587f27e54407b0e0f P 439e0afbf6e04434b254974515a794d7: Neither blocks nor log segments found. Creating new log.
I20260601 13:25:00.697559 19338 tablet_bootstrap.cc:492] T a2441891da1c42d5a12ba1b1354b5c60 P fc2f18160b064e95a28d516c3d31daa9: No bootstrap required, opened a new log
I20260601 13:25:00.697659 19338 ts_tablet_manager.cc:1403] T a2441891da1c42d5a12ba1b1354b5c60 P fc2f18160b064e95a28d516c3d31daa9: Time spent bootstrapping tablet: real 0.008s	user 0.002s	sys 0.000s
I20260601 13:25:00.698184 19338 raft_consensus.cc:359] T a2441891da1c42d5a12ba1b1354b5c60 P fc2f18160b064e95a28d516c3d31daa9 [term 0 FOLLOWER]: Replica starting. Triggering 0 pending ops. Active config: opid_index: -1 OBSOLETE_local: false peers { permanent_uuid: "439e0afbf6e04434b254974515a794d7" member_type: VOTER last_known_addr { host: "127.15.202.132" port: 45107 } } peers { permanent_uuid: "53a1eeb5a3654613a70d49eafc65e89c" member_type: VOTER last_known_addr { host: "127.15.202.129" port: 41501 } } peers { permanent_uuid: "fc2f18160b064e95a28d516c3d31daa9" member_type: VOTER last_known_addr { host: "127.15.202.131" port: 42167 } }
I20260601 13:25:00.698283 19338 raft_consensus.cc:385] T a2441891da1c42d5a12ba1b1354b5c60 P fc2f18160b064e95a28d516c3d31daa9 [term 0 FOLLOWER]: Consensus starting up: Expiring failure detector timer to make a prompt election more likely
I20260601 13:25:00.698321 19338 raft_consensus.cc:740] T a2441891da1c42d5a12ba1b1354b5c60 P fc2f18160b064e95a28d516c3d31daa9 [term 0 FOLLOWER]: Becoming Follower/Learner. State: Replica: fc2f18160b064e95a28d516c3d31daa9, State: Initialized, Role: FOLLOWER
I20260601 13:25:00.698449 19338 consensus_queue.cc:260] T a2441891da1c42d5a12ba1b1354b5c60 P fc2f18160b064e95a28d516c3d31daa9 [NON_LEADER]: Queue going to NON_LEADER mode. State: All replicated index: 0, Majority replicated index: 0, Committed index: 0, Last appended: 0.0, Last appended by leader: 0, Current term: 0, Majority size: -1, State: 0, Mode: NON_LEADER, active raft config: opid_index: -1 OBSOLETE_local: false peers { permanent_uuid: "439e0afbf6e04434b254974515a794d7" member_type: VOTER last_known_addr { host: "127.15.202.132" port: 45107 } } peers { permanent_uuid: "53a1eeb5a3654613a70d49eafc65e89c" member_type: VOTER last_known_addr { host: "127.15.202.129" port: 41501 } } peers { permanent_uuid: "fc2f18160b064e95a28d516c3d31daa9" member_type: VOTER last_known_addr { host: "127.15.202.131" port: 42167 } }
I20260601 13:25:00.698787 19446 tablet_bootstrap.cc:492] T 0bdc4f3bd92f4c9587f27e54407b0e0f P 439e0afbf6e04434b254974515a794d7: No bootstrap required, opened a new log
I20260601 13:25:00.698884 19446 ts_tablet_manager.cc:1403] T 0bdc4f3bd92f4c9587f27e54407b0e0f P 439e0afbf6e04434b254974515a794d7: Time spent bootstrapping tablet: real 0.003s	user 0.002s	sys 0.000s
I20260601 13:25:00.698882 19338 ts_tablet_manager.cc:1434] T a2441891da1c42d5a12ba1b1354b5c60 P fc2f18160b064e95a28d516c3d31daa9: Time spent starting tablet: real 0.001s	user 0.001s	sys 0.000s
I20260601 13:25:00.699117 19338 tablet_bootstrap.cc:492] T 398cd807d43f4669b8a61aa8f5ba322d P fc2f18160b064e95a28d516c3d31daa9: Bootstrap starting.
I20260601 13:25:00.699331 19446 raft_consensus.cc:359] T 0bdc4f3bd92f4c9587f27e54407b0e0f P 439e0afbf6e04434b254974515a794d7 [term 0 FOLLOWER]: Replica starting. Triggering 0 pending ops. Active config: opid_index: -1 OBSOLETE_local: false peers { permanent_uuid: "439e0afbf6e04434b254974515a794d7" member_type: VOTER last_known_addr { host: "127.15.202.132" port: 45107 } } peers { permanent_uuid: "53a1eeb5a3654613a70d49eafc65e89c" member_type: VOTER last_known_addr { host: "127.15.202.129" port: 41501 } } peers { permanent_uuid: "e2a37a93899544d490176539b88220e4" member_type: VOTER last_known_addr { host: "127.15.202.130" port: 44645 } }
I20260601 13:25:00.699429 19446 raft_consensus.cc:385] T 0bdc4f3bd92f4c9587f27e54407b0e0f P 439e0afbf6e04434b254974515a794d7 [term 0 FOLLOWER]: Consensus starting up: Expiring failure detector timer to make a prompt election more likely
I20260601 13:25:00.699461 19446 raft_consensus.cc:740] T 0bdc4f3bd92f4c9587f27e54407b0e0f P 439e0afbf6e04434b254974515a794d7 [term 0 FOLLOWER]: Becoming Follower/Learner. State: Replica: 439e0afbf6e04434b254974515a794d7, State: Initialized, Role: FOLLOWER
I20260601 13:25:00.699563 19446 consensus_queue.cc:260] T 0bdc4f3bd92f4c9587f27e54407b0e0f P 439e0afbf6e04434b254974515a794d7 [NON_LEADER]: Queue going to NON_LEADER mode. State: All replicated index: 0, Majority replicated index: 0, Committed index: 0, Last appended: 0.0, Last appended by leader: 0, Current term: 0, Majority size: -1, State: 0, Mode: NON_LEADER, active raft config: opid_index: -1 OBSOLETE_local: false peers { permanent_uuid: "439e0afbf6e04434b254974515a794d7" member_type: VOTER last_known_addr { host: "127.15.202.132" port: 45107 } } peers { permanent_uuid: "53a1eeb5a3654613a70d49eafc65e89c" member_type: VOTER last_known_addr { host: "127.15.202.129" port: 41501 } } peers { permanent_uuid: "e2a37a93899544d490176539b88220e4" member_type: VOTER last_known_addr { host: "127.15.202.130" port: 44645 } }
I20260601 13:25:00.699858 19446 ts_tablet_manager.cc:1434] T 0bdc4f3bd92f4c9587f27e54407b0e0f P 439e0afbf6e04434b254974515a794d7: Time spent starting tablet: real 0.001s	user 0.001s	sys 0.000s
I20260601 13:25:00.700105 19446 tablet_bootstrap.cc:492] T 398cd807d43f4669b8a61aa8f5ba322d P 439e0afbf6e04434b254974515a794d7: Bootstrap starting.
I20260601 13:25:00.700201 19338 tablet_bootstrap.cc:654] T 398cd807d43f4669b8a61aa8f5ba322d P fc2f18160b064e95a28d516c3d31daa9: Neither blocks nor log segments found. Creating new log.
I20260601 13:25:00.701114 19446 tablet_bootstrap.cc:654] T 398cd807d43f4669b8a61aa8f5ba322d P 439e0afbf6e04434b254974515a794d7: Neither blocks nor log segments found. Creating new log.
I20260601 13:25:00.702793 19338 tablet_bootstrap.cc:492] T 398cd807d43f4669b8a61aa8f5ba322d P fc2f18160b064e95a28d516c3d31daa9: No bootstrap required, opened a new log
I20260601 13:25:00.702898 19338 ts_tablet_manager.cc:1403] T 398cd807d43f4669b8a61aa8f5ba322d P fc2f18160b064e95a28d516c3d31daa9: Time spent bootstrapping tablet: real 0.004s	user 0.002s	sys 0.000s
I20260601 13:25:00.703279 19338 raft_consensus.cc:359] T 398cd807d43f4669b8a61aa8f5ba322d P fc2f18160b064e95a28d516c3d31daa9 [term 0 FOLLOWER]: Replica starting. Triggering 0 pending ops. Active config: opid_index: -1 OBSOLETE_local: false peers { permanent_uuid: "fc2f18160b064e95a28d516c3d31daa9" member_type: VOTER last_known_addr { host: "127.15.202.131" port: 42167 } } peers { permanent_uuid: "e2a37a93899544d490176539b88220e4" member_type: VOTER last_known_addr { host: "127.15.202.130" port: 44645 } } peers { permanent_uuid: "439e0afbf6e04434b254974515a794d7" member_type: VOTER last_known_addr { host: "127.15.202.132" port: 45107 } }
I20260601 13:25:00.703400 19338 raft_consensus.cc:385] T 398cd807d43f4669b8a61aa8f5ba322d P fc2f18160b064e95a28d516c3d31daa9 [term 0 FOLLOWER]: Consensus starting up: Expiring failure detector timer to make a prompt election more likely
I20260601 13:25:00.703451 19338 raft_consensus.cc:740] T 398cd807d43f4669b8a61aa8f5ba322d P fc2f18160b064e95a28d516c3d31daa9 [term 0 FOLLOWER]: Becoming Follower/Learner. State: Replica: fc2f18160b064e95a28d516c3d31daa9, State: Initialized, Role: FOLLOWER
I20260601 13:25:00.703588 19338 consensus_queue.cc:260] T 398cd807d43f4669b8a61aa8f5ba322d P fc2f18160b064e95a28d516c3d31daa9 [NON_LEADER]: Queue going to NON_LEADER mode. State: All replicated index: 0, Majority replicated index: 0, Committed index: 0, Last appended: 0.0, Last appended by leader: 0, Current term: 0, Majority size: -1, State: 0, Mode: NON_LEADER, active raft config: opid_index: -1 OBSOLETE_local: false peers { permanent_uuid: "fc2f18160b064e95a28d516c3d31daa9" member_type: VOTER last_known_addr { host: "127.15.202.131" port: 42167 } } peers { permanent_uuid: "e2a37a93899544d490176539b88220e4" member_type: VOTER last_known_addr { host: "127.15.202.130" port: 44645 } } peers { permanent_uuid: "439e0afbf6e04434b254974515a794d7" member_type: VOTER last_known_addr { host: "127.15.202.132" port: 45107 } }
I20260601 13:25:00.703927 19338 ts_tablet_manager.cc:1434] T 398cd807d43f4669b8a61aa8f5ba322d P fc2f18160b064e95a28d516c3d31daa9: Time spent starting tablet: real 0.001s	user 0.000s	sys 0.000s
I20260601 13:25:00.704887 19446 tablet_bootstrap.cc:492] T 398cd807d43f4669b8a61aa8f5ba322d P 439e0afbf6e04434b254974515a794d7: No bootstrap required, opened a new log
I20260601 13:25:00.704995 19446 ts_tablet_manager.cc:1403] T 398cd807d43f4669b8a61aa8f5ba322d P 439e0afbf6e04434b254974515a794d7: Time spent bootstrapping tablet: real 0.005s	user 0.002s	sys 0.000s
I20260601 13:25:00.705580 19446 raft_consensus.cc:359] T 398cd807d43f4669b8a61aa8f5ba322d P 439e0afbf6e04434b254974515a794d7 [term 0 FOLLOWER]: Replica starting. Triggering 0 pending ops. Active config: opid_index: -1 OBSOLETE_local: false peers { permanent_uuid: "fc2f18160b064e95a28d516c3d31daa9" member_type: VOTER last_known_addr { host: "127.15.202.131" port: 42167 } } peers { permanent_uuid: "e2a37a93899544d490176539b88220e4" member_type: VOTER last_known_addr { host: "127.15.202.130" port: 44645 } } peers { permanent_uuid: "439e0afbf6e04434b254974515a794d7" member_type: VOTER last_known_addr { host: "127.15.202.132" port: 45107 } }
I20260601 13:25:00.705701 19446 raft_consensus.cc:385] T 398cd807d43f4669b8a61aa8f5ba322d P 439e0afbf6e04434b254974515a794d7 [term 0 FOLLOWER]: Consensus starting up: Expiring failure detector timer to make a prompt election more likely
I20260601 13:25:00.705747 19446 raft_consensus.cc:740] T 398cd807d43f4669b8a61aa8f5ba322d P 439e0afbf6e04434b254974515a794d7 [term 0 FOLLOWER]: Becoming Follower/Learner. State: Replica: 439e0afbf6e04434b254974515a794d7, State: Initialized, Role: FOLLOWER
I20260601 13:25:00.705883 19446 consensus_queue.cc:260] T 398cd807d43f4669b8a61aa8f5ba322d P 439e0afbf6e04434b254974515a794d7 [NON_LEADER]: Queue going to NON_LEADER mode. State: All replicated index: 0, Majority replicated index: 0, Committed index: 0, Last appended: 0.0, Last appended by leader: 0, Current term: 0, Majority size: -1, State: 0, Mode: NON_LEADER, active raft config: opid_index: -1 OBSOLETE_local: false peers { permanent_uuid: "fc2f18160b064e95a28d516c3d31daa9" member_type: VOTER last_known_addr { host: "127.15.202.131" port: 42167 } } peers { permanent_uuid: "e2a37a93899544d490176539b88220e4" member_type: VOTER last_known_addr { host: "127.15.202.130" port: 44645 } } peers { permanent_uuid: "439e0afbf6e04434b254974515a794d7" member_type: VOTER last_known_addr { host: "127.15.202.132" port: 45107 } }
I20260601 13:25:00.706161 19446 ts_tablet_manager.cc:1434] T 398cd807d43f4669b8a61aa8f5ba322d P 439e0afbf6e04434b254974515a794d7: Time spent starting tablet: real 0.001s	user 0.000s	sys 0.000s
I20260601 13:25:00.706382 19446 tablet_bootstrap.cc:492] T c97a2f7c69e3446bb2d2306eabacb322 P 439e0afbf6e04434b254974515a794d7: Bootstrap starting.
I20260601 13:25:00.707531 19446 tablet_bootstrap.cc:654] T c97a2f7c69e3446bb2d2306eabacb322 P 439e0afbf6e04434b254974515a794d7: Neither blocks nor log segments found. Creating new log.
I20260601 13:25:00.708602 19446 tablet_bootstrap.cc:492] T c97a2f7c69e3446bb2d2306eabacb322 P 439e0afbf6e04434b254974515a794d7: No bootstrap required, opened a new log
I20260601 13:25:00.708714 19446 ts_tablet_manager.cc:1403] T c97a2f7c69e3446bb2d2306eabacb322 P 439e0afbf6e04434b254974515a794d7: Time spent bootstrapping tablet: real 0.002s	user 0.002s	sys 0.000s
I20260601 13:25:00.709101 19446 raft_consensus.cc:359] T c97a2f7c69e3446bb2d2306eabacb322 P 439e0afbf6e04434b254974515a794d7 [term 0 FOLLOWER]: Replica starting. Triggering 0 pending ops. Active config: opid_index: -1 OBSOLETE_local: false peers { permanent_uuid: "439e0afbf6e04434b254974515a794d7" member_type: VOTER last_known_addr { host: "127.15.202.132" port: 45107 } } peers { permanent_uuid: "53a1eeb5a3654613a70d49eafc65e89c" member_type: VOTER last_known_addr { host: "127.15.202.129" port: 41501 } } peers { permanent_uuid: "e2a37a93899544d490176539b88220e4" member_type: VOTER last_known_addr { host: "127.15.202.130" port: 44645 } }
I20260601 13:25:00.709221 19446 raft_consensus.cc:385] T c97a2f7c69e3446bb2d2306eabacb322 P 439e0afbf6e04434b254974515a794d7 [term 0 FOLLOWER]: Consensus starting up: Expiring failure detector timer to make a prompt election more likely
I20260601 13:25:00.709266 19446 raft_consensus.cc:740] T c97a2f7c69e3446bb2d2306eabacb322 P 439e0afbf6e04434b254974515a794d7 [term 0 FOLLOWER]: Becoming Follower/Learner. State: Replica: 439e0afbf6e04434b254974515a794d7, State: Initialized, Role: FOLLOWER
I20260601 13:25:00.709391 19446 consensus_queue.cc:260] T c97a2f7c69e3446bb2d2306eabacb322 P 439e0afbf6e04434b254974515a794d7 [NON_LEADER]: Queue going to NON_LEADER mode. State: All replicated index: 0, Majority replicated index: 0, Committed index: 0, Last appended: 0.0, Last appended by leader: 0, Current term: 0, Majority size: -1, State: 0, Mode: NON_LEADER, active raft config: opid_index: -1 OBSOLETE_local: false peers { permanent_uuid: "439e0afbf6e04434b254974515a794d7" member_type: VOTER last_known_addr { host: "127.15.202.132" port: 45107 } } peers { permanent_uuid: "53a1eeb5a3654613a70d49eafc65e89c" member_type: VOTER last_known_addr { host: "127.15.202.129" port: 41501 } } peers { permanent_uuid: "e2a37a93899544d490176539b88220e4" member_type: VOTER last_known_addr { host: "127.15.202.130" port: 44645 } }
I20260601 13:25:00.709678 19446 ts_tablet_manager.cc:1434] T c97a2f7c69e3446bb2d2306eabacb322 P 439e0afbf6e04434b254974515a794d7: Time spent starting tablet: real 0.001s	user 0.000s	sys 0.000s
I20260601 13:25:00.709865 19446 tablet_bootstrap.cc:492] T 6e42b2c465784e599cd6b30a43d62386 P 439e0afbf6e04434b254974515a794d7: Bootstrap starting.
I20260601 13:25:00.711089 19446 tablet_bootstrap.cc:654] T 6e42b2c465784e599cd6b30a43d62386 P 439e0afbf6e04434b254974515a794d7: Neither blocks nor log segments found. Creating new log.
I20260601 13:25:00.712164 19446 tablet_bootstrap.cc:492] T 6e42b2c465784e599cd6b30a43d62386 P 439e0afbf6e04434b254974515a794d7: No bootstrap required, opened a new log
I20260601 13:25:00.712273 19446 ts_tablet_manager.cc:1403] T 6e42b2c465784e599cd6b30a43d62386 P 439e0afbf6e04434b254974515a794d7: Time spent bootstrapping tablet: real 0.002s	user 0.002s	sys 0.000s
I20260601 13:25:00.712729 19446 raft_consensus.cc:359] T 6e42b2c465784e599cd6b30a43d62386 P 439e0afbf6e04434b254974515a794d7 [term 0 FOLLOWER]: Replica starting. Triggering 0 pending ops. Active config: opid_index: -1 OBSOLETE_local: false peers { permanent_uuid: "53a1eeb5a3654613a70d49eafc65e89c" member_type: VOTER last_known_addr { host: "127.15.202.129" port: 41501 } } peers { permanent_uuid: "439e0afbf6e04434b254974515a794d7" member_type: VOTER last_known_addr { host: "127.15.202.132" port: 45107 } } peers { permanent_uuid: "e2a37a93899544d490176539b88220e4" member_type: VOTER last_known_addr { host: "127.15.202.130" port: 44645 } }
I20260601 13:25:00.712833 19446 raft_consensus.cc:385] T 6e42b2c465784e599cd6b30a43d62386 P 439e0afbf6e04434b254974515a794d7 [term 0 FOLLOWER]: Consensus starting up: Expiring failure detector timer to make a prompt election more likely
I20260601 13:25:00.712879 19446 raft_consensus.cc:740] T 6e42b2c465784e599cd6b30a43d62386 P 439e0afbf6e04434b254974515a794d7 [term 0 FOLLOWER]: Becoming Follower/Learner. State: Replica: 439e0afbf6e04434b254974515a794d7, State: Initialized, Role: FOLLOWER
I20260601 13:25:00.713006 19446 consensus_queue.cc:260] T 6e42b2c465784e599cd6b30a43d62386 P 439e0afbf6e04434b254974515a794d7 [NON_LEADER]: Queue going to NON_LEADER mode. State: All replicated index: 0, Majority replicated index: 0, Committed index: 0, Last appended: 0.0, Last appended by leader: 0, Current term: 0, Majority size: -1, State: 0, Mode: NON_LEADER, active raft config: opid_index: -1 OBSOLETE_local: false peers { permanent_uuid: "53a1eeb5a3654613a70d49eafc65e89c" member_type: VOTER last_known_addr { host: "127.15.202.129" port: 41501 } } peers { permanent_uuid: "439e0afbf6e04434b254974515a794d7" member_type: VOTER last_known_addr { host: "127.15.202.132" port: 45107 } } peers { permanent_uuid: "e2a37a93899544d490176539b88220e4" member_type: VOTER last_known_addr { host: "127.15.202.130" port: 44645 } }
I20260601 13:25:00.713305 19446 ts_tablet_manager.cc:1434] T 6e42b2c465784e599cd6b30a43d62386 P 439e0afbf6e04434b254974515a794d7: Time spent starting tablet: real 0.001s	user 0.001s	sys 0.000s
I20260601 13:25:00.715689 19341 consensus_queue.cc:1048] T 972c43561f944d968cde7631c4bc83d9 P fc2f18160b064e95a28d516c3d31daa9 [LEADER]: Connected to new peer: Peer: permanent_uuid: "53a1eeb5a3654613a70d49eafc65e89c" member_type: VOTER last_known_addr { host: "127.15.202.129" port: 41501 }, Status: LMP_MISMATCH, Last received: 0.0, Next index: 1, Last known committed idx: 0, Time since last communication: 0.000s
I20260601 13:25:00.718716 19343 consensus_queue.cc:1048] T 972c43561f944d968cde7631c4bc83d9 P fc2f18160b064e95a28d516c3d31daa9 [LEADER]: Connected to new peer: Peer: permanent_uuid: "e2a37a93899544d490176539b88220e4" member_type: VOTER last_known_addr { host: "127.15.202.130" port: 44645 }, Status: LMP_MISMATCH, Last received: 0.0, Next index: 1, Last known committed idx: 0, Time since last communication: 0.000s
I20260601 13:25:00.728381 19334 raft_consensus.cc:493] T 051ef6922940476d8936e9742608f00b P 53a1eeb5a3654613a70d49eafc65e89c [term 0 FOLLOWER]: Starting pre-election (no leader contacted us within the election timeout)
I20260601 13:25:00.728578 19334 raft_consensus.cc:515] T 051ef6922940476d8936e9742608f00b P 53a1eeb5a3654613a70d49eafc65e89c [term 0 FOLLOWER]: Starting pre-election with config: opid_index: -1 OBSOLETE_local: false peers { permanent_uuid: "439e0afbf6e04434b254974515a794d7" member_type: VOTER last_known_addr { host: "127.15.202.132" port: 45107 } } peers { permanent_uuid: "fc2f18160b064e95a28d516c3d31daa9" member_type: VOTER last_known_addr { host: "127.15.202.131" port: 42167 } } peers { permanent_uuid: "53a1eeb5a3654613a70d49eafc65e89c" member_type: VOTER last_known_addr { host: "127.15.202.129" port: 41501 } }
I20260601 13:25:00.729049 19334 leader_election.cc:290] T 051ef6922940476d8936e9742608f00b P 53a1eeb5a3654613a70d49eafc65e89c [CANDIDATE]: Term 1 pre-election: Requested pre-vote from peers 439e0afbf6e04434b254974515a794d7 (127.15.202.132:45107), fc2f18160b064e95a28d516c3d31daa9 (127.15.202.131:42167)
I20260601 13:25:00.729790 19279 tablet_service.cc:1917] Received RequestConsensusVote() RPC: tablet_id: "051ef6922940476d8936e9742608f00b" candidate_uuid: "53a1eeb5a3654613a70d49eafc65e89c" candidate_term: 1 candidate_status { last_received { term: 0 index: 0 } } ignore_live_leader: false dest_uuid: "fc2f18160b064e95a28d516c3d31daa9" is_pre_election: true
I20260601 13:25:00.729943 19279 raft_consensus.cc:2468] T 051ef6922940476d8936e9742608f00b P fc2f18160b064e95a28d516c3d31daa9 [term 0 FOLLOWER]: Leader pre-election vote request: Granting yes vote for candidate 53a1eeb5a3654613a70d49eafc65e89c in term 0.
I20260601 13:25:00.730223 19091 leader_election.cc:304] T 051ef6922940476d8936e9742608f00b P 53a1eeb5a3654613a70d49eafc65e89c [CANDIDATE]: Term 1 pre-election: Election decided. Result: candidate won. Election summary: received 2 responses out of 3 voters: 2 yes votes; 0 no votes. yes voters: 53a1eeb5a3654613a70d49eafc65e89c, fc2f18160b064e95a28d516c3d31daa9; no voters: 
I20260601 13:25:00.730435 19334 raft_consensus.cc:2804] T 051ef6922940476d8936e9742608f00b P 53a1eeb5a3654613a70d49eafc65e89c [term 0 FOLLOWER]: Leader pre-election won for term 1
I20260601 13:25:00.730522 19334 raft_consensus.cc:493] T 051ef6922940476d8936e9742608f00b P 53a1eeb5a3654613a70d49eafc65e89c [term 0 FOLLOWER]: Starting leader election (no leader contacted us within the election timeout)
I20260601 13:25:00.730572 19334 raft_consensus.cc:3060] T 051ef6922940476d8936e9742608f00b P 53a1eeb5a3654613a70d49eafc65e89c [term 0 FOLLOWER]: Advancing to term 1
I20260601 13:25:00.731622 19334 raft_consensus.cc:515] T 051ef6922940476d8936e9742608f00b P 53a1eeb5a3654613a70d49eafc65e89c [term 1 FOLLOWER]: Starting leader election with config: opid_index: -1 OBSOLETE_local: false peers { permanent_uuid: "439e0afbf6e04434b254974515a794d7" member_type: VOTER last_known_addr { host: "127.15.202.132" port: 45107 } } peers { permanent_uuid: "fc2f18160b064e95a28d516c3d31daa9" member_type: VOTER last_known_addr { host: "127.15.202.131" port: 42167 } } peers { permanent_uuid: "53a1eeb5a3654613a70d49eafc65e89c" member_type: VOTER last_known_addr { host: "127.15.202.129" port: 41501 } }
I20260601 13:25:00.732046 19334 leader_election.cc:290] T 051ef6922940476d8936e9742608f00b P 53a1eeb5a3654613a70d49eafc65e89c [CANDIDATE]: Term 1 election: Requested vote from peers 439e0afbf6e04434b254974515a794d7 (127.15.202.132:45107), fc2f18160b064e95a28d516c3d31daa9 (127.15.202.131:42167)
I20260601 13:25:00.732415 19279 tablet_service.cc:1917] Received RequestConsensusVote() RPC: tablet_id: "051ef6922940476d8936e9742608f00b" candidate_uuid: "53a1eeb5a3654613a70d49eafc65e89c" candidate_term: 1 candidate_status { last_received { term: 0 index: 0 } } ignore_live_leader: false dest_uuid: "fc2f18160b064e95a28d516c3d31daa9"
I20260601 13:25:00.732585 19279 raft_consensus.cc:3060] T 051ef6922940476d8936e9742608f00b P fc2f18160b064e95a28d516c3d31daa9 [term 0 FOLLOWER]: Advancing to term 1
I20260601 13:25:00.733368 19415 tablet_service.cc:1917] Received RequestConsensusVote() RPC: tablet_id: "051ef6922940476d8936e9742608f00b" candidate_uuid: "53a1eeb5a3654613a70d49eafc65e89c" candidate_term: 1 candidate_status { last_received { term: 0 index: 0 } } ignore_live_leader: false dest_uuid: "439e0afbf6e04434b254974515a794d7" is_pre_election: true
I20260601 13:25:00.733476 19415 raft_consensus.cc:2468] T 051ef6922940476d8936e9742608f00b P 439e0afbf6e04434b254974515a794d7 [term 0 FOLLOWER]: Leader pre-election vote request: Granting yes vote for candidate 53a1eeb5a3654613a70d49eafc65e89c in term 0.
I20260601 13:25:00.733487 19414 tablet_service.cc:1917] Received RequestConsensusVote() RPC: tablet_id: "051ef6922940476d8936e9742608f00b" candidate_uuid: "53a1eeb5a3654613a70d49eafc65e89c" candidate_term: 1 candidate_status { last_received { term: 0 index: 0 } } ignore_live_leader: false dest_uuid: "439e0afbf6e04434b254974515a794d7"
I20260601 13:25:00.733613 19414 raft_consensus.cc:3060] T 051ef6922940476d8936e9742608f00b P 439e0afbf6e04434b254974515a794d7 [term 0 FOLLOWER]: Advancing to term 1
I20260601 13:25:00.733610 19279 raft_consensus.cc:2468] T 051ef6922940476d8936e9742608f00b P fc2f18160b064e95a28d516c3d31daa9 [term 1 FOLLOWER]: Leader election vote request: Granting yes vote for candidate 53a1eeb5a3654613a70d49eafc65e89c in term 1.
I20260601 13:25:00.733945 19091 leader_election.cc:304] T 051ef6922940476d8936e9742608f00b P 53a1eeb5a3654613a70d49eafc65e89c [CANDIDATE]: Term 1 election: Election decided. Result: candidate won. Election summary: received 2 responses out of 3 voters: 2 yes votes; 0 no votes. yes voters: 53a1eeb5a3654613a70d49eafc65e89c, fc2f18160b064e95a28d516c3d31daa9; no voters: 
I20260601 13:25:00.734113 19334 raft_consensus.cc:2804] T 051ef6922940476d8936e9742608f00b P 53a1eeb5a3654613a70d49eafc65e89c [term 1 FOLLOWER]: Leader election won for term 1
I20260601 13:25:00.734212 19334 raft_consensus.cc:697] T 051ef6922940476d8936e9742608f00b P 53a1eeb5a3654613a70d49eafc65e89c [term 1 LEADER]: Becoming Leader. State: Replica: 53a1eeb5a3654613a70d49eafc65e89c, State: Running, Role: LEADER
I20260601 13:25:00.734344 19334 consensus_queue.cc:237] T 051ef6922940476d8936e9742608f00b P 53a1eeb5a3654613a70d49eafc65e89c [LEADER]: Queue going to LEADER mode. State: All replicated index: 0, Majority replicated index: 0, Committed index: 0, Last appended: 0.0, Last appended by leader: 0, Current term: 1, Majority size: 2, State: 0, Mode: LEADER, active raft config: opid_index: -1 OBSOLETE_local: false peers { permanent_uuid: "439e0afbf6e04434b254974515a794d7" member_type: VOTER last_known_addr { host: "127.15.202.132" port: 45107 } } peers { permanent_uuid: "fc2f18160b064e95a28d516c3d31daa9" member_type: VOTER last_known_addr { host: "127.15.202.131" port: 42167 } } peers { permanent_uuid: "53a1eeb5a3654613a70d49eafc65e89c" member_type: VOTER last_known_addr { host: "127.15.202.129" port: 41501 } }
I20260601 13:25:00.734720 19414 raft_consensus.cc:2468] T 051ef6922940476d8936e9742608f00b P 439e0afbf6e04434b254974515a794d7 [term 1 FOLLOWER]: Leader election vote request: Granting yes vote for candidate 53a1eeb5a3654613a70d49eafc65e89c in term 1.
I20260601 13:25:00.736467 19025 catalog_manager.cc:5696] T 051ef6922940476d8936e9742608f00b P 53a1eeb5a3654613a70d49eafc65e89c reported cstate change: term changed from 0 to 1, leader changed from <none> to 53a1eeb5a3654613a70d49eafc65e89c (127.15.202.129). New cstate: current_term: 1 leader_uuid: "53a1eeb5a3654613a70d49eafc65e89c" committed_config { opid_index: -1 OBSOLETE_local: false peers { permanent_uuid: "439e0afbf6e04434b254974515a794d7" member_type: VOTER last_known_addr { host: "127.15.202.132" port: 45107 } health_report { overall_health: UNKNOWN } } peers { permanent_uuid: "fc2f18160b064e95a28d516c3d31daa9" member_type: VOTER last_known_addr { host: "127.15.202.131" port: 42167 } health_report { overall_health: UNKNOWN } } peers { permanent_uuid: "53a1eeb5a3654613a70d49eafc65e89c" member_type: VOTER last_known_addr { host: "127.15.202.129" port: 41501 } health_report { overall_health: HEALTHY } } }
