I20260601 13:24:57.662303 23683 consensus_queue.cc:237] T 3be8616589ca4c50b7346b3f1023d095 P 6c8123d5bdda40fc93ab09d649e4c418 [LEADER]: Queue going to LEADER mode. State: All replicated index: 0, Majority replicated index: 0, Committed index: 0, Last appended: 0.0, Last appended by leader: 0, Current term: 1, Majority size: 2, State: 0, Mode: LEADER, active raft config: opid_index: -1 OBSOLETE_local: false peers { permanent_uuid: "6c8123d5bdda40fc93ab09d649e4c418" member_type: VOTER last_known_addr { host: "127.20.94.130" port: 44819 } } peers { permanent_uuid: "7a53c2edf75242d88165d3ab827b58e4" member_type: VOTER last_known_addr { host: "127.20.94.129" port: 44619 } } peers { permanent_uuid: "4c3fc45ac0f14b1aba461330427c586f" member_type: VOTER last_known_addr { host: "127.20.94.131" port: 39787 } }
I20260601 13:24:57.664043 23376 catalog_manager.cc:5696] T 3be8616589ca4c50b7346b3f1023d095 P 6c8123d5bdda40fc93ab09d649e4c418 reported cstate change: term changed from 0 to 1, leader changed from <none> to 6c8123d5bdda40fc93ab09d649e4c418 (127.20.94.130). New cstate: current_term: 1 leader_uuid: "6c8123d5bdda40fc93ab09d649e4c418" committed_config { opid_index: -1 OBSOLETE_local: false peers { permanent_uuid: "6c8123d5bdda40fc93ab09d649e4c418" member_type: VOTER last_known_addr { host: "127.20.94.130" port: 44819 } health_report { overall_health: HEALTHY } } peers { permanent_uuid: "7a53c2edf75242d88165d3ab827b58e4" member_type: VOTER last_known_addr { host: "127.20.94.129" port: 44619 } health_report { overall_health: UNKNOWN } } peers { permanent_uuid: "4c3fc45ac0f14b1aba461330427c586f" member_type: VOTER last_known_addr { host: "127.20.94.131" port: 39787 } health_report { overall_health: UNKNOWN } } }
W20260601 13:24:57.664779 23508 tablet.cc:2404] T 3bdd0af3dce04479a1ac04da8d2fc506 P 7a53c2edf75242d88165d3ab827b58e4: Can't schedule compaction. Clean time has not been advanced past its initial value.
I20260601 13:24:57.690232 23686 raft_consensus.cc:493] T 3bdd0af3dce04479a1ac04da8d2fc506 P 4c3fc45ac0f14b1aba461330427c586f [term 0 FOLLOWER]: Starting pre-election (no leader contacted us within the election timeout)
I20260601 13:24:57.690423 23686 raft_consensus.cc:515] T 3bdd0af3dce04479a1ac04da8d2fc506 P 4c3fc45ac0f14b1aba461330427c586f [term 0 FOLLOWER]: Starting pre-election with config: opid_index: -1 OBSOLETE_local: false peers { permanent_uuid: "7a53c2edf75242d88165d3ab827b58e4" member_type: VOTER last_known_addr { host: "127.20.94.129" port: 44619 } } peers { permanent_uuid: "6c8123d5bdda40fc93ab09d649e4c418" member_type: VOTER last_known_addr { host: "127.20.94.130" port: 44819 } } peers { permanent_uuid: "4c3fc45ac0f14b1aba461330427c586f" member_type: VOTER last_known_addr { host: "127.20.94.131" port: 39787 } }
I20260601 13:24:57.691043 23686 leader_election.cc:290] T 3bdd0af3dce04479a1ac04da8d2fc506 P 4c3fc45ac0f14b1aba461330427c586f [CANDIDATE]: Term 1 pre-election: Requested pre-vote from peers 7a53c2edf75242d88165d3ab827b58e4 (127.20.94.129:44619), 6c8123d5bdda40fc93ab09d649e4c418 (127.20.94.130:44819)
I20260601 13:24:57.694751 23557 tablet_service.cc:1917] Received RequestConsensusVote() RPC: tablet_id: "3bdd0af3dce04479a1ac04da8d2fc506" candidate_uuid: "4c3fc45ac0f14b1aba461330427c586f" candidate_term: 1 candidate_status { last_received { term: 0 index: 0 } } ignore_live_leader: false dest_uuid: "6c8123d5bdda40fc93ab09d649e4c418" is_pre_election: true
I20260601 13:24:57.694813 23481 tablet_service.cc:1917] Received RequestConsensusVote() RPC: tablet_id: "3bdd0af3dce04479a1ac04da8d2fc506" candidate_uuid: "4c3fc45ac0f14b1aba461330427c586f" candidate_term: 1 candidate_status { last_received { term: 0 index: 0 } } ignore_live_leader: false dest_uuid: "7a53c2edf75242d88165d3ab827b58e4" is_pre_election: true
I20260601 13:24:57.694896 23557 raft_consensus.cc:2468] T 3bdd0af3dce04479a1ac04da8d2fc506 P 6c8123d5bdda40fc93ab09d649e4c418 [term 0 FOLLOWER]: Leader pre-election vote request: Granting yes vote for candidate 4c3fc45ac0f14b1aba461330427c586f in term 0.
I20260601 13:24:57.695004 23481 raft_consensus.cc:2468] T 3bdd0af3dce04479a1ac04da8d2fc506 P 7a53c2edf75242d88165d3ab827b58e4 [term 0 FOLLOWER]: Leader pre-election vote request: Granting yes vote for candidate 4c3fc45ac0f14b1aba461330427c586f in term 0.
I20260601 13:24:57.695302 23596 leader_election.cc:304] T 3bdd0af3dce04479a1ac04da8d2fc506 P 4c3fc45ac0f14b1aba461330427c586f [CANDIDATE]: Term 1 pre-election: Election decided. Result: candidate won. Election summary: received 2 responses out of 3 voters: 2 yes votes; 0 no votes. yes voters: 4c3fc45ac0f14b1aba461330427c586f, 6c8123d5bdda40fc93ab09d649e4c418; no voters: 
I20260601 13:24:57.695487 23686 raft_consensus.cc:2804] T 3bdd0af3dce04479a1ac04da8d2fc506 P 4c3fc45ac0f14b1aba461330427c586f [term 0 FOLLOWER]: Leader pre-election won for term 1
I20260601 13:24:57.695549 23686 raft_consensus.cc:493] T 3bdd0af3dce04479a1ac04da8d2fc506 P 4c3fc45ac0f14b1aba461330427c586f [term 0 FOLLOWER]: Starting leader election (no leader contacted us within the election timeout)
I20260601 13:24:57.695609 23686 raft_consensus.cc:3060] T 3bdd0af3dce04479a1ac04da8d2fc506 P 4c3fc45ac0f14b1aba461330427c586f [term 0 FOLLOWER]: Advancing to term 1
I20260601 13:24:57.696575 23686 raft_consensus.cc:515] T 3bdd0af3dce04479a1ac04da8d2fc506 P 4c3fc45ac0f14b1aba461330427c586f [term 1 FOLLOWER]: Starting leader election with config: opid_index: -1 OBSOLETE_local: false peers { permanent_uuid: "7a53c2edf75242d88165d3ab827b58e4" member_type: VOTER last_known_addr { host: "127.20.94.129" port: 44619 } } peers { permanent_uuid: "6c8123d5bdda40fc93ab09d649e4c418" member_type: VOTER last_known_addr { host: "127.20.94.130" port: 44819 } } peers { permanent_uuid: "4c3fc45ac0f14b1aba461330427c586f" member_type: VOTER last_known_addr { host: "127.20.94.131" port: 39787 } }
I20260601 13:24:57.696949 23686 leader_election.cc:290] T 3bdd0af3dce04479a1ac04da8d2fc506 P 4c3fc45ac0f14b1aba461330427c586f [CANDIDATE]: Term 1 election: Requested vote from peers 7a53c2edf75242d88165d3ab827b58e4 (127.20.94.129:44619), 6c8123d5bdda40fc93ab09d649e4c418 (127.20.94.130:44819)
I20260601 13:24:57.697297 23481 tablet_service.cc:1917] Received RequestConsensusVote() RPC: tablet_id: "3bdd0af3dce04479a1ac04da8d2fc506" candidate_uuid: "4c3fc45ac0f14b1aba461330427c586f" candidate_term: 1 candidate_status { last_received { term: 0 index: 0 } } ignore_live_leader: false dest_uuid: "7a53c2edf75242d88165d3ab827b58e4"
I20260601 13:24:57.697331 23557 tablet_service.cc:1917] Received RequestConsensusVote() RPC: tablet_id: "3bdd0af3dce04479a1ac04da8d2fc506" candidate_uuid: "4c3fc45ac0f14b1aba461330427c586f" candidate_term: 1 candidate_status { last_received { term: 0 index: 0 } } ignore_live_leader: false dest_uuid: "6c8123d5bdda40fc93ab09d649e4c418"
I20260601 13:24:57.697413 23481 raft_consensus.cc:3060] T 3bdd0af3dce04479a1ac04da8d2fc506 P 7a53c2edf75242d88165d3ab827b58e4 [term 0 FOLLOWER]: Advancing to term 1
I20260601 13:24:57.697464 23557 raft_consensus.cc:3060] T 3bdd0af3dce04479a1ac04da8d2fc506 P 6c8123d5bdda40fc93ab09d649e4c418 [term 0 FOLLOWER]: Advancing to term 1
I20260601 13:24:57.698491 23481 raft_consensus.cc:2468] T 3bdd0af3dce04479a1ac04da8d2fc506 P 7a53c2edf75242d88165d3ab827b58e4 [term 1 FOLLOWER]: Leader election vote request: Granting yes vote for candidate 4c3fc45ac0f14b1aba461330427c586f in term 1.
I20260601 13:24:57.698585 23557 raft_consensus.cc:2468] T 3bdd0af3dce04479a1ac04da8d2fc506 P 6c8123d5bdda40fc93ab09d649e4c418 [term 1 FOLLOWER]: Leader election vote request: Granting yes vote for candidate 4c3fc45ac0f14b1aba461330427c586f in term 1.
I20260601 13:24:57.698843 23595 leader_election.cc:304] T 3bdd0af3dce04479a1ac04da8d2fc506 P 4c3fc45ac0f14b1aba461330427c586f [CANDIDATE]: Term 1 election: Election decided. Result: candidate won. Election summary: received 2 responses out of 3 voters: 2 yes votes; 0 no votes. yes voters: 4c3fc45ac0f14b1aba461330427c586f, 7a53c2edf75242d88165d3ab827b58e4; no voters: 
I20260601 13:24:57.699136 23686 raft_consensus.cc:2804] T 3bdd0af3dce04479a1ac04da8d2fc506 P 4c3fc45ac0f14b1aba461330427c586f [term 1 FOLLOWER]: Leader election won for term 1
I20260601 13:24:57.699384 23686 raft_consensus.cc:697] T 3bdd0af3dce04479a1ac04da8d2fc506 P 4c3fc45ac0f14b1aba461330427c586f [term 1 LEADER]: Becoming Leader. State: Replica: 4c3fc45ac0f14b1aba461330427c586f, State: Running, Role: LEADER
I20260601 13:24:57.699564 23686 consensus_queue.cc:237] T 3bdd0af3dce04479a1ac04da8d2fc506 P 4c3fc45ac0f14b1aba461330427c586f [LEADER]: Queue going to LEADER mode. State: All replicated index: 0, Majority replicated index: 0, Committed index: 0, Last appended: 0.0, Last appended by leader: 0, Current term: 1, Majority size: 2, State: 0, Mode: LEADER, active raft config: opid_index: -1 OBSOLETE_local: false peers { permanent_uuid: "7a53c2edf75242d88165d3ab827b58e4" member_type: VOTER last_known_addr { host: "127.20.94.129" port: 44619 } } peers { permanent_uuid: "6c8123d5bdda40fc93ab09d649e4c418" member_type: VOTER last_known_addr { host: "127.20.94.130" port: 44819 } } peers { permanent_uuid: "4c3fc45ac0f14b1aba461330427c586f" member_type: VOTER last_known_addr { host: "127.20.94.131" port: 39787 } }
I20260601 13:24:57.701228 23376 catalog_manager.cc:5696] T 3bdd0af3dce04479a1ac04da8d2fc506 P 4c3fc45ac0f14b1aba461330427c586f reported cstate change: term changed from 0 to 1, leader changed from <none> to 4c3fc45ac0f14b1aba461330427c586f (127.20.94.131). New cstate: current_term: 1 leader_uuid: "4c3fc45ac0f14b1aba461330427c586f" committed_config { opid_index: -1 OBSOLETE_local: false peers { permanent_uuid: "7a53c2edf75242d88165d3ab827b58e4" member_type: VOTER last_known_addr { host: "127.20.94.129" port: 44619 } health_report { overall_health: UNKNOWN } } peers { permanent_uuid: "6c8123d5bdda40fc93ab09d649e4c418" member_type: VOTER last_known_addr { host: "127.20.94.130" port: 44819 } health_report { overall_health: UNKNOWN } } peers { permanent_uuid: "4c3fc45ac0f14b1aba461330427c586f" member_type: VOTER last_known_addr { host: "127.20.94.131" port: 39787 } health_report { overall_health: HEALTHY } } }
I20260601 13:24:57.748157 23686 raft_consensus.cc:493] T 8c25bf5e4cbf43f8998f3ac6fb993656 P 4c3fc45ac0f14b1aba461330427c586f [term 0 FOLLOWER]: Starting pre-election (no leader contacted us within the election timeout)
I20260601 13:24:57.748309 23686 raft_consensus.cc:515] T 8c25bf5e4cbf43f8998f3ac6fb993656 P 4c3fc45ac0f14b1aba461330427c586f [term 0 FOLLOWER]: Starting pre-election with config: opid_index: -1 OBSOLETE_local: false peers { permanent_uuid: "7a53c2edf75242d88165d3ab827b58e4" member_type: VOTER last_known_addr { host: "127.20.94.129" port: 44619 } } peers { permanent_uuid: "6c8123d5bdda40fc93ab09d649e4c418" member_type: VOTER last_known_addr { host: "127.20.94.130" port: 44819 } } peers { permanent_uuid: "4c3fc45ac0f14b1aba461330427c586f" member_type: VOTER last_known_addr { host: "127.20.94.131" port: 39787 } }
I20260601 13:24:57.748733 23686 leader_election.cc:290] T 8c25bf5e4cbf43f8998f3ac6fb993656 P 4c3fc45ac0f14b1aba461330427c586f [CANDIDATE]: Term 1 pre-election: Requested pre-vote from peers 7a53c2edf75242d88165d3ab827b58e4 (127.20.94.129:44619), 6c8123d5bdda40fc93ab09d649e4c418 (127.20.94.130:44819)
I20260601 13:24:57.749116 23481 tablet_service.cc:1917] Received RequestConsensusVote() RPC: tablet_id: "8c25bf5e4cbf43f8998f3ac6fb993656" candidate_uuid: "4c3fc45ac0f14b1aba461330427c586f" candidate_term: 1 candidate_status { last_received { term: 0 index: 0 } } ignore_live_leader: false dest_uuid: "7a53c2edf75242d88165d3ab827b58e4" is_pre_election: true
I20260601 13:24:57.749150 23557 tablet_service.cc:1917] Received RequestConsensusVote() RPC: tablet_id: "8c25bf5e4cbf43f8998f3ac6fb993656" candidate_uuid: "4c3fc45ac0f14b1aba461330427c586f" candidate_term: 1 candidate_status { last_received { term: 0 index: 0 } } ignore_live_leader: false dest_uuid: "6c8123d5bdda40fc93ab09d649e4c418" is_pre_election: true
I20260601 13:24:57.749228 23481 raft_consensus.cc:2468] T 8c25bf5e4cbf43f8998f3ac6fb993656 P 7a53c2edf75242d88165d3ab827b58e4 [term 0 FOLLOWER]: Leader pre-election vote request: Granting yes vote for candidate 4c3fc45ac0f14b1aba461330427c586f in term 0.
I20260601 13:24:57.749344 23557 raft_consensus.cc:2468] T 8c25bf5e4cbf43f8998f3ac6fb993656 P 6c8123d5bdda40fc93ab09d649e4c418 [term 0 FOLLOWER]: Leader pre-election vote request: Granting yes vote for candidate 4c3fc45ac0f14b1aba461330427c586f in term 0.
I20260601 13:24:57.749558 23595 leader_election.cc:304] T 8c25bf5e4cbf43f8998f3ac6fb993656 P 4c3fc45ac0f14b1aba461330427c586f [CANDIDATE]: Term 1 pre-election: Election decided. Result: candidate won. Election summary: received 2 responses out of 3 voters: 2 yes votes; 0 no votes. yes voters: 4c3fc45ac0f14b1aba461330427c586f, 7a53c2edf75242d88165d3ab827b58e4; no voters: 
I20260601 13:24:57.749728 23686 raft_consensus.cc:2804] T 8c25bf5e4cbf43f8998f3ac6fb993656 P 4c3fc45ac0f14b1aba461330427c586f [term 0 FOLLOWER]: Leader pre-election won for term 1
I20260601 13:24:57.749814 23686 raft_consensus.cc:493] T 8c25bf5e4cbf43f8998f3ac6fb993656 P 4c3fc45ac0f14b1aba461330427c586f [term 0 FOLLOWER]: Starting leader election (no leader contacted us within the election timeout)
I20260601 13:24:57.749872 23686 raft_consensus.cc:3060] T 8c25bf5e4cbf43f8998f3ac6fb993656 P 4c3fc45ac0f14b1aba461330427c586f [term 0 FOLLOWER]: Advancing to term 1
I20260601 13:24:57.750742 23686 raft_consensus.cc:515] T 8c25bf5e4cbf43f8998f3ac6fb993656 P 4c3fc45ac0f14b1aba461330427c586f [term 1 FOLLOWER]: Starting leader election with config: opid_index: -1 OBSOLETE_local: false peers { permanent_uuid: "7a53c2edf75242d88165d3ab827b58e4" member_type: VOTER last_known_addr { host: "127.20.94.129" port: 44619 } } peers { permanent_uuid: "6c8123d5bdda40fc93ab09d649e4c418" member_type: VOTER last_known_addr { host: "127.20.94.130" port: 44819 } } peers { permanent_uuid: "4c3fc45ac0f14b1aba461330427c586f" member_type: VOTER last_known_addr { host: "127.20.94.131" port: 39787 } }
I20260601 13:24:57.751163 23686 leader_election.cc:290] T 8c25bf5e4cbf43f8998f3ac6fb993656 P 4c3fc45ac0f14b1aba461330427c586f [CANDIDATE]: Term 1 election: Requested vote from peers 7a53c2edf75242d88165d3ab827b58e4 (127.20.94.129:44619), 6c8123d5bdda40fc93ab09d649e4c418 (127.20.94.130:44819)
I20260601 13:24:57.751502 23481 tablet_service.cc:1917] Received RequestConsensusVote() RPC: tablet_id: "8c25bf5e4cbf43f8998f3ac6fb993656" candidate_uuid: "4c3fc45ac0f14b1aba461330427c586f" candidate_term: 1 candidate_status { last_received { term: 0 index: 0 } } ignore_live_leader: false dest_uuid: "7a53c2edf75242d88165d3ab827b58e4"
I20260601 13:24:57.751528 23557 tablet_service.cc:1917] Received RequestConsensusVote() RPC: tablet_id: "8c25bf5e4cbf43f8998f3ac6fb993656" candidate_uuid: "4c3fc45ac0f14b1aba461330427c586f" candidate_term: 1 candidate_status { last_received { term: 0 index: 0 } } ignore_live_leader: false dest_uuid: "6c8123d5bdda40fc93ab09d649e4c418"
I20260601 13:24:57.751609 23481 raft_consensus.cc:3060] T 8c25bf5e4cbf43f8998f3ac6fb993656 P 7a53c2edf75242d88165d3ab827b58e4 [term 0 FOLLOWER]: Advancing to term 1
I20260601 13:24:57.751653 23557 raft_consensus.cc:3060] T 8c25bf5e4cbf43f8998f3ac6fb993656 P 6c8123d5bdda40fc93ab09d649e4c418 [term 0 FOLLOWER]: Advancing to term 1
I20260601 13:24:57.752478 23557 raft_consensus.cc:2468] T 8c25bf5e4cbf43f8998f3ac6fb993656 P 6c8123d5bdda40fc93ab09d649e4c418 [term 1 FOLLOWER]: Leader election vote request: Granting yes vote for candidate 4c3fc45ac0f14b1aba461330427c586f in term 1.
I20260601 13:24:57.752486 23481 raft_consensus.cc:2468] T 8c25bf5e4cbf43f8998f3ac6fb993656 P 7a53c2edf75242d88165d3ab827b58e4 [term 1 FOLLOWER]: Leader election vote request: Granting yes vote for candidate 4c3fc45ac0f14b1aba461330427c586f in term 1.
I20260601 13:24:57.752897 23595 leader_election.cc:304] T 8c25bf5e4cbf43f8998f3ac6fb993656 P 4c3fc45ac0f14b1aba461330427c586f [CANDIDATE]: Term 1 election: Election decided. Result: candidate won. Election summary: received 2 responses out of 3 voters: 2 yes votes; 0 no votes. yes voters: 4c3fc45ac0f14b1aba461330427c586f, 7a53c2edf75242d88165d3ab827b58e4; no voters: 
I20260601 13:24:57.753067 23686 raft_consensus.cc:2804] T 8c25bf5e4cbf43f8998f3ac6fb993656 P 4c3fc45ac0f14b1aba461330427c586f [term 1 FOLLOWER]: Leader election won for term 1
I20260601 13:24:57.753156 23686 raft_consensus.cc:697] T 8c25bf5e4cbf43f8998f3ac6fb993656 P 4c3fc45ac0f14b1aba461330427c586f [term 1 LEADER]: Becoming Leader. State: Replica: 4c3fc45ac0f14b1aba461330427c586f, State: Running, Role: LEADER
I20260601 13:24:57.753295 23686 consensus_queue.cc:237] T 8c25bf5e4cbf43f8998f3ac6fb993656 P 4c3fc45ac0f14b1aba461330427c586f [LEADER]: Queue going to LEADER mode. State: All replicated index: 0, Majority replicated index: 0, Committed index: 0, Last appended: 0.0, Last appended by leader: 0, Current term: 1, Majority size: 2, State: 0, Mode: LEADER, active raft config: opid_index: -1 OBSOLETE_local: false peers { permanent_uuid: "7a53c2edf75242d88165d3ab827b58e4" member_type: VOTER last_known_addr { host: "127.20.94.129" port: 44619 } } peers { permanent_uuid: "6c8123d5bdda40fc93ab09d649e4c418" member_type: VOTER last_known_addr { host: "127.20.94.130" port: 44819 } } peers { permanent_uuid: "4c3fc45ac0f14b1aba461330427c586f" member_type: VOTER last_known_addr { host: "127.20.94.131" port: 39787 } }
I20260601 13:24:57.754956 23376 catalog_manager.cc:5696] T 8c25bf5e4cbf43f8998f3ac6fb993656 P 4c3fc45ac0f14b1aba461330427c586f reported cstate change: term changed from 0 to 1, leader changed from <none> to 4c3fc45ac0f14b1aba461330427c586f (127.20.94.131). New cstate: current_term: 1 leader_uuid: "4c3fc45ac0f14b1aba461330427c586f" committed_config { opid_index: -1 OBSOLETE_local: false peers { permanent_uuid: "7a53c2edf75242d88165d3ab827b58e4" member_type: VOTER last_known_addr { host: "127.20.94.129" port: 44619 } health_report { overall_health: UNKNOWN } } peers { permanent_uuid: "6c8123d5bdda40fc93ab09d649e4c418" member_type: VOTER last_known_addr { host: "127.20.94.130" port: 44819 } health_report { overall_health: UNKNOWN } } peers { permanent_uuid: "4c3fc45ac0f14b1aba461330427c586f" member_type: VOTER last_known_addr { host: "127.20.94.131" port: 39787 } health_report { overall_health: HEALTHY } } }
I20260601 13:24:57.807014 20858 tablet_server.cc:179] TabletServer@127.20.94.129:0 shutting down...
I20260601 13:24:57.810983 20858 ts_tablet_manager.cc:1507] Shutting down tablet manager...
I20260601 13:24:57.811290 20858 tablet_replica.cc:333] T 8c25bf5e4cbf43f8998f3ac6fb993656 P 7a53c2edf75242d88165d3ab827b58e4: stopping tablet replica
I20260601 13:24:57.811440 20858 raft_consensus.cc:2243] T 8c25bf5e4cbf43f8998f3ac6fb993656 P 7a53c2edf75242d88165d3ab827b58e4 [term 1 FOLLOWER]: Raft consensus shutting down.
I20260601 13:24:57.811580 20858 raft_consensus.cc:2272] T 8c25bf5e4cbf43f8998f3ac6fb993656 P 7a53c2edf75242d88165d3ab827b58e4 [term 1 FOLLOWER]: Raft consensus is shut down!
I20260601 13:24:57.812240 20858 tablet_replica.cc:333] T 3bdd0af3dce04479a1ac04da8d2fc506 P 7a53c2edf75242d88165d3ab827b58e4: stopping tablet replica
I20260601 13:24:57.812369 20858 raft_consensus.cc:2243] T 3bdd0af3dce04479a1ac04da8d2fc506 P 7a53c2edf75242d88165d3ab827b58e4 [term 1 FOLLOWER]: Raft consensus shutting down.
I20260601 13:24:57.812487 20858 raft_consensus.cc:2272] T 3bdd0af3dce04479a1ac04da8d2fc506 P 7a53c2edf75242d88165d3ab827b58e4 [term 1 FOLLOWER]: Raft consensus is shut down!
I20260601 13:24:57.812920 20858 tablet_replica.cc:333] T e5e5cb8f9a95499283f13b0dc816f94a P 7a53c2edf75242d88165d3ab827b58e4: stopping tablet replica
I20260601 13:24:57.813035 20858 raft_consensus.cc:2243] T e5e5cb8f9a95499283f13b0dc816f94a P 7a53c2edf75242d88165d3ab827b58e4 [term 1 LEADER]: Raft consensus shutting down.
I20260601 13:24:57.813203 20858 pending_rounds.cc:70] T e5e5cb8f9a95499283f13b0dc816f94a P 7a53c2edf75242d88165d3ab827b58e4: Trying to abort 1 pending ops.
I20260601 13:24:57.813310 20858 pending_rounds.cc:77] T e5e5cb8f9a95499283f13b0dc816f94a P 7a53c2edf75242d88165d3ab827b58e4: Aborting op as it isn't in flight: id { term: 1 index: 1 } timestamp: 7292191938864443392 op_type: NO_OP noop_request { }
I20260601 13:24:57.813417 20858 raft_consensus.cc:2889] T e5e5cb8f9a95499283f13b0dc816f94a P 7a53c2edf75242d88165d3ab827b58e4 [term 1 LEADER]: NO_OP replication failed: Aborted: Op aborted
I20260601 13:24:57.813482 20858 raft_consensus.cc:2272] T e5e5cb8f9a95499283f13b0dc816f94a P 7a53c2edf75242d88165d3ab827b58e4 [term 1 FOLLOWER]: Raft consensus is shut down!
I20260601 13:24:57.814019 20858 tablet_replica.cc:333] T 3be8616589ca4c50b7346b3f1023d095 P 7a53c2edf75242d88165d3ab827b58e4: stopping tablet replica
I20260601 13:24:57.814131 20858 raft_consensus.cc:2243] T 3be8616589ca4c50b7346b3f1023d095 P 7a53c2edf75242d88165d3ab827b58e4 [term 1 FOLLOWER]: Raft consensus shutting down.
I20260601 13:24:57.814227 20858 raft_consensus.cc:2272] T 3be8616589ca4c50b7346b3f1023d095 P 7a53c2edf75242d88165d3ab827b58e4 [term 1 FOLLOWER]: Raft consensus is shut down!
I20260601 13:24:57.827549 20858 tablet_server.cc:196] TabletServer@127.20.94.129:0 shutdown complete.
I20260601 13:24:57.829968 20858 tablet_server.cc:179] TabletServer@127.20.94.130:0 shutting down...
I20260601 13:24:57.833734 20858 ts_tablet_manager.cc:1507] Shutting down tablet manager...
I20260601 13:24:57.834046 20858 tablet_replica.cc:333] T 3bdd0af3dce04479a1ac04da8d2fc506 P 6c8123d5bdda40fc93ab09d649e4c418: stopping tablet replica
I20260601 13:24:57.834215 20858 raft_consensus.cc:2243] T 3bdd0af3dce04479a1ac04da8d2fc506 P 6c8123d5bdda40fc93ab09d649e4c418 [term 1 FOLLOWER]: Raft consensus shutting down.
I20260601 13:24:57.834362 20858 raft_consensus.cc:2272] T 3bdd0af3dce04479a1ac04da8d2fc506 P 6c8123d5bdda40fc93ab09d649e4c418 [term 1 FOLLOWER]: Raft consensus is shut down!
I20260601 13:24:57.834903 20858 tablet_replica.cc:333] T e5e5cb8f9a95499283f13b0dc816f94a P 6c8123d5bdda40fc93ab09d649e4c418: stopping tablet replica
I20260601 13:24:57.835026 20858 raft_consensus.cc:2243] T e5e5cb8f9a95499283f13b0dc816f94a P 6c8123d5bdda40fc93ab09d649e4c418 [term 1 FOLLOWER]: Raft consensus shutting down.
I20260601 13:24:57.835144 20858 raft_consensus.cc:2272] T e5e5cb8f9a95499283f13b0dc816f94a P 6c8123d5bdda40fc93ab09d649e4c418 [term 1 FOLLOWER]: Raft consensus is shut down!
I20260601 13:24:57.835572 20858 tablet_replica.cc:333] T 8c25bf5e4cbf43f8998f3ac6fb993656 P 6c8123d5bdda40fc93ab09d649e4c418: stopping tablet replica
I20260601 13:24:57.835686 20858 raft_consensus.cc:2243] T 8c25bf5e4cbf43f8998f3ac6fb993656 P 6c8123d5bdda40fc93ab09d649e4c418 [term 1 FOLLOWER]: Raft consensus shutting down.
I20260601 13:24:57.835808 20858 raft_consensus.cc:2272] T 8c25bf5e4cbf43f8998f3ac6fb993656 P 6c8123d5bdda40fc93ab09d649e4c418 [term 1 FOLLOWER]: Raft consensus is shut down!
I20260601 13:24:57.836258 20858 tablet_replica.cc:333] T 3be8616589ca4c50b7346b3f1023d095 P 6c8123d5bdda40fc93ab09d649e4c418: stopping tablet replica
I20260601 13:24:57.836365 20858 raft_consensus.cc:2243] T 3be8616589ca4c50b7346b3f1023d095 P 6c8123d5bdda40fc93ab09d649e4c418 [term 1 LEADER]: Raft consensus shutting down.
I20260601 13:24:57.836516 20858 pending_rounds.cc:70] T 3be8616589ca4c50b7346b3f1023d095 P 6c8123d5bdda40fc93ab09d649e4c418: Trying to abort 1 pending ops.
I20260601 13:24:57.836546 20858 pending_rounds.cc:77] T 3be8616589ca4c50b7346b3f1023d095 P 6c8123d5bdda40fc93ab09d649e4c418: Aborting op as it isn't in flight: id { term: 1 index: 1 } timestamp: 7292191939226599424 op_type: NO_OP noop_request { }
I20260601 13:24:57.836639 20858 raft_consensus.cc:2889] T 3be8616589ca4c50b7346b3f1023d095 P 6c8123d5bdda40fc93ab09d649e4c418 [term 1 LEADER]: NO_OP replication failed: Aborted: Op aborted
I20260601 13:24:57.836700 20858 raft_consensus.cc:2272] T 3be8616589ca4c50b7346b3f1023d095 P 6c8123d5bdda40fc93ab09d649e4c418 [term 1 FOLLOWER]: Raft consensus is shut down!
I20260601 13:24:57.850216 20858 tablet_server.cc:196] TabletServer@127.20.94.130:0 shutdown complete.
I20260601 13:24:57.852664 20858 tablet_server.cc:179] TabletServer@127.20.94.131:0 shutting down...
I20260601 13:24:57.856685 20858 ts_tablet_manager.cc:1507] Shutting down tablet manager...
I20260601 13:24:57.857002 20858 tablet_replica.cc:333] T 3bdd0af3dce04479a1ac04da8d2fc506 P 4c3fc45ac0f14b1aba461330427c586f: stopping tablet replica
I20260601 13:24:57.857218 20858 raft_consensus.cc:2243] T 3bdd0af3dce04479a1ac04da8d2fc506 P 4c3fc45ac0f14b1aba461330427c586f [term 1 LEADER]: Raft consensus shutting down.
I20260601 13:24:57.857411 20858 pending_rounds.cc:70] T 3bdd0af3dce04479a1ac04da8d2fc506 P 4c3fc45ac0f14b1aba461330427c586f: Trying to abort 1 pending ops.
I20260601 13:24:57.857440 20858 pending_rounds.cc:77] T 3bdd0af3dce04479a1ac04da8d2fc506 P 4c3fc45ac0f14b1aba461330427c586f: Aborting op as it isn't in flight: id { term: 1 index: 1 } timestamp: 7292191939379265536 op_type: NO_OP noop_request { }
I20260601 13:24:57.857504 20858 raft_consensus.cc:2889] T 3bdd0af3dce04479a1ac04da8d2fc506 P 4c3fc45ac0f14b1aba461330427c586f [term 1 LEADER]: NO_OP replication failed: Aborted: Op aborted
I20260601 13:24:57.857549 20858 raft_consensus.cc:2272] T 3bdd0af3dce04479a1ac04da8d2fc506 P 4c3fc45ac0f14b1aba461330427c586f [term 1 FOLLOWER]: Raft consensus is shut down!
I20260601 13:24:57.858207 20858 tablet_replica.cc:333] T e5e5cb8f9a95499283f13b0dc816f94a P 4c3fc45ac0f14b1aba461330427c586f: stopping tablet replica
I20260601 13:24:57.858294 20858 raft_consensus.cc:2243] T e5e5cb8f9a95499283f13b0dc816f94a P 4c3fc45ac0f14b1aba461330427c586f [term 1 FOLLOWER]: Raft consensus shutting down.
I20260601 13:24:57.858371 20858 raft_consensus.cc:2272] T e5e5cb8f9a95499283f13b0dc816f94a P 4c3fc45ac0f14b1aba461330427c586f [term 1 FOLLOWER]: Raft consensus is shut down!
I20260601 13:24:57.858791 20858 tablet_replica.cc:333] T 3be8616589ca4c50b7346b3f1023d095 P 4c3fc45ac0f14b1aba461330427c586f: stopping tablet replica
I20260601 13:24:57.858865 20858 raft_consensus.cc:2243] T 3be8616589ca4c50b7346b3f1023d095 P 4c3fc45ac0f14b1aba461330427c586f [term 1 FOLLOWER]: Raft consensus shutting down.
I20260601 13:24:57.858937 20858 raft_consensus.cc:2272] T 3be8616589ca4c50b7346b3f1023d095 P 4c3fc45ac0f14b1aba461330427c586f [term 1 FOLLOWER]: Raft consensus is shut down!
I20260601 13:24:57.859365 20858 tablet_replica.cc:333] T 8c25bf5e4cbf43f8998f3ac6fb993656 P 4c3fc45ac0f14b1aba461330427c586f: stopping tablet replica
I20260601 13:24:57.859436 20858 raft_consensus.cc:2243] T 8c25bf5e4cbf43f8998f3ac6fb993656 P 4c3fc45ac0f14b1aba461330427c586f [term 1 LEADER]: Raft consensus shutting down.
I20260601 13:24:57.859541 20858 pending_rounds.cc:70] T 8c25bf5e4cbf43f8998f3ac6fb993656 P 4c3fc45ac0f14b1aba461330427c586f: Trying to abort 1 pending ops.
I20260601 13:24:57.859567 20858 pending_rounds.cc:77] T 8c25bf5e4cbf43f8998f3ac6fb993656 P 4c3fc45ac0f14b1aba461330427c586f: Aborting op as it isn't in flight: id { term: 1 index: 1 } timestamp: 7292191939599073280 op_type: NO_OP noop_request { }
I20260601 13:24:57.859629 20858 raft_consensus.cc:2889] T 8c25bf5e4cbf43f8998f3ac6fb993656 P 4c3fc45ac0f14b1aba461330427c586f [term 1 LEADER]: NO_OP replication failed: Aborted: Op aborted
I20260601 13:24:57.859671 20858 raft_consensus.cc:2272] T 8c25bf5e4cbf43f8998f3ac6fb993656 P 4c3fc45ac0f14b1aba461330427c586f [term 1 FOLLOWER]: Raft consensus is shut down!
I20260601 13:24:57.873104 20858 tablet_server.cc:196] TabletServer@127.20.94.131:0 shutdown complete.
I20260601 13:24:57.875469 20858 master.cc:562] Master@127.20.94.190:35647 shutting down...
I20260601 13:24:57.878798 20858 raft_consensus.cc:2243] T 00000000000000000000000000000000 P 2eb2f65123624a23956e247ade8ccb06 [term 1 LEADER]: Raft consensus shutting down.
I20260601 13:24:57.878955 20858 raft_consensus.cc:2272] T 00000000000000000000000000000000 P 2eb2f65123624a23956e247ade8ccb06 [term 1 FOLLOWER]: Raft consensus is shut down!
I20260601 13:24:57.879005 20858 tablet_replica.cc:333] T 00000000000000000000000000000000 P 2eb2f65123624a23956e247ade8ccb06: stopping tablet replica
I20260601 13:24:57.891945 20858 master.cc:584] Master@127.20.94.190:35647 shutdown complete.
[       OK ] AutoRebalancerTest.RangeAwareBuildClusterInfoGroupsByRange (1622 ms)
[ RUN      ] AutoRebalancerTest.RangeAwareRebalancesNewRangeReplicas
I20260601 13:24:57.900738 20858 internal_mini_cluster.cc:156] Creating distributed mini masters. Addrs: 127.20.94.190:33209
I20260601 13:24:57.901100 20858 file_cache.cc:492] Constructed file cache file cache with capacity 419430
W20260601 13:24:57.902901 23712 instance_detector.cc:116] could not retrieve OpenStack instance metadata: Network error: curl error: HTTP response code said error: The requested URL returned error: 404
W20260601 13:24:57.902925 23709 instance_detector.cc:116] could not retrieve AWS instance metadata: Network error: curl error: HTTP response code said error: The requested URL returned error: 404
W20260601 13:24:57.903012 23710 instance_detector.cc:116] could not retrieve Azure instance metadata: Network error: curl error: HTTP response code said error: The requested URL returned error: 404
I20260601 13:24:57.903074 20858 server_base.cc:1061] running on GCE node
I20260601 13:24:57.903312 20858 hybrid_clock.cc:584] initializing the hybrid clock with 'system_unsync' time source
W20260601 13:24:57.903354 20858 system_unsync_time.cc:38] NTP support is disabled. Clock error bounds will not be accurate. This configuration is not suitable for distributed clusters.
I20260601 13:24:57.903369 20858 hybrid_clock.cc:648] HybridClock initialized: now 1780320297903369 us; error 0 us; skew 500 ppm
I20260601 13:24:57.904320 20858 webserver.cc:533] Webserver started at http://127.20.94.190:39653/ using document root <none> and password file <none>
I20260601 13:24:57.904462 20858 fs_manager.cc:362] Metadata directory not provided
I20260601 13:24:57.904508 20858 fs_manager.cc:368] Using write-ahead log directory (fs_wal_dir) as metadata directory
I20260601 13:24:57.904562 20858 server_base.cc:909] This appears to be a new deployment of Kudu; creating new FS layout
I20260601 13:24:57.904922 20858 fs_manager.cc:1068] Generated new instance metadata in path /tmp/dist-test-taskIFRo5B/test-tmp/auto_rebalancer-test.0.AutoRebalancerTest.RangeAwareRebalancesNewRangeReplicas.1780320228740137-20858-0/minicluster-data/master-0-root/instance:
uuid: "ffafd7193d814727b1bdd9f45cca88da"
format_stamp: "Formatted at 2026-06-01 13:24:57 on dist-test-slave-mrvn"
I20260601 13:24:57.906409 20858 fs_manager.cc:696] Time spent creating directory manager: real 0.001s	user 0.002s	sys 0.000s
I20260601 13:24:57.907395 23717 log_block_manager.cc:4031] Time spent loading block containers with low live blocks: real 0.000s	user 0.000s	sys 0.000s
I20260601 13:24:57.907642 20858 fs_manager.cc:730] Time spent opening block manager: real 0.001s	user 0.001s	sys 0.000s
I20260601 13:24:57.907728 20858 fs_manager.cc:647] Opened local filesystem: /tmp/dist-test-taskIFRo5B/test-tmp/auto_rebalancer-test.0.AutoRebalancerTest.RangeAwareRebalancesNewRangeReplicas.1780320228740137-20858-0/minicluster-data/master-0-root
uuid: "ffafd7193d814727b1bdd9f45cca88da"
format_stamp: "Formatted at 2026-06-01 13:24:57 on dist-test-slave-mrvn"
I20260601 13:24:57.907821 20858 fs_report.cc:389] FS layout report
--------------------
wal directory: /tmp/dist-test-taskIFRo5B/test-tmp/auto_rebalancer-test.0.AutoRebalancerTest.RangeAwareRebalancesNewRangeReplicas.1780320228740137-20858-0/minicluster-data/master-0-root
metadata directory: /tmp/dist-test-taskIFRo5B/test-tmp/auto_rebalancer-test.0.AutoRebalancerTest.RangeAwareRebalancesNewRangeReplicas.1780320228740137-20858-0/minicluster-data/master-0-root
1 data directories: /tmp/dist-test-taskIFRo5B/test-tmp/auto_rebalancer-test.0.AutoRebalancerTest.RangeAwareRebalancesNewRangeReplicas.1780320228740137-20858-0/minicluster-data/master-0-root/data
Total live blocks: 0
Total live bytes: 0
Total live bytes (after alignment): 0
Total number of LBM containers: 0 (0 full)
Did not check for missing blocks
Did not check for orphaned blocks
Total full LBM containers with extra space: 0 (0 repaired)
Total full LBM container extra space in bytes: 0 (0 repaired)
Total incomplete LBM containers: 0 (0 repaired)
Total LBM partial records: 0 (0 repaired)
Total corrupted LBM metadata records in RocksDB: 0 (0 repaired)
I20260601 13:24:57.918709 20858 rpc_server.cc:225] running with OpenSSL 1.1.1  11 Sep 2018
I20260601 13:24:57.919178 20858 kserver.cc:163] Server-wide thread pool size limit: 3276
I20260601 13:24:57.923411 20858 rpc_server.cc:307] RPC server started. Bound to: 127.20.94.190:33209
I20260601 13:24:57.926853 23769 acceptor_pool.cc:272] collecting diagnostics on the listening RPC socket 127.20.94.190:33209 every 8 connection(s)
I20260601 13:24:57.927364 23770 data_dirs.cc:400] Could only allocate 1 dirs of requested 3 for tablet 00000000000000000000000000000000. 1 dirs total, 0 dirs full, 0 dirs failed
I20260601 13:24:57.929311 23770 tablet_bootstrap.cc:492] T 00000000000000000000000000000000 P ffafd7193d814727b1bdd9f45cca88da: Bootstrap starting.
I20260601 13:24:57.930163 23770 tablet_bootstrap.cc:654] T 00000000000000000000000000000000 P ffafd7193d814727b1bdd9f45cca88da: Neither blocks nor log segments found. Creating new log.
I20260601 13:24:57.931274 23770 tablet_bootstrap.cc:492] T 00000000000000000000000000000000 P ffafd7193d814727b1bdd9f45cca88da: No bootstrap required, opened a new log
I20260601 13:24:57.931701 23770 raft_consensus.cc:359] T 00000000000000000000000000000000 P ffafd7193d814727b1bdd9f45cca88da [term 0 FOLLOWER]: Replica starting. Triggering 0 pending ops. Active config: opid_index: -1 OBSOLETE_local: true peers { permanent_uuid: "ffafd7193d814727b1bdd9f45cca88da" member_type: VOTER }
I20260601 13:24:57.931792 23770 raft_consensus.cc:385] T 00000000000000000000000000000000 P ffafd7193d814727b1bdd9f45cca88da [term 0 FOLLOWER]: Consensus starting up: Expiring failure detector timer to make a prompt election more likely
I20260601 13:24:57.931849 23770 raft_consensus.cc:740] T 00000000000000000000000000000000 P ffafd7193d814727b1bdd9f45cca88da [term 0 FOLLOWER]: Becoming Follower/Learner. State: Replica: ffafd7193d814727b1bdd9f45cca88da, State: Initialized, Role: FOLLOWER
I20260601 13:24:57.932060 23770 consensus_queue.cc:260] T 00000000000000000000000000000000 P ffafd7193d814727b1bdd9f45cca88da [NON_LEADER]: Queue going to NON_LEADER mode. State: All replicated index: 0, Majority replicated index: 0, Committed index: 0, Last appended: 0.0, Last appended by leader: 0, Current term: 0, Majority size: -1, State: 0, Mode: NON_LEADER, active raft config: opid_index: -1 OBSOLETE_local: true peers { permanent_uuid: "ffafd7193d814727b1bdd9f45cca88da" member_type: VOTER }
I20260601 13:24:57.932137 23770 raft_consensus.cc:399] T 00000000000000000000000000000000 P ffafd7193d814727b1bdd9f45cca88da [term 0 FOLLOWER]: Only one voter in the Raft config. Triggering election immediately
I20260601 13:24:57.932190 23770 raft_consensus.cc:493] T 00000000000000000000000000000000 P ffafd7193d814727b1bdd9f45cca88da [term 0 FOLLOWER]: Starting leader election (initial election of a single-replica configuration)
I20260601 13:24:57.932250 23770 raft_consensus.cc:3060] T 00000000000000000000000000000000 P ffafd7193d814727b1bdd9f45cca88da [term 0 FOLLOWER]: Advancing to term 1
I20260601 13:24:57.932998 23770 raft_consensus.cc:515] T 00000000000000000000000000000000 P ffafd7193d814727b1bdd9f45cca88da [term 1 FOLLOWER]: Starting leader election with config: opid_index: -1 OBSOLETE_local: true peers { permanent_uuid: "ffafd7193d814727b1bdd9f45cca88da" member_type: VOTER }
I20260601 13:24:57.933149 23770 leader_election.cc:304] T 00000000000000000000000000000000 P ffafd7193d814727b1bdd9f45cca88da [CANDIDATE]: Term 1 election: Election decided. Result: candidate won. Election summary: received 1 responses out of 1 voters: 1 yes votes; 0 no votes. yes voters: ffafd7193d814727b1bdd9f45cca88da; no voters: 
I20260601 13:24:57.933384 23770 leader_election.cc:290] T 00000000000000000000000000000000 P ffafd7193d814727b1bdd9f45cca88da [CANDIDATE]: Term 1 election: Requested vote from peers 
I20260601 13:24:57.933519 23773 raft_consensus.cc:2804] T 00000000000000000000000000000000 P ffafd7193d814727b1bdd9f45cca88da [term 1 FOLLOWER]: Leader election won for term 1
I20260601 13:24:57.933779 23773 raft_consensus.cc:697] T 00000000000000000000000000000000 P ffafd7193d814727b1bdd9f45cca88da [term 1 LEADER]: Becoming Leader. State: Replica: ffafd7193d814727b1bdd9f45cca88da, State: Running, Role: LEADER
I20260601 13:24:57.933892 23770 sys_catalog.cc:565] T 00000000000000000000000000000000 P ffafd7193d814727b1bdd9f45cca88da [sys.catalog]: configured and running, proceeding with master startup.
I20260601 13:24:57.933935 23773 consensus_queue.cc:237] T 00000000000000000000000000000000 P ffafd7193d814727b1bdd9f45cca88da [LEADER]: Queue going to LEADER mode. State: All replicated index: 0, Majority replicated index: 0, Committed index: 0, Last appended: 0.0, Last appended by leader: 0, Current term: 1, Majority size: 1, State: 0, Mode: LEADER, active raft config: opid_index: -1 OBSOLETE_local: true peers { permanent_uuid: "ffafd7193d814727b1bdd9f45cca88da" member_type: VOTER }
I20260601 13:24:57.934389 23774 sys_catalog.cc:455] T 00000000000000000000000000000000 P ffafd7193d814727b1bdd9f45cca88da [sys.catalog]: SysCatalogTable state changed. Reason: RaftConsensus started. Latest consensus state: current_term: 1 leader_uuid: "ffafd7193d814727b1bdd9f45cca88da" committed_config { opid_index: -1 OBSOLETE_local: true peers { permanent_uuid: "ffafd7193d814727b1bdd9f45cca88da" member_type: VOTER } }
I20260601 13:24:57.934504 23774 sys_catalog.cc:458] T 00000000000000000000000000000000 P ffafd7193d814727b1bdd9f45cca88da [sys.catalog]: This master's current role is: LEADER
I20260601 13:24:57.934405 23775 sys_catalog.cc:455] T 00000000000000000000000000000000 P ffafd7193d814727b1bdd9f45cca88da [sys.catalog]: SysCatalogTable state changed. Reason: New leader ffafd7193d814727b1bdd9f45cca88da. Latest consensus state: current_term: 1 leader_uuid: "ffafd7193d814727b1bdd9f45cca88da" committed_config { opid_index: -1 OBSOLETE_local: true peers { permanent_uuid: "ffafd7193d814727b1bdd9f45cca88da" member_type: VOTER } }
I20260601 13:24:57.934731 23775 sys_catalog.cc:458] T 00000000000000000000000000000000 P ffafd7193d814727b1bdd9f45cca88da [sys.catalog]: This master's current role is: LEADER
I20260601 13:24:57.935061 23778 catalog_manager.cc:1510] Loading table and tablet metadata into memory...
I20260601 13:24:57.935860 23778 catalog_manager.cc:1519] Initializing Kudu cluster ID...
I20260601 13:24:57.936133 20858 internal_mini_cluster.cc:184] Waiting to initialize catalog manager on master 0
I20260601 13:24:57.938011 23778 catalog_manager.cc:1382] Generated new cluster ID: c70029e2b315494ea638fac540908475
I20260601 13:24:57.938077 23778 catalog_manager.cc:1530] Initializing Kudu internal certificate authority...
I20260601 13:24:57.966532 23778 catalog_manager.cc:1405] Generated new certificate authority record
I20260601 13:24:57.967095 23778 catalog_manager.cc:1539] Loading token signing keys...
I20260601 13:24:57.979588 23778 catalog_manager.cc:6069] T 00000000000000000000000000000000 P ffafd7193d814727b1bdd9f45cca88da: Generated new TSK 0
I20260601 13:24:57.979776 23778 catalog_manager.cc:1549] Initializing in-progress tserver states...
I20260601 13:24:58.001155 20858 file_cache.cc:492] Constructed file cache file cache with capacity 419430
W20260601 13:24:58.003420 23791 instance_detector.cc:116] could not retrieve AWS instance metadata: Network error: curl error: HTTP response code said error: The requested URL returned error: 404
W20260601 13:24:58.003468 23794 instance_detector.cc:116] could not retrieve OpenStack instance metadata: Network error: curl error: HTTP response code said error: The requested URL returned error: 404
W20260601 13:24:58.003521 23792 instance_detector.cc:116] could not retrieve Azure instance metadata: Network error: curl error: HTTP response code said error: The requested URL returned error: 404
I20260601 13:24:58.004027 20858 server_base.cc:1061] running on GCE node
I20260601 13:24:58.004226 20858 hybrid_clock.cc:584] initializing the hybrid clock with 'system_unsync' time source
W20260601 13:24:58.004264 20858 system_unsync_time.cc:38] NTP support is disabled. Clock error bounds will not be accurate. This configuration is not suitable for distributed clusters.
I20260601 13:24:58.004280 20858 hybrid_clock.cc:648] HybridClock initialized: now 1780320298004280 us; error 0 us; skew 500 ppm
I20260601 13:24:58.005149 20858 webserver.cc:533] Webserver started at http://127.20.94.129:34499/ using document root <none> and password file <none>
I20260601 13:24:58.005285 20858 fs_manager.cc:362] Metadata directory not provided
I20260601 13:24:58.005327 20858 fs_manager.cc:368] Using write-ahead log directory (fs_wal_dir) as metadata directory
I20260601 13:24:58.005381 20858 server_base.cc:909] This appears to be a new deployment of Kudu; creating new FS layout
I20260601 13:24:58.005753 20858 fs_manager.cc:1068] Generated new instance metadata in path /tmp/dist-test-taskIFRo5B/test-tmp/auto_rebalancer-test.0.AutoRebalancerTest.RangeAwareRebalancesNewRangeReplicas.1780320228740137-20858-0/minicluster-data/ts-0-root/instance:
uuid: "937650c586bb4c23b0bcafb7711910c1"
format_stamp: "Formatted at 2026-06-01 13:24:58 on dist-test-slave-mrvn"
I20260601 13:24:58.007308 20858 fs_manager.cc:696] Time spent creating directory manager: real 0.001s	user 0.001s	sys 0.001s
I20260601 13:24:58.008242 23799 log_block_manager.cc:4031] Time spent loading block containers with low live blocks: real 0.000s	user 0.000s	sys 0.000s
I20260601 13:24:58.008543 20858 fs_manager.cc:730] Time spent opening block manager: real 0.001s	user 0.001s	sys 0.000s
I20260601 13:24:58.008605 20858 fs_manager.cc:647] Opened local filesystem: /tmp/dist-test-taskIFRo5B/test-tmp/auto_rebalancer-test.0.AutoRebalancerTest.RangeAwareRebalancesNewRangeReplicas.1780320228740137-20858-0/minicluster-data/ts-0-root
uuid: "937650c586bb4c23b0bcafb7711910c1"
format_stamp: "Formatted at 2026-06-01 13:24:58 on dist-test-slave-mrvn"
I20260601 13:24:58.008664 20858 fs_report.cc:389] FS layout report
--------------------
wal directory: /tmp/dist-test-taskIFRo5B/test-tmp/auto_rebalancer-test.0.AutoRebalancerTest.RangeAwareRebalancesNewRangeReplicas.1780320228740137-20858-0/minicluster-data/ts-0-root
metadata directory: /tmp/dist-test-taskIFRo5B/test-tmp/auto_rebalancer-test.0.AutoRebalancerTest.RangeAwareRebalancesNewRangeReplicas.1780320228740137-20858-0/minicluster-data/ts-0-root
1 data directories: /tmp/dist-test-taskIFRo5B/test-tmp/auto_rebalancer-test.0.AutoRebalancerTest.RangeAwareRebalancesNewRangeReplicas.1780320228740137-20858-0/minicluster-data/ts-0-root/data
Total live blocks: 0
Total live bytes: 0
Total live bytes (after alignment): 0
Total number of LBM containers: 0 (0 full)
Did not check for missing blocks
Did not check for orphaned blocks
Total full LBM containers with extra space: 0 (0 repaired)
Total full LBM container extra space in bytes: 0 (0 repaired)
Total incomplete LBM containers: 0 (0 repaired)
Total LBM partial records: 0 (0 repaired)
Total corrupted LBM metadata records in RocksDB: 0 (0 repaired)
I20260601 13:24:58.025296 20858 rpc_server.cc:225] running with OpenSSL 1.1.1  11 Sep 2018
I20260601 13:24:58.025745 20858 kserver.cc:163] Server-wide thread pool size limit: 3276
I20260601 13:24:58.026078 20858 txn_system_client.cc:432] TxnSystemClient initialization is disabled...
I20260601 13:24:58.026568 20858 ts_tablet_manager.cc:585] Loaded tablet metadata (0 total tablets, 0 live tablets)
I20260601 13:24:58.026631 20858 ts_tablet_manager.cc:531] Time spent load tablet metadata: real 0.000s	user 0.000s	sys 0.000s
I20260601 13:24:58.026691 20858 ts_tablet_manager.cc:616] Registered 0 tablets
I20260601 13:24:58.026726 20858 ts_tablet_manager.cc:595] Time spent register tablets: real 0.000s	user 0.000s	sys 0.000s
I20260601 13:24:58.030979 20858 rpc_server.cc:307] RPC server started. Bound to: 127.20.94.129:38425
I20260601 13:24:58.031016 23862 acceptor_pool.cc:272] collecting diagnostics on the listening RPC socket 127.20.94.129:38425 every 8 connection(s)
I20260601 13:24:58.031910 20858 file_cache.cc:492] Constructed file cache file cache with capacity 419430
W20260601 13:24:58.033900 23868 instance_detector.cc:116] could not retrieve Azure instance metadata: Network error: curl error: HTTP response code said error: The requested URL returned error: 404
W20260601 13:24:58.033906 23867 instance_detector.cc:116] could not retrieve AWS instance metadata: Network error: curl error: HTTP response code said error: The requested URL returned error: 404
W20260601 13:24:58.033999 23870 instance_detector.cc:116] could not retrieve OpenStack instance metadata: Network error: curl error: HTTP response code said error: The requested URL returned error: 404
I20260601 13:24:58.034209 20858 server_base.cc:1061] running on GCE node
I20260601 13:24:58.034405 20858 hybrid_clock.cc:584] initializing the hybrid clock with 'system_unsync' time source
W20260601 13:24:58.034456 20858 system_unsync_time.cc:38] NTP support is disabled. Clock error bounds will not be accurate. This configuration is not suitable for distributed clusters.
I20260601 13:24:58.034472 20858 hybrid_clock.cc:648] HybridClock initialized: now 1780320298034472 us; error 0 us; skew 500 ppm
I20260601 13:24:58.035461 20858 webserver.cc:533] Webserver started at http://127.20.94.130:38311/ using document root <none> and password file <none>
I20260601 13:24:58.035719 20858 fs_manager.cc:362] Metadata directory not provided
I20260601 13:24:58.035821 20858 fs_manager.cc:368] Using write-ahead log directory (fs_wal_dir) as metadata directory
I20260601 13:24:58.035900 20858 server_base.cc:909] This appears to be a new deployment of Kudu; creating new FS layout
I20260601 13:24:58.036384 20858 fs_manager.cc:1068] Generated new instance metadata in path /tmp/dist-test-taskIFRo5B/test-tmp/auto_rebalancer-test.0.AutoRebalancerTest.RangeAwareRebalancesNewRangeReplicas.1780320228740137-20858-0/minicluster-data/ts-1-root/instance:
uuid: "5bf88c75b9bf4b2fafb83d1a1f6fea4d"
format_stamp: "Formatted at 2026-06-01 13:24:58 on dist-test-slave-mrvn"
I20260601 13:24:58.036891 23863 heartbeater.cc:344] Connected to a master server at 127.20.94.190:33209
I20260601 13:24:58.036995 23863 heartbeater.cc:461] Registering TS with master...
I20260601 13:24:58.037263 23863 heartbeater.cc:507] Master 127.20.94.190:33209 requested a full tablet report, sending...
I20260601 13:24:58.037976 23734 ts_manager.cc:194] Registered new tserver with Master: 937650c586bb4c23b0bcafb7711910c1 (127.20.94.129:38425)
I20260601 13:24:58.038146 20858 fs_manager.cc:696] Time spent creating directory manager: real 0.002s	user 0.000s	sys 0.002s
I20260601 13:24:58.038738 23734 master_service.cc:502] Signed X509 certificate for tserver {username='slave'} at 127.0.0.1:33056
I20260601 13:24:58.039162 23875 log_block_manager.cc:4031] Time spent loading block containers with low live blocks: real 0.000s	user 0.000s	sys 0.000s
I20260601 13:24:58.039422 20858 fs_manager.cc:730] Time spent opening block manager: real 0.001s	user 0.000s	sys 0.001s
I20260601 13:24:58.039490 20858 fs_manager.cc:647] Opened local filesystem: /tmp/dist-test-taskIFRo5B/test-tmp/auto_rebalancer-test.0.AutoRebalancerTest.RangeAwareRebalancesNewRangeReplicas.1780320228740137-20858-0/minicluster-data/ts-1-root
uuid: "5bf88c75b9bf4b2fafb83d1a1f6fea4d"
format_stamp: "Formatted at 2026-06-01 13:24:58 on dist-test-slave-mrvn"
I20260601 13:24:58.039579 20858 fs_report.cc:389] FS layout report
--------------------
wal directory: /tmp/dist-test-taskIFRo5B/test-tmp/auto_rebalancer-test.0.AutoRebalancerTest.RangeAwareRebalancesNewRangeReplicas.1780320228740137-20858-0/minicluster-data/ts-1-root
metadata directory: /tmp/dist-test-taskIFRo5B/test-tmp/auto_rebalancer-test.0.AutoRebalancerTest.RangeAwareRebalancesNewRangeReplicas.1780320228740137-20858-0/minicluster-data/ts-1-root
1 data directories: /tmp/dist-test-taskIFRo5B/test-tmp/auto_rebalancer-test.0.AutoRebalancerTest.RangeAwareRebalancesNewRangeReplicas.1780320228740137-20858-0/minicluster-data/ts-1-root/data
Total live blocks: 0
Total live bytes: 0
Total live bytes (after alignment): 0
Total number of LBM containers: 0 (0 full)
Did not check for missing blocks
Did not check for orphaned blocks
Total full LBM containers with extra space: 0 (0 repaired)
Total full LBM container extra space in bytes: 0 (0 repaired)
Total incomplete LBM containers: 0 (0 repaired)
Total LBM partial records: 0 (0 repaired)
Total corrupted LBM metadata records in RocksDB: 0 (0 repaired)
I20260601 13:24:58.056166 20858 rpc_server.cc:225] running with OpenSSL 1.1.1  11 Sep 2018
I20260601 13:24:58.056675 20858 kserver.cc:163] Server-wide thread pool size limit: 3276
I20260601 13:24:58.056996 20858 txn_system_client.cc:432] TxnSystemClient initialization is disabled...
I20260601 13:24:58.057509 20858 ts_tablet_manager.cc:585] Loaded tablet metadata (0 total tablets, 0 live tablets)
I20260601 13:24:58.057575 20858 ts_tablet_manager.cc:531] Time spent load tablet metadata: real 0.000s	user 0.000s	sys 0.000s
I20260601 13:24:58.057623 20858 ts_tablet_manager.cc:616] Registered 0 tablets
I20260601 13:24:58.057677 20858 ts_tablet_manager.cc:595] Time spent register tablets: real 0.000s	user 0.000s	sys 0.000s
I20260601 13:24:58.061951 20858 rpc_server.cc:307] RPC server started. Bound to: 127.20.94.130:35107
