I20260601 13:25:37.022182 26610 tablet_service.cc:1917] Received RequestConsensusVote() RPC: tablet_id: "13cbe6311f744efc86868708872b32db" candidate_uuid: "ba6e4de4a8424f5da388b4a72d00feb9" candidate_term: 1 candidate_status { last_received { term: 0 index: 0 } } ignore_live_leader: false dest_uuid: "6bc7f8f78fbe481db4ab84dbeff815e8" is_pre_election: true
I20260601 13:25:37.022183 26686 tablet_service.cc:1917] Received RequestConsensusVote() RPC: tablet_id: "13cbe6311f744efc86868708872b32db" candidate_uuid: "ba6e4de4a8424f5da388b4a72d00feb9" candidate_term: 1 candidate_status { last_received { term: 0 index: 0 } } ignore_live_leader: false dest_uuid: "de91954e44e34af2b9ce17fb922ff1ff" is_pre_election: true
I20260601 13:25:37.022316 26610 raft_consensus.cc:2468] T 13cbe6311f744efc86868708872b32db P 6bc7f8f78fbe481db4ab84dbeff815e8 [term 0 FOLLOWER]: Leader pre-election vote request: Granting yes vote for candidate ba6e4de4a8424f5da388b4a72d00feb9 in term 0.
I20260601 13:25:37.022449 26686 raft_consensus.cc:2468] T 13cbe6311f744efc86868708872b32db P de91954e44e34af2b9ce17fb922ff1ff [term 0 FOLLOWER]: Leader pre-election vote request: Granting yes vote for candidate ba6e4de4a8424f5da388b4a72d00feb9 in term 0.
I20260601 13:25:37.022732 26499 leader_election.cc:304] T 13cbe6311f744efc86868708872b32db P ba6e4de4a8424f5da388b4a72d00feb9 [CANDIDATE]: Term 1 pre-election: Election decided. Result: candidate won. Election summary: received 2 responses out of 3 voters: 2 yes votes; 0 no votes. yes voters: 6bc7f8f78fbe481db4ab84dbeff815e8, ba6e4de4a8424f5da388b4a72d00feb9; no voters: 
I20260601 13:25:37.022910 26776 raft_consensus.cc:2804] T 13cbe6311f744efc86868708872b32db P ba6e4de4a8424f5da388b4a72d00feb9 [term 0 FOLLOWER]: Leader pre-election won for term 1
I20260601 13:25:37.022985 26776 raft_consensus.cc:493] T 13cbe6311f744efc86868708872b32db P ba6e4de4a8424f5da388b4a72d00feb9 [term 0 FOLLOWER]: Starting leader election (no leader contacted us within the election timeout)
I20260601 13:25:37.023036 26776 raft_consensus.cc:3060] T 13cbe6311f744efc86868708872b32db P ba6e4de4a8424f5da388b4a72d00feb9 [term 0 FOLLOWER]: Advancing to term 1
I20260601 13:25:37.024015 26776 raft_consensus.cc:515] T 13cbe6311f744efc86868708872b32db P ba6e4de4a8424f5da388b4a72d00feb9 [term 1 FOLLOWER]: Starting leader election with config: opid_index: -1 OBSOLETE_local: false peers { permanent_uuid: "ba6e4de4a8424f5da388b4a72d00feb9" member_type: VOTER last_known_addr { host: "127.21.124.1" port: 44947 } } peers { permanent_uuid: "6bc7f8f78fbe481db4ab84dbeff815e8" member_type: VOTER last_known_addr { host: "127.21.124.2" port: 42057 } } peers { permanent_uuid: "de91954e44e34af2b9ce17fb922ff1ff" member_type: VOTER last_known_addr { host: "127.21.124.3" port: 46543 } }
I20260601 13:25:37.024407 26776 leader_election.cc:290] T 13cbe6311f744efc86868708872b32db P ba6e4de4a8424f5da388b4a72d00feb9 [CANDIDATE]: Term 1 election: Requested vote from peers 6bc7f8f78fbe481db4ab84dbeff815e8 (127.21.124.2:42057), de91954e44e34af2b9ce17fb922ff1ff (127.21.124.3:46543)
I20260601 13:25:37.024739 26610 tablet_service.cc:1917] Received RequestConsensusVote() RPC: tablet_id: "13cbe6311f744efc86868708872b32db" candidate_uuid: "ba6e4de4a8424f5da388b4a72d00feb9" candidate_term: 1 candidate_status { last_received { term: 0 index: 0 } } ignore_live_leader: false dest_uuid: "6bc7f8f78fbe481db4ab84dbeff815e8"
I20260601 13:25:37.024813 26686 tablet_service.cc:1917] Received RequestConsensusVote() RPC: tablet_id: "13cbe6311f744efc86868708872b32db" candidate_uuid: "ba6e4de4a8424f5da388b4a72d00feb9" candidate_term: 1 candidate_status { last_received { term: 0 index: 0 } } ignore_live_leader: false dest_uuid: "de91954e44e34af2b9ce17fb922ff1ff"
I20260601 13:25:37.024852 26610 raft_consensus.cc:3060] T 13cbe6311f744efc86868708872b32db P 6bc7f8f78fbe481db4ab84dbeff815e8 [term 0 FOLLOWER]: Advancing to term 1
I20260601 13:25:37.024961 26686 raft_consensus.cc:3060] T 13cbe6311f744efc86868708872b32db P de91954e44e34af2b9ce17fb922ff1ff [term 0 FOLLOWER]: Advancing to term 1
I20260601 13:25:37.025802 26610 raft_consensus.cc:2468] T 13cbe6311f744efc86868708872b32db P 6bc7f8f78fbe481db4ab84dbeff815e8 [term 1 FOLLOWER]: Leader election vote request: Granting yes vote for candidate ba6e4de4a8424f5da388b4a72d00feb9 in term 1.
I20260601 13:25:37.025835 26686 raft_consensus.cc:2468] T 13cbe6311f744efc86868708872b32db P de91954e44e34af2b9ce17fb922ff1ff [term 1 FOLLOWER]: Leader election vote request: Granting yes vote for candidate ba6e4de4a8424f5da388b4a72d00feb9 in term 1.
I20260601 13:25:37.026113 26499 leader_election.cc:304] T 13cbe6311f744efc86868708872b32db P ba6e4de4a8424f5da388b4a72d00feb9 [CANDIDATE]: Term 1 election: Election decided. Result: candidate won. Election summary: received 2 responses out of 3 voters: 2 yes votes; 0 no votes. yes voters: 6bc7f8f78fbe481db4ab84dbeff815e8, ba6e4de4a8424f5da388b4a72d00feb9; no voters: 
I20260601 13:25:37.026310 26776 raft_consensus.cc:2804] T 13cbe6311f744efc86868708872b32db P ba6e4de4a8424f5da388b4a72d00feb9 [term 1 FOLLOWER]: Leader election won for term 1
I20260601 13:25:37.026408 26776 raft_consensus.cc:697] T 13cbe6311f744efc86868708872b32db P ba6e4de4a8424f5da388b4a72d00feb9 [term 1 LEADER]: Becoming Leader. State: Replica: ba6e4de4a8424f5da388b4a72d00feb9, State: Running, Role: LEADER
I20260601 13:25:37.026558 26776 consensus_queue.cc:237] T 13cbe6311f744efc86868708872b32db P ba6e4de4a8424f5da388b4a72d00feb9 [LEADER]: Queue going to LEADER mode. State: All replicated index: 0, Majority replicated index: 0, Committed index: 0, Last appended: 0.0, Last appended by leader: 0, Current term: 1, Majority size: 2, State: 0, Mode: LEADER, active raft config: opid_index: -1 OBSOLETE_local: false peers { permanent_uuid: "ba6e4de4a8424f5da388b4a72d00feb9" member_type: VOTER last_known_addr { host: "127.21.124.1" port: 44947 } } peers { permanent_uuid: "6bc7f8f78fbe481db4ab84dbeff815e8" member_type: VOTER last_known_addr { host: "127.21.124.2" port: 42057 } } peers { permanent_uuid: "de91954e44e34af2b9ce17fb922ff1ff" member_type: VOTER last_known_addr { host: "127.21.124.3" port: 46543 } }
I20260601 13:25:37.028625 26429 catalog_manager.cc:5696] T 13cbe6311f744efc86868708872b32db P ba6e4de4a8424f5da388b4a72d00feb9 reported cstate change: term changed from 0 to 1, leader changed from <none> to ba6e4de4a8424f5da388b4a72d00feb9 (127.21.124.1). New cstate: current_term: 1 leader_uuid: "ba6e4de4a8424f5da388b4a72d00feb9" committed_config { opid_index: -1 OBSOLETE_local: false peers { permanent_uuid: "ba6e4de4a8424f5da388b4a72d00feb9" member_type: VOTER last_known_addr { host: "127.21.124.1" port: 44947 } health_report { overall_health: HEALTHY } } peers { permanent_uuid: "6bc7f8f78fbe481db4ab84dbeff815e8" member_type: VOTER last_known_addr { host: "127.21.124.2" port: 42057 } health_report { overall_health: UNKNOWN } } peers { permanent_uuid: "de91954e44e34af2b9ce17fb922ff1ff" member_type: VOTER last_known_addr { host: "127.21.124.3" port: 46543 } health_report { overall_health: UNKNOWN } } }
I20260601 13:25:37.066628 26535 raft_consensus.cc:1275] T e3628b71ea274332a7ca0931b7221445 P ba6e4de4a8424f5da388b4a72d00feb9 [term 1 FOLLOWER]: Refusing update from remote peer 6bc7f8f78fbe481db4ab84dbeff815e8: Log matching property violated. Preceding OpId in replica: term: 0 index: 0. Preceding OpId from leader: term: 1 index: 2. (index mismatch)
I20260601 13:25:37.066659 26610 raft_consensus.cc:1275] T 0bc392f96cc4442a96fb96bc01cb33e3 P 6bc7f8f78fbe481db4ab84dbeff815e8 [term 1 FOLLOWER]: Refusing update from remote peer ba6e4de4a8424f5da388b4a72d00feb9: Log matching property violated. Preceding OpId in replica: term: 0 index: 0. Preceding OpId from leader: term: 1 index: 2. (index mismatch)
I20260601 13:25:37.067907 26737 consensus_queue.cc:1048] T e3628b71ea274332a7ca0931b7221445 P 6bc7f8f78fbe481db4ab84dbeff815e8 [LEADER]: Connected to new peer: Peer: permanent_uuid: "ba6e4de4a8424f5da388b4a72d00feb9" member_type: VOTER last_known_addr { host: "127.21.124.1" port: 44947 }, Status: LMP_MISMATCH, Last received: 0.0, Next index: 1, Last known committed idx: 0, Time since last communication: 0.000s
I20260601 13:25:37.068805 26610 raft_consensus.cc:1275] T 77fded379c264b88a5ed05d49bc2b45d P 6bc7f8f78fbe481db4ab84dbeff815e8 [term 1 FOLLOWER]: Refusing update from remote peer ba6e4de4a8424f5da388b4a72d00feb9: Log matching property violated. Preceding OpId in replica: term: 0 index: 0. Preceding OpId from leader: term: 1 index: 2. (index mismatch)
I20260601 13:25:37.069258 26776 consensus_queue.cc:1048] T 0bc392f96cc4442a96fb96bc01cb33e3 P ba6e4de4a8424f5da388b4a72d00feb9 [LEADER]: Connected to new peer: Peer: permanent_uuid: "6bc7f8f78fbe481db4ab84dbeff815e8" member_type: VOTER last_known_addr { host: "127.21.124.2" port: 42057 }, Status: LMP_MISMATCH, Last received: 0.0, Next index: 1, Last known committed idx: 0, Time since last communication: 0.000s
I20260601 13:25:37.069375 26686 raft_consensus.cc:1275] T 0bc392f96cc4442a96fb96bc01cb33e3 P de91954e44e34af2b9ce17fb922ff1ff [term 1 FOLLOWER]: Refusing update from remote peer ba6e4de4a8424f5da388b4a72d00feb9: Log matching property violated. Preceding OpId in replica: term: 0 index: 0. Preceding OpId from leader: term: 1 index: 2. (index mismatch)
I20260601 13:25:37.069702 26685 raft_consensus.cc:1275] T 77fded379c264b88a5ed05d49bc2b45d P de91954e44e34af2b9ce17fb922ff1ff [term 1 FOLLOWER]: Refusing update from remote peer ba6e4de4a8424f5da388b4a72d00feb9: Log matching property violated. Preceding OpId in replica: term: 0 index: 0. Preceding OpId from leader: term: 1 index: 2. (index mismatch)
I20260601 13:25:37.070035 26684 raft_consensus.cc:1275] T e5ba36d187a14fa78716891202161045 P de91954e44e34af2b9ce17fb922ff1ff [term 1 FOLLOWER]: Refusing update from remote peer ba6e4de4a8424f5da388b4a72d00feb9: Log matching property violated. Preceding OpId in replica: term: 0 index: 0. Preceding OpId from leader: term: 1 index: 2. (index mismatch)
I20260601 13:25:37.070308 26743 consensus_queue.cc:1048] T 77fded379c264b88a5ed05d49bc2b45d P ba6e4de4a8424f5da388b4a72d00feb9 [LEADER]: Connected to new peer: Peer: permanent_uuid: "6bc7f8f78fbe481db4ab84dbeff815e8" member_type: VOTER last_known_addr { host: "127.21.124.2" port: 42057 }, Status: LMP_MISMATCH, Last received: 0.0, Next index: 1, Last known committed idx: 0, Time since last communication: 0.000s
I20260601 13:25:37.070379 26683 raft_consensus.cc:1275] T e3628b71ea274332a7ca0931b7221445 P de91954e44e34af2b9ce17fb922ff1ff [term 1 FOLLOWER]: Refusing update from remote peer 6bc7f8f78fbe481db4ab84dbeff815e8: Log matching property violated. Preceding OpId in replica: term: 0 index: 0. Preceding OpId from leader: term: 1 index: 2. (index mismatch)
I20260601 13:25:37.070730 26682 raft_consensus.cc:1275] T 8a65f5181cef494ba1b379293a73f274 P de91954e44e34af2b9ce17fb922ff1ff [term 1 FOLLOWER]: Refusing update from remote peer 6bc7f8f78fbe481db4ab84dbeff815e8: Log matching property violated. Preceding OpId in replica: term: 0 index: 0. Preceding OpId from leader: term: 1 index: 2. (index mismatch)
I20260601 13:25:37.070819 26610 raft_consensus.cc:1275] T e5ba36d187a14fa78716891202161045 P 6bc7f8f78fbe481db4ab84dbeff815e8 [term 1 FOLLOWER]: Refusing update from remote peer ba6e4de4a8424f5da388b4a72d00feb9: Log matching property violated. Preceding OpId in replica: term: 0 index: 0. Preceding OpId from leader: term: 1 index: 2. (index mismatch)
I20260601 13:25:37.071031 26681 raft_consensus.cc:1275] T 24122ab05caf4d7a85c31423565a46cb P de91954e44e34af2b9ce17fb922ff1ff [term 1 FOLLOWER]: Refusing update from remote peer 6bc7f8f78fbe481db4ab84dbeff815e8: Log matching property violated. Preceding OpId in replica: term: 0 index: 0. Preceding OpId from leader: term: 1 index: 2. (index mismatch)
I20260601 13:25:37.071359 26533 raft_consensus.cc:1275] T 24122ab05caf4d7a85c31423565a46cb P ba6e4de4a8424f5da388b4a72d00feb9 [term 1 FOLLOWER]: Refusing update from remote peer 6bc7f8f78fbe481db4ab84dbeff815e8: Log matching property violated. Preceding OpId in replica: term: 0 index: 0. Preceding OpId from leader: term: 1 index: 2. (index mismatch)
I20260601 13:25:37.071441 26611 raft_consensus.cc:1275] T 13cbe6311f744efc86868708872b32db P 6bc7f8f78fbe481db4ab84dbeff815e8 [term 1 FOLLOWER]: Refusing update from remote peer ba6e4de4a8424f5da388b4a72d00feb9: Log matching property violated. Preceding OpId in replica: term: 0 index: 0. Preceding OpId from leader: term: 1 index: 2. (index mismatch)
I20260601 13:25:37.071851 26608 raft_consensus.cc:1275] T b3ef5545acb7457994be544e24c1f632 P 6bc7f8f78fbe481db4ab84dbeff815e8 [term 1 FOLLOWER]: Refusing update from remote peer ba6e4de4a8424f5da388b4a72d00feb9: Log matching property violated. Preceding OpId in replica: term: 0 index: 0. Preceding OpId from leader: term: 1 index: 2. (index mismatch)
I20260601 13:25:37.073022 26781 consensus_queue.cc:1048] T e3628b71ea274332a7ca0931b7221445 P 6bc7f8f78fbe481db4ab84dbeff815e8 [LEADER]: Connected to new peer: Peer: permanent_uuid: "de91954e44e34af2b9ce17fb922ff1ff" member_type: VOTER last_known_addr { host: "127.21.124.3" port: 46543 }, Status: LMP_MISMATCH, Last received: 0.0, Next index: 1, Last known committed idx: 0, Time since last communication: 0.000s
I20260601 13:25:37.073053 26743 consensus_queue.cc:1048] T 77fded379c264b88a5ed05d49bc2b45d P ba6e4de4a8424f5da388b4a72d00feb9 [LEADER]: Connected to new peer: Peer: permanent_uuid: "de91954e44e34af2b9ce17fb922ff1ff" member_type: VOTER last_known_addr { host: "127.21.124.3" port: 46543 }, Status: LMP_MISMATCH, Last received: 0.0, Next index: 1, Last known committed idx: 0, Time since last communication: 0.000s
I20260601 13:25:37.073348 26781 consensus_queue.cc:1048] T 8a65f5181cef494ba1b379293a73f274 P 6bc7f8f78fbe481db4ab84dbeff815e8 [LEADER]: Connected to new peer: Peer: permanent_uuid: "de91954e44e34af2b9ce17fb922ff1ff" member_type: VOTER last_known_addr { host: "127.21.124.3" port: 46543 }, Status: LMP_MISMATCH, Last received: 0.0, Next index: 1, Last known committed idx: 0, Time since last communication: 0.000s
I20260601 13:25:37.073413 26743 consensus_queue.cc:1048] T e5ba36d187a14fa78716891202161045 P ba6e4de4a8424f5da388b4a72d00feb9 [LEADER]: Connected to new peer: Peer: permanent_uuid: "de91954e44e34af2b9ce17fb922ff1ff" member_type: VOTER last_known_addr { host: "127.21.124.3" port: 46543 }, Status: LMP_MISMATCH, Last received: 0.0, Next index: 1, Last known committed idx: 0, Time since last communication: 0.000s
I20260601 13:25:37.073498 26681 raft_consensus.cc:1275] T 13cbe6311f744efc86868708872b32db P de91954e44e34af2b9ce17fb922ff1ff [term 1 FOLLOWER]: Refusing update from remote peer ba6e4de4a8424f5da388b4a72d00feb9: Log matching property violated. Preceding OpId in replica: term: 0 index: 0. Preceding OpId from leader: term: 1 index: 2. (index mismatch)
I20260601 13:25:37.073029 26775 consensus_queue.cc:1048] T 0bc392f96cc4442a96fb96bc01cb33e3 P ba6e4de4a8424f5da388b4a72d00feb9 [LEADER]: Connected to new peer: Peer: permanent_uuid: "de91954e44e34af2b9ce17fb922ff1ff" member_type: VOTER last_known_addr { host: "127.21.124.3" port: 46543 }, Status: LMP_MISMATCH, Last received: 0.0, Next index: 1, Last known committed idx: 0, Time since last communication: 0.000s
I20260601 13:25:37.073643 26781 consensus_queue.cc:1048] T 24122ab05caf4d7a85c31423565a46cb P 6bc7f8f78fbe481db4ab84dbeff815e8 [LEADER]: Connected to new peer: Peer: permanent_uuid: "de91954e44e34af2b9ce17fb922ff1ff" member_type: VOTER last_known_addr { host: "127.21.124.3" port: 46543 }, Status: LMP_MISMATCH, Last received: 0.0, Next index: 1, Last known committed idx: 0, Time since last communication: 0.000s
I20260601 13:25:37.069717 26535 raft_consensus.cc:1275] T 8a65f5181cef494ba1b379293a73f274 P ba6e4de4a8424f5da388b4a72d00feb9 [term 1 FOLLOWER]: Refusing update from remote peer 6bc7f8f78fbe481db4ab84dbeff815e8: Log matching property violated. Preceding OpId in replica: term: 0 index: 0. Preceding OpId from leader: term: 1 index: 2. (index mismatch)
I20260601 13:25:37.073184 26682 raft_consensus.cc:1275] T b3ef5545acb7457994be544e24c1f632 P de91954e44e34af2b9ce17fb922ff1ff [term 1 FOLLOWER]: Refusing update from remote peer ba6e4de4a8424f5da388b4a72d00feb9: Log matching property violated. Preceding OpId in replica: term: 0 index: 0. Preceding OpId from leader: term: 1 index: 2. (index mismatch)
I20260601 13:25:37.074226 26776 consensus_queue.cc:1048] T 13cbe6311f744efc86868708872b32db P ba6e4de4a8424f5da388b4a72d00feb9 [LEADER]: Connected to new peer: Peer: permanent_uuid: "de91954e44e34af2b9ce17fb922ff1ff" member_type: VOTER last_known_addr { host: "127.21.124.3" port: 46543 }, Status: LMP_MISMATCH, Last received: 0.0, Next index: 1, Last known committed idx: 0, Time since last communication: 0.000s
I20260601 13:25:37.073354 26683 raft_consensus.cc:1275] T ec7b4393a9e14f7f9b67e2b60bae4c84 P de91954e44e34af2b9ce17fb922ff1ff [term 1 FOLLOWER]: Refusing update from remote peer ba6e4de4a8424f5da388b4a72d00feb9: Log matching property violated. Preceding OpId in replica: term: 0 index: 0. Preceding OpId from leader: term: 1 index: 2. (index mismatch)
I20260601 13:25:37.075371 26776 consensus_queue.cc:1048] T e5ba36d187a14fa78716891202161045 P ba6e4de4a8424f5da388b4a72d00feb9 [LEADER]: Connected to new peer: Peer: permanent_uuid: "6bc7f8f78fbe481db4ab84dbeff815e8" member_type: VOTER last_known_addr { host: "127.21.124.2" port: 42057 }, Status: LMP_MISMATCH, Last received: 0.0, Next index: 1, Last known committed idx: 0, Time since last communication: 0.000s
I20260601 13:25:37.075461 26775 consensus_queue.cc:1048] T 13cbe6311f744efc86868708872b32db P ba6e4de4a8424f5da388b4a72d00feb9 [LEADER]: Connected to new peer: Peer: permanent_uuid: "6bc7f8f78fbe481db4ab84dbeff815e8" member_type: VOTER last_known_addr { host: "127.21.124.2" port: 42057 }, Status: LMP_MISMATCH, Last received: 0.0, Next index: 1, Last known committed idx: 0, Time since last communication: 0.000s
I20260601 13:25:37.075649 26776 consensus_queue.cc:1048] T b3ef5545acb7457994be544e24c1f632 P ba6e4de4a8424f5da388b4a72d00feb9 [LEADER]: Connected to new peer: Peer: permanent_uuid: "6bc7f8f78fbe481db4ab84dbeff815e8" member_type: VOTER last_known_addr { host: "127.21.124.2" port: 42057 }, Status: LMP_MISMATCH, Last received: 0.0, Next index: 1, Last known committed idx: 0, Time since last communication: 0.000s
I20260601 13:25:37.075987 26608 raft_consensus.cc:1275] T ec7b4393a9e14f7f9b67e2b60bae4c84 P 6bc7f8f78fbe481db4ab84dbeff815e8 [term 1 FOLLOWER]: Refusing update from remote peer ba6e4de4a8424f5da388b4a72d00feb9: Log matching property violated. Preceding OpId in replica: term: 0 index: 0. Preceding OpId from leader: term: 1 index: 2. (index mismatch)
I20260601 13:25:37.075985 26781 consensus_queue.cc:1048] T 24122ab05caf4d7a85c31423565a46cb P 6bc7f8f78fbe481db4ab84dbeff815e8 [LEADER]: Connected to new peer: Peer: permanent_uuid: "ba6e4de4a8424f5da388b4a72d00feb9" member_type: VOTER last_known_addr { host: "127.21.124.1" port: 44947 }, Status: LMP_MISMATCH, Last received: 0.0, Next index: 1, Last known committed idx: 0, Time since last communication: 0.000s
I20260601 13:25:37.076239 26816 consensus_queue.cc:1048] T 8a65f5181cef494ba1b379293a73f274 P 6bc7f8f78fbe481db4ab84dbeff815e8 [LEADER]: Connected to new peer: Peer: permanent_uuid: "ba6e4de4a8424f5da388b4a72d00feb9" member_type: VOTER last_known_addr { host: "127.21.124.1" port: 44947 }, Status: LMP_MISMATCH, Last received: 0.0, Next index: 1, Last known committed idx: 0, Time since last communication: 0.000s
I20260601 13:25:37.076326 26743 consensus_queue.cc:1048] T b3ef5545acb7457994be544e24c1f632 P ba6e4de4a8424f5da388b4a72d00feb9 [LEADER]: Connected to new peer: Peer: permanent_uuid: "de91954e44e34af2b9ce17fb922ff1ff" member_type: VOTER last_known_addr { host: "127.21.124.3" port: 46543 }, Status: LMP_MISMATCH, Last received: 0.0, Next index: 1, Last known committed idx: 0, Time since last communication: 0.000s
I20260601 13:25:37.078642 26743 consensus_queue.cc:1048] T ec7b4393a9e14f7f9b67e2b60bae4c84 P ba6e4de4a8424f5da388b4a72d00feb9 [LEADER]: Connected to new peer: Peer: permanent_uuid: "6bc7f8f78fbe481db4ab84dbeff815e8" member_type: VOTER last_known_addr { host: "127.21.124.2" port: 42057 }, Status: LMP_MISMATCH, Last received: 0.0, Next index: 1, Last known committed idx: 0, Time since last communication: 0.000s
I20260601 13:25:37.086071 26815 consensus_queue.cc:1048] T ec7b4393a9e14f7f9b67e2b60bae4c84 P ba6e4de4a8424f5da388b4a72d00feb9 [LEADER]: Connected to new peer: Peer: permanent_uuid: "de91954e44e34af2b9ce17fb922ff1ff" member_type: VOTER last_known_addr { host: "127.21.124.3" port: 46543 }, Status: LMP_MISMATCH, Last received: 0.0, Next index: 1, Last known committed idx: 0, Time since last communication: 0.000s
I20260601 13:25:37.094717 26806 mvcc.cc:204] Tried to move back new op lower bound from 7292192100618207232 to 7292192099882733568. Current Snapshot: MvccSnapshot[applied={T|T < 7292192100618207232}]
I20260601 13:25:37.107116 26820 mvcc.cc:204] Tried to move back new op lower bound from 7292192100633567232 to 7292192099882733568. Current Snapshot: MvccSnapshot[applied={T|T < 7292192100618207232}]
I20260601 13:25:37.138638 26805 mvcc.cc:204] Tried to move back new op lower bound from 7292192100643594240 to 7292192099793014784. Current Snapshot: MvccSnapshot[applied={T|T < 7292192100643594240}]
I20260601 13:25:37.144974 26606 raft_consensus.cc:1275] T a02ca96312994974a255d5cbe28fe921 P 6bc7f8f78fbe481db4ab84dbeff815e8 [term 1 FOLLOWER]: Refusing update from remote peer de91954e44e34af2b9ce17fb922ff1ff: Log matching property violated. Preceding OpId in replica: term: 0 index: 0. Preceding OpId from leader: term: 1 index: 2. (index mismatch)
I20260601 13:25:37.145530 26787 consensus_queue.cc:1048] T a02ca96312994974a255d5cbe28fe921 P de91954e44e34af2b9ce17fb922ff1ff [LEADER]: Connected to new peer: Peer: permanent_uuid: "6bc7f8f78fbe481db4ab84dbeff815e8" member_type: VOTER last_known_addr { host: "127.21.124.2" port: 42057 }, Status: LMP_MISMATCH, Last received: 0.0, Next index: 1, Last known committed idx: 0, Time since last communication: 0.000s
I20260601 13:25:37.147698 26533 raft_consensus.cc:1275] T a02ca96312994974a255d5cbe28fe921 P ba6e4de4a8424f5da388b4a72d00feb9 [term 1 FOLLOWER]: Refusing update from remote peer de91954e44e34af2b9ce17fb922ff1ff: Log matching property violated. Preceding OpId in replica: term: 0 index: 0. Preceding OpId from leader: term: 1 index: 2. (index mismatch)
I20260601 13:25:37.148087 26787 consensus_queue.cc:1048] T a02ca96312994974a255d5cbe28fe921 P de91954e44e34af2b9ce17fb922ff1ff [LEADER]: Connected to new peer: Peer: permanent_uuid: "ba6e4de4a8424f5da388b4a72d00feb9" member_type: VOTER last_known_addr { host: "127.21.124.1" port: 44947 }, Status: LMP_MISMATCH, Last received: 0.0, Next index: 1, Last known committed idx: 0, Time since last communication: 0.000s
I20260601 13:25:37.151381 26533 raft_consensus.cc:1275] T bfb76c2faa044c00b6cb6735cb6eb878 P ba6e4de4a8424f5da388b4a72d00feb9 [term 1 FOLLOWER]: Refusing update from remote peer de91954e44e34af2b9ce17fb922ff1ff: Log matching property violated. Preceding OpId in replica: term: 0 index: 0. Preceding OpId from leader: term: 1 index: 2. (index mismatch)
I20260601 13:25:37.151419 26606 raft_consensus.cc:1275] T bfb76c2faa044c00b6cb6735cb6eb878 P 6bc7f8f78fbe481db4ab84dbeff815e8 [term 1 FOLLOWER]: Refusing update from remote peer de91954e44e34af2b9ce17fb922ff1ff: Log matching property violated. Preceding OpId in replica: term: 0 index: 0. Preceding OpId from leader: term: 1 index: 2. (index mismatch)
I20260601 13:25:37.151757 26740 consensus_queue.cc:1048] T bfb76c2faa044c00b6cb6735cb6eb878 P de91954e44e34af2b9ce17fb922ff1ff [LEADER]: Connected to new peer: Peer: permanent_uuid: "ba6e4de4a8424f5da388b4a72d00feb9" member_type: VOTER last_known_addr { host: "127.21.124.1" port: 44947 }, Status: LMP_MISMATCH, Last received: 0.0, Next index: 1, Last known committed idx: 0, Time since last communication: 0.000s
I20260601 13:25:37.151978 26856 consensus_queue.cc:1048] T bfb76c2faa044c00b6cb6735cb6eb878 P de91954e44e34af2b9ce17fb922ff1ff [LEADER]: Connected to new peer: Peer: permanent_uuid: "6bc7f8f78fbe481db4ab84dbeff815e8" member_type: VOTER last_known_addr { host: "127.21.124.2" port: 42057 }, Status: LMP_MISMATCH, Last received: 0.0, Next index: 1, Last known committed idx: 0, Time since last communication: 0.000s
I20260601 13:25:37.152613 26606 raft_consensus.cc:1275] T e2b3db9d05794520b850855ca9e640af P 6bc7f8f78fbe481db4ab84dbeff815e8 [term 1 FOLLOWER]: Refusing update from remote peer de91954e44e34af2b9ce17fb922ff1ff: Log matching property violated. Preceding OpId in replica: term: 0 index: 0. Preceding OpId from leader: term: 1 index: 2. (index mismatch)
I20260601 13:25:37.152890 26535 raft_consensus.cc:1275] T e2b3db9d05794520b850855ca9e640af P ba6e4de4a8424f5da388b4a72d00feb9 [term 1 FOLLOWER]: Refusing update from remote peer de91954e44e34af2b9ce17fb922ff1ff: Log matching property violated. Preceding OpId in replica: term: 0 index: 0. Preceding OpId from leader: term: 1 index: 2. (index mismatch)
I20260601 13:25:37.153826 26787 consensus_queue.cc:1048] T e2b3db9d05794520b850855ca9e640af P de91954e44e34af2b9ce17fb922ff1ff [LEADER]: Connected to new peer: Peer: permanent_uuid: "ba6e4de4a8424f5da388b4a72d00feb9" member_type: VOTER last_known_addr { host: "127.21.124.1" port: 44947 }, Status: LMP_MISMATCH, Last received: 0.0, Next index: 1, Last known committed idx: 0, Time since last communication: 0.000s
I20260601 13:25:37.154490 26787 consensus_queue.cc:1048] T e2b3db9d05794520b850855ca9e640af P de91954e44e34af2b9ce17fb922ff1ff [LEADER]: Connected to new peer: Peer: permanent_uuid: "6bc7f8f78fbe481db4ab84dbeff815e8" member_type: VOTER last_known_addr { host: "127.21.124.2" port: 42057 }, Status: LMP_MISMATCH, Last received: 0.0, Next index: 1, Last known committed idx: 0, Time since last communication: 0.000s
I20260601 13:25:37.617409 22000 file_cache.cc:492] Constructed file cache file cache with capacity 419430
W20260601 13:25:37.625901 26875 instance_detector.cc:116] could not retrieve Azure instance metadata: Network error: curl error: HTTP response code said error: The requested URL returned error: 404
W20260601 13:25:37.626078 26877 instance_detector.cc:116] could not retrieve OpenStack instance metadata: Network error: curl error: HTTP response code said error: The requested URL returned error: 404
W20260601 13:25:37.626447 26874 instance_detector.cc:116] could not retrieve AWS instance metadata: Network error: curl error: HTTP response code said error: The requested URL returned error: 404
I20260601 13:25:37.627449 22000 server_base.cc:1061] running on GCE node
I20260601 13:25:37.629602 22000 hybrid_clock.cc:584] initializing the hybrid clock with 'system_unsync' time source
W20260601 13:25:37.629742 22000 system_unsync_time.cc:38] NTP support is disabled. Clock error bounds will not be accurate. This configuration is not suitable for distributed clusters.
I20260601 13:25:37.629776 22000 hybrid_clock.cc:648] HybridClock initialized: now 1780320337629774 us; error 0 us; skew 500 ppm
I20260601 13:25:37.631135 22000 webserver.cc:533] Webserver started at http://127.21.124.4:34845/ using document root <none> and password file <none>
I20260601 13:25:37.631333 22000 fs_manager.cc:362] Metadata directory not provided
I20260601 13:25:37.631410 22000 fs_manager.cc:368] Using write-ahead log directory (fs_wal_dir) as metadata directory
I20260601 13:25:37.631505 22000 server_base.cc:909] This appears to be a new deployment of Kudu; creating new FS layout
I20260601 13:25:37.632002 22000 fs_manager.cc:1068] Generated new instance metadata in path /tmp/dist-test-tasks6U6nm/test-tmp/auto_rebalancer-test.0.AutoRebalancerTest.TestMaxMovesPerServer.1780320228576508-22000-0/minicluster-data/ts-3-root/instance:
uuid: "14d06bde0d904c20a42e89c7356657aa"
format_stamp: "Formatted at 2026-06-01 13:25:37 on dist-test-slave-2qr8"
I20260601 13:25:37.633738 22000 fs_manager.cc:696] Time spent creating directory manager: real 0.001s	user 0.000s	sys 0.002s
I20260601 13:25:37.634806 26882 log_block_manager.cc:4031] Time spent loading block containers with low live blocks: real 0.000s	user 0.000s	sys 0.000s
I20260601 13:25:37.635100 22000 fs_manager.cc:730] Time spent opening block manager: real 0.001s	user 0.001s	sys 0.000s
I20260601 13:25:37.635172 22000 fs_manager.cc:647] Opened local filesystem: /tmp/dist-test-tasks6U6nm/test-tmp/auto_rebalancer-test.0.AutoRebalancerTest.TestMaxMovesPerServer.1780320228576508-22000-0/minicluster-data/ts-3-root
uuid: "14d06bde0d904c20a42e89c7356657aa"
format_stamp: "Formatted at 2026-06-01 13:25:37 on dist-test-slave-2qr8"
I20260601 13:25:37.635232 22000 fs_report.cc:389] FS layout report
--------------------
wal directory: /tmp/dist-test-tasks6U6nm/test-tmp/auto_rebalancer-test.0.AutoRebalancerTest.TestMaxMovesPerServer.1780320228576508-22000-0/minicluster-data/ts-3-root
metadata directory: /tmp/dist-test-tasks6U6nm/test-tmp/auto_rebalancer-test.0.AutoRebalancerTest.TestMaxMovesPerServer.1780320228576508-22000-0/minicluster-data/ts-3-root
1 data directories: /tmp/dist-test-tasks6U6nm/test-tmp/auto_rebalancer-test.0.AutoRebalancerTest.TestMaxMovesPerServer.1780320228576508-22000-0/minicluster-data/ts-3-root/data
Total live blocks: 0
Total live bytes: 0
Total live bytes (after alignment): 0
Total number of LBM containers: 0 (0 full)
Did not check for missing blocks
Did not check for orphaned blocks
Total full LBM containers with extra space: 0 (0 repaired)
Total full LBM container extra space in bytes: 0 (0 repaired)
Total incomplete LBM containers: 0 (0 repaired)
Total LBM partial records: 0 (0 repaired)
Total corrupted LBM metadata records in RocksDB: 0 (0 repaired)
I20260601 13:25:37.642324 22000 rpc_server.cc:225] running with OpenSSL 1.1.1  11 Sep 2018
I20260601 13:25:37.642720 22000 kserver.cc:163] Server-wide thread pool size limit: 3276
I20260601 13:25:37.643046 22000 txn_system_client.cc:432] TxnSystemClient initialization is disabled...
I20260601 13:25:37.643780 22000 ts_tablet_manager.cc:585] Loaded tablet metadata (0 total tablets, 0 live tablets)
I20260601 13:25:37.643842 22000 ts_tablet_manager.cc:531] Time spent load tablet metadata: real 0.000s	user 0.000s	sys 0.000s
I20260601 13:25:37.643901 22000 ts_tablet_manager.cc:616] Registered 0 tablets
I20260601 13:25:37.643950 22000 ts_tablet_manager.cc:595] Time spent register tablets: real 0.000s	user 0.000s	sys 0.000s
I20260601 13:25:37.649330 22000 rpc_server.cc:307] RPC server started. Bound to: 127.21.124.4:46455
I20260601 13:25:37.649374 26945 acceptor_pool.cc:272] collecting diagnostics on the listening RPC socket 127.21.124.4:46455 every 8 connection(s)
I20260601 13:25:37.650336 22000 file_cache.cc:492] Constructed file cache file cache with capacity 419430
W20260601 13:25:37.652803 26950 instance_detector.cc:116] could not retrieve AWS instance metadata: Network error: curl error: HTTP response code said error: The requested URL returned error: 404
W20260601 13:25:37.652824 26951 instance_detector.cc:116] could not retrieve Azure instance metadata: Network error: curl error: HTTP response code said error: The requested URL returned error: 404
W20260601 13:25:37.652824 26953 instance_detector.cc:116] could not retrieve OpenStack instance metadata: Network error: curl error: HTTP response code said error: The requested URL returned error: 404
I20260601 13:25:37.653178 22000 server_base.cc:1061] running on GCE node
I20260601 13:25:37.653362 22000 hybrid_clock.cc:584] initializing the hybrid clock with 'system_unsync' time source
W20260601 13:25:37.653424 22000 system_unsync_time.cc:38] NTP support is disabled. Clock error bounds will not be accurate. This configuration is not suitable for distributed clusters.
I20260601 13:25:37.653460 22000 hybrid_clock.cc:648] HybridClock initialized: now 1780320337653458 us; error 0 us; skew 500 ppm
I20260601 13:25:37.654713 22000 webserver.cc:533] Webserver started at http://127.21.124.5:35247/ using document root <none> and password file <none>
I20260601 13:25:37.654906 22000 fs_manager.cc:362] Metadata directory not provided
I20260601 13:25:37.654969 22000 fs_manager.cc:368] Using write-ahead log directory (fs_wal_dir) as metadata directory
I20260601 13:25:37.655068 22000 server_base.cc:909] This appears to be a new deployment of Kudu; creating new FS layout
I20260601 13:25:37.655715 26946 heartbeater.cc:344] Connected to a master server at 127.21.124.62:41205
I20260601 13:25:37.655714 22000 fs_manager.cc:1068] Generated new instance metadata in path /tmp/dist-test-tasks6U6nm/test-tmp/auto_rebalancer-test.0.AutoRebalancerTest.TestMaxMovesPerServer.1780320228576508-22000-0/minicluster-data/ts-4-root/instance:
uuid: "8cb7dde57ae6450ebec4ed38fc6108f6"
format_stamp: "Formatted at 2026-06-01 13:25:37 on dist-test-slave-2qr8"
I20260601 13:25:37.655865 26946 heartbeater.cc:461] Registering TS with master...
I20260601 13:25:37.656257 26946 heartbeater.cc:507] Master 127.21.124.62:41205 requested a full tablet report, sending...
I20260601 13:25:37.657069 26431 ts_manager.cc:194] Registered new tserver with Master: 14d06bde0d904c20a42e89c7356657aa (127.21.124.4:46455)
I20260601 13:25:37.657984 26431 master_service.cc:502] Signed X509 certificate for tserver {username='slave'} at 127.0.0.1:34540
I20260601 13:25:37.658033 22000 fs_manager.cc:696] Time spent creating directory manager: real 0.002s	user 0.002s	sys 0.000s
I20260601 13:25:37.659313 26958 log_block_manager.cc:4031] Time spent loading block containers with low live blocks: real 0.000s	user 0.000s	sys 0.000s
I20260601 13:25:37.659760 22000 fs_manager.cc:730] Time spent opening block manager: real 0.001s	user 0.001s	sys 0.000s
I20260601 13:25:37.659833 22000 fs_manager.cc:647] Opened local filesystem: /tmp/dist-test-tasks6U6nm/test-tmp/auto_rebalancer-test.0.AutoRebalancerTest.TestMaxMovesPerServer.1780320228576508-22000-0/minicluster-data/ts-4-root
uuid: "8cb7dde57ae6450ebec4ed38fc6108f6"
format_stamp: "Formatted at 2026-06-01 13:25:37 on dist-test-slave-2qr8"
I20260601 13:25:37.659946 22000 fs_report.cc:389] FS layout report
--------------------
wal directory: /tmp/dist-test-tasks6U6nm/test-tmp/auto_rebalancer-test.0.AutoRebalancerTest.TestMaxMovesPerServer.1780320228576508-22000-0/minicluster-data/ts-4-root
metadata directory: /tmp/dist-test-tasks6U6nm/test-tmp/auto_rebalancer-test.0.AutoRebalancerTest.TestMaxMovesPerServer.1780320228576508-22000-0/minicluster-data/ts-4-root
1 data directories: /tmp/dist-test-tasks6U6nm/test-tmp/auto_rebalancer-test.0.AutoRebalancerTest.TestMaxMovesPerServer.1780320228576508-22000-0/minicluster-data/ts-4-root/data
Total live blocks: 0
Total live bytes: 0
Total live bytes (after alignment): 0
Total number of LBM containers: 0 (0 full)
Did not check for missing blocks
Did not check for orphaned blocks
Total full LBM containers with extra space: 0 (0 repaired)
Total full LBM container extra space in bytes: 0 (0 repaired)
Total incomplete LBM containers: 0 (0 repaired)
Total LBM partial records: 0 (0 repaired)
Total corrupted LBM metadata records in RocksDB: 0 (0 repaired)
I20260601 13:25:37.680908 22000 rpc_server.cc:225] running with OpenSSL 1.1.1  11 Sep 2018
I20260601 13:25:37.681445 22000 kserver.cc:163] Server-wide thread pool size limit: 3276
I20260601 13:25:37.681842 22000 txn_system_client.cc:432] TxnSystemClient initialization is disabled...
I20260601 13:25:37.682381 22000 ts_tablet_manager.cc:585] Loaded tablet metadata (0 total tablets, 0 live tablets)
I20260601 13:25:37.682452 22000 ts_tablet_manager.cc:531] Time spent load tablet metadata: real 0.000s	user 0.000s	sys 0.000s
I20260601 13:25:37.682510 22000 ts_tablet_manager.cc:616] Registered 0 tablets
I20260601 13:25:37.682562 22000 ts_tablet_manager.cc:595] Time spent register tablets: real 0.000s	user 0.000s	sys 0.000s
I20260601 13:25:37.687610 22000 rpc_server.cc:307] RPC server started. Bound to: 127.21.124.5:38941
I20260601 13:25:37.687695 27022 acceptor_pool.cc:272] collecting diagnostics on the listening RPC socket 127.21.124.5:38941 every 8 connection(s)
I20260601 13:25:37.688835 22000 file_cache.cc:492] Constructed file cache file cache with capacity 419430
W20260601 13:25:37.691434 27027 instance_detector.cc:116] could not retrieve Azure instance metadata: Network error: curl error: HTTP response code said error: The requested URL returned error: 404
W20260601 13:25:37.691493 27026 instance_detector.cc:116] could not retrieve AWS instance metadata: Network error: curl error: HTTP response code said error: The requested URL returned error: 404
W20260601 13:25:37.691578 27029 instance_detector.cc:116] could not retrieve OpenStack instance metadata: Network error: curl error: HTTP response code said error: The requested URL returned error: 404
I20260601 13:25:37.692482 22000 server_base.cc:1061] running on GCE node
I20260601 13:25:37.692742 22000 hybrid_clock.cc:584] initializing the hybrid clock with 'system_unsync' time source
W20260601 13:25:37.692883 22000 system_unsync_time.cc:38] NTP support is disabled. Clock error bounds will not be accurate. This configuration is not suitable for distributed clusters.
I20260601 13:25:37.692911 22000 hybrid_clock.cc:648] HybridClock initialized: now 1780320337692910 us; error 0 us; skew 500 ppm
I20260601 13:25:37.693919 27023 heartbeater.cc:344] Connected to a master server at 127.21.124.62:41205
I20260601 13:25:37.694036 27023 heartbeater.cc:461] Registering TS with master...
I20260601 13:25:37.694340 27023 heartbeater.cc:507] Master 127.21.124.62:41205 requested a full tablet report, sending...
I20260601 13:25:37.694367 22000 webserver.cc:533] Webserver started at http://127.21.124.6:41861/ using document root <none> and password file <none>
I20260601 13:25:37.694554 22000 fs_manager.cc:362] Metadata directory not provided
I20260601 13:25:37.694628 22000 fs_manager.cc:368] Using write-ahead log directory (fs_wal_dir) as metadata directory
I20260601 13:25:37.694710 22000 server_base.cc:909] This appears to be a new deployment of Kudu; creating new FS layout
I20260601 13:25:37.695055 26431 ts_manager.cc:194] Registered new tserver with Master: 8cb7dde57ae6450ebec4ed38fc6108f6 (127.21.124.5:38941)
I20260601 13:25:37.695219 22000 fs_manager.cc:1068] Generated new instance metadata in path /tmp/dist-test-tasks6U6nm/test-tmp/auto_rebalancer-test.0.AutoRebalancerTest.TestMaxMovesPerServer.1780320228576508-22000-0/minicluster-data/ts-5-root/instance:
uuid: "529df0670c524866a06dc2e8f2f971b9"
format_stamp: "Formatted at 2026-06-01 13:25:37 on dist-test-slave-2qr8"
I20260601 13:25:37.695710 26431 master_service.cc:502] Signed X509 certificate for tserver {username='slave'} at 127.0.0.1:34546
I20260601 13:25:37.697214 22000 fs_manager.cc:696] Time spent creating directory manager: real 0.002s	user 0.000s	sys 0.003s
I20260601 13:25:37.698324 27034 log_block_manager.cc:4031] Time spent loading block containers with low live blocks: real 0.000s	user 0.000s	sys 0.000s
I20260601 13:25:37.698611 22000 fs_manager.cc:730] Time spent opening block manager: real 0.001s	user 0.000s	sys 0.000s
I20260601 13:25:37.698700 22000 fs_manager.cc:647] Opened local filesystem: /tmp/dist-test-tasks6U6nm/test-tmp/auto_rebalancer-test.0.AutoRebalancerTest.TestMaxMovesPerServer.1780320228576508-22000-0/minicluster-data/ts-5-root
uuid: "529df0670c524866a06dc2e8f2f971b9"
format_stamp: "Formatted at 2026-06-01 13:25:37 on dist-test-slave-2qr8"
I20260601 13:25:37.698794 22000 fs_report.cc:389] FS layout report
--------------------
wal directory: /tmp/dist-test-tasks6U6nm/test-tmp/auto_rebalancer-test.0.AutoRebalancerTest.TestMaxMovesPerServer.1780320228576508-22000-0/minicluster-data/ts-5-root
metadata directory: /tmp/dist-test-tasks6U6nm/test-tmp/auto_rebalancer-test.0.AutoRebalancerTest.TestMaxMovesPerServer.1780320228576508-22000-0/minicluster-data/ts-5-root
1 data directories: /tmp/dist-test-tasks6U6nm/test-tmp/auto_rebalancer-test.0.AutoRebalancerTest.TestMaxMovesPerServer.1780320228576508-22000-0/minicluster-data/ts-5-root/data
Total live blocks: 0
Total live bytes: 0
Total live bytes (after alignment): 0
Total number of LBM containers: 0 (0 full)
Did not check for missing blocks
Did not check for orphaned blocks
Total full LBM containers with extra space: 0 (0 repaired)
Total full LBM container extra space in bytes: 0 (0 repaired)
Total incomplete LBM containers: 0 (0 repaired)
Total LBM partial records: 0 (0 repaired)
Total corrupted LBM metadata records in RocksDB: 0 (0 repaired)
I20260601 13:25:37.742197 22000 rpc_server.cc:225] running with OpenSSL 1.1.1  11 Sep 2018
I20260601 13:25:37.742734 22000 kserver.cc:163] Server-wide thread pool size limit: 3276
I20260601 13:25:37.743079 22000 txn_system_client.cc:432] TxnSystemClient initialization is disabled...
I20260601 13:25:37.743675 22000 ts_tablet_manager.cc:585] Loaded tablet metadata (0 total tablets, 0 live tablets)
I20260601 13:25:37.743736 22000 ts_tablet_manager.cc:531] Time spent load tablet metadata: real 0.000s	user 0.000s	sys 0.000s
I20260601 13:25:37.743788 22000 ts_tablet_manager.cc:616] Registered 0 tablets
I20260601 13:25:37.743819 22000 ts_tablet_manager.cc:595] Time spent register tablets: real 0.000s	user 0.000s	sys 0.000s
I20260601 13:25:37.748932 22000 rpc_server.cc:307] RPC server started. Bound to: 127.21.124.6:46215
I20260601 13:25:37.749030 27097 acceptor_pool.cc:272] collecting diagnostics on the listening RPC socket 127.21.124.6:46215 every 8 connection(s)
I20260601 13:25:37.754001 27098 heartbeater.cc:344] Connected to a master server at 127.21.124.62:41205
I20260601 13:25:37.754127 27098 heartbeater.cc:461] Registering TS with master...
I20260601 13:25:37.754386 27098 heartbeater.cc:507] Master 127.21.124.62:41205 requested a full tablet report, sending...
I20260601 13:25:37.755133 26431 ts_manager.cc:194] Registered new tserver with Master: 529df0670c524866a06dc2e8f2f971b9 (127.21.124.6:46215)
I20260601 13:25:37.755666 26431 master_service.cc:502] Signed X509 certificate for tserver {username='slave'} at 127.0.0.1:34560
I20260601 13:25:38.553983 26678 consensus_queue.cc:237] T e2b3db9d05794520b850855ca9e640af P de91954e44e34af2b9ce17fb922ff1ff [LEADER]: Queue going to LEADER mode. State: All replicated index: 0, Majority replicated index: 27, Committed index: 27, Last appended: 1.27, Last appended by leader: 0, Current term: 1, Majority size: 2, State: 0, Mode: LEADER, active raft config: opid_index: 28 OBSOLETE_local: false peers { permanent_uuid: "ba6e4de4a8424f5da388b4a72d00feb9" member_type: VOTER last_known_addr { host: "127.21.124.1" port: 44947 } attrs { replace: true } } peers { permanent_uuid: "6bc7f8f78fbe481db4ab84dbeff815e8" member_type: VOTER last_known_addr { host: "127.21.124.2" port: 42057 } } peers { permanent_uuid: "de91954e44e34af2b9ce17fb922ff1ff" member_type: VOTER last_known_addr { host: "127.21.124.3" port: 46543 } } peers { permanent_uuid: "529df0670c524866a06dc2e8f2f971b9" member_type: NON_VOTER last_known_addr { host: "127.21.124.6" port: 46215 } attrs { promote: true } }
I20260601 13:25:38.555998 26610 raft_consensus.cc:1275] T e2b3db9d05794520b850855ca9e640af P 6bc7f8f78fbe481db4ab84dbeff815e8 [term 1 FOLLOWER]: Refusing update from remote peer de91954e44e34af2b9ce17fb922ff1ff: Log matching property violated. Preceding OpId in replica: term: 1 index: 27. Preceding OpId from leader: term: 1 index: 28. (index mismatch)
I20260601 13:25:38.556172 26534 raft_consensus.cc:1275] T e2b3db9d05794520b850855ca9e640af P ba6e4de4a8424f5da388b4a72d00feb9 [term 1 FOLLOWER]: Refusing update from remote peer de91954e44e34af2b9ce17fb922ff1ff: Log matching property violated. Preceding OpId in replica: term: 1 index: 27. Preceding OpId from leader: term: 1 index: 28. (index mismatch)
I20260601 13:25:38.556490 27103 consensus_queue.cc:1048] T e2b3db9d05794520b850855ca9e640af P de91954e44e34af2b9ce17fb922ff1ff [LEADER]: Connected to new peer: Peer: permanent_uuid: "6bc7f8f78fbe481db4ab84dbeff815e8" member_type: VOTER last_known_addr { host: "127.21.124.2" port: 42057 }, Status: LMP_MISMATCH, Last received: 0.0, Next index: 28, Last known committed idx: 27, Time since last communication: 0.000s
I20260601 13:25:38.556695 26870 consensus_queue.cc:1048] T e2b3db9d05794520b850855ca9e640af P de91954e44e34af2b9ce17fb922ff1ff [LEADER]: Connected to new peer: Peer: permanent_uuid: "ba6e4de4a8424f5da388b4a72d00feb9" member_type: VOTER last_known_addr { host: "127.21.124.1" port: 44947 } attrs { replace: true }, Status: LMP_MISMATCH, Last received: 0.0, Next index: 28, Last known committed idx: 27, Time since last communication: 0.000s
I20260601 13:25:38.558561 26870 raft_consensus.cc:2955] T e2b3db9d05794520b850855ca9e640af P de91954e44e34af2b9ce17fb922ff1ff [term 1 LEADER]: Committing config change with OpId 1.28: config changed from index -1 to 28, NON_VOTER 529df0670c524866a06dc2e8f2f971b9 (127.21.124.6) added. New config: { opid_index: 28 OBSOLETE_local: false peers { permanent_uuid: "ba6e4de4a8424f5da388b4a72d00feb9" member_type: VOTER last_known_addr { host: "127.21.124.1" port: 44947 } attrs { replace: true } } peers { permanent_uuid: "6bc7f8f78fbe481db4ab84dbeff815e8" member_type: VOTER last_known_addr { host: "127.21.124.2" port: 42057 } } peers { permanent_uuid: "de91954e44e34af2b9ce17fb922ff1ff" member_type: VOTER last_known_addr { host: "127.21.124.3" port: 46543 } } peers { permanent_uuid: "529df0670c524866a06dc2e8f2f971b9" member_type: NON_VOTER last_known_addr { host: "127.21.124.6" port: 46215 } attrs { promote: true } } }
I20260601 13:25:38.558820 26534 raft_consensus.cc:2955] T e2b3db9d05794520b850855ca9e640af P ba6e4de4a8424f5da388b4a72d00feb9 [term 1 FOLLOWER]: Committing config change with OpId 1.28: config changed from index -1 to 28, NON_VOTER 529df0670c524866a06dc2e8f2f971b9 (127.21.124.6) added. New config: { opid_index: 28 OBSOLETE_local: false peers { permanent_uuid: "ba6e4de4a8424f5da388b4a72d00feb9" member_type: VOTER last_known_addr { host: "127.21.124.1" port: 44947 } attrs { replace: true } } peers { permanent_uuid: "6bc7f8f78fbe481db4ab84dbeff815e8" member_type: VOTER last_known_addr { host: "127.21.124.2" port: 42057 } } peers { permanent_uuid: "de91954e44e34af2b9ce17fb922ff1ff" member_type: VOTER last_known_addr { host: "127.21.124.3" port: 46543 } } peers { permanent_uuid: "529df0670c524866a06dc2e8f2f971b9" member_type: NON_VOTER last_known_addr { host: "127.21.124.6" port: 46215 } attrs { promote: true } } }
W20260601 13:25:38.560243 26652 consensus_peers.cc:597] T e2b3db9d05794520b850855ca9e640af P de91954e44e34af2b9ce17fb922ff1ff -> Peer 529df0670c524866a06dc2e8f2f971b9 (127.21.124.6:46215): Couldn't send request to peer 529df0670c524866a06dc2e8f2f971b9. Error code: TABLET_NOT_FOUND (6). Status: Not found: Tablet not found: e2b3db9d05794520b850855ca9e640af. This is attempt 1: this message will repeat every 5th retry.
I20260601 13:25:38.561652 26431 catalog_manager.cc:5696] T e2b3db9d05794520b850855ca9e640af P de91954e44e34af2b9ce17fb922ff1ff reported cstate change: config changed from index -1 to 28, NON_VOTER 529df0670c524866a06dc2e8f2f971b9 (127.21.124.6) added. New cstate: current_term: 1 leader_uuid: "de91954e44e34af2b9ce17fb922ff1ff" committed_config { opid_index: 28 OBSOLETE_local: false peers { permanent_uuid: "ba6e4de4a8424f5da388b4a72d00feb9" member_type: VOTER last_known_addr { host: "127.21.124.1" port: 44947 } attrs { replace: true } health_report { overall_health: HEALTHY } } peers { permanent_uuid: "6bc7f8f78fbe481db4ab84dbeff815e8" member_type: VOTER last_known_addr { host: "127.21.124.2" port: 42057 } health_report { overall_health: HEALTHY } } peers { permanent_uuid: "de91954e44e34af2b9ce17fb922ff1ff" member_type: VOTER last_known_addr { host: "127.21.124.3" port: 46543 } health_report { overall_health: HEALTHY } } peers { permanent_uuid: "529df0670c524866a06dc2e8f2f971b9" member_type: NON_VOTER last_known_addr { host: "127.21.124.6" port: 46215 } attrs { promote: true } health_report { overall_health: UNKNOWN } } }
I20260601 13:25:38.561728 26610 raft_consensus.cc:2955] T e2b3db9d05794520b850855ca9e640af P 6bc7f8f78fbe481db4ab84dbeff815e8 [term 1 FOLLOWER]: Committing config change with OpId 1.28: config changed from index -1 to 28, NON_VOTER 529df0670c524866a06dc2e8f2f971b9 (127.21.124.6) added. New config: { opid_index: 28 OBSOLETE_local: false peers { permanent_uuid: "ba6e4de4a8424f5da388b4a72d00feb9" member_type: VOTER last_known_addr { host: "127.21.124.1" port: 44947 } attrs { replace: true } } peers { permanent_uuid: "6bc7f8f78fbe481db4ab84dbeff815e8" member_type: VOTER last_known_addr { host: "127.21.124.2" port: 42057 } } peers { permanent_uuid: "de91954e44e34af2b9ce17fb922ff1ff" member_type: VOTER last_known_addr { host: "127.21.124.3" port: 46543 } } peers { permanent_uuid: "529df0670c524866a06dc2e8f2f971b9" member_type: NON_VOTER last_known_addr { host: "127.21.124.6" port: 46215 } attrs { promote: true } } }
