I20260601 13:25:02.730971 24867 catalog_manager.cc:5696] T bd76354640b94fb49eb35434985c4648 P 0d048d07757f47279c0c05d5699b81fa reported cstate change: config changed from index -1 to 2, NON_VOTER 5a1a8769943f4c7192c718a0f340f892 (127.21.124.4) added. New cstate: current_term: 1 leader_uuid: "0d048d07757f47279c0c05d5699b81fa" committed_config { opid_index: 2 OBSOLETE_local: false peers { permanent_uuid: "0d048d07757f47279c0c05d5699b81fa" member_type: VOTER last_known_addr { host: "127.21.124.2" port: 37985 } health_report { overall_health: HEALTHY } } peers { permanent_uuid: "2f4163f052f9497f9492546abc7d15ab" member_type: VOTER last_known_addr { host: "127.21.124.1" port: 40249 } attrs { replace: true } health_report { overall_health: HEALTHY } } peers { permanent_uuid: "efaeec35557d41e1b67490374f5c6d89" member_type: VOTER last_known_addr { host: "127.21.124.3" port: 42699 } health_report { overall_health: HEALTHY } } peers { permanent_uuid: "5a1a8769943f4c7192c718a0f340f892" member_type: NON_VOTER last_known_addr { host: "127.21.124.4" port: 39311 } attrs { promote: true } health_report { overall_health: UNKNOWN } } }
I20260601 13:25:02.731560 25123 consensus_queue.cc:237] T 0ba9373bf019423caa16ca92dde70ba3 P efaeec35557d41e1b67490374f5c6d89 [LEADER]: Queue going to LEADER mode. State: All replicated index: 0, Majority replicated index: 1, Committed index: 1, Last appended: 1.1, Last appended by leader: 0, Current term: 1, Majority size: 2, State: 0, Mode: LEADER, active raft config: opid_index: 2 OBSOLETE_local: false peers { permanent_uuid: "2f4163f052f9497f9492546abc7d15ab" member_type: VOTER last_known_addr { host: "127.21.124.1" port: 40249 } } peers { permanent_uuid: "0d048d07757f47279c0c05d5699b81fa" member_type: VOTER last_known_addr { host: "127.21.124.2" port: 37985 } attrs { replace: true } } peers { permanent_uuid: "efaeec35557d41e1b67490374f5c6d89" member_type: VOTER last_known_addr { host: "127.21.124.3" port: 42699 } } peers { permanent_uuid: "5a1a8769943f4c7192c718a0f340f892" member_type: NON_VOTER last_known_addr { host: "127.21.124.4" port: 39311 } attrs { promote: true } }
I20260601 13:25:02.733569 25048 raft_consensus.cc:1275] T 0ba9373bf019423caa16ca92dde70ba3 P 0d048d07757f47279c0c05d5699b81fa [term 1 FOLLOWER]: Refusing update from remote peer efaeec35557d41e1b67490374f5c6d89: Log matching property violated. Preceding OpId in replica: term: 1 index: 1. Preceding OpId from leader: term: 1 index: 2. (index mismatch)
I20260601 13:25:02.733876 24973 raft_consensus.cc:1275] T 0ba9373bf019423caa16ca92dde70ba3 P 2f4163f052f9497f9492546abc7d15ab [term 1 FOLLOWER]: Refusing update from remote peer efaeec35557d41e1b67490374f5c6d89: Log matching property violated. Preceding OpId in replica: term: 1 index: 1. Preceding OpId from leader: term: 1 index: 2. (index mismatch)
I20260601 13:25:02.734072 25401 consensus_queue.cc:1048] T 0ba9373bf019423caa16ca92dde70ba3 P efaeec35557d41e1b67490374f5c6d89 [LEADER]: Connected to new peer: Peer: permanent_uuid: "0d048d07757f47279c0c05d5699b81fa" member_type: VOTER last_known_addr { host: "127.21.124.2" port: 37985 } attrs { replace: true }, Status: LMP_MISMATCH, Last received: 0.0, Next index: 2, Last known committed idx: 1, Time since last communication: 0.000s
I20260601 13:25:02.734858 25200 consensus_queue.cc:1048] T 0ba9373bf019423caa16ca92dde70ba3 P efaeec35557d41e1b67490374f5c6d89 [LEADER]: Connected to new peer: Peer: permanent_uuid: "2f4163f052f9497f9492546abc7d15ab" member_type: VOTER last_known_addr { host: "127.21.124.1" port: 40249 }, Status: LMP_MISMATCH, Last received: 0.0, Next index: 2, Last known committed idx: 1, Time since last communication: 0.000s
I20260601 13:25:02.735886 25200 raft_consensus.cc:2955] T 0ba9373bf019423caa16ca92dde70ba3 P efaeec35557d41e1b67490374f5c6d89 [term 1 LEADER]: Committing config change with OpId 1.2: config changed from index -1 to 2, NON_VOTER 5a1a8769943f4c7192c718a0f340f892 (127.21.124.4) added. New config: { opid_index: 2 OBSOLETE_local: false peers { permanent_uuid: "2f4163f052f9497f9492546abc7d15ab" member_type: VOTER last_known_addr { host: "127.21.124.1" port: 40249 } } peers { permanent_uuid: "0d048d07757f47279c0c05d5699b81fa" member_type: VOTER last_known_addr { host: "127.21.124.2" port: 37985 } attrs { replace: true } } peers { permanent_uuid: "efaeec35557d41e1b67490374f5c6d89" member_type: VOTER last_known_addr { host: "127.21.124.3" port: 42699 } } peers { permanent_uuid: "5a1a8769943f4c7192c718a0f340f892" member_type: NON_VOTER last_known_addr { host: "127.21.124.4" port: 39311 } attrs { promote: true } } }
I20260601 13:25:02.736303 25048 raft_consensus.cc:2955] T 0ba9373bf019423caa16ca92dde70ba3 P 0d048d07757f47279c0c05d5699b81fa [term 1 FOLLOWER]: Committing config change with OpId 1.2: config changed from index -1 to 2, NON_VOTER 5a1a8769943f4c7192c718a0f340f892 (127.21.124.4) added. New config: { opid_index: 2 OBSOLETE_local: false peers { permanent_uuid: "2f4163f052f9497f9492546abc7d15ab" member_type: VOTER last_known_addr { host: "127.21.124.1" port: 40249 } } peers { permanent_uuid: "0d048d07757f47279c0c05d5699b81fa" member_type: VOTER last_known_addr { host: "127.21.124.2" port: 37985 } attrs { replace: true } } peers { permanent_uuid: "efaeec35557d41e1b67490374f5c6d89" member_type: VOTER last_known_addr { host: "127.21.124.3" port: 42699 } } peers { permanent_uuid: "5a1a8769943f4c7192c718a0f340f892" member_type: NON_VOTER last_known_addr { host: "127.21.124.4" port: 39311 } attrs { promote: true } } }
I20260601 13:25:02.738533 24870 catalog_manager.cc:5696] T 0ba9373bf019423caa16ca92dde70ba3 P efaeec35557d41e1b67490374f5c6d89 reported cstate change: config changed from index -1 to 2, NON_VOTER 5a1a8769943f4c7192c718a0f340f892 (127.21.124.4) added. New cstate: current_term: 1 leader_uuid: "efaeec35557d41e1b67490374f5c6d89" committed_config { opid_index: 2 OBSOLETE_local: false peers { permanent_uuid: "2f4163f052f9497f9492546abc7d15ab" member_type: VOTER last_known_addr { host: "127.21.124.1" port: 40249 } health_report { overall_health: UNKNOWN } } peers { permanent_uuid: "0d048d07757f47279c0c05d5699b81fa" member_type: VOTER last_known_addr { host: "127.21.124.2" port: 37985 } attrs { replace: true } health_report { overall_health: HEALTHY } } peers { permanent_uuid: "efaeec35557d41e1b67490374f5c6d89" member_type: VOTER last_known_addr { host: "127.21.124.3" port: 42699 } health_report { overall_health: HEALTHY } } peers { permanent_uuid: "5a1a8769943f4c7192c718a0f340f892" member_type: NON_VOTER last_known_addr { host: "127.21.124.4" port: 39311 } attrs { promote: true } health_report { overall_health: UNKNOWN } } }
I20260601 13:25:02.739240 24973 raft_consensus.cc:2955] T 0ba9373bf019423caa16ca92dde70ba3 P 2f4163f052f9497f9492546abc7d15ab [term 1 FOLLOWER]: Committing config change with OpId 1.2: config changed from index -1 to 2, NON_VOTER 5a1a8769943f4c7192c718a0f340f892 (127.21.124.4) added. New config: { opid_index: 2 OBSOLETE_local: false peers { permanent_uuid: "2f4163f052f9497f9492546abc7d15ab" member_type: VOTER last_known_addr { host: "127.21.124.1" port: 40249 } } peers { permanent_uuid: "0d048d07757f47279c0c05d5699b81fa" member_type: VOTER last_known_addr { host: "127.21.124.2" port: 37985 } attrs { replace: true } } peers { permanent_uuid: "efaeec35557d41e1b67490374f5c6d89" member_type: VOTER last_known_addr { host: "127.21.124.3" port: 42699 } } peers { permanent_uuid: "5a1a8769943f4c7192c718a0f340f892" member_type: NON_VOTER last_known_addr { host: "127.21.124.4" port: 39311 } attrs { promote: true } } }
I20260601 13:25:02.739552 25123 consensus_queue.cc:237] T f64da12f2f5c41e98cecdf00c33a9ff9 P efaeec35557d41e1b67490374f5c6d89 [LEADER]: Queue going to LEADER mode. State: All replicated index: 0, Majority replicated index: 1, Committed index: 1, Last appended: 1.1, Last appended by leader: 0, Current term: 1, Majority size: 2, State: 0, Mode: LEADER, active raft config: opid_index: 2 OBSOLETE_local: false peers { permanent_uuid: "2f4163f052f9497f9492546abc7d15ab" member_type: VOTER last_known_addr { host: "127.21.124.1" port: 40249 } } peers { permanent_uuid: "0d048d07757f47279c0c05d5699b81fa" member_type: VOTER last_known_addr { host: "127.21.124.2" port: 37985 } attrs { replace: true } } peers { permanent_uuid: "efaeec35557d41e1b67490374f5c6d89" member_type: VOTER last_known_addr { host: "127.21.124.3" port: 42699 } } peers { permanent_uuid: "5a1a8769943f4c7192c718a0f340f892" member_type: NON_VOTER last_known_addr { host: "127.21.124.4" port: 39311 } attrs { promote: true } }
I20260601 13:25:02.740962 25048 raft_consensus.cc:1275] T f64da12f2f5c41e98cecdf00c33a9ff9 P 0d048d07757f47279c0c05d5699b81fa [term 1 FOLLOWER]: Refusing update from remote peer efaeec35557d41e1b67490374f5c6d89: Log matching property violated. Preceding OpId in replica: term: 1 index: 1. Preceding OpId from leader: term: 1 index: 2. (index mismatch)
W20260601 13:25:02.741139 25089 consensus_peers.cc:597] T 0ba9373bf019423caa16ca92dde70ba3 P efaeec35557d41e1b67490374f5c6d89 -> Peer 5a1a8769943f4c7192c718a0f340f892 (127.21.124.4:39311): Couldn't send request to peer 5a1a8769943f4c7192c718a0f340f892. Error code: TABLET_NOT_FOUND (6). Status: Not found: Tablet not found: 0ba9373bf019423caa16ca92dde70ba3. This is attempt 1: this message will repeat every 5th retry.
I20260601 13:25:02.741295 25401 consensus_queue.cc:1048] T f64da12f2f5c41e98cecdf00c33a9ff9 P efaeec35557d41e1b67490374f5c6d89 [LEADER]: Connected to new peer: Peer: permanent_uuid: "0d048d07757f47279c0c05d5699b81fa" member_type: VOTER last_known_addr { host: "127.21.124.2" port: 37985 } attrs { replace: true }, Status: LMP_MISMATCH, Last received: 0.0, Next index: 2, Last known committed idx: 1, Time since last communication: 0.000s
W20260601 13:25:02.742089 25089 consensus_peers.cc:597] T f64da12f2f5c41e98cecdf00c33a9ff9 P efaeec35557d41e1b67490374f5c6d89 -> Peer 5a1a8769943f4c7192c718a0f340f892 (127.21.124.4:39311): Couldn't send request to peer 5a1a8769943f4c7192c718a0f340f892. Error code: TABLET_NOT_FOUND (6). Status: Not found: Tablet not found: f64da12f2f5c41e98cecdf00c33a9ff9. This is attempt 1: this message will repeat every 5th retry.
I20260601 13:25:02.742846 24973 raft_consensus.cc:1275] T f64da12f2f5c41e98cecdf00c33a9ff9 P 2f4163f052f9497f9492546abc7d15ab [term 1 FOLLOWER]: Refusing update from remote peer efaeec35557d41e1b67490374f5c6d89: Log matching property violated. Preceding OpId in replica: term: 1 index: 1. Preceding OpId from leader: term: 1 index: 2. (index mismatch)
I20260601 13:25:02.743265 25401 consensus_queue.cc:1048] T f64da12f2f5c41e98cecdf00c33a9ff9 P efaeec35557d41e1b67490374f5c6d89 [LEADER]: Connected to new peer: Peer: permanent_uuid: "2f4163f052f9497f9492546abc7d15ab" member_type: VOTER last_known_addr { host: "127.21.124.1" port: 40249 }, Status: LMP_MISMATCH, Last received: 0.0, Next index: 2, Last known committed idx: 1, Time since last communication: 0.000s
I20260601 13:25:02.743608 25200 raft_consensus.cc:2955] T f64da12f2f5c41e98cecdf00c33a9ff9 P efaeec35557d41e1b67490374f5c6d89 [term 1 LEADER]: Committing config change with OpId 1.2: config changed from index -1 to 2, NON_VOTER 5a1a8769943f4c7192c718a0f340f892 (127.21.124.4) added. New config: { opid_index: 2 OBSOLETE_local: false peers { permanent_uuid: "2f4163f052f9497f9492546abc7d15ab" member_type: VOTER last_known_addr { host: "127.21.124.1" port: 40249 } } peers { permanent_uuid: "0d048d07757f47279c0c05d5699b81fa" member_type: VOTER last_known_addr { host: "127.21.124.2" port: 37985 } attrs { replace: true } } peers { permanent_uuid: "efaeec35557d41e1b67490374f5c6d89" member_type: VOTER last_known_addr { host: "127.21.124.3" port: 42699 } } peers { permanent_uuid: "5a1a8769943f4c7192c718a0f340f892" member_type: NON_VOTER last_known_addr { host: "127.21.124.4" port: 39311 } attrs { promote: true } } }
I20260601 13:25:02.745713 25048 raft_consensus.cc:2955] T f64da12f2f5c41e98cecdf00c33a9ff9 P 0d048d07757f47279c0c05d5699b81fa [term 1 FOLLOWER]: Committing config change with OpId 1.2: config changed from index -1 to 2, NON_VOTER 5a1a8769943f4c7192c718a0f340f892 (127.21.124.4) added. New config: { opid_index: 2 OBSOLETE_local: false peers { permanent_uuid: "2f4163f052f9497f9492546abc7d15ab" member_type: VOTER last_known_addr { host: "127.21.124.1" port: 40249 } } peers { permanent_uuid: "0d048d07757f47279c0c05d5699b81fa" member_type: VOTER last_known_addr { host: "127.21.124.2" port: 37985 } attrs { replace: true } } peers { permanent_uuid: "efaeec35557d41e1b67490374f5c6d89" member_type: VOTER last_known_addr { host: "127.21.124.3" port: 42699 } } peers { permanent_uuid: "5a1a8769943f4c7192c718a0f340f892" member_type: NON_VOTER last_known_addr { host: "127.21.124.4" port: 39311 } attrs { promote: true } } }
I20260601 13:25:02.746378 24869 catalog_manager.cc:5696] T f64da12f2f5c41e98cecdf00c33a9ff9 P efaeec35557d41e1b67490374f5c6d89 reported cstate change: config changed from index -1 to 2, NON_VOTER 5a1a8769943f4c7192c718a0f340f892 (127.21.124.4) added. New cstate: current_term: 1 leader_uuid: "efaeec35557d41e1b67490374f5c6d89" committed_config { opid_index: 2 OBSOLETE_local: false peers { permanent_uuid: "2f4163f052f9497f9492546abc7d15ab" member_type: VOTER last_known_addr { host: "127.21.124.1" port: 40249 } health_report { overall_health: UNKNOWN } } peers { permanent_uuid: "0d048d07757f47279c0c05d5699b81fa" member_type: VOTER last_known_addr { host: "127.21.124.2" port: 37985 } attrs { replace: true } health_report { overall_health: HEALTHY } } peers { permanent_uuid: "efaeec35557d41e1b67490374f5c6d89" member_type: VOTER last_known_addr { host: "127.21.124.3" port: 42699 } health_report { overall_health: HEALTHY } } peers { permanent_uuid: "5a1a8769943f4c7192c718a0f340f892" member_type: NON_VOTER last_known_addr { host: "127.21.124.4" port: 39311 } attrs { promote: true } health_report { overall_health: UNKNOWN } } }
W20260601 13:25:02.746748 24917 auto_rebalancer.cc:591] Failed to schedule move for tablet a8c818b8ff934ddf9d45590b82c1f2c7: Illegal state: Leader has not yet committed an operation in its own term
I20260601 13:25:02.748195 24973 raft_consensus.cc:2955] T f64da12f2f5c41e98cecdf00c33a9ff9 P 2f4163f052f9497f9492546abc7d15ab [term 1 FOLLOWER]: Committing config change with OpId 1.2: config changed from index -1 to 2, NON_VOTER 5a1a8769943f4c7192c718a0f340f892 (127.21.124.4) added. New config: { opid_index: 2 OBSOLETE_local: false peers { permanent_uuid: "2f4163f052f9497f9492546abc7d15ab" member_type: VOTER last_known_addr { host: "127.21.124.1" port: 40249 } } peers { permanent_uuid: "0d048d07757f47279c0c05d5699b81fa" member_type: VOTER last_known_addr { host: "127.21.124.2" port: 37985 } attrs { replace: true } } peers { permanent_uuid: "efaeec35557d41e1b67490374f5c6d89" member_type: VOTER last_known_addr { host: "127.21.124.3" port: 42699 } } peers { permanent_uuid: "5a1a8769943f4c7192c718a0f340f892" member_type: NON_VOTER last_known_addr { host: "127.21.124.4" port: 39311 } attrs { promote: true } } }
I20260601 13:25:02.822005 25048 raft_consensus.cc:1275] T 6e41f8e13e844aa79d3be5a6e4128598 P 0d048d07757f47279c0c05d5699b81fa [term 2 FOLLOWER]: Refusing update from remote peer 2f4163f052f9497f9492546abc7d15ab: Log matching property violated. Preceding OpId in replica: term: 1 index: 1. Preceding OpId from leader: term: 2 index: 2. (index mismatch)
I20260601 13:25:02.822645 25367 consensus_queue.cc:1048] T 6e41f8e13e844aa79d3be5a6e4128598 P 2f4163f052f9497f9492546abc7d15ab [LEADER]: Connected to new peer: Peer: permanent_uuid: "0d048d07757f47279c0c05d5699b81fa" member_type: VOTER last_known_addr { host: "127.21.124.2" port: 37985 }, Status: LMP_MISMATCH, Last received: 0.0, Next index: 2, Last known committed idx: 1, Time since last communication: 0.000s
I20260601 13:25:02.825634 25123 raft_consensus.cc:1275] T 6e41f8e13e844aa79d3be5a6e4128598 P efaeec35557d41e1b67490374f5c6d89 [term 2 FOLLOWER]: Refusing update from remote peer 2f4163f052f9497f9492546abc7d15ab: Log matching property violated. Preceding OpId in replica: term: 1 index: 1. Preceding OpId from leader: term: 2 index: 2. (index mismatch)
I20260601 13:25:02.826097 25412 consensus_queue.cc:1048] T 6e41f8e13e844aa79d3be5a6e4128598 P 2f4163f052f9497f9492546abc7d15ab [LEADER]: Connected to new peer: Peer: permanent_uuid: "efaeec35557d41e1b67490374f5c6d89" member_type: VOTER last_known_addr { host: "127.21.124.3" port: 42699 }, Status: LMP_MISMATCH, Last received: 0.0, Next index: 2, Last known committed idx: 1, Time since last communication: 0.000s
I20260601 13:25:02.874619 25200 raft_consensus.cc:993] T 0040d11555084961a2edb65e9788859e P efaeec35557d41e1b67490374f5c6d89: : Instructing follower 2f4163f052f9497f9492546abc7d15ab to start an election
I20260601 13:25:02.874831 25200 raft_consensus.cc:1081] T 0040d11555084961a2edb65e9788859e P efaeec35557d41e1b67490374f5c6d89 [term 1 LEADER]: Signalling peer 2f4163f052f9497f9492546abc7d15ab to start an election
I20260601 13:25:02.875409 24973 tablet_service.cc:2044] Received Run Leader Election RPC: tablet_id: "0040d11555084961a2edb65e9788859e"
dest_uuid: "2f4163f052f9497f9492546abc7d15ab"
 from {username='slave'} at 127.0.0.1:47788
I20260601 13:25:02.875584 24973 raft_consensus.cc:493] T 0040d11555084961a2edb65e9788859e P 2f4163f052f9497f9492546abc7d15ab [term 1 FOLLOWER]: Starting forced leader election (received explicit request)
I20260601 13:25:02.875670 24973 raft_consensus.cc:3060] T 0040d11555084961a2edb65e9788859e P 2f4163f052f9497f9492546abc7d15ab [term 1 FOLLOWER]: Advancing to term 2
I20260601 13:25:02.876593 24973 raft_consensus.cc:515] T 0040d11555084961a2edb65e9788859e P 2f4163f052f9497f9492546abc7d15ab [term 2 FOLLOWER]: Starting forced leader election with config: opid_index: -1 OBSOLETE_local: false peers { permanent_uuid: "2f4163f052f9497f9492546abc7d15ab" member_type: VOTER last_known_addr { host: "127.21.124.1" port: 40249 } } peers { permanent_uuid: "0d048d07757f47279c0c05d5699b81fa" member_type: VOTER last_known_addr { host: "127.21.124.2" port: 37985 } } peers { permanent_uuid: "efaeec35557d41e1b67490374f5c6d89" member_type: VOTER last_known_addr { host: "127.21.124.3" port: 42699 } }
I20260601 13:25:02.877048 24973 leader_election.cc:290] T 0040d11555084961a2edb65e9788859e P 2f4163f052f9497f9492546abc7d15ab [CANDIDATE]: Term 2 election: Requested vote from peers 0d048d07757f47279c0c05d5699b81fa (127.21.124.2:37985), efaeec35557d41e1b67490374f5c6d89 (127.21.124.3:42699)
I20260601 13:25:02.877336 25048 tablet_service.cc:1917] Received RequestConsensusVote() RPC: tablet_id: "0040d11555084961a2edb65e9788859e" candidate_uuid: "2f4163f052f9497f9492546abc7d15ab" candidate_term: 2 candidate_status { last_received { term: 1 index: 1 } } ignore_live_leader: true dest_uuid: "0d048d07757f47279c0c05d5699b81fa"
I20260601 13:25:02.877388 25123 tablet_service.cc:1917] Received RequestConsensusVote() RPC: tablet_id: "0040d11555084961a2edb65e9788859e" candidate_uuid: "2f4163f052f9497f9492546abc7d15ab" candidate_term: 2 candidate_status { last_received { term: 1 index: 1 } } ignore_live_leader: true dest_uuid: "efaeec35557d41e1b67490374f5c6d89"
I20260601 13:25:02.877480 25048 raft_consensus.cc:3060] T 0040d11555084961a2edb65e9788859e P 0d048d07757f47279c0c05d5699b81fa [term 1 FOLLOWER]: Advancing to term 2
I20260601 13:25:02.877514 25123 raft_consensus.cc:3055] T 0040d11555084961a2edb65e9788859e P efaeec35557d41e1b67490374f5c6d89 [term 1 LEADER]: Stepping down as leader of term 1
I20260601 13:25:02.877560 25123 raft_consensus.cc:740] T 0040d11555084961a2edb65e9788859e P efaeec35557d41e1b67490374f5c6d89 [term 1 LEADER]: Becoming Follower/Learner. State: Replica: efaeec35557d41e1b67490374f5c6d89, State: Running, Role: LEADER
I20260601 13:25:02.877760 25123 consensus_queue.cc:260] T 0040d11555084961a2edb65e9788859e P efaeec35557d41e1b67490374f5c6d89 [NON_LEADER]: Queue going to NON_LEADER mode. State: All replicated index: 0, Majority replicated index: 1, Committed index: 1, Last appended: 1.1, Last appended by leader: 1, Current term: 1, Majority size: -1, State: 0, Mode: NON_LEADER, active raft config: opid_index: -1 OBSOLETE_local: false peers { permanent_uuid: "2f4163f052f9497f9492546abc7d15ab" member_type: VOTER last_known_addr { host: "127.21.124.1" port: 40249 } } peers { permanent_uuid: "0d048d07757f47279c0c05d5699b81fa" member_type: VOTER last_known_addr { host: "127.21.124.2" port: 37985 } } peers { permanent_uuid: "efaeec35557d41e1b67490374f5c6d89" member_type: VOTER last_known_addr { host: "127.21.124.3" port: 42699 } }
I20260601 13:25:02.877949 25123 raft_consensus.cc:3060] T 0040d11555084961a2edb65e9788859e P efaeec35557d41e1b67490374f5c6d89 [term 1 FOLLOWER]: Advancing to term 2
I20260601 13:25:02.878511 25048 raft_consensus.cc:2468] T 0040d11555084961a2edb65e9788859e P 0d048d07757f47279c0c05d5699b81fa [term 2 FOLLOWER]: Leader election vote request: Granting yes vote for candidate 2f4163f052f9497f9492546abc7d15ab in term 2.
I20260601 13:25:02.878867 25123 raft_consensus.cc:2468] T 0040d11555084961a2edb65e9788859e P efaeec35557d41e1b67490374f5c6d89 [term 2 FOLLOWER]: Leader election vote request: Granting yes vote for candidate 2f4163f052f9497f9492546abc7d15ab in term 2.
I20260601 13:25:02.878872 24937 leader_election.cc:304] T 0040d11555084961a2edb65e9788859e P 2f4163f052f9497f9492546abc7d15ab [CANDIDATE]: Term 2 election: Election decided. Result: candidate won. Election summary: received 2 responses out of 3 voters: 2 yes votes; 0 no votes. yes voters: 0d048d07757f47279c0c05d5699b81fa, 2f4163f052f9497f9492546abc7d15ab; no voters: 
I20260601 13:25:02.879159 25412 raft_consensus.cc:2804] T 0040d11555084961a2edb65e9788859e P 2f4163f052f9497f9492546abc7d15ab [term 2 FOLLOWER]: Leader election won for term 2
I20260601 13:25:02.879302 25412 raft_consensus.cc:697] T 0040d11555084961a2edb65e9788859e P 2f4163f052f9497f9492546abc7d15ab [term 2 LEADER]: Becoming Leader. State: Replica: 2f4163f052f9497f9492546abc7d15ab, State: Running, Role: LEADER
I20260601 13:25:02.879456 25412 consensus_queue.cc:237] T 0040d11555084961a2edb65e9788859e P 2f4163f052f9497f9492546abc7d15ab [LEADER]: Queue going to LEADER mode. State: All replicated index: 0, Majority replicated index: 1, Committed index: 1, Last appended: 1.1, Last appended by leader: 1, Current term: 2, Majority size: 2, State: 0, Mode: LEADER, active raft config: opid_index: -1 OBSOLETE_local: false peers { permanent_uuid: "2f4163f052f9497f9492546abc7d15ab" member_type: VOTER last_known_addr { host: "127.21.124.1" port: 40249 } } peers { permanent_uuid: "0d048d07757f47279c0c05d5699b81fa" member_type: VOTER last_known_addr { host: "127.21.124.2" port: 37985 } } peers { permanent_uuid: "efaeec35557d41e1b67490374f5c6d89" member_type: VOTER last_known_addr { host: "127.21.124.3" port: 42699 } }
I20260601 13:25:02.881135 24870 catalog_manager.cc:5696] T 0040d11555084961a2edb65e9788859e P 2f4163f052f9497f9492546abc7d15ab reported cstate change: term changed from 1 to 2, leader changed from efaeec35557d41e1b67490374f5c6d89 (127.21.124.3) to 2f4163f052f9497f9492546abc7d15ab (127.21.124.1). New cstate: current_term: 2 leader_uuid: "2f4163f052f9497f9492546abc7d15ab" committed_config { opid_index: -1 OBSOLETE_local: false peers { permanent_uuid: "2f4163f052f9497f9492546abc7d15ab" member_type: VOTER last_known_addr { host: "127.21.124.1" port: 40249 } health_report { overall_health: HEALTHY } } peers { permanent_uuid: "0d048d07757f47279c0c05d5699b81fa" member_type: VOTER last_known_addr { host: "127.21.124.2" port: 37985 } health_report { overall_health: UNKNOWN } } peers { permanent_uuid: "efaeec35557d41e1b67490374f5c6d89" member_type: VOTER last_known_addr { host: "127.21.124.3" port: 42699 } health_report { overall_health: UNKNOWN } } }
I20260601 13:25:02.890372 25412 raft_consensus.cc:993] T f4ac53bdfa7848118755236c9be4d776 P 2f4163f052f9497f9492546abc7d15ab: : Instructing follower 0d048d07757f47279c0c05d5699b81fa to start an election
I20260601 13:25:02.890502 25412 raft_consensus.cc:1081] T f4ac53bdfa7848118755236c9be4d776 P 2f4163f052f9497f9492546abc7d15ab [term 1 LEADER]: Signalling peer 0d048d07757f47279c0c05d5699b81fa to start an election
I20260601 13:25:02.891026 25048 tablet_service.cc:2044] Received Run Leader Election RPC: tablet_id: "f4ac53bdfa7848118755236c9be4d776"
dest_uuid: "0d048d07757f47279c0c05d5699b81fa"
 from {username='slave'} at 127.0.0.1:55652
I20260601 13:25:02.891198 25048 raft_consensus.cc:493] T f4ac53bdfa7848118755236c9be4d776 P 0d048d07757f47279c0c05d5699b81fa [term 1 FOLLOWER]: Starting forced leader election (received explicit request)
I20260601 13:25:02.891299 25048 raft_consensus.cc:3060] T f4ac53bdfa7848118755236c9be4d776 P 0d048d07757f47279c0c05d5699b81fa [term 1 FOLLOWER]: Advancing to term 2
I20260601 13:25:02.892269 25048 raft_consensus.cc:515] T f4ac53bdfa7848118755236c9be4d776 P 0d048d07757f47279c0c05d5699b81fa [term 2 FOLLOWER]: Starting forced leader election with config: opid_index: -1 OBSOLETE_local: false peers { permanent_uuid: "2f4163f052f9497f9492546abc7d15ab" member_type: VOTER last_known_addr { host: "127.21.124.1" port: 40249 } } peers { permanent_uuid: "0d048d07757f47279c0c05d5699b81fa" member_type: VOTER last_known_addr { host: "127.21.124.2" port: 37985 } } peers { permanent_uuid: "efaeec35557d41e1b67490374f5c6d89" member_type: VOTER last_known_addr { host: "127.21.124.3" port: 42699 } }
I20260601 13:25:02.892750 25048 leader_election.cc:290] T f4ac53bdfa7848118755236c9be4d776 P 0d048d07757f47279c0c05d5699b81fa [CANDIDATE]: Term 2 election: Requested vote from peers 2f4163f052f9497f9492546abc7d15ab (127.21.124.1:40249), efaeec35557d41e1b67490374f5c6d89 (127.21.124.3:42699)
I20260601 13:25:02.893149 24973 tablet_service.cc:1917] Received RequestConsensusVote() RPC: tablet_id: "f4ac53bdfa7848118755236c9be4d776" candidate_uuid: "0d048d07757f47279c0c05d5699b81fa" candidate_term: 2 candidate_status { last_received { term: 1 index: 1 } } ignore_live_leader: true dest_uuid: "2f4163f052f9497f9492546abc7d15ab"
I20260601 13:25:02.893149 25123 tablet_service.cc:1917] Received RequestConsensusVote() RPC: tablet_id: "f4ac53bdfa7848118755236c9be4d776" candidate_uuid: "0d048d07757f47279c0c05d5699b81fa" candidate_term: 2 candidate_status { last_received { term: 1 index: 1 } } ignore_live_leader: true dest_uuid: "efaeec35557d41e1b67490374f5c6d89"
I20260601 13:25:02.893311 24973 raft_consensus.cc:3055] T f4ac53bdfa7848118755236c9be4d776 P 2f4163f052f9497f9492546abc7d15ab [term 1 LEADER]: Stepping down as leader of term 1
I20260601 13:25:02.893311 25123 raft_consensus.cc:3060] T f4ac53bdfa7848118755236c9be4d776 P efaeec35557d41e1b67490374f5c6d89 [term 1 FOLLOWER]: Advancing to term 2
I20260601 13:25:02.893389 24973 raft_consensus.cc:740] T f4ac53bdfa7848118755236c9be4d776 P 2f4163f052f9497f9492546abc7d15ab [term 1 LEADER]: Becoming Follower/Learner. State: Replica: 2f4163f052f9497f9492546abc7d15ab, State: Running, Role: LEADER
I20260601 13:25:02.893607 24973 consensus_queue.cc:260] T f4ac53bdfa7848118755236c9be4d776 P 2f4163f052f9497f9492546abc7d15ab [NON_LEADER]: Queue going to NON_LEADER mode. State: All replicated index: 0, Majority replicated index: 1, Committed index: 1, Last appended: 1.1, Last appended by leader: 1, Current term: 1, Majority size: -1, State: 0, Mode: NON_LEADER, active raft config: opid_index: -1 OBSOLETE_local: false peers { permanent_uuid: "2f4163f052f9497f9492546abc7d15ab" member_type: VOTER last_known_addr { host: "127.21.124.1" port: 40249 } } peers { permanent_uuid: "0d048d07757f47279c0c05d5699b81fa" member_type: VOTER last_known_addr { host: "127.21.124.2" port: 37985 } } peers { permanent_uuid: "efaeec35557d41e1b67490374f5c6d89" member_type: VOTER last_known_addr { host: "127.21.124.3" port: 42699 } }
I20260601 13:25:02.893831 24973 raft_consensus.cc:3060] T f4ac53bdfa7848118755236c9be4d776 P 2f4163f052f9497f9492546abc7d15ab [term 1 FOLLOWER]: Advancing to term 2
I20260601 13:25:02.894466 25123 raft_consensus.cc:2468] T f4ac53bdfa7848118755236c9be4d776 P efaeec35557d41e1b67490374f5c6d89 [term 2 FOLLOWER]: Leader election vote request: Granting yes vote for candidate 0d048d07757f47279c0c05d5699b81fa in term 2.
I20260601 13:25:02.894763 25014 leader_election.cc:304] T f4ac53bdfa7848118755236c9be4d776 P 0d048d07757f47279c0c05d5699b81fa [CANDIDATE]: Term 2 election: Election decided. Result: candidate won. Election summary: received 2 responses out of 3 voters: 2 yes votes; 0 no votes. yes voters: 0d048d07757f47279c0c05d5699b81fa, efaeec35557d41e1b67490374f5c6d89; no voters: 
I20260601 13:25:02.894824 24973 raft_consensus.cc:2468] T f4ac53bdfa7848118755236c9be4d776 P 2f4163f052f9497f9492546abc7d15ab [term 2 FOLLOWER]: Leader election vote request: Granting yes vote for candidate 0d048d07757f47279c0c05d5699b81fa in term 2.
I20260601 13:25:02.894985 25352 raft_consensus.cc:2804] T f4ac53bdfa7848118755236c9be4d776 P 0d048d07757f47279c0c05d5699b81fa [term 2 FOLLOWER]: Leader election won for term 2
I20260601 13:25:02.895083 25352 raft_consensus.cc:697] T f4ac53bdfa7848118755236c9be4d776 P 0d048d07757f47279c0c05d5699b81fa [term 2 LEADER]: Becoming Leader. State: Replica: 0d048d07757f47279c0c05d5699b81fa, State: Running, Role: LEADER
I20260601 13:25:02.895205 25352 consensus_queue.cc:237] T f4ac53bdfa7848118755236c9be4d776 P 0d048d07757f47279c0c05d5699b81fa [LEADER]: Queue going to LEADER mode. State: All replicated index: 0, Majority replicated index: 1, Committed index: 1, Last appended: 1.1, Last appended by leader: 1, Current term: 2, Majority size: 2, State: 0, Mode: LEADER, active raft config: opid_index: -1 OBSOLETE_local: false peers { permanent_uuid: "2f4163f052f9497f9492546abc7d15ab" member_type: VOTER last_known_addr { host: "127.21.124.1" port: 40249 } } peers { permanent_uuid: "0d048d07757f47279c0c05d5699b81fa" member_type: VOTER last_known_addr { host: "127.21.124.2" port: 37985 } } peers { permanent_uuid: "efaeec35557d41e1b67490374f5c6d89" member_type: VOTER last_known_addr { host: "127.21.124.3" port: 42699 } }
I20260601 13:25:02.897178 24870 catalog_manager.cc:5696] T f4ac53bdfa7848118755236c9be4d776 P 0d048d07757f47279c0c05d5699b81fa reported cstate change: term changed from 1 to 2, leader changed from 2f4163f052f9497f9492546abc7d15ab (127.21.124.1) to 0d048d07757f47279c0c05d5699b81fa (127.21.124.2). New cstate: current_term: 2 leader_uuid: "0d048d07757f47279c0c05d5699b81fa" committed_config { opid_index: -1 OBSOLETE_local: false peers { permanent_uuid: "2f4163f052f9497f9492546abc7d15ab" member_type: VOTER last_known_addr { host: "127.21.124.1" port: 40249 } health_report { overall_health: UNKNOWN } } peers { permanent_uuid: "0d048d07757f47279c0c05d5699b81fa" member_type: VOTER last_known_addr { host: "127.21.124.2" port: 37985 } health_report { overall_health: HEALTHY } } peers { permanent_uuid: "efaeec35557d41e1b67490374f5c6d89" member_type: VOTER last_known_addr { host: "127.21.124.3" port: 42699 } health_report { overall_health: UNKNOWN } } }
I20260601 13:25:03.056629 24973 raft_consensus.cc:1275] T a8c818b8ff934ddf9d45590b82c1f2c7 P 2f4163f052f9497f9492546abc7d15ab [term 2 FOLLOWER]: Refusing update from remote peer 0d048d07757f47279c0c05d5699b81fa: Log matching property violated. Preceding OpId in replica: term: 1 index: 1. Preceding OpId from leader: term: 2 index: 2. (index mismatch)
I20260601 13:25:03.057245 25180 consensus_queue.cc:1048] T a8c818b8ff934ddf9d45590b82c1f2c7 P 0d048d07757f47279c0c05d5699b81fa [LEADER]: Connected to new peer: Peer: permanent_uuid: "2f4163f052f9497f9492546abc7d15ab" member_type: VOTER last_known_addr { host: "127.21.124.1" port: 40249 }, Status: LMP_MISMATCH, Last received: 0.0, Next index: 2, Last known committed idx: 1, Time since last communication: 0.000s
I20260601 13:25:03.060462 25123 raft_consensus.cc:1275] T a8c818b8ff934ddf9d45590b82c1f2c7 P efaeec35557d41e1b67490374f5c6d89 [term 2 FOLLOWER]: Refusing update from remote peer 0d048d07757f47279c0c05d5699b81fa: Log matching property violated. Preceding OpId in replica: term: 1 index: 1. Preceding OpId from leader: term: 2 index: 2. (index mismatch)
I20260601 13:25:03.060948 25180 consensus_queue.cc:1048] T a8c818b8ff934ddf9d45590b82c1f2c7 P 0d048d07757f47279c0c05d5699b81fa [LEADER]: Connected to new peer: Peer: permanent_uuid: "efaeec35557d41e1b67490374f5c6d89" member_type: VOTER last_known_addr { host: "127.21.124.3" port: 42699 }, Status: LMP_MISMATCH, Last received: 0.0, Next index: 2, Last known committed idx: 1, Time since last communication: 0.000s
I20260601 13:25:03.232756 25420 ts_tablet_manager.cc:933] T bd76354640b94fb49eb35434985c4648 P 5a1a8769943f4c7192c718a0f340f892: Initiating tablet copy from peer 0d048d07757f47279c0c05d5699b81fa (127.21.124.2:37985)
I20260601 13:25:03.233258 25420 tablet_copy_client.cc:323] T bd76354640b94fb49eb35434985c4648 P 5a1a8769943f4c7192c718a0f340f892: tablet copy: Beginning tablet copy session from remote peer at address 127.21.124.2:37985
I20260601 13:25:03.233894 25058 tablet_copy_service.cc:140] P 0d048d07757f47279c0c05d5699b81fa: Received BeginTabletCopySession request for tablet bd76354640b94fb49eb35434985c4648 from peer 5a1a8769943f4c7192c718a0f340f892 ({username='slave'} at 127.0.0.1:55670)
I20260601 13:25:03.234010 25058 tablet_copy_service.cc:161] P 0d048d07757f47279c0c05d5699b81fa: Beginning new tablet copy session on tablet bd76354640b94fb49eb35434985c4648 from peer 5a1a8769943f4c7192c718a0f340f892 at {username='slave'} at 127.0.0.1:55670: session id = 5a1a8769943f4c7192c718a0f340f892-bd76354640b94fb49eb35434985c4648
I20260601 13:25:03.235002 25058 tablet_copy_source_session.cc:215] T bd76354640b94fb49eb35434985c4648 P 0d048d07757f47279c0c05d5699b81fa: Tablet Copy: opened 0 blocks and 1 log segments
I20260601 13:25:03.235921 25420 data_dirs.cc:400] Could only allocate 1 dirs of requested 3 for tablet bd76354640b94fb49eb35434985c4648. 1 dirs total, 0 dirs full, 0 dirs failed
I20260601 13:25:03.237938 25420 tablet_copy_client.cc:806] T bd76354640b94fb49eb35434985c4648 P 5a1a8769943f4c7192c718a0f340f892: tablet copy: Starting download of 0 data blocks...
I20260601 13:25:03.238121 25420 tablet_copy_client.cc:670] T bd76354640b94fb49eb35434985c4648 P 5a1a8769943f4c7192c718a0f340f892: tablet copy: Starting download of 1 WAL segments...
I20260601 13:25:03.239300 25420 tablet_copy_client.cc:538] T bd76354640b94fb49eb35434985c4648 P 5a1a8769943f4c7192c718a0f340f892: tablet copy: Tablet Copy complete. Replacing tablet superblock.
I20260601 13:25:03.240396 25420 tablet_bootstrap.cc:492] T bd76354640b94fb49eb35434985c4648 P 5a1a8769943f4c7192c718a0f340f892: Bootstrap starting.
I20260601 13:25:03.243745 25420 tablet_bootstrap.cc:492] T bd76354640b94fb49eb35434985c4648 P 5a1a8769943f4c7192c718a0f340f892: Bootstrap replayed 1/1 log segments. Stats: ops{read=2 overwritten=0 applied=2 ignored=0} inserts{seen=0 ignored=0} mutations{seen=0 ignored=0} orphaned_commits=0. Pending: 0 replicates
I20260601 13:25:03.244006 25420 tablet_bootstrap.cc:492] T bd76354640b94fb49eb35434985c4648 P 5a1a8769943f4c7192c718a0f340f892: Bootstrap complete.
I20260601 13:25:03.244182 25420 ts_tablet_manager.cc:1403] T bd76354640b94fb49eb35434985c4648 P 5a1a8769943f4c7192c718a0f340f892: Time spent bootstrapping tablet: real 0.004s	user 0.003s	sys 0.000s
I20260601 13:25:03.244622 25420 raft_consensus.cc:359] T bd76354640b94fb49eb35434985c4648 P 5a1a8769943f4c7192c718a0f340f892 [term 1 LEARNER]: Replica starting. Triggering 0 pending ops. Active config: opid_index: 2 OBSOLETE_local: false peers { permanent_uuid: "0d048d07757f47279c0c05d5699b81fa" member_type: VOTER last_known_addr { host: "127.21.124.2" port: 37985 } } peers { permanent_uuid: "2f4163f052f9497f9492546abc7d15ab" member_type: VOTER last_known_addr { host: "127.21.124.1" port: 40249 } attrs { replace: true } } peers { permanent_uuid: "efaeec35557d41e1b67490374f5c6d89" member_type: VOTER last_known_addr { host: "127.21.124.3" port: 42699 } } peers { permanent_uuid: "5a1a8769943f4c7192c718a0f340f892" member_type: NON_VOTER last_known_addr { host: "127.21.124.4" port: 39311 } attrs { promote: true } }
I20260601 13:25:03.244755 25420 raft_consensus.cc:740] T bd76354640b94fb49eb35434985c4648 P 5a1a8769943f4c7192c718a0f340f892 [term 1 LEARNER]: Becoming Follower/Learner. State: Replica: 5a1a8769943f4c7192c718a0f340f892, State: Initialized, Role: LEARNER
I20260601 13:25:03.244872 25420 consensus_queue.cc:260] T bd76354640b94fb49eb35434985c4648 P 5a1a8769943f4c7192c718a0f340f892 [NON_LEADER]: Queue going to NON_LEADER mode. State: All replicated index: 0, Majority replicated index: 0, Committed index: 2, Last appended: 1.2, Last appended by leader: 2, Current term: 0, Majority size: -1, State: 0, Mode: NON_LEADER, active raft config: opid_index: 2 OBSOLETE_local: false peers { permanent_uuid: "0d048d07757f47279c0c05d5699b81fa" member_type: VOTER last_known_addr { host: "127.21.124.2" port: 37985 } } peers { permanent_uuid: "2f4163f052f9497f9492546abc7d15ab" member_type: VOTER last_known_addr { host: "127.21.124.1" port: 40249 } attrs { replace: true } } peers { permanent_uuid: "efaeec35557d41e1b67490374f5c6d89" member_type: VOTER last_known_addr { host: "127.21.124.3" port: 42699 } } peers { permanent_uuid: "5a1a8769943f4c7192c718a0f340f892" member_type: NON_VOTER last_known_addr { host: "127.21.124.4" port: 39311 } attrs { promote: true } }
I20260601 13:25:03.245298 25420 ts_tablet_manager.cc:1434] T bd76354640b94fb49eb35434985c4648 P 5a1a8769943f4c7192c718a0f340f892: Time spent starting tablet: real 0.001s	user 0.002s	sys 0.000s
I20260601 13:25:03.245879 25058 tablet_copy_service.cc:342] P 0d048d07757f47279c0c05d5699b81fa: Request end of tablet copy session 5a1a8769943f4c7192c718a0f340f892-bd76354640b94fb49eb35434985c4648 received from {username='slave'} at 127.0.0.1:55670
I20260601 13:25:03.245971 25058 tablet_copy_service.cc:434] P 0d048d07757f47279c0c05d5699b81fa: ending tablet copy session 5a1a8769943f4c7192c718a0f340f892-bd76354640b94fb49eb35434985c4648 on tablet bd76354640b94fb49eb35434985c4648 with peer 5a1a8769943f4c7192c718a0f340f892
I20260601 13:25:03.249027 25420 ts_tablet_manager.cc:933] T 0ba9373bf019423caa16ca92dde70ba3 P 5a1a8769943f4c7192c718a0f340f892: Initiating tablet copy from peer efaeec35557d41e1b67490374f5c6d89 (127.21.124.3:42699)
I20260601 13:25:03.249363 25420 tablet_copy_client.cc:323] T 0ba9373bf019423caa16ca92dde70ba3 P 5a1a8769943f4c7192c718a0f340f892: tablet copy: Beginning tablet copy session from remote peer at address 127.21.124.3:42699
I20260601 13:25:03.253450 25134 tablet_copy_service.cc:140] P efaeec35557d41e1b67490374f5c6d89: Received BeginTabletCopySession request for tablet 0ba9373bf019423caa16ca92dde70ba3 from peer 5a1a8769943f4c7192c718a0f340f892 ({username='slave'} at 127.0.0.1:35308)
I20260601 13:25:03.253579 25134 tablet_copy_service.cc:161] P efaeec35557d41e1b67490374f5c6d89: Beginning new tablet copy session on tablet 0ba9373bf019423caa16ca92dde70ba3 from peer 5a1a8769943f4c7192c718a0f340f892 at {username='slave'} at 127.0.0.1:35308: session id = 5a1a8769943f4c7192c718a0f340f892-0ba9373bf019423caa16ca92dde70ba3
I20260601 13:25:03.254621 25134 tablet_copy_source_session.cc:215] T 0ba9373bf019423caa16ca92dde70ba3 P efaeec35557d41e1b67490374f5c6d89: Tablet Copy: opened 0 blocks and 1 log segments
I20260601 13:25:03.255698 25420 data_dirs.cc:400] Could only allocate 1 dirs of requested 3 for tablet 0ba9373bf019423caa16ca92dde70ba3. 1 dirs total, 0 dirs full, 0 dirs failed
I20260601 13:25:03.257566 25420 tablet_copy_client.cc:806] T 0ba9373bf019423caa16ca92dde70ba3 P 5a1a8769943f4c7192c718a0f340f892: tablet copy: Starting download of 0 data blocks...
I20260601 13:25:03.257799 25420 tablet_copy_client.cc:670] T 0ba9373bf019423caa16ca92dde70ba3 P 5a1a8769943f4c7192c718a0f340f892: tablet copy: Starting download of 1 WAL segments...
I20260601 13:25:03.259266 25420 tablet_copy_client.cc:538] T 0ba9373bf019423caa16ca92dde70ba3 P 5a1a8769943f4c7192c718a0f340f892: tablet copy: Tablet Copy complete. Replacing tablet superblock.
I20260601 13:25:03.260442 25420 tablet_bootstrap.cc:492] T 0ba9373bf019423caa16ca92dde70ba3 P 5a1a8769943f4c7192c718a0f340f892: Bootstrap starting.
I20260601 13:25:03.264129 25420 tablet_bootstrap.cc:492] T 0ba9373bf019423caa16ca92dde70ba3 P 5a1a8769943f4c7192c718a0f340f892: Bootstrap replayed 1/1 log segments. Stats: ops{read=2 overwritten=0 applied=2 ignored=0} inserts{seen=0 ignored=0} mutations{seen=0 ignored=0} orphaned_commits=0. Pending: 0 replicates
I20260601 13:25:03.264407 25420 tablet_bootstrap.cc:492] T 0ba9373bf019423caa16ca92dde70ba3 P 5a1a8769943f4c7192c718a0f340f892: Bootstrap complete.
I20260601 13:25:03.264602 25420 ts_tablet_manager.cc:1403] T 0ba9373bf019423caa16ca92dde70ba3 P 5a1a8769943f4c7192c718a0f340f892: Time spent bootstrapping tablet: real 0.004s	user 0.004s	sys 0.000s
I20260601 13:25:03.265117 25420 raft_consensus.cc:359] T 0ba9373bf019423caa16ca92dde70ba3 P 5a1a8769943f4c7192c718a0f340f892 [term 1 LEARNER]: Replica starting. Triggering 0 pending ops. Active config: opid_index: 2 OBSOLETE_local: false peers { permanent_uuid: "2f4163f052f9497f9492546abc7d15ab" member_type: VOTER last_known_addr { host: "127.21.124.1" port: 40249 } } peers { permanent_uuid: "0d048d07757f47279c0c05d5699b81fa" member_type: VOTER last_known_addr { host: "127.21.124.2" port: 37985 } attrs { replace: true } } peers { permanent_uuid: "efaeec35557d41e1b67490374f5c6d89" member_type: VOTER last_known_addr { host: "127.21.124.3" port: 42699 } } peers { permanent_uuid: "5a1a8769943f4c7192c718a0f340f892" member_type: NON_VOTER last_known_addr { host: "127.21.124.4" port: 39311 } attrs { promote: true } }
I20260601 13:25:03.265285 25420 raft_consensus.cc:740] T 0ba9373bf019423caa16ca92dde70ba3 P 5a1a8769943f4c7192c718a0f340f892 [term 1 LEARNER]: Becoming Follower/Learner. State: Replica: 5a1a8769943f4c7192c718a0f340f892, State: Initialized, Role: LEARNER
I20260601 13:25:03.265384 25420 consensus_queue.cc:260] T 0ba9373bf019423caa16ca92dde70ba3 P 5a1a8769943f4c7192c718a0f340f892 [NON_LEADER]: Queue going to NON_LEADER mode. State: All replicated index: 0, Majority replicated index: 0, Committed index: 2, Last appended: 1.2, Last appended by leader: 2, Current term: 0, Majority size: -1, State: 0, Mode: NON_LEADER, active raft config: opid_index: 2 OBSOLETE_local: false peers { permanent_uuid: "2f4163f052f9497f9492546abc7d15ab" member_type: VOTER last_known_addr { host: "127.21.124.1" port: 40249 } } peers { permanent_uuid: "0d048d07757f47279c0c05d5699b81fa" member_type: VOTER last_known_addr { host: "127.21.124.2" port: 37985 } attrs { replace: true } } peers { permanent_uuid: "efaeec35557d41e1b67490374f5c6d89" member_type: VOTER last_known_addr { host: "127.21.124.3" port: 42699 } } peers { permanent_uuid: "5a1a8769943f4c7192c718a0f340f892" member_type: NON_VOTER last_known_addr { host: "127.21.124.4" port: 39311 } attrs { promote: true } }
I20260601 13:25:03.265717 25420 ts_tablet_manager.cc:1434] T 0ba9373bf019423caa16ca92dde70ba3 P 5a1a8769943f4c7192c718a0f340f892: Time spent starting tablet: real 0.001s	user 0.002s	sys 0.000s
I20260601 13:25:03.266297 25134 tablet_copy_service.cc:342] P efaeec35557d41e1b67490374f5c6d89: Request end of tablet copy session 5a1a8769943f4c7192c718a0f340f892-0ba9373bf019423caa16ca92dde70ba3 received from {username='slave'} at 127.0.0.1:35308
I20260601 13:25:03.266390 25134 tablet_copy_service.cc:434] P efaeec35557d41e1b67490374f5c6d89: ending tablet copy session 5a1a8769943f4c7192c718a0f340f892-0ba9373bf019423caa16ca92dde70ba3 on tablet 0ba9373bf019423caa16ca92dde70ba3 with peer 5a1a8769943f4c7192c718a0f340f892
I20260601 13:25:03.274032 25048 raft_consensus.cc:1275] T 0040d11555084961a2edb65e9788859e P 0d048d07757f47279c0c05d5699b81fa [term 2 FOLLOWER]: Refusing update from remote peer 2f4163f052f9497f9492546abc7d15ab: Log matching property violated. Preceding OpId in replica: term: 1 index: 1. Preceding OpId from leader: term: 2 index: 2. (index mismatch)
I20260601 13:25:03.274607 25412 consensus_queue.cc:1048] T 0040d11555084961a2edb65e9788859e P 2f4163f052f9497f9492546abc7d15ab [LEADER]: Connected to new peer: Peer: permanent_uuid: "0d048d07757f47279c0c05d5699b81fa" member_type: VOTER last_known_addr { host: "127.21.124.2" port: 37985 }, Status: LMP_MISMATCH, Last received: 0.0, Next index: 2, Last known committed idx: 1, Time since last communication: 0.000s
I20260601 13:25:03.279096 25123 raft_consensus.cc:1275] T 0040d11555084961a2edb65e9788859e P efaeec35557d41e1b67490374f5c6d89 [term 2 FOLLOWER]: Refusing update from remote peer 2f4163f052f9497f9492546abc7d15ab: Log matching property violated. Preceding OpId in replica: term: 1 index: 1. Preceding OpId from leader: term: 2 index: 2. (index mismatch)
I20260601 13:25:03.279583 25390 consensus_queue.cc:1048] T 0040d11555084961a2edb65e9788859e P 2f4163f052f9497f9492546abc7d15ab [LEADER]: Connected to new peer: Peer: permanent_uuid: "efaeec35557d41e1b67490374f5c6d89" member_type: VOTER last_known_addr { host: "127.21.124.3" port: 42699 }, Status: LMP_MISMATCH, Last received: 0.0, Next index: 2, Last known committed idx: 1, Time since last communication: 0.000s
I20260601 13:25:03.300400 24972 raft_consensus.cc:1275] T f4ac53bdfa7848118755236c9be4d776 P 2f4163f052f9497f9492546abc7d15ab [term 2 FOLLOWER]: Refusing update from remote peer 0d048d07757f47279c0c05d5699b81fa: Log matching property violated. Preceding OpId in replica: term: 1 index: 1. Preceding OpId from leader: term: 2 index: 2. (index mismatch)
I20260601 13:25:03.300854 25180 consensus_queue.cc:1048] T f4ac53bdfa7848118755236c9be4d776 P 0d048d07757f47279c0c05d5699b81fa [LEADER]: Connected to new peer: Peer: permanent_uuid: "2f4163f052f9497f9492546abc7d15ab" member_type: VOTER last_known_addr { host: "127.21.124.1" port: 40249 }, Status: LMP_MISMATCH, Last received: 0.0, Next index: 2, Last known committed idx: 1, Time since last communication: 0.000s
I20260601 13:25:03.304025 25123 raft_consensus.cc:1275] T f4ac53bdfa7848118755236c9be4d776 P efaeec35557d41e1b67490374f5c6d89 [term 2 FOLLOWER]: Refusing update from remote peer 0d048d07757f47279c0c05d5699b81fa: Log matching property violated. Preceding OpId in replica: term: 1 index: 1. Preceding OpId from leader: term: 2 index: 2. (index mismatch)
I20260601 13:25:03.304551 25389 consensus_queue.cc:1048] T f4ac53bdfa7848118755236c9be4d776 P 0d048d07757f47279c0c05d5699b81fa [LEADER]: Connected to new peer: Peer: permanent_uuid: "efaeec35557d41e1b67490374f5c6d89" member_type: VOTER last_known_addr { host: "127.21.124.3" port: 42699 }, Status: LMP_MISMATCH, Last received: 0.0, Next index: 2, Last known committed idx: 1, Time since last communication: 0.000s
I20260601 13:25:03.338121 25420 ts_tablet_manager.cc:933] T f64da12f2f5c41e98cecdf00c33a9ff9 P 5a1a8769943f4c7192c718a0f340f892: Initiating tablet copy from peer efaeec35557d41e1b67490374f5c6d89 (127.21.124.3:42699)
I20260601 13:25:03.338627 25420 tablet_copy_client.cc:323] T f64da12f2f5c41e98cecdf00c33a9ff9 P 5a1a8769943f4c7192c718a0f340f892: tablet copy: Beginning tablet copy session from remote peer at address 127.21.124.3:42699
I20260601 13:25:03.339247 25134 tablet_copy_service.cc:140] P efaeec35557d41e1b67490374f5c6d89: Received BeginTabletCopySession request for tablet f64da12f2f5c41e98cecdf00c33a9ff9 from peer 5a1a8769943f4c7192c718a0f340f892 ({username='slave'} at 127.0.0.1:35308)
I20260601 13:25:03.339382 25134 tablet_copy_service.cc:161] P efaeec35557d41e1b67490374f5c6d89: Beginning new tablet copy session on tablet f64da12f2f5c41e98cecdf00c33a9ff9 from peer 5a1a8769943f4c7192c718a0f340f892 at {username='slave'} at 127.0.0.1:35308: session id = 5a1a8769943f4c7192c718a0f340f892-f64da12f2f5c41e98cecdf00c33a9ff9
I20260601 13:25:03.340260 25134 tablet_copy_source_session.cc:215] T f64da12f2f5c41e98cecdf00c33a9ff9 P efaeec35557d41e1b67490374f5c6d89: Tablet Copy: opened 0 blocks and 1 log segments
I20260601 13:25:03.341260 25420 data_dirs.cc:400] Could only allocate 1 dirs of requested 3 for tablet f64da12f2f5c41e98cecdf00c33a9ff9. 1 dirs total, 0 dirs full, 0 dirs failed
I20260601 13:25:03.343227 25420 tablet_copy_client.cc:806] T f64da12f2f5c41e98cecdf00c33a9ff9 P 5a1a8769943f4c7192c718a0f340f892: tablet copy: Starting download of 0 data blocks...
I20260601 13:25:03.343469 25420 tablet_copy_client.cc:670] T f64da12f2f5c41e98cecdf00c33a9ff9 P 5a1a8769943f4c7192c718a0f340f892: tablet copy: Starting download of 1 WAL segments...
I20260601 13:25:03.344794 25420 tablet_copy_client.cc:538] T f64da12f2f5c41e98cecdf00c33a9ff9 P 5a1a8769943f4c7192c718a0f340f892: tablet copy: Tablet Copy complete. Replacing tablet superblock.
I20260601 13:25:03.346455 25420 tablet_bootstrap.cc:492] T f64da12f2f5c41e98cecdf00c33a9ff9 P 5a1a8769943f4c7192c718a0f340f892: Bootstrap starting.
I20260601 13:25:03.350600 25420 tablet_bootstrap.cc:492] T f64da12f2f5c41e98cecdf00c33a9ff9 P 5a1a8769943f4c7192c718a0f340f892: Bootstrap replayed 1/1 log segments. Stats: ops{read=2 overwritten=0 applied=2 ignored=0} inserts{seen=0 ignored=0} mutations{seen=0 ignored=0} orphaned_commits=0. Pending: 0 replicates
I20260601 13:25:03.350898 25420 tablet_bootstrap.cc:492] T f64da12f2f5c41e98cecdf00c33a9ff9 P 5a1a8769943f4c7192c718a0f340f892: Bootstrap complete.
I20260601 13:25:03.351074 25420 ts_tablet_manager.cc:1403] T f64da12f2f5c41e98cecdf00c33a9ff9 P 5a1a8769943f4c7192c718a0f340f892: Time spent bootstrapping tablet: real 0.005s	user 0.002s	sys 0.001s
